{"id":142,"date":"2018-08-10T14:04:45","date_gmt":"2018-08-10T11:04:45","guid":{"rendered":"https:\/\/rotary.fi\/klubi2\/?page_id=142"},"modified":"2024-12-23T14:39:37","modified_gmt":"2024-12-23T12:39:37","slug":"ilo-esitella","status":"publish","type":"page","link":"https:\/\/rotary.fi\/lempaala\/keita-olemme\/ilo-esitella\/","title":{"rendered":"Ilo esitell\u00e4"},"content":{"rendered":"<p>[et_pb_section fb_built=&#8221;1&#8243; module_class=&#8221;jumbotron-page&#8221; _builder_version=&#8221;4.22.1&#8243; background_image=&#8221;https:\/\/rotary.fi\/lempaala\/wp-content\/uploads\/sites\/243\/2024\/01\/markkinat.jpg&#8221; global_colors_info=&#8221;{}&#8221;][et_pb_row _builder_version=&#8221;4.16&#8243; background_size=&#8221;initial&#8221; background_position=&#8221;top_left&#8221; background_repeat=&#8221;repeat&#8221; global_colors_info=&#8221;{}&#8221;][et_pb_column type=&#8221;4_4&#8243; _builder_version=&#8221;4.16&#8243; custom_padding=&#8221;|||&#8221; global_colors_info=&#8221;{}&#8221; custom_padding__hover=&#8221;|||&#8221;][et_pb_text admin_label=&#8221;P\u00e4\u00e4otsikko&#8221; _builder_version=&#8221;4.16&#8243; text_orientation=&#8221;center&#8221; background_layout=&#8221;dark&#8221; global_colors_info=&#8221;{}&#8221;]<\/p>\n<h1>Ilo esitell\u00e4<\/h1>\n<p>[\/et_pb_text][\/et_pb_column][\/et_pb_row][\/et_pb_section][et_pb_section fb_built=&#8221;1&#8243; specialty=&#8221;on&#8221; module_class_2=&#8221;sivupalkki&#8221; _builder_version=&#8221;4.27.0&#8243; global_colors_info=&#8221;{}&#8221;][et_pb_column type=&#8221;2_3&#8243; specialty_columns=&#8221;2&#8243; _builder_version=&#8221;4.16&#8243; custom_padding=&#8221;|||&#8221; global_colors_info=&#8221;{}&#8221; parallax__hover=&#8221;off&#8221; parallax_method__hover=&#8221;on&#8221; custom_padding__hover=&#8221;|||&#8221;][et_pb_row_inner admin_label=&#8221;Rivi&#8221; _builder_version=&#8221;4.16&#8243; global_colors_info=&#8221;{}&#8221;][et_pb_column_inner saved_specialty_column_type=&#8221;2_3&#8243; _builder_version=&#8221;4.16&#8243; custom_padding=&#8221;|||&#8221; global_colors_info=&#8221;{}&#8221; parallax__hover=&#8221;off&#8221; parallax_method__hover=&#8221;on&#8221; custom_padding__hover=&#8221;|||&#8221;][et_pb_text admin_label=&#8221;Ilo esitell\u00e4 &#8211; Otsikko&#8221; _builder_version=&#8221;4.16&#8243; text_orientation=&#8221;center&#8221; global_colors_info=&#8221;{}&#8221;]<\/p>\n<h1>Ilo esitell\u00e4<\/h1>\n<p>[\/et_pb_text][et_pb_text _builder_version=&#8221;4.22.1&#8243; global_colors_info=&#8221;{}&#8221;]<\/p>\n<h1><\/h1>\n<p>&nbsp;<\/p>\n<h4><\/h4>\n<h4>Kuokkalankosken Markkinat<\/h4>\n<p align=\"left\">Kuokkalankosken Markkinat<span> on Lemp\u00e4\u00e4l\u00e4n kes\u00e4n suurin yleis\u00f6tapahtuma, joka kokoaa yhteen alueen asukkaat ja kes\u00e4vieraat leppoisaan yhdess\u00e4oloon. P\u00e4iv\u00e4n aikana voit nauttia hyv\u00e4st\u00e4 ohjelmasta ja tehd\u00e4 monipuolisia markkinaostoksia.\u00a0<\/span>Lemp\u00e4\u00e4l\u00e4n Rotaryklubi on vastannut markkinoiden j\u00e4rjest\u00e4misest\u00e4 jo vuodesta 1998.<\/p>\n<p align=\"left\">Lue lis\u00e4\u00e4 <a href=\"https:\/\/rotary.fi\/lempaala\/mita-teemme\/kuokkalankosken-markkinat\/\">t\u00e4\u00e4lt\u00e4<\/a>.<\/p>\n<p align=\"left\">Muista my\u00f6s vierailla Kuokkalankosken markkinoiden verkkosivuilla <a href=\"https:\/\/www.kuokkalankoskenmarkkinat.fi\/\">t\u00e4\u00e4ll\u00e4<\/a>!<\/p>\n<h4><\/h4>\n<h4>Stipendit<\/h4>\n<p>Lemp\u00e4\u00e4l\u00e4n Rotaryklubi on jo vuosien ajan muistanut ansioituneita peruskoulun ja lukion p\u00e4\u00e4tt\u00e4vi\u00e4 nuoria stipendeill\u00e4.<\/p>\n<p>&nbsp;<\/p>\n<h4>Meid\u00e4n lapset -n\u00e4yttely Hakkarin koululle<\/h4>\n<p><strong>Lemp\u00e4\u00e4l\u00e4n Rotaryklubi lahjoitti Hakkarin koululle Meid\u00e4n lapset -n\u00e4yttelyn kopiosarjan (akustiikkalevyin\u00e4) &#8211; ensimm\u00e4isen\u00e4 Suomessa. <\/strong><\/p>\n<p style=\"font-weight: 400\"><span>N\u00e4ihin teoksiin on taiteilija MinnaKristiina (Minna Kristiina Pietarinen) maalannut kymmenen henkil\u00f6n lapsuuden tai nuoruuden kuvista koskettavat teokset. N\u00e4m\u00e4 henkil\u00f6t ovat antaneet oman kiusaamiskokemuksensa pohjaksi t\u00e4lle ty\u00f6lle. N\u00e4iden tarinoiden avulla toivomme osoittavamme kaikille sen, miten suurta vahinkoa kiusaamisella voidaan aiheuttaa. MinnaKristiina on kirjoittanut n\u00e4iden tarinoiden ja teosten rinnalle my\u00f6s vertaistuelliset runot. N\u00e4ihin tarinoihin ja runoihin p\u00e4\u00e4see k\u00e4siksi teosten vierell\u00e4 olevilla QR-koodeilla tai suoraan sivuston <\/span><a href=\"http:\/\/meidanlapset.fi\/\" target=\"_blank\" data-saferedirecturl=\"https:\/\/www.google.com\/url?q=http:\/\/meidanlapset.fi&amp;source=gmail&amp;ust=1735043472231000&amp;usg=AOvVaw0FOF3fYNgZgTDdBZTPl-kk\" rel=\"noopener\">meidanlapset.fi<\/a><span>\u00a0-kautta.<\/span><\/p>\n<p>[\/et_pb_text][et_pb_image src=&#8221;https:\/\/rotary.fi\/lempaala\/wp-content\/uploads\/sites\/243\/2024\/12\/471276190-10162184488081866-5942836580475522652-n.jpg&#8221; _builder_version=&#8221;4.27.0&#8243; _module_preset=&#8221;default&#8221; width=&#8221;53%&#8221; global_colors_info=&#8221;{}&#8221;][\/et_pb_image][et_pb_text _builder_version=&#8221;4.27.0&#8243; _module_preset=&#8221;default&#8221; width=&#8221;100%&#8221; custom_margin=&#8221;|336px||||&#8221; custom_padding=&#8221;|0px||||&#8221; global_colors_info=&#8221;{}&#8221;]<\/p>\n<h4><\/h4>\n<h4><\/h4>\n<h4>24h hiihto<\/h4>\n<p><strong>24-tunnin hiihtoon osallistuminen on Lemp\u00e4\u00e4l\u00e4n rotaryklubissa pitk\u00e4\u00e4n jatkunut perinne.<\/strong><\/p>\n<p style=\"font-weight: 400\">24-tunnin hiihto on (24HVIHIH) j\u00e4rjestetty Lemp\u00e4\u00e4l\u00e4n Hakkarin laduilla vuodesta 1986 alkaen.\u00a0<\/p>\n<p style=\"font-weight: 400\">Vuonna 2024 tapahtuma j\u00e4rjestet\u00e4\u00e4n 32. kerran. Muutamana vuotena tapahtuma on j\u00e4\u00e4nyt toteuttamatta mm. s\u00e4\u00e4olosuhteiden ja korona-epidemian vuoksi.\u00a0<\/p>\n<p style=\"font-weight: 400\">Ajatuksena on, ett\u00e4 joukkueet hiiht\u00e4v\u00e4t Hakkarin laduilla 24 tunnin ajan yhden tunnin osuuksina. Yleisimmin hiiht\u00e4j\u00e4t hiiht\u00e4v\u00e4t yhden tunnin kerrallaan. Ladulla on n\u00e4hty jopa yhden miehen joukkue.<\/p>\n<p style=\"font-weight: 400\">Idean is\u00e4n\u00e4 pidet\u00e4\u00e4n Lemp\u00e4\u00e4l\u00e4n Kisan hiihtojaostossa vaikuttanutta Lemp\u00e4\u00e4l\u00e4n Rotaryklubin j\u00e4sent\u00e4 Matti Sinisaloa. Toinen tapahtuman is\u00e4 oli Hannu Turkkinen.\u00a0 Useilla j\u00e4senill\u00e4mme on ollut hyvin t\u00e4rke\u00e4 rooli my\u00f6s hiihtotapahtuman organisoimisessa ja jatkumisen turvaamisessa. Mm. j\u00e4senemme Jorma Kunnas on toiminut pitk\u00e4\u00e4n j\u00e4rjestelyteht\u00e4viss\u00e4 ja hiihdon kuuluttajana. Klubille joukkuetta ovat olleet kasaamassa mm. j\u00e4senemme Erkki Sepp\u00e4nen, Pekka Ketonen ja Jussi Weistr\u00f6m.<\/p>\n<p style=\"font-weight: 400\">Lemp\u00e4\u00e4l\u00e4n rotarien joukkue on osallistunut kaikkiin j\u00e4rjestettyihin hiihtoihin. Klubimme joukkueessa on ollut mukana viime vuosina j\u00e4sentemme lis\u00e4ksi laaja Rotary-perheemme. Hiiht\u00e4m\u00e4ss\u00e4 on ollut puolisoita ja perheenj\u00e4seni\u00e4 sek\u00e4 muita rotarien yst\u00e4vi\u00e4.<\/p>\n<p style=\"font-weight: 400\">\n<h4>Paikallista vaikuttamista<\/h4>\n<p>Lemp\u00e4\u00e4l\u00e4n Rotaryklubi edist\u00e4\u00e4 harrastusmahdollisuuksia Lemp\u00e4\u00e4l\u00e4n ja Vesilahden alueella tukemalla mm. nuorten harrastustoimintaa.<\/p>\n<p>[\/et_pb_text][\/et_pb_column_inner][\/et_pb_row_inner][\/et_pb_column][et_pb_column type=&#8221;1_3&#8243; module_class=&#8221;sivupalkki&#8221; _builder_version=&#8221;4.16&#8243; custom_padding=&#8221;|||&#8221; global_colors_info=&#8221;{}&#8221; parallax__hover=&#8221;off&#8221; parallax_method__hover=&#8221;on&#8221; module_class__hover=&#8221;sivupalkki&#8221; custom_padding__hover=&#8221;|||&#8221;][et_pb_sidebar area=&#8221;sidebar-1&#8243; module_class=&#8221;sivupalkki_sisalto&#8221; _builder_version=&#8221;4.16&#8243; locked=&#8221;on&#8221; global_colors_info=&#8221;{}&#8221;][\/et_pb_sidebar][\/et_pb_column][\/et_pb_section][et_pb_section fb_built=&#8221;1&#8243; _builder_version=&#8221;4.27.0&#8243; _module_preset=&#8221;default&#8221; global_colors_info=&#8221;{}&#8221;][\/et_pb_section]<\/p>\n","protected":false},"excerpt":{"rendered":"<p>Ilo esitell\u00e4 Ilo esitell\u00e4 &nbsp; Kuokkalankosken Markkinat Kuokkalankosken Markkinat on Lemp\u00e4\u00e4l\u00e4n kes\u00e4n suurin yleis\u00f6tapahtuma, joka kokoaa yhteen alueen asukkaat ja kes\u00e4vieraat leppoisaan yhdess\u00e4oloon. P\u00e4iv\u00e4n aikana voit nauttia hyv\u00e4st\u00e4 ohjelmasta ja tehd\u00e4 monipuolisia markkinaostoksia.\u00a0Lemp\u00e4\u00e4l\u00e4n Rotaryklubi on vastannut markkinoiden j\u00e4rjest\u00e4misest\u00e4 jo vuodesta 1998. Lue lis\u00e4\u00e4 t\u00e4\u00e4lt\u00e4. Muista my\u00f6s vierailla Kuokkalankosken markkinoiden verkkosivuilla t\u00e4\u00e4ll\u00e4! Stipendit Lemp\u00e4\u00e4l\u00e4n Rotaryklubi on [&hellip;]<\/p>\n","protected":false},"author":1,"featured_media":0,"parent":129,"menu_order":3,"comment_status":"closed","ping_status":"closed","template":"","meta":{"_acf_changed":false,"_et_pb_use_builder":"on","_et_pb_old_content":"","_et_gb_content_width":"","footnotes":""},"class_list":["post-142","page","type-page","status-publish","hentry"],"acf":[],"yoast_head":"<!-- This site is optimized with the Yoast SEO plugin v27.0 - https:\/\/yoast.com\/product\/yoast-seo-wordpress\/ -->\n<title>Ilo esitell\u00e4 - Lemp\u00e4\u00e4l\u00e4n Rotaryklubi<\/title>\n<meta name=\"robots\" content=\"index, follow, max-snippet:-1, max-image-preview:large, max-video-preview:-1\" \/>\n<link rel=\"canonical\" href=\"https:\/\/rotary.fi\/lempaala\/keita-olemme\/ilo-esitella\/\" \/>\n<meta property=\"og:locale\" content=\"fi_FI\" \/>\n<meta property=\"og:type\" content=\"article\" \/>\n<meta property=\"og:title\" content=\"Ilo esitell\u00e4 - Lemp\u00e4\u00e4l\u00e4n Rotaryklubi\" \/>\n<meta property=\"og:description\" content=\"Ilo esitell\u00e4 Ilo esitell\u00e4 &nbsp; Kuokkalankosken Markkinat Kuokkalankosken Markkinat on Lemp\u00e4\u00e4l\u00e4n kes\u00e4n suurin yleis\u00f6tapahtuma, joka kokoaa yhteen alueen asukkaat ja kes\u00e4vieraat leppoisaan yhdess\u00e4oloon. P\u00e4iv\u00e4n aikana voit nauttia hyv\u00e4st\u00e4 ohjelmasta ja tehd\u00e4 monipuolisia markkinaostoksia.\u00a0Lemp\u00e4\u00e4l\u00e4n Rotaryklubi on vastannut markkinoiden j\u00e4rjest\u00e4misest\u00e4 jo vuodesta 1998. Lue lis\u00e4\u00e4 t\u00e4\u00e4lt\u00e4. Muista my\u00f6s vierailla Kuokkalankosken markkinoiden verkkosivuilla t\u00e4\u00e4ll\u00e4! Stipendit Lemp\u00e4\u00e4l\u00e4n Rotaryklubi on [&hellip;]\" \/>\n<meta property=\"og:url\" content=\"https:\/\/rotary.fi\/lempaala\/keita-olemme\/ilo-esitella\/\" \/>\n<meta property=\"og:site_name\" content=\"Lemp\u00e4\u00e4l\u00e4n Rotaryklubi\" \/>\n<meta property=\"article:modified_time\" content=\"2024-12-23T12:39:37+00:00\" \/>\n<meta name=\"twitter:card\" content=\"summary_large_image\" \/>\n<meta name=\"twitter:label1\" content=\"Arvioitu lukuaika\" \/>\n\t<meta name=\"twitter:data1\" content=\"2 minuuttia\" \/>\n<script type=\"application\/ld+json\" class=\"yoast-schema-graph\">{\"@context\":\"https:\/\/schema.org\",\"@graph\":[{\"@type\":\"WebPage\",\"@id\":\"https:\/\/rotary.fi\/lempaala\/keita-olemme\/ilo-esitella\/\",\"url\":\"https:\/\/rotary.fi\/lempaala\/keita-olemme\/ilo-esitella\/\",\"name\":\"Ilo esitell\u00e4 - Lemp\u00e4\u00e4l\u00e4n Rotaryklubi\",\"isPartOf\":{\"@id\":\"https:\/\/rotary.fi\/lempaala\/#website\"},\"datePublished\":\"2018-08-10T11:04:45+00:00\",\"dateModified\":\"2024-12-23T12:39:37+00:00\",\"breadcrumb\":{\"@id\":\"https:\/\/rotary.fi\/lempaala\/keita-olemme\/ilo-esitella\/#breadcrumb\"},\"inLanguage\":\"fi\",\"potentialAction\":[{\"@type\":\"ReadAction\",\"target\":[\"https:\/\/rotary.fi\/lempaala\/keita-olemme\/ilo-esitella\/\"]}]},{\"@type\":\"BreadcrumbList\",\"@id\":\"https:\/\/rotary.fi\/lempaala\/keita-olemme\/ilo-esitella\/#breadcrumb\",\"itemListElement\":[{\"@type\":\"ListItem\",\"position\":1,\"name\":\"Home\",\"item\":\"https:\/\/rotary.fi\/lempaala\/\"},{\"@type\":\"ListItem\",\"position\":2,\"name\":\"Keit\u00e4 olemme\",\"item\":\"https:\/\/rotary.fi\/lempaala\/keita-olemme\/\"},{\"@type\":\"ListItem\",\"position\":3,\"name\":\"Ilo esitell\u00e4\"}]},{\"@type\":\"WebSite\",\"@id\":\"https:\/\/rotary.fi\/lempaala\/#website\",\"url\":\"https:\/\/rotary.fi\/lempaala\/\",\"name\":\"Lemp\u00e4\u00e4l\u00e4n Rotaryklubi\",\"description\":\"Rotary klubisivusto\",\"potentialAction\":[{\"@type\":\"SearchAction\",\"target\":{\"@type\":\"EntryPoint\",\"urlTemplate\":\"https:\/\/rotary.fi\/lempaala\/?s={search_term_string}\"},\"query-input\":{\"@type\":\"PropertyValueSpecification\",\"valueRequired\":true,\"valueName\":\"search_term_string\"}}],\"inLanguage\":\"fi\"}]}<\/script>\n<!-- \/ Yoast SEO plugin. -->","yoast_head_json":{"title":"Ilo esitell\u00e4 - Lemp\u00e4\u00e4l\u00e4n Rotaryklubi","robots":{"index":"index","follow":"follow","max-snippet":"max-snippet:-1","max-image-preview":"max-image-preview:large","max-video-preview":"max-video-preview:-1"},"canonical":"https:\/\/rotary.fi\/lempaala\/keita-olemme\/ilo-esitella\/","og_locale":"fi_FI","og_type":"article","og_title":"Ilo esitell\u00e4 - Lemp\u00e4\u00e4l\u00e4n Rotaryklubi","og_description":"Ilo esitell\u00e4 Ilo esitell\u00e4 &nbsp; Kuokkalankosken Markkinat Kuokkalankosken Markkinat on Lemp\u00e4\u00e4l\u00e4n kes\u00e4n suurin yleis\u00f6tapahtuma, joka kokoaa yhteen alueen asukkaat ja kes\u00e4vieraat leppoisaan yhdess\u00e4oloon. P\u00e4iv\u00e4n aikana voit nauttia hyv\u00e4st\u00e4 ohjelmasta ja tehd\u00e4 monipuolisia markkinaostoksia.\u00a0Lemp\u00e4\u00e4l\u00e4n Rotaryklubi on vastannut markkinoiden j\u00e4rjest\u00e4misest\u00e4 jo vuodesta 1998. Lue lis\u00e4\u00e4 t\u00e4\u00e4lt\u00e4. Muista my\u00f6s vierailla Kuokkalankosken markkinoiden verkkosivuilla t\u00e4\u00e4ll\u00e4! Stipendit Lemp\u00e4\u00e4l\u00e4n Rotaryklubi on [&hellip;]","og_url":"https:\/\/rotary.fi\/lempaala\/keita-olemme\/ilo-esitella\/","og_site_name":"Lemp\u00e4\u00e4l\u00e4n Rotaryklubi","article_modified_time":"2024-12-23T12:39:37+00:00","twitter_card":"summary_large_image","twitter_misc":{"Arvioitu lukuaika":"2 minuuttia"},"schema":{"@context":"https:\/\/schema.org","@graph":[{"@type":"WebPage","@id":"https:\/\/rotary.fi\/lempaala\/keita-olemme\/ilo-esitella\/","url":"https:\/\/rotary.fi\/lempaala\/keita-olemme\/ilo-esitella\/","name":"Ilo esitell\u00e4 - Lemp\u00e4\u00e4l\u00e4n Rotaryklubi","isPartOf":{"@id":"https:\/\/rotary.fi\/lempaala\/#website"},"datePublished":"2018-08-10T11:04:45+00:00","dateModified":"2024-12-23T12:39:37+00:00","breadcrumb":{"@id":"https:\/\/rotary.fi\/lempaala\/keita-olemme\/ilo-esitella\/#breadcrumb"},"inLanguage":"fi","potentialAction":[{"@type":"ReadAction","target":["https:\/\/rotary.fi\/lempaala\/keita-olemme\/ilo-esitella\/"]}]},{"@type":"BreadcrumbList","@id":"https:\/\/rotary.fi\/lempaala\/keita-olemme\/ilo-esitella\/#breadcrumb","itemListElement":[{"@type":"ListItem","position":1,"name":"Home","item":"https:\/\/rotary.fi\/lempaala\/"},{"@type":"ListItem","position":2,"name":"Keit\u00e4 olemme","item":"https:\/\/rotary.fi\/lempaala\/keita-olemme\/"},{"@type":"ListItem","position":3,"name":"Ilo esitell\u00e4"}]},{"@type":"WebSite","@id":"https:\/\/rotary.fi\/lempaala\/#website","url":"https:\/\/rotary.fi\/lempaala\/","name":"Lemp\u00e4\u00e4l\u00e4n Rotaryklubi","description":"Rotary klubisivusto","potentialAction":[{"@type":"SearchAction","target":{"@type":"EntryPoint","urlTemplate":"https:\/\/rotary.fi\/lempaala\/?s={search_term_string}"},"query-input":{"@type":"PropertyValueSpecification","valueRequired":true,"valueName":"search_term_string"}}],"inLanguage":"fi"}]}},"lang":"fi","translations":{"fi":142,"en":1438,"sv":1584},"pll_sync_post":[],"_links":{"self":[{"href":"https:\/\/rotary.fi\/lempaala\/wp-json\/wp\/v2\/pages\/142","targetHints":{"allow":["GET"]}}],"collection":[{"href":"https:\/\/rotary.fi\/lempaala\/wp-json\/wp\/v2\/pages"}],"about":[{"href":"https:\/\/rotary.fi\/lempaala\/wp-json\/wp\/v2\/types\/page"}],"author":[{"embeddable":true,"href":"https:\/\/rotary.fi\/lempaala\/wp-json\/wp\/v2\/users\/1"}],"replies":[{"embeddable":true,"href":"https:\/\/rotary.fi\/lempaala\/wp-json\/wp\/v2\/comments?post=142"}],"version-history":[{"count":10,"href":"https:\/\/rotary.fi\/lempaala\/wp-json\/wp\/v2\/pages\/142\/revisions"}],"predecessor-version":[{"id":2245,"href":"https:\/\/rotary.fi\/lempaala\/wp-json\/wp\/v2\/pages\/142\/revisions\/2245"}],"up":[{"embeddable":true,"href":"https:\/\/rotary.fi\/lempaala\/wp-json\/wp\/v2\/pages\/129"}],"wp:attachment":[{"href":"https:\/\/rotary.fi\/lempaala\/wp-json\/wp\/v2\/media?parent=142"}],"curies":[{"name":"wp","href":"https:\/\/api.w.org\/{rel}","templated":true}]}}