{"id":1940,"date":"2020-01-11T16:30:46","date_gmt":"2020-01-11T14:30:46","guid":{"rendered":"https:\/\/rotary.fi\/lapua\/?page_id=1940"},"modified":"2026-04-10T17:31:43","modified_gmt":"2026-04-10T14:31:43","slug":"klubin-jasenet","status":"publish","type":"page","link":"https:\/\/rotary.fi\/lapua\/keita-olemme\/klubin-jasenet\/","title":{"rendered":"Klubin j\u00e4senet"},"content":{"rendered":"<p>[et_pb_section fb_built=&#8221;1&#8243; module_class=&#8221;jumbotron-page&#8221; _builder_version=&#8221;4.16&#8243; background_image=&#8221;https:\/\/rotary.fi\/lapua\/wp-content\/uploads\/sites\/55\/2020\/01\/matrikkeli10.jpg&#8221; global_colors_info=&#8221;{}&#8221;][et_pb_row _builder_version=&#8221;4.16&#8243; background_size=&#8221;initial&#8221; background_position=&#8221;top_left&#8221; background_repeat=&#8221;repeat&#8221; global_colors_info=&#8221;{}&#8221;][et_pb_column type=&#8221;4_4&#8243; _builder_version=&#8221;4.16&#8243; custom_padding=&#8221;|||&#8221; global_colors_info=&#8221;{}&#8221; custom_padding__hover=&#8221;|||&#8221;][et_pb_text admin_label=&#8221;P\u00e4\u00e4otsikko&#8221; _builder_version=&#8221;4.16&#8243; text_orientation=&#8221;center&#8221; background_layout=&#8221;dark&#8221; global_colors_info=&#8221;{}&#8221;]<\/p>\n<h1>Klubin j\u00e4senet<\/h1>\n<p>[\/et_pb_text][\/et_pb_column][\/et_pb_row][\/et_pb_section][et_pb_section fb_built=&#8221;1&#8243; specialty=&#8221;on&#8221; module_class_2=&#8221;sivupalkki&#8221; _builder_version=&#8221;4.16&#8243; global_colors_info=&#8221;{}&#8221;][et_pb_column type=&#8221;2_3&#8243; specialty_columns=&#8221;2&#8243; _builder_version=&#8221;4.16&#8243; custom_padding=&#8221;|||&#8221; global_colors_info=&#8221;{}&#8221; custom_padding__hover=&#8221;|||&#8221;][et_pb_row_inner column_structure=&#8221;1_2,1_2&#8243; admin_label=&#8221;Rivi&#8221; _builder_version=&#8221;4.16&#8243; custom_padding=&#8221;|0px||||&#8221; global_colors_info=&#8221;{}&#8221;][et_pb_column_inner type=&#8221;1_2&#8243; saved_specialty_column_type=&#8221;2_3&#8243; _builder_version=&#8221;4.16&#8243; custom_padding=&#8221;|||&#8221; global_colors_info=&#8221;{}&#8221; custom_padding__hover=&#8221;|||&#8221;][et_pb_team_member name=&#8221;Sakari Mikkil\u00e4&#8221; position=&#8221;Presidentti&#8221; image_url=&#8221;https:\/\/rotary.fi\/lapua\/wp-content\/uploads\/sites\/55\/2018\/08\/henkilokuva_placeholder.jpg&#8221; admin_label=&#8221;Presidentti&#8221; _builder_version=&#8221;4.27.0&#8243; width=&#8221;83.1%&#8221; custom_padding=&#8221;|73px||||&#8221; inline_fonts=&#8221;Arial&#8221; global_colors_info=&#8221;{}&#8221;]<\/p>\n<p>Lapuan Rotaryklubi presidentti<\/p>\n<p>&nbsp;<\/p>\n<p>[\/et_pb_team_member][\/et_pb_column_inner][et_pb_column_inner type=&#8221;1_2&#8243; saved_specialty_column_type=&#8221;2_3&#8243; _builder_version=&#8221;4.16&#8243; custom_padding=&#8221;|||&#8221; global_colors_info=&#8221;{}&#8221; custom_padding__hover=&#8221;|||&#8221;][et_pb_text _builder_version=&#8221;4.27.4&#8243; background_enable_image=&#8221;off&#8221; width=&#8221;99.1%&#8221; custom_margin=&#8221;|||-28px||&#8221; custom_padding=&#8221;0px|0px||||&#8221; hover_enabled=&#8221;0&#8243; inline_fonts=&#8221;Arial&#8221; global_colors_info=&#8221;{}&#8221; sticky_enabled=&#8221;0&#8243;]<\/p>\n<h2>Kunniaj\u00e4senet<\/h2>\n<p>Latva-Rasku Paavo PHF<\/p>\n<p>Nikula Jukka PHF<\/p>\n<p>Peltonen, Martti PHF<\/p>\n<h3><strong>J\u00e4senet<\/strong><\/h3>\n<p>Ahonen, Paavo PHF<\/p>\n<p>Ala-Talkkari, Antti PHF<\/p>\n<p>Autio, Jussi<\/p>\n<p>Haavisto, Jaakko<\/p>\n<p>Hakala, Marita<\/p>\n<p>Ketola, Erkki PHF<\/p>\n<p>Kotala, Esa<\/p>\n<p>Kulju, Heikki PHF<\/p>\n<p>Latvala, Antti PHF<\/p>\n<p>Luhta,Esa PHF<\/p>\n<p>Mikkil\u00e4, Sakari<\/p>\n<p>Nyrhil\u00e4, Teemu<\/p>\n<p>Posti, Jarkko PHF<\/p>\n<p>Talvitie, Jussi PHF<\/p>\n<p>Vaara, Olavi, PHF<\/p>\n<p>Ylivinkka, Keijo PHF<\/p>\n<p>\u00c4yst\u00f6 Leena<\/p>\n<h2><\/h2>\n<p><strong>\u00a0<\/strong><\/p>\n<p>[\/et_pb_text][\/et_pb_column_inner][\/et_pb_row_inner][\/et_pb_column][et_pb_column type=&#8221;1_3&#8243; _builder_version=&#8221;4.16&#8243; custom_padding=&#8221;|||&#8221; global_colors_info=&#8221;{}&#8221; custom_padding__hover=&#8221;|||&#8221;][et_pb_sidebar area=&#8221;sidebar-1&#8243; module_class=&#8221;sivupalkki_sisalto&#8221; _builder_version=&#8221;4.16&#8243; locked=&#8221;on&#8221; global_colors_info=&#8221;{}&#8221;][\/et_pb_sidebar][\/et_pb_column][\/et_pb_section]<\/p>\n","protected":false},"excerpt":{"rendered":"<p>Klubin j\u00e4senetLapuan Rotaryklubi presidentti &nbsp;Kunniaj\u00e4senet Latva-Rasku Paavo PHF Nikula Jukka PHF Peltonen, Martti PHF J\u00e4senet Ahonen, Paavo PHF Ala-Talkkari, Antti PHF Autio, Jussi Haavisto, Jaakko Hakala, Marita Ketola, Erkki PHF Kotala, Esa Kulju, Heikki PHF Latvala, Antti PHF Luhta,Esa PHF Mikkil\u00e4, Sakari Nyrhil\u00e4, Teemu Posti, Jarkko PHF Talvitie, Jussi PHF Vaara, Olavi, PHF Ylivinkka, Keijo [&hellip;]<\/p>\n","protected":false},"author":53,"featured_media":0,"parent":129,"menu_order":0,"comment_status":"closed","ping_status":"closed","template":"","meta":{"_acf_changed":false,"_et_pb_use_builder":"on","_et_pb_old_content":"","_et_gb_content_width":"","footnotes":""},"class_list":["post-1940","page","type-page","status-publish","hentry"],"acf":[],"yoast_head":"<!-- This site is optimized with the Yoast SEO plugin v27.4 - https:\/\/yoast.com\/product\/yoast-seo-wordpress\/ -->\n<title>Klubin j\u00e4senet - Lapuan Rotaryklubi<\/title>\n<meta name=\"robots\" content=\"index, follow, max-snippet:-1, max-image-preview:large, max-video-preview:-1\" \/>\n<link rel=\"canonical\" href=\"https:\/\/rotary.fi\/lapua\/keita-olemme\/klubin-jasenet\/\" \/>\n<meta property=\"og:locale\" content=\"fi_FI\" \/>\n<meta property=\"og:type\" content=\"article\" \/>\n<meta property=\"og:title\" content=\"Klubin j\u00e4senet - Lapuan Rotaryklubi\" \/>\n<meta property=\"og:description\" content=\"Klubin j\u00e4senetLapuan Rotaryklubi presidentti &nbsp;Kunniaj\u00e4senet Latva-Rasku Paavo PHF Nikula Jukka PHF Peltonen, Martti PHF J\u00e4senet Ahonen, Paavo PHF Ala-Talkkari, Antti PHF Autio, Jussi Haavisto, Jaakko Hakala, Marita Ketola, Erkki PHF Kotala, Esa Kulju, Heikki PHF Latvala, Antti PHF Luhta,Esa PHF Mikkil\u00e4, Sakari Nyrhil\u00e4, Teemu Posti, Jarkko PHF Talvitie, Jussi PHF Vaara, Olavi, PHF Ylivinkka, Keijo [&hellip;]\" \/>\n<meta property=\"og:url\" content=\"https:\/\/rotary.fi\/lapua\/keita-olemme\/klubin-jasenet\/\" \/>\n<meta property=\"og:site_name\" content=\"Lapuan Rotaryklubi\" \/>\n<meta property=\"article:modified_time\" content=\"2026-04-10T14:31:43+00:00\" \/>\n<meta name=\"twitter:card\" content=\"summary_large_image\" \/>\n<meta name=\"twitter:label1\" content=\"Arvioitu lukuaika\" \/>\n\t<meta name=\"twitter:data1\" content=\"2 minuuttia\" \/>\n<script type=\"application\/ld+json\" class=\"yoast-schema-graph\">{\"@context\":\"https:\\\/\\\/schema.org\",\"@graph\":[{\"@type\":\"WebPage\",\"@id\":\"https:\\\/\\\/rotary.fi\\\/lapua\\\/keita-olemme\\\/klubin-jasenet\\\/\",\"url\":\"https:\\\/\\\/rotary.fi\\\/lapua\\\/keita-olemme\\\/klubin-jasenet\\\/\",\"name\":\"Klubin j\u00e4senet - Lapuan Rotaryklubi\",\"isPartOf\":{\"@id\":\"https:\\\/\\\/rotary.fi\\\/lapua\\\/#website\"},\"datePublished\":\"2020-01-11T14:30:46+00:00\",\"dateModified\":\"2026-04-10T14:31:43+00:00\",\"breadcrumb\":{\"@id\":\"https:\\\/\\\/rotary.fi\\\/lapua\\\/keita-olemme\\\/klubin-jasenet\\\/#breadcrumb\"},\"inLanguage\":\"fi\",\"potentialAction\":[{\"@type\":\"ReadAction\",\"target\":[\"https:\\\/\\\/rotary.fi\\\/lapua\\\/keita-olemme\\\/klubin-jasenet\\\/\"]}]},{\"@type\":\"BreadcrumbList\",\"@id\":\"https:\\\/\\\/rotary.fi\\\/lapua\\\/keita-olemme\\\/klubin-jasenet\\\/#breadcrumb\",\"itemListElement\":[{\"@type\":\"ListItem\",\"position\":1,\"name\":\"Home\",\"item\":\"https:\\\/\\\/rotary.fi\\\/lapua\\\/\"},{\"@type\":\"ListItem\",\"position\":2,\"name\":\"Keit\u00e4 olemme\",\"item\":\"https:\\\/\\\/rotary.fi\\\/lapua\\\/keita-olemme\\\/\"},{\"@type\":\"ListItem\",\"position\":3,\"name\":\"Klubin j\u00e4senet\"}]},{\"@type\":\"WebSite\",\"@id\":\"https:\\\/\\\/rotary.fi\\\/lapua\\\/#website\",\"url\":\"https:\\\/\\\/rotary.fi\\\/lapua\\\/\",\"name\":\"Lapuan Rotaryklubi\",\"description\":\"Uusi Rotary klubisivusto\",\"potentialAction\":[{\"@type\":\"SearchAction\",\"target\":{\"@type\":\"EntryPoint\",\"urlTemplate\":\"https:\\\/\\\/rotary.fi\\\/lapua\\\/?s={search_term_string}\"},\"query-input\":{\"@type\":\"PropertyValueSpecification\",\"valueRequired\":true,\"valueName\":\"search_term_string\"}}],\"inLanguage\":\"fi\"}]}<\/script>\n<!-- \/ Yoast SEO plugin. -->","yoast_head_json":{"title":"Klubin j\u00e4senet - Lapuan Rotaryklubi","robots":{"index":"index","follow":"follow","max-snippet":"max-snippet:-1","max-image-preview":"max-image-preview:large","max-video-preview":"max-video-preview:-1"},"canonical":"https:\/\/rotary.fi\/lapua\/keita-olemme\/klubin-jasenet\/","og_locale":"fi_FI","og_type":"article","og_title":"Klubin j\u00e4senet - Lapuan Rotaryklubi","og_description":"Klubin j\u00e4senetLapuan Rotaryklubi presidentti &nbsp;Kunniaj\u00e4senet Latva-Rasku Paavo PHF Nikula Jukka PHF Peltonen, Martti PHF J\u00e4senet Ahonen, Paavo PHF Ala-Talkkari, Antti PHF Autio, Jussi Haavisto, Jaakko Hakala, Marita Ketola, Erkki PHF Kotala, Esa Kulju, Heikki PHF Latvala, Antti PHF Luhta,Esa PHF Mikkil\u00e4, Sakari Nyrhil\u00e4, Teemu Posti, Jarkko PHF Talvitie, Jussi PHF Vaara, Olavi, PHF Ylivinkka, Keijo [&hellip;]","og_url":"https:\/\/rotary.fi\/lapua\/keita-olemme\/klubin-jasenet\/","og_site_name":"Lapuan Rotaryklubi","article_modified_time":"2026-04-10T14:31:43+00:00","twitter_card":"summary_large_image","twitter_misc":{"Arvioitu lukuaika":"2 minuuttia"},"schema":{"@context":"https:\/\/schema.org","@graph":[{"@type":"WebPage","@id":"https:\/\/rotary.fi\/lapua\/keita-olemme\/klubin-jasenet\/","url":"https:\/\/rotary.fi\/lapua\/keita-olemme\/klubin-jasenet\/","name":"Klubin j\u00e4senet - Lapuan Rotaryklubi","isPartOf":{"@id":"https:\/\/rotary.fi\/lapua\/#website"},"datePublished":"2020-01-11T14:30:46+00:00","dateModified":"2026-04-10T14:31:43+00:00","breadcrumb":{"@id":"https:\/\/rotary.fi\/lapua\/keita-olemme\/klubin-jasenet\/#breadcrumb"},"inLanguage":"fi","potentialAction":[{"@type":"ReadAction","target":["https:\/\/rotary.fi\/lapua\/keita-olemme\/klubin-jasenet\/"]}]},{"@type":"BreadcrumbList","@id":"https:\/\/rotary.fi\/lapua\/keita-olemme\/klubin-jasenet\/#breadcrumb","itemListElement":[{"@type":"ListItem","position":1,"name":"Home","item":"https:\/\/rotary.fi\/lapua\/"},{"@type":"ListItem","position":2,"name":"Keit\u00e4 olemme","item":"https:\/\/rotary.fi\/lapua\/keita-olemme\/"},{"@type":"ListItem","position":3,"name":"Klubin j\u00e4senet"}]},{"@type":"WebSite","@id":"https:\/\/rotary.fi\/lapua\/#website","url":"https:\/\/rotary.fi\/lapua\/","name":"Lapuan Rotaryklubi","description":"Uusi Rotary klubisivusto","potentialAction":[{"@type":"SearchAction","target":{"@type":"EntryPoint","urlTemplate":"https:\/\/rotary.fi\/lapua\/?s={search_term_string}"},"query-input":{"@type":"PropertyValueSpecification","valueRequired":true,"valueName":"search_term_string"}}],"inLanguage":"fi"}]}},"lang":"fi","translations":{"fi":1940},"pll_sync_post":[],"_links":{"self":[{"href":"https:\/\/rotary.fi\/lapua\/wp-json\/wp\/v2\/pages\/1940","targetHints":{"allow":["GET"]}}],"collection":[{"href":"https:\/\/rotary.fi\/lapua\/wp-json\/wp\/v2\/pages"}],"about":[{"href":"https:\/\/rotary.fi\/lapua\/wp-json\/wp\/v2\/types\/page"}],"author":[{"embeddable":true,"href":"https:\/\/rotary.fi\/lapua\/wp-json\/wp\/v2\/users\/53"}],"replies":[{"embeddable":true,"href":"https:\/\/rotary.fi\/lapua\/wp-json\/wp\/v2\/comments?post=1940"}],"version-history":[{"count":10,"href":"https:\/\/rotary.fi\/lapua\/wp-json\/wp\/v2\/pages\/1940\/revisions"}],"predecessor-version":[{"id":2751,"href":"https:\/\/rotary.fi\/lapua\/wp-json\/wp\/v2\/pages\/1940\/revisions\/2751"}],"up":[{"embeddable":true,"href":"https:\/\/rotary.fi\/lapua\/wp-json\/wp\/v2\/pages\/129"}],"wp:attachment":[{"href":"https:\/\/rotary.fi\/lapua\/wp-json\/wp\/v2\/media?parent=1940"}],"curies":[{"name":"wp","href":"https:\/\/api.w.org\/{rel}","templated":true}]}}