{"id":1912,"date":"2020-01-21T18:55:41","date_gmt":"2020-01-21T16:55:41","guid":{"rendered":"https:\/\/rotary.fi\/lappeenrantasaimaa\/?page_id=1912"},"modified":"2025-12-07T14:10:24","modified_gmt":"2025-12-07T12:10:24","slug":"kuinka-vaihtoon-haetaan","status":"publish","type":"page","link":"https:\/\/rotary.fi\/lappeenrantasaimaa\/nuorisovaihto\/kuinka-vaihtoon-haetaan\/","title":{"rendered":"Kuinka vaihtoon haetaan"},"content":{"rendered":"<p>[et_pb_section fb_built=&#8221;1&#8243; module_class=&#8221;jumbotron-page&#8221; _builder_version=&#8221;4.22.1&#8243; background_image=&#8221;https:\/\/rotary.fi\/lappeenrantasaimaa\/wp-content\/uploads\/sites\/51\/2019\/10\/fb-edit-dsc04164.jpg&#8221; background_position=&#8221;top_center&#8221; global_colors_info=&#8221;{}&#8221;][et_pb_row _builder_version=&#8221;4.16&#8243; background_size=&#8221;initial&#8221; background_position=&#8221;top_left&#8221; background_repeat=&#8221;repeat&#8221; global_colors_info=&#8221;{}&#8221;][et_pb_column type=&#8221;4_4&#8243; _builder_version=&#8221;4.16&#8243; custom_padding=&#8221;|||&#8221; global_colors_info=&#8221;{}&#8221; custom_padding__hover=&#8221;|||&#8221;][et_pb_text admin_label=&#8221;P\u00e4\u00e4otsikko&#8221; _builder_version=&#8221;4.16&#8243; text_orientation=&#8221;center&#8221; background_layout=&#8221;dark&#8221; global_colors_info=&#8221;{}&#8221;]<\/p>\n<h1>Vaihtoon voi hakea l\u00e4hes kuka vaan<\/h1>\n<p>[\/et_pb_text][\/et_pb_column][\/et_pb_row][\/et_pb_section][et_pb_section fb_built=&#8221;1&#8243; specialty=&#8221;on&#8221; module_class_2=&#8221;sivupalkki&#8221; _builder_version=&#8221;4.16&#8243; global_colors_info=&#8221;{}&#8221;][et_pb_column type=&#8221;2_3&#8243; specialty_columns=&#8221;2&#8243; _builder_version=&#8221;4.16&#8243; custom_padding=&#8221;|||&#8221; global_colors_info=&#8221;{}&#8221; custom_padding__hover=&#8221;|||&#8221;][et_pb_row_inner admin_label=&#8221;Rivi&#8221; _builder_version=&#8221;4.16&#8243; global_colors_info=&#8221;{}&#8221;][et_pb_column_inner saved_specialty_column_type=&#8221;2_3&#8243; _builder_version=&#8221;4.16&#8243; custom_padding=&#8221;|||&#8221; global_colors_info=&#8221;{}&#8221; custom_padding__hover=&#8221;|||&#8221;][et_pb_text admin_label=&#8221;Otsikko&#8221; _builder_version=&#8221;4.16&#8243; text_orientation=&#8221;center&#8221; global_colors_info=&#8221;{}&#8221;]<\/p>\n<h1>Kuinka vaihtoon haetaan<\/h1>\n<p>[\/et_pb_text][et_pb_code admin_label=&#8221;Presidenti uutisten listaus&#8221; module_class=&#8221;kaikki_ajankohtaiset&#8221; _builder_version=&#8221;4.16&#8243; locked=&#8221;on&#8221; global_colors_info=&#8221;{}&#8221;][\/et_pb_code][et_pb_text _builder_version=&#8221;4.16&#8243; global_colors_info=&#8221;{}&#8221;]<\/p>\n<p>&nbsp;<\/p>\n<p><img loading=\"lazy\" decoding=\"async\" src=\"https:\/\/rotary.fi\/lappeenrantasaimaa\/wp-content\/uploads\/sites\/51\/2020\/01\/tuomas-ja-maria-web-207x300.jpg\" width=\"207\" height=\"300\" alt=\"\" class=\"wp-image-2382 alignnone size-medium\" \/><\/p>\n<p>Kiinnostuitko nuorisovaihdosta?<br \/>Rotaryn kautta voit p\u00e4\u00e4st\u00e4 vuosivaihtoon, kes\u00e4vaihtoon tai leirivaihtoon. N\u00e4ist\u00e4 eri vaihtomuodoista voit lukea lis\u00e4\u00e4 Suomen Rotaryn nuorisovaihdon sivuilta.<\/p>\n<p>Hakea voi l\u00e4hes kuka tahansa. Riitt\u00e4\u00e4 ett\u00e4 olet lukioik\u00e4inen nuori ja p\u00e4rj\u00e4\u00e4t koulussa kohtuullisesti. Ja ett\u00e4 haluat itse vaihtoon. Idean vaihtoo l\u00e4hd\u00f6st\u00e4 on oltava sinun ja vanhempiesi yhteinen idea.<\/p>\n<p>Hakuaika seuraavan vuoden vaihtoihin on hakuvuotta edelt\u00e4v\u00e4n\u00e4 syksyn\u00e4. Jos kiinnostuit, ota yhteytt\u00e4 klubimme nuorisoasiamieheen..<\/p>\n<p>Kysy rohkeasti lis\u00e4\u00e4 Rotaryn nuorisovaihdosta! Kutsumme snut haastatteluun.<\/p>\n<p>Klubimme nuorisovaihtoasiamies on<br \/>Johanna Kemppinen<br \/><span>044 0539104<\/span><br \/>Rotarynuorisovaihdon nettisivun linkin l\u00f6yd\u00e4t n\u00e4yt\u00f6n oikeasta yl\u00e4kulmasta: <strong>Nuorisovaihto<\/strong><\/p>\n<p>[\/et_pb_text][\/et_pb_column_inner][\/et_pb_row_inner][\/et_pb_column][et_pb_column type=&#8221;1_3&#8243; _builder_version=&#8221;4.16&#8243; custom_padding=&#8221;|||&#8221; global_colors_info=&#8221;{}&#8221; custom_padding__hover=&#8221;|||&#8221;][et_pb_sidebar area=&#8221;sidebar-1&#8243; module_class=&#8221;sivupalkki_sisalto&#8221; _builder_version=&#8221;4.16&#8243; locked=&#8221;on&#8221; global_colors_info=&#8221;{}&#8221;][\/et_pb_sidebar][\/et_pb_column][\/et_pb_section]<\/p>\n","protected":false},"excerpt":{"rendered":"<p>Vaihtoon voi hakea l\u00e4hes kuka vaanKuinka vaihtoon haetaan&nbsp; Kiinnostuitko nuorisovaihdosta?Rotaryn kautta voit p\u00e4\u00e4st\u00e4 vuosivaihtoon, kes\u00e4vaihtoon tai leirivaihtoon. N\u00e4ist\u00e4 eri vaihtomuodoista voit lukea lis\u00e4\u00e4 Suomen Rotaryn nuorisovaihdon sivuilta. Hakea voi l\u00e4hes kuka tahansa. Riitt\u00e4\u00e4 ett\u00e4 olet lukioik\u00e4inen nuori ja p\u00e4rj\u00e4\u00e4t koulussa kohtuullisesti. Ja ett\u00e4 haluat itse vaihtoon. Idean vaihtoo l\u00e4hd\u00f6st\u00e4 on [&hellip;]<\/p>\n","protected":false},"author":314,"featured_media":0,"parent":1789,"menu_order":0,"comment_status":"closed","ping_status":"closed","template":"","meta":{"_acf_changed":false,"_et_pb_use_builder":"on","_et_pb_old_content":"","_et_gb_content_width":"","footnotes":""},"class_list":["post-1912","page","type-page","status-publish","hentry"],"acf":[],"yoast_head":"<!-- This site is optimized with the Yoast SEO plugin v27.4 - https:\/\/yoast.com\/product\/yoast-seo-wordpress\/ -->\n<title>Kuinka vaihtoon haetaan - Lappeenranta Saimaa Rotaryklubi<\/title>\n<meta name=\"robots\" content=\"index, follow, max-snippet:-1, max-image-preview:large, max-video-preview:-1\" \/>\n<link rel=\"canonical\" href=\"https:\/\/rotary.fi\/lappeenrantasaimaa\/nuorisovaihto\/kuinka-vaihtoon-haetaan\/\" \/>\n<meta property=\"og:locale\" content=\"fi_FI\" \/>\n<meta property=\"og:type\" content=\"article\" \/>\n<meta property=\"og:title\" content=\"Kuinka vaihtoon haetaan - Lappeenranta Saimaa Rotaryklubi\" \/>\n<meta property=\"og:description\" content=\"Vaihtoon voi hakea l\u00e4hes kuka vaanKuinka vaihtoon haetaan&nbsp; Kiinnostuitko nuorisovaihdosta?Rotaryn kautta voit p\u00e4\u00e4st\u00e4 vuosivaihtoon, kes\u00e4vaihtoon tai leirivaihtoon. N\u00e4ist\u00e4 eri vaihtomuodoista voit lukea lis\u00e4\u00e4 Suomen Rotaryn nuorisovaihdon sivuilta. Hakea voi l\u00e4hes kuka tahansa. Riitt\u00e4\u00e4 ett\u00e4 olet lukioik\u00e4inen nuori ja p\u00e4rj\u00e4\u00e4t koulussa kohtuullisesti. Ja ett\u00e4 haluat itse vaihtoon. Idean vaihtoo l\u00e4hd\u00f6st\u00e4 on [&hellip;]\" \/>\n<meta property=\"og:url\" content=\"https:\/\/rotary.fi\/lappeenrantasaimaa\/nuorisovaihto\/kuinka-vaihtoon-haetaan\/\" \/>\n<meta property=\"og:site_name\" content=\"Lappeenranta Saimaa Rotaryklubi\" \/>\n<meta property=\"article:modified_time\" content=\"2025-12-07T12:10:24+00:00\" \/>\n<meta property=\"og:image\" content=\"https:\/\/rotary.fi\/lappeenrantasaimaa\/wp-content\/uploads\/sites\/51\/2020\/01\/tuomas-ja-maria-web.jpg\" \/>\n\t<meta property=\"og:image:width\" content=\"1414\" \/>\n\t<meta property=\"og:image:height\" content=\"2048\" \/>\n\t<meta property=\"og:image:type\" content=\"image\/jpeg\" \/>\n<meta name=\"twitter:card\" content=\"summary_large_image\" \/>\n<meta name=\"twitter:label1\" content=\"Arvioitu lukuaika\" \/>\n\t<meta name=\"twitter:data1\" content=\"2 minuuttia\" \/>\n<script type=\"application\/ld+json\" class=\"yoast-schema-graph\">{\"@context\":\"https:\\\/\\\/schema.org\",\"@graph\":[{\"@type\":\"WebPage\",\"@id\":\"https:\\\/\\\/rotary.fi\\\/lappeenrantasaimaa\\\/nuorisovaihto\\\/kuinka-vaihtoon-haetaan\\\/\",\"url\":\"https:\\\/\\\/rotary.fi\\\/lappeenrantasaimaa\\\/nuorisovaihto\\\/kuinka-vaihtoon-haetaan\\\/\",\"name\":\"Kuinka vaihtoon haetaan - Lappeenranta Saimaa Rotaryklubi\",\"isPartOf\":{\"@id\":\"https:\\\/\\\/rotary.fi\\\/lappeenrantasaimaa\\\/#website\"},\"primaryImageOfPage\":{\"@id\":\"https:\\\/\\\/rotary.fi\\\/lappeenrantasaimaa\\\/nuorisovaihto\\\/kuinka-vaihtoon-haetaan\\\/#primaryimage\"},\"image\":{\"@id\":\"https:\\\/\\\/rotary.fi\\\/lappeenrantasaimaa\\\/nuorisovaihto\\\/kuinka-vaihtoon-haetaan\\\/#primaryimage\"},\"thumbnailUrl\":\"https:\\\/\\\/rotary.fi\\\/lappeenrantasaimaa\\\/wp-content\\\/uploads\\\/sites\\\/51\\\/2020\\\/01\\\/tuomas-ja-maria-web-207x300.jpg\",\"datePublished\":\"2020-01-21T16:55:41+00:00\",\"dateModified\":\"2025-12-07T12:10:24+00:00\",\"breadcrumb\":{\"@id\":\"https:\\\/\\\/rotary.fi\\\/lappeenrantasaimaa\\\/nuorisovaihto\\\/kuinka-vaihtoon-haetaan\\\/#breadcrumb\"},\"inLanguage\":\"fi\",\"potentialAction\":[{\"@type\":\"ReadAction\",\"target\":[\"https:\\\/\\\/rotary.fi\\\/lappeenrantasaimaa\\\/nuorisovaihto\\\/kuinka-vaihtoon-haetaan\\\/\"]}]},{\"@type\":\"ImageObject\",\"inLanguage\":\"fi\",\"@id\":\"https:\\\/\\\/rotary.fi\\\/lappeenrantasaimaa\\\/nuorisovaihto\\\/kuinka-vaihtoon-haetaan\\\/#primaryimage\",\"url\":\"https:\\\/\\\/rotary.fi\\\/lappeenrantasaimaa\\\/wp-content\\\/uploads\\\/sites\\\/51\\\/2020\\\/01\\\/tuomas-ja-maria-web.jpg\",\"contentUrl\":\"https:\\\/\\\/rotary.fi\\\/lappeenrantasaimaa\\\/wp-content\\\/uploads\\\/sites\\\/51\\\/2020\\\/01\\\/tuomas-ja-maria-web.jpg\",\"width\":1414,\"height\":2048},{\"@type\":\"BreadcrumbList\",\"@id\":\"https:\\\/\\\/rotary.fi\\\/lappeenrantasaimaa\\\/nuorisovaihto\\\/kuinka-vaihtoon-haetaan\\\/#breadcrumb\",\"itemListElement\":[{\"@type\":\"ListItem\",\"position\":1,\"name\":\"Home\",\"item\":\"https:\\\/\\\/rotary.fi\\\/lappeenrantasaimaa\\\/\"},{\"@type\":\"ListItem\",\"position\":2,\"name\":\"Nuorisovaihto\",\"item\":\"https:\\\/\\\/rotary.fi\\\/lappeenrantasaimaa\\\/nuorisovaihto\\\/\"},{\"@type\":\"ListItem\",\"position\":3,\"name\":\"Kuinka vaihtoon haetaan\"}]},{\"@type\":\"WebSite\",\"@id\":\"https:\\\/\\\/rotary.fi\\\/lappeenrantasaimaa\\\/#website\",\"url\":\"https:\\\/\\\/rotary.fi\\\/lappeenrantasaimaa\\\/\",\"name\":\"Lappeenranta Saimaa Rotaryklubi\",\"description\":\"Uusi Rotary klubisivusto\",\"potentialAction\":[{\"@type\":\"SearchAction\",\"target\":{\"@type\":\"EntryPoint\",\"urlTemplate\":\"https:\\\/\\\/rotary.fi\\\/lappeenrantasaimaa\\\/?s={search_term_string}\"},\"query-input\":{\"@type\":\"PropertyValueSpecification\",\"valueRequired\":true,\"valueName\":\"search_term_string\"}}],\"inLanguage\":\"fi\"}]}<\/script>\n<!-- \/ Yoast SEO plugin. -->","yoast_head_json":{"title":"Kuinka vaihtoon haetaan - Lappeenranta Saimaa Rotaryklubi","robots":{"index":"index","follow":"follow","max-snippet":"max-snippet:-1","max-image-preview":"max-image-preview:large","max-video-preview":"max-video-preview:-1"},"canonical":"https:\/\/rotary.fi\/lappeenrantasaimaa\/nuorisovaihto\/kuinka-vaihtoon-haetaan\/","og_locale":"fi_FI","og_type":"article","og_title":"Kuinka vaihtoon haetaan - Lappeenranta Saimaa Rotaryklubi","og_description":"Vaihtoon voi hakea l\u00e4hes kuka vaanKuinka vaihtoon haetaan&nbsp; Kiinnostuitko nuorisovaihdosta?Rotaryn kautta voit p\u00e4\u00e4st\u00e4 vuosivaihtoon, kes\u00e4vaihtoon tai leirivaihtoon. N\u00e4ist\u00e4 eri vaihtomuodoista voit lukea lis\u00e4\u00e4 Suomen Rotaryn nuorisovaihdon sivuilta. Hakea voi l\u00e4hes kuka tahansa. Riitt\u00e4\u00e4 ett\u00e4 olet lukioik\u00e4inen nuori ja p\u00e4rj\u00e4\u00e4t koulussa kohtuullisesti. Ja ett\u00e4 haluat itse vaihtoon. Idean vaihtoo l\u00e4hd\u00f6st\u00e4 on [&hellip;]","og_url":"https:\/\/rotary.fi\/lappeenrantasaimaa\/nuorisovaihto\/kuinka-vaihtoon-haetaan\/","og_site_name":"Lappeenranta Saimaa Rotaryklubi","article_modified_time":"2025-12-07T12:10:24+00:00","og_image":[{"width":1414,"height":2048,"url":"https:\/\/rotary.fi\/lappeenrantasaimaa\/wp-content\/uploads\/sites\/51\/2020\/01\/tuomas-ja-maria-web.jpg","type":"image\/jpeg"}],"twitter_card":"summary_large_image","twitter_misc":{"Arvioitu lukuaika":"2 minuuttia"},"schema":{"@context":"https:\/\/schema.org","@graph":[{"@type":"WebPage","@id":"https:\/\/rotary.fi\/lappeenrantasaimaa\/nuorisovaihto\/kuinka-vaihtoon-haetaan\/","url":"https:\/\/rotary.fi\/lappeenrantasaimaa\/nuorisovaihto\/kuinka-vaihtoon-haetaan\/","name":"Kuinka vaihtoon haetaan - Lappeenranta Saimaa Rotaryklubi","isPartOf":{"@id":"https:\/\/rotary.fi\/lappeenrantasaimaa\/#website"},"primaryImageOfPage":{"@id":"https:\/\/rotary.fi\/lappeenrantasaimaa\/nuorisovaihto\/kuinka-vaihtoon-haetaan\/#primaryimage"},"image":{"@id":"https:\/\/rotary.fi\/lappeenrantasaimaa\/nuorisovaihto\/kuinka-vaihtoon-haetaan\/#primaryimage"},"thumbnailUrl":"https:\/\/rotary.fi\/lappeenrantasaimaa\/wp-content\/uploads\/sites\/51\/2020\/01\/tuomas-ja-maria-web-207x300.jpg","datePublished":"2020-01-21T16:55:41+00:00","dateModified":"2025-12-07T12:10:24+00:00","breadcrumb":{"@id":"https:\/\/rotary.fi\/lappeenrantasaimaa\/nuorisovaihto\/kuinka-vaihtoon-haetaan\/#breadcrumb"},"inLanguage":"fi","potentialAction":[{"@type":"ReadAction","target":["https:\/\/rotary.fi\/lappeenrantasaimaa\/nuorisovaihto\/kuinka-vaihtoon-haetaan\/"]}]},{"@type":"ImageObject","inLanguage":"fi","@id":"https:\/\/rotary.fi\/lappeenrantasaimaa\/nuorisovaihto\/kuinka-vaihtoon-haetaan\/#primaryimage","url":"https:\/\/rotary.fi\/lappeenrantasaimaa\/wp-content\/uploads\/sites\/51\/2020\/01\/tuomas-ja-maria-web.jpg","contentUrl":"https:\/\/rotary.fi\/lappeenrantasaimaa\/wp-content\/uploads\/sites\/51\/2020\/01\/tuomas-ja-maria-web.jpg","width":1414,"height":2048},{"@type":"BreadcrumbList","@id":"https:\/\/rotary.fi\/lappeenrantasaimaa\/nuorisovaihto\/kuinka-vaihtoon-haetaan\/#breadcrumb","itemListElement":[{"@type":"ListItem","position":1,"name":"Home","item":"https:\/\/rotary.fi\/lappeenrantasaimaa\/"},{"@type":"ListItem","position":2,"name":"Nuorisovaihto","item":"https:\/\/rotary.fi\/lappeenrantasaimaa\/nuorisovaihto\/"},{"@type":"ListItem","position":3,"name":"Kuinka vaihtoon haetaan"}]},{"@type":"WebSite","@id":"https:\/\/rotary.fi\/lappeenrantasaimaa\/#website","url":"https:\/\/rotary.fi\/lappeenrantasaimaa\/","name":"Lappeenranta Saimaa Rotaryklubi","description":"Uusi Rotary klubisivusto","potentialAction":[{"@type":"SearchAction","target":{"@type":"EntryPoint","urlTemplate":"https:\/\/rotary.fi\/lappeenrantasaimaa\/?s={search_term_string}"},"query-input":{"@type":"PropertyValueSpecification","valueRequired":true,"valueName":"search_term_string"}}],"inLanguage":"fi"}]}},"lang":"fi","translations":{"fi":1912},"pll_sync_post":[],"_links":{"self":[{"href":"https:\/\/rotary.fi\/lappeenrantasaimaa\/wp-json\/wp\/v2\/pages\/1912","targetHints":{"allow":["GET"]}}],"collection":[{"href":"https:\/\/rotary.fi\/lappeenrantasaimaa\/wp-json\/wp\/v2\/pages"}],"about":[{"href":"https:\/\/rotary.fi\/lappeenrantasaimaa\/wp-json\/wp\/v2\/types\/page"}],"author":[{"embeddable":true,"href":"https:\/\/rotary.fi\/lappeenrantasaimaa\/wp-json\/wp\/v2\/users\/314"}],"replies":[{"embeddable":true,"href":"https:\/\/rotary.fi\/lappeenrantasaimaa\/wp-json\/wp\/v2\/comments?post=1912"}],"version-history":[{"count":9,"href":"https:\/\/rotary.fi\/lappeenrantasaimaa\/wp-json\/wp\/v2\/pages\/1912\/revisions"}],"predecessor-version":[{"id":3715,"href":"https:\/\/rotary.fi\/lappeenrantasaimaa\/wp-json\/wp\/v2\/pages\/1912\/revisions\/3715"}],"up":[{"embeddable":true,"href":"https:\/\/rotary.fi\/lappeenrantasaimaa\/wp-json\/wp\/v2\/pages\/1789"}],"wp:attachment":[{"href":"https:\/\/rotary.fi\/lappeenrantasaimaa\/wp-json\/wp\/v2\/media?parent=1912"}],"curies":[{"name":"wp","href":"https:\/\/api.w.org\/{rel}","templated":true}]}}