{"id":1845,"date":"2020-01-21T16:10:45","date_gmt":"2020-01-21T14:10:45","guid":{"rendered":"https:\/\/rotary.fi\/lappeenrantasaimaa\/?page_id=1845"},"modified":"2020-01-28T21:26:41","modified_gmt":"2020-01-28T19:26:41","slug":"polioplus","status":"publish","type":"page","link":"https:\/\/rotary.fi\/lappeenrantasaimaa\/mika-on-rotarysaatio\/polioplus\/","title":{"rendered":"PolioPlus"},"content":{"rendered":"<p>[et_pb_section fb_built=&#8221;1&#8243; module_class=&#8221;jumbotron-page&#8221; _builder_version=&#8221;4.1&#8243; background_image=&#8221;https:\/\/rotary.fi\/lappeenrantasaimaa\/wp-content\/uploads\/sites\/51\/2020\/01\/poliorokotus.jpg&#8221; background_position=&#8221;top_center&#8221;][et_pb_row _builder_version=&#8221;3.25&#8243; background_size=&#8221;initial&#8221; background_position=&#8221;top_left&#8221; background_repeat=&#8221;repeat&#8221;][et_pb_column type=&#8221;4_4&#8243; _builder_version=&#8221;3.25&#8243; custom_padding=&#8221;|||&#8221; custom_padding__hover=&#8221;|||&#8221;][\/et_pb_column][\/et_pb_row][\/et_pb_section][et_pb_section fb_built=&#8221;1&#8243; specialty=&#8221;on&#8221; module_class_2=&#8221;sivupalkki&#8221; _builder_version=&#8221;3.22&#8243;][et_pb_column type=&#8221;2_3&#8243; specialty_columns=&#8221;2&#8243; _builder_version=&#8221;3.25&#8243; custom_padding=&#8221;|||&#8221; custom_padding__hover=&#8221;|||&#8221;][et_pb_row_inner admin_label=&#8221;Rivi&#8221; _builder_version=&#8221;3.25&#8243;][et_pb_column_inner saved_specialty_column_type=&#8221;2_3&#8243; _builder_version=&#8221;3.25&#8243; custom_padding=&#8221;|||&#8221; custom_padding__hover=&#8221;|||&#8221;][et_pb_text admin_label=&#8221;PolioPlus &#8211; Otsikko&#8221; _builder_version=&#8221;4.1&#8243; text_orientation=&#8221;center&#8221;]<\/p>\n<h1>PolioPlus<\/h1>\n<p>[\/et_pb_text][et_pb_text _builder_version=&#8221;4.1&#8243; hover_enabled=&#8221;0&#8243;]<\/p>\n<p>&nbsp;<\/p>\n<p><img loading=\"lazy\" decoding=\"async\" src=\"https:\/\/rotary.fi\/lappeenrantasaimaa\/wp-content\/uploads\/sites\/51\/2020\/01\/kuva-21-235x300.jpg\" width=\"165\" height=\"211\" alt=\"\" class=\"wp-image-2152 alignnone size-medium\" srcset=\"https:\/\/rotary.fi\/lappeenrantasaimaa\/wp-content\/uploads\/sites\/51\/2020\/01\/kuva-21-235x300.jpg 235w, https:\/\/rotary.fi\/lappeenrantasaimaa\/wp-content\/uploads\/sites\/51\/2020\/01\/kuva-21.jpg 470w\" sizes=\"(max-width: 165px) 100vw, 165px\" \/><\/p>\n<p>Rotaryn kaikkien aikojen suurin avustusohjelma PolioPlus k\u00e4ynnistyi Rotaryn aloitteesta v. 1985. Vuodesta 1988 l\u00e4htien Rotary International on tehnyt yhteisty\u00f6t\u00e4 Maailman terveysj\u00e4rjest\u00f6n (WHO), Yhdistyneiden kansakuntien lastenavun rahaston (UNICEF) ja USA:n terveysviraston (CDC) sek\u00e4 useiden muiden kansainv\u00e4listen toimijoiden kanssa tavoitteenaan poistaa lopullisesti polio maailmasta. Ohjelma on vuoteen 2019 menness\u00e4 onnistunut poistamaan 99,9 % maailman poliotapauksista. Ty\u00f6 jatkuu viel\u00e4 muutaman vuoden.<\/p>\n<p>Polion h\u00e4vitt\u00e4minen on julistettu WHO:n ykk\u00f6sprioriteetiksi, ja mukana on kasvava joukko valtioita. Yksitt\u00e4isist\u00e4 lahjoittajista suurin on Bill ja Melinda Gatesin s\u00e4\u00e4ti\u00f6, joka on useita kertoja haastanut rotareita uusiin lahjoituksiin. Vuoden 2017 haasteessaan s\u00e4\u00e4ti\u00f6 kolminkertaistaa rotarien vuotuiset lahjoitukset enimmill\u00e4\u00e4n yhteens\u00e4 50 miljoonaan US$:iin asti kolmen vuoden ajan (\u00a02023).<\/p>\n<p>PolioPlus-ohjelman kautta rotarit rahoittavat rokotteiden hankintaa, niiden asianmukaista kuljetusta ja k\u00e4yt\u00f6n opastusta sek\u00e4 viruksen esiintymist\u00e4 kartoittavaa seurantaa. Useat rotarit osallistuvat my\u00f6s itse kansallisiin rokotustapahtumiin.<\/p>\n<p>Suomalaiset rotarit ovat Suomen Rotaryn kautta ja Suomen ulkoministeri\u00f6n vahvalla tuella rahoittaneet WHO:n Afganistanissa toteuttamaa poliorokotuskampanjaa. Nelivuotisen hankkeen p\u00e4\u00e4tyttyess\u00e4 vuonna 2013 t\u00e4m\u00e4n hankkeen kokonaisrahoitus oli noin 1,5 miljoonaa US$.<\/p>\n<p>T\u00e4m\u00e4n j\u00e4lkeenkin polion h\u00e4vitt\u00e4minen s\u00e4ilyy suomalaisten rotarien t\u00e4rke\u00e4n\u00e4 avustuskohteena.<\/p>\n<p><img loading=\"lazy\" decoding=\"async\" src=\"https:\/\/rotary.fi\/lappeenrantasaimaa\/wp-content\/uploads\/sites\/51\/2020\/01\/poliokartta-1988-web-300x226.jpg\" width=\"485\" height=\"365\" alt=\"\" class=\"wp-image-2494 alignnone size-medium\" \/>\u00a0\u00a0<img loading=\"lazy\" decoding=\"async\" src=\"https:\/\/rotary.fi\/lappeenrantasaimaa\/wp-content\/uploads\/sites\/51\/2020\/01\/poliokartta-2019-web-300x226.jpg\" width=\"511\" height=\"385\" alt=\"\" class=\"wp-image-2495 alignnone size-medium\" \/><\/p>\n<p>&nbsp;<\/p>\n<p>POLION KEHITYS\u00a0 \u00a0 \u00a0 v. 1988 n. 350 000 tapausta \/ v. 2019 n. 20 tapausta<\/p>\n<p>&nbsp;<\/p>\n<p>&nbsp;<\/p>\n<p>&nbsp;<\/p>\n<p>&nbsp;<\/p>\n<p>&nbsp;<\/p>\n<p>&nbsp;<\/p>\n<p>[\/et_pb_text][\/et_pb_column_inner][\/et_pb_row_inner][\/et_pb_column][et_pb_column type=&#8221;1_3&#8243; _builder_version=&#8221;3.25&#8243; custom_padding=&#8221;|||&#8221; custom_padding__hover=&#8221;|||&#8221;][et_pb_sidebar area=&#8221;sidebar-1&#8243; module_class=&#8221;sivupalkki_sisalto&#8221; _builder_version=&#8221;3.4.1&#8243; locked=&#8221;on&#8221;]<br \/>\n[\/et_pb_sidebar][\/et_pb_column][\/et_pb_section]<\/p>\n","protected":false},"excerpt":{"rendered":"<p>PolioPlus&nbsp; Rotaryn kaikkien aikojen suurin avustusohjelma PolioPlus k\u00e4ynnistyi Rotaryn aloitteesta v. 1985. Vuodesta 1988 l\u00e4htien Rotary International on tehnyt yhteisty\u00f6t\u00e4 Maailman terveysj\u00e4rjest\u00f6n (WHO), Yhdistyneiden kansakuntien lastenavun rahaston (UNICEF) ja USA:n terveysviraston (CDC) sek\u00e4 useiden muiden kansainv\u00e4listen toimijoiden kanssa tavoitteenaan poistaa lopullisesti polio maailmasta. Ohjelma on vuoteen 2019 menness\u00e4 onnistunut poistamaan 99,9 % maailman poliotapauksista. Ty\u00f6 [&hellip;]<\/p>\n","protected":false},"author":314,"featured_media":0,"parent":1818,"menu_order":0,"comment_status":"closed","ping_status":"closed","template":"","meta":{"_acf_changed":false,"_et_pb_use_builder":"on","_et_pb_old_content":"","_et_gb_content_width":"","footnotes":""},"class_list":["post-1845","page","type-page","status-publish","hentry"],"acf":[],"yoast_head":"<!-- This site is optimized with the Yoast SEO plugin v27.4 - https:\/\/yoast.com\/product\/yoast-seo-wordpress\/ -->\n<title>PolioPlus - Lappeenranta Saimaa Rotaryklubi<\/title>\n<meta name=\"robots\" content=\"index, follow, max-snippet:-1, max-image-preview:large, max-video-preview:-1\" \/>\n<link rel=\"canonical\" href=\"https:\/\/rotary.fi\/lappeenrantasaimaa\/mika-on-rotarysaatio\/polioplus\/\" \/>\n<meta property=\"og:locale\" content=\"fi_FI\" \/>\n<meta property=\"og:type\" content=\"article\" \/>\n<meta property=\"og:title\" content=\"PolioPlus - Lappeenranta Saimaa Rotaryklubi\" \/>\n<meta property=\"og:description\" content=\"PolioPlus&nbsp; Rotaryn kaikkien aikojen suurin avustusohjelma PolioPlus k\u00e4ynnistyi Rotaryn aloitteesta v. 1985. Vuodesta 1988 l\u00e4htien Rotary International on tehnyt yhteisty\u00f6t\u00e4 Maailman terveysj\u00e4rjest\u00f6n (WHO), Yhdistyneiden kansakuntien lastenavun rahaston (UNICEF) ja USA:n terveysviraston (CDC) sek\u00e4 useiden muiden kansainv\u00e4listen toimijoiden kanssa tavoitteenaan poistaa lopullisesti polio maailmasta. Ohjelma on vuoteen 2019 menness\u00e4 onnistunut poistamaan 99,9 % maailman poliotapauksista. Ty\u00f6 [&hellip;]\" \/>\n<meta property=\"og:url\" content=\"https:\/\/rotary.fi\/lappeenrantasaimaa\/mika-on-rotarysaatio\/polioplus\/\" \/>\n<meta property=\"og:site_name\" content=\"Lappeenranta Saimaa Rotaryklubi\" \/>\n<meta property=\"article:modified_time\" content=\"2020-01-28T19:26:41+00:00\" \/>\n<meta property=\"og:image\" content=\"https:\/\/rotary.fi\/lappeenrantasaimaa\/wp-content\/uploads\/sites\/51\/2020\/01\/kuva-21-235x300.jpg\" \/>\n<meta name=\"twitter:card\" content=\"summary_large_image\" \/>\n<meta name=\"twitter:label1\" content=\"Arvioitu lukuaika\" \/>\n\t<meta name=\"twitter:data1\" content=\"2 minuuttia\" \/>\n<script type=\"application\/ld+json\" class=\"yoast-schema-graph\">{\"@context\":\"https:\\\/\\\/schema.org\",\"@graph\":[{\"@type\":\"WebPage\",\"@id\":\"https:\\\/\\\/rotary.fi\\\/lappeenrantasaimaa\\\/mika-on-rotarysaatio\\\/polioplus\\\/\",\"url\":\"https:\\\/\\\/rotary.fi\\\/lappeenrantasaimaa\\\/mika-on-rotarysaatio\\\/polioplus\\\/\",\"name\":\"PolioPlus - Lappeenranta Saimaa Rotaryklubi\",\"isPartOf\":{\"@id\":\"https:\\\/\\\/rotary.fi\\\/lappeenrantasaimaa\\\/#website\"},\"primaryImageOfPage\":{\"@id\":\"https:\\\/\\\/rotary.fi\\\/lappeenrantasaimaa\\\/mika-on-rotarysaatio\\\/polioplus\\\/#primaryimage\"},\"image\":{\"@id\":\"https:\\\/\\\/rotary.fi\\\/lappeenrantasaimaa\\\/mika-on-rotarysaatio\\\/polioplus\\\/#primaryimage\"},\"thumbnailUrl\":\"https:\\\/\\\/rotary.fi\\\/lappeenrantasaimaa\\\/wp-content\\\/uploads\\\/sites\\\/51\\\/2020\\\/01\\\/kuva-21-235x300.jpg\",\"datePublished\":\"2020-01-21T14:10:45+00:00\",\"dateModified\":\"2020-01-28T19:26:41+00:00\",\"breadcrumb\":{\"@id\":\"https:\\\/\\\/rotary.fi\\\/lappeenrantasaimaa\\\/mika-on-rotarysaatio\\\/polioplus\\\/#breadcrumb\"},\"inLanguage\":\"fi\",\"potentialAction\":[{\"@type\":\"ReadAction\",\"target\":[\"https:\\\/\\\/rotary.fi\\\/lappeenrantasaimaa\\\/mika-on-rotarysaatio\\\/polioplus\\\/\"]}]},{\"@type\":\"ImageObject\",\"inLanguage\":\"fi\",\"@id\":\"https:\\\/\\\/rotary.fi\\\/lappeenrantasaimaa\\\/mika-on-rotarysaatio\\\/polioplus\\\/#primaryimage\",\"url\":\"https:\\\/\\\/rotary.fi\\\/lappeenrantasaimaa\\\/wp-content\\\/uploads\\\/sites\\\/51\\\/2020\\\/01\\\/kuva-21.jpg\",\"contentUrl\":\"https:\\\/\\\/rotary.fi\\\/lappeenrantasaimaa\\\/wp-content\\\/uploads\\\/sites\\\/51\\\/2020\\\/01\\\/kuva-21.jpg\",\"width\":470,\"height\":599},{\"@type\":\"BreadcrumbList\",\"@id\":\"https:\\\/\\\/rotary.fi\\\/lappeenrantasaimaa\\\/mika-on-rotarysaatio\\\/polioplus\\\/#breadcrumb\",\"itemListElement\":[{\"@type\":\"ListItem\",\"position\":1,\"name\":\"Home\",\"item\":\"https:\\\/\\\/rotary.fi\\\/lappeenrantasaimaa\\\/\"},{\"@type\":\"ListItem\",\"position\":2,\"name\":\"Mik\u00e4 on Rotarys\u00e4\u00e4ti\u00f6\",\"item\":\"https:\\\/\\\/rotary.fi\\\/lappeenrantasaimaa\\\/mika-on-rotarysaatio\\\/\"},{\"@type\":\"ListItem\",\"position\":3,\"name\":\"PolioPlus\"}]},{\"@type\":\"WebSite\",\"@id\":\"https:\\\/\\\/rotary.fi\\\/lappeenrantasaimaa\\\/#website\",\"url\":\"https:\\\/\\\/rotary.fi\\\/lappeenrantasaimaa\\\/\",\"name\":\"Lappeenranta Saimaa Rotaryklubi\",\"description\":\"Uusi Rotary klubisivusto\",\"potentialAction\":[{\"@type\":\"SearchAction\",\"target\":{\"@type\":\"EntryPoint\",\"urlTemplate\":\"https:\\\/\\\/rotary.fi\\\/lappeenrantasaimaa\\\/?s={search_term_string}\"},\"query-input\":{\"@type\":\"PropertyValueSpecification\",\"valueRequired\":true,\"valueName\":\"search_term_string\"}}],\"inLanguage\":\"fi\"}]}<\/script>\n<!-- \/ Yoast SEO plugin. -->","yoast_head_json":{"title":"PolioPlus - Lappeenranta Saimaa Rotaryklubi","robots":{"index":"index","follow":"follow","max-snippet":"max-snippet:-1","max-image-preview":"max-image-preview:large","max-video-preview":"max-video-preview:-1"},"canonical":"https:\/\/rotary.fi\/lappeenrantasaimaa\/mika-on-rotarysaatio\/polioplus\/","og_locale":"fi_FI","og_type":"article","og_title":"PolioPlus - Lappeenranta Saimaa Rotaryklubi","og_description":"PolioPlus&nbsp; Rotaryn kaikkien aikojen suurin avustusohjelma PolioPlus k\u00e4ynnistyi Rotaryn aloitteesta v. 1985. Vuodesta 1988 l\u00e4htien Rotary International on tehnyt yhteisty\u00f6t\u00e4 Maailman terveysj\u00e4rjest\u00f6n (WHO), Yhdistyneiden kansakuntien lastenavun rahaston (UNICEF) ja USA:n terveysviraston (CDC) sek\u00e4 useiden muiden kansainv\u00e4listen toimijoiden kanssa tavoitteenaan poistaa lopullisesti polio maailmasta. Ohjelma on vuoteen 2019 menness\u00e4 onnistunut poistamaan 99,9 % maailman poliotapauksista. Ty\u00f6 [&hellip;]","og_url":"https:\/\/rotary.fi\/lappeenrantasaimaa\/mika-on-rotarysaatio\/polioplus\/","og_site_name":"Lappeenranta Saimaa Rotaryklubi","article_modified_time":"2020-01-28T19:26:41+00:00","og_image":[{"url":"https:\/\/rotary.fi\/lappeenrantasaimaa\/wp-content\/uploads\/sites\/51\/2020\/01\/kuva-21-235x300.jpg","type":"","width":"","height":""}],"twitter_card":"summary_large_image","twitter_misc":{"Arvioitu lukuaika":"2 minuuttia"},"schema":{"@context":"https:\/\/schema.org","@graph":[{"@type":"WebPage","@id":"https:\/\/rotary.fi\/lappeenrantasaimaa\/mika-on-rotarysaatio\/polioplus\/","url":"https:\/\/rotary.fi\/lappeenrantasaimaa\/mika-on-rotarysaatio\/polioplus\/","name":"PolioPlus - Lappeenranta Saimaa Rotaryklubi","isPartOf":{"@id":"https:\/\/rotary.fi\/lappeenrantasaimaa\/#website"},"primaryImageOfPage":{"@id":"https:\/\/rotary.fi\/lappeenrantasaimaa\/mika-on-rotarysaatio\/polioplus\/#primaryimage"},"image":{"@id":"https:\/\/rotary.fi\/lappeenrantasaimaa\/mika-on-rotarysaatio\/polioplus\/#primaryimage"},"thumbnailUrl":"https:\/\/rotary.fi\/lappeenrantasaimaa\/wp-content\/uploads\/sites\/51\/2020\/01\/kuva-21-235x300.jpg","datePublished":"2020-01-21T14:10:45+00:00","dateModified":"2020-01-28T19:26:41+00:00","breadcrumb":{"@id":"https:\/\/rotary.fi\/lappeenrantasaimaa\/mika-on-rotarysaatio\/polioplus\/#breadcrumb"},"inLanguage":"fi","potentialAction":[{"@type":"ReadAction","target":["https:\/\/rotary.fi\/lappeenrantasaimaa\/mika-on-rotarysaatio\/polioplus\/"]}]},{"@type":"ImageObject","inLanguage":"fi","@id":"https:\/\/rotary.fi\/lappeenrantasaimaa\/mika-on-rotarysaatio\/polioplus\/#primaryimage","url":"https:\/\/rotary.fi\/lappeenrantasaimaa\/wp-content\/uploads\/sites\/51\/2020\/01\/kuva-21.jpg","contentUrl":"https:\/\/rotary.fi\/lappeenrantasaimaa\/wp-content\/uploads\/sites\/51\/2020\/01\/kuva-21.jpg","width":470,"height":599},{"@type":"BreadcrumbList","@id":"https:\/\/rotary.fi\/lappeenrantasaimaa\/mika-on-rotarysaatio\/polioplus\/#breadcrumb","itemListElement":[{"@type":"ListItem","position":1,"name":"Home","item":"https:\/\/rotary.fi\/lappeenrantasaimaa\/"},{"@type":"ListItem","position":2,"name":"Mik\u00e4 on Rotarys\u00e4\u00e4ti\u00f6","item":"https:\/\/rotary.fi\/lappeenrantasaimaa\/mika-on-rotarysaatio\/"},{"@type":"ListItem","position":3,"name":"PolioPlus"}]},{"@type":"WebSite","@id":"https:\/\/rotary.fi\/lappeenrantasaimaa\/#website","url":"https:\/\/rotary.fi\/lappeenrantasaimaa\/","name":"Lappeenranta Saimaa Rotaryklubi","description":"Uusi Rotary klubisivusto","potentialAction":[{"@type":"SearchAction","target":{"@type":"EntryPoint","urlTemplate":"https:\/\/rotary.fi\/lappeenrantasaimaa\/?s={search_term_string}"},"query-input":{"@type":"PropertyValueSpecification","valueRequired":true,"valueName":"search_term_string"}}],"inLanguage":"fi"}]}},"lang":"fi","translations":{"fi":1845},"pll_sync_post":[],"_links":{"self":[{"href":"https:\/\/rotary.fi\/lappeenrantasaimaa\/wp-json\/wp\/v2\/pages\/1845","targetHints":{"allow":["GET"]}}],"collection":[{"href":"https:\/\/rotary.fi\/lappeenrantasaimaa\/wp-json\/wp\/v2\/pages"}],"about":[{"href":"https:\/\/rotary.fi\/lappeenrantasaimaa\/wp-json\/wp\/v2\/types\/page"}],"author":[{"embeddable":true,"href":"https:\/\/rotary.fi\/lappeenrantasaimaa\/wp-json\/wp\/v2\/users\/314"}],"replies":[{"embeddable":true,"href":"https:\/\/rotary.fi\/lappeenrantasaimaa\/wp-json\/wp\/v2\/comments?post=1845"}],"version-history":[{"count":14,"href":"https:\/\/rotary.fi\/lappeenrantasaimaa\/wp-json\/wp\/v2\/pages\/1845\/revisions"}],"predecessor-version":[{"id":2496,"href":"https:\/\/rotary.fi\/lappeenrantasaimaa\/wp-json\/wp\/v2\/pages\/1845\/revisions\/2496"}],"up":[{"embeddable":true,"href":"https:\/\/rotary.fi\/lappeenrantasaimaa\/wp-json\/wp\/v2\/pages\/1818"}],"wp:attachment":[{"href":"https:\/\/rotary.fi\/lappeenrantasaimaa\/wp-json\/wp\/v2\/media?parent=1845"}],"curies":[{"name":"wp","href":"https:\/\/api.w.org\/{rel}","templated":true}]}}