{"id":1818,"date":"2020-01-21T15:44:59","date_gmt":"2020-01-21T13:44:59","guid":{"rendered":"https:\/\/rotary.fi\/lappeenrantasaimaa\/?page_id=1818"},"modified":"2020-01-28T20:22:33","modified_gmt":"2020-01-28T18:22:33","slug":"mika-on-rotarysaatio","status":"publish","type":"page","link":"https:\/\/rotary.fi\/lappeenrantasaimaa\/mika-on-rotarysaatio\/","title":{"rendered":"Mik\u00e4 on Rotarys\u00e4\u00e4ti\u00f6"},"content":{"rendered":"<p>[et_pb_section fb_built=&#8221;1&#8243; module_class=&#8221;jumbotron-page&#8221; _builder_version=&#8221;4.1&#8243; background_image=&#8221;https:\/\/rotary.fi\/lappeenrantasaimaa\/wp-content\/uploads\/sites\/51\/2020\/01\/tehdaan-hyvaa.jpg&#8221; hover_enabled=&#8221;0&#8243; background_position=&#8221;bottom_center&#8221;][et_pb_row _builder_version=&#8221;3.25&#8243; background_size=&#8221;initial&#8221; background_position=&#8221;top_left&#8221; background_repeat=&#8221;repeat&#8221;][et_pb_column type=&#8221;4_4&#8243; _builder_version=&#8221;3.25&#8243; custom_padding=&#8221;|||&#8221; custom_padding__hover=&#8221;|||&#8221;][et_pb_text _builder_version=&#8221;4.1&#8243;]<\/p>\n<h1><span style=\"color: #ffffff\">The Rotary Foundation &#8211; <\/span><br \/><span style=\"color: #ffffff\">Doing Good in the World<\/span><\/h1>\n<p>[\/et_pb_text][\/et_pb_column][\/et_pb_row][\/et_pb_section][et_pb_section fb_built=&#8221;1&#8243; specialty=&#8221;on&#8221; module_class_2=&#8221;sivupalkki&#8221; _builder_version=&#8221;3.22&#8243;][et_pb_column type=&#8221;2_3&#8243; specialty_columns=&#8221;2&#8243; _builder_version=&#8221;3.25&#8243; custom_padding=&#8221;|||&#8221; custom_padding__hover=&#8221;|||&#8221;][et_pb_row_inner admin_label=&#8221;Rivi&#8221; _builder_version=&#8221;3.25&#8243;][et_pb_column_inner saved_specialty_column_type=&#8221;2_3&#8243; _builder_version=&#8221;3.25&#8243; custom_padding=&#8221;|||&#8221; custom_padding__hover=&#8221;|||&#8221;][et_pb_text _builder_version=&#8221;4.1&#8243; text_orientation=&#8221;center&#8221;]<\/p>\n<h1>Mik\u00e4 on Rotarys\u00e4\u00e4ti\u00f6<\/h1>\n<p>[\/et_pb_text][et_pb_text _builder_version=&#8221;4.1&#8243;]<\/p>\n<p><strong>ROTARYS\u00c4\u00c4TI\u00d6 \/\u00a0<\/strong><strong>The Rotary Foundation, TRF\u00a0 <\/strong><\/p>\n<p>Rotary Internationalin presidentti Arch Klumph ehdotti vuonna 1917 lahjarahaston perustamista apua tarvitseville, ja nyky\u00e4\u00e4n sen seuraaja Rotarys\u00e4\u00e4ti\u00f6 on maailman suurimpia hyv\u00e4ntekev\u00e4isyyteen keskittyvi\u00e4 s\u00e4\u00e4ti\u00f6it\u00e4. Rotarys\u00e4\u00e4ti\u00f6n tavoite on mahdollistaa rotarien kansainv\u00e4listen mittavien yhteisty\u00f6projektien taloudellinen toteuttaminen. S\u00e4\u00e4ti\u00f6 kohdentaa avustusty\u00f6t\u00e4 tietyille painopistealueille, mm. terveyden parantamiseen, koulutuksen tukemiseen sek\u00e4 k\u00f6yhyyden lievitt\u00e4miseen. Merkitt\u00e4vin yksitt\u00e4inen projekti s\u00e4\u00e4ti\u00f6n historiassa on k\u00e4ynniss\u00e4 oleva polion h\u00e4vitt\u00e4minen maailmasta (PolioPlus). Rotarys\u00e4\u00e4ti\u00f6n varat kertyv\u00e4t yksitt\u00e4isten rotarien, klubien ja piirien sek\u00e4 Rotarya kannattavien yksil\u00f6iden ja yhteis\u00f6jen lahjoituksista. Vuosittaiset lahjoitukset ylitt\u00e4v\u00e4t 200 M US$ ja s\u00e4\u00e4ti\u00f6n nettovarat ovat noin 1000 M US$.<\/p>\n<p><a href=\"https:\/\/rotary.fi\/lappeenrantasaimaa\/mita-teemme\/varainhankinta-ja-lahjoitukset\/krookukset\/\"><\/a><\/p>\n<p>[\/et_pb_text][\/et_pb_column_inner][\/et_pb_row_inner][\/et_pb_column][et_pb_column type=&#8221;1_3&#8243; _builder_version=&#8221;3.25&#8243; custom_padding=&#8221;|||&#8221; custom_padding__hover=&#8221;|||&#8221;][et_pb_sidebar area=&#8221;sidebar-1&#8243; module_class=&#8221;sivupalkki_sisalto&#8221; _builder_version=&#8221;3.4.1&#8243; locked=&#8221;on&#8221;]<br \/>\n[\/et_pb_sidebar][\/et_pb_column][\/et_pb_section]<\/p>\n","protected":false},"excerpt":{"rendered":"<p>The Rotary Foundation &#8211; Doing Good in the WorldMik\u00e4 on Rotarys\u00e4\u00e4ti\u00f6ROTARYS\u00c4\u00c4TI\u00d6 \/\u00a0The Rotary Foundation, TRF\u00a0 Rotary Internationalin presidentti Arch Klumph ehdotti vuonna 1917 lahjarahaston perustamista apua tarvitseville, ja nyky\u00e4\u00e4n sen seuraaja Rotarys\u00e4\u00e4ti\u00f6 on maailman suurimpia hyv\u00e4ntekev\u00e4isyyteen keskittyvi\u00e4 s\u00e4\u00e4ti\u00f6it\u00e4. Rotarys\u00e4\u00e4ti\u00f6n tavoite on mahdollistaa rotarien kansainv\u00e4listen mittavien yhteisty\u00f6projektien taloudellinen toteuttaminen. S\u00e4\u00e4ti\u00f6 kohdentaa avustusty\u00f6t\u00e4 tietyille painopistealueille, mm. terveyden [&hellip;]<\/p>\n","protected":false},"author":314,"featured_media":0,"parent":0,"menu_order":0,"comment_status":"closed","ping_status":"closed","template":"","meta":{"_acf_changed":false,"_et_pb_use_builder":"on","_et_pb_old_content":"","_et_gb_content_width":"","footnotes":""},"class_list":["post-1818","page","type-page","status-publish","hentry"],"acf":[],"yoast_head":"<!-- This site is optimized with the Yoast SEO plugin v27.0 - https:\/\/yoast.com\/product\/yoast-seo-wordpress\/ -->\n<title>Mik\u00e4 on Rotarys\u00e4\u00e4ti\u00f6 - Lappeenranta Saimaa Rotaryklubi<\/title>\n<meta name=\"robots\" content=\"index, follow, max-snippet:-1, max-image-preview:large, max-video-preview:-1\" \/>\n<link rel=\"canonical\" href=\"https:\/\/rotary.fi\/lappeenrantasaimaa\/mika-on-rotarysaatio\/\" \/>\n<meta property=\"og:locale\" content=\"fi_FI\" \/>\n<meta property=\"og:type\" content=\"article\" \/>\n<meta property=\"og:title\" content=\"Mik\u00e4 on Rotarys\u00e4\u00e4ti\u00f6 - Lappeenranta Saimaa Rotaryklubi\" \/>\n<meta property=\"og:description\" content=\"The Rotary Foundation - Doing Good in the WorldMik\u00e4 on Rotarys\u00e4\u00e4ti\u00f6ROTARYS\u00c4\u00c4TI\u00d6 \/\u00a0The Rotary Foundation, TRF\u00a0 Rotary Internationalin presidentti Arch Klumph ehdotti vuonna 1917 lahjarahaston perustamista apua tarvitseville, ja nyky\u00e4\u00e4n sen seuraaja Rotarys\u00e4\u00e4ti\u00f6 on maailman suurimpia hyv\u00e4ntekev\u00e4isyyteen keskittyvi\u00e4 s\u00e4\u00e4ti\u00f6it\u00e4. Rotarys\u00e4\u00e4ti\u00f6n tavoite on mahdollistaa rotarien kansainv\u00e4listen mittavien yhteisty\u00f6projektien taloudellinen toteuttaminen. S\u00e4\u00e4ti\u00f6 kohdentaa avustusty\u00f6t\u00e4 tietyille painopistealueille, mm. terveyden [&hellip;]\" \/>\n<meta property=\"og:url\" content=\"https:\/\/rotary.fi\/lappeenrantasaimaa\/mika-on-rotarysaatio\/\" \/>\n<meta property=\"og:site_name\" content=\"Lappeenranta Saimaa Rotaryklubi\" \/>\n<meta property=\"article:modified_time\" content=\"2020-01-28T18:22:33+00:00\" \/>\n<meta name=\"twitter:card\" content=\"summary_large_image\" \/>\n<meta name=\"twitter:label1\" content=\"Arvioitu lukuaika\" \/>\n\t<meta name=\"twitter:data1\" content=\"2 minuuttia\" \/>\n<script type=\"application\/ld+json\" class=\"yoast-schema-graph\">{\"@context\":\"https:\/\/schema.org\",\"@graph\":[{\"@type\":\"WebPage\",\"@id\":\"https:\/\/rotary.fi\/lappeenrantasaimaa\/mika-on-rotarysaatio\/\",\"url\":\"https:\/\/rotary.fi\/lappeenrantasaimaa\/mika-on-rotarysaatio\/\",\"name\":\"Mik\u00e4 on Rotarys\u00e4\u00e4ti\u00f6 - Lappeenranta Saimaa Rotaryklubi\",\"isPartOf\":{\"@id\":\"https:\/\/rotary.fi\/lappeenrantasaimaa\/#website\"},\"datePublished\":\"2020-01-21T13:44:59+00:00\",\"dateModified\":\"2020-01-28T18:22:33+00:00\",\"breadcrumb\":{\"@id\":\"https:\/\/rotary.fi\/lappeenrantasaimaa\/mika-on-rotarysaatio\/#breadcrumb\"},\"inLanguage\":\"fi\",\"potentialAction\":[{\"@type\":\"ReadAction\",\"target\":[\"https:\/\/rotary.fi\/lappeenrantasaimaa\/mika-on-rotarysaatio\/\"]}]},{\"@type\":\"BreadcrumbList\",\"@id\":\"https:\/\/rotary.fi\/lappeenrantasaimaa\/mika-on-rotarysaatio\/#breadcrumb\",\"itemListElement\":[{\"@type\":\"ListItem\",\"position\":1,\"name\":\"Home\",\"item\":\"https:\/\/rotary.fi\/lappeenrantasaimaa\/\"},{\"@type\":\"ListItem\",\"position\":2,\"name\":\"Mik\u00e4 on Rotarys\u00e4\u00e4ti\u00f6\"}]},{\"@type\":\"WebSite\",\"@id\":\"https:\/\/rotary.fi\/lappeenrantasaimaa\/#website\",\"url\":\"https:\/\/rotary.fi\/lappeenrantasaimaa\/\",\"name\":\"Lappeenranta Saimaa Rotaryklubi\",\"description\":\"Uusi Rotary klubisivusto\",\"potentialAction\":[{\"@type\":\"SearchAction\",\"target\":{\"@type\":\"EntryPoint\",\"urlTemplate\":\"https:\/\/rotary.fi\/lappeenrantasaimaa\/?s={search_term_string}\"},\"query-input\":{\"@type\":\"PropertyValueSpecification\",\"valueRequired\":true,\"valueName\":\"search_term_string\"}}],\"inLanguage\":\"fi\"}]}<\/script>\n<!-- \/ Yoast SEO plugin. -->","yoast_head_json":{"title":"Mik\u00e4 on Rotarys\u00e4\u00e4ti\u00f6 - Lappeenranta Saimaa Rotaryklubi","robots":{"index":"index","follow":"follow","max-snippet":"max-snippet:-1","max-image-preview":"max-image-preview:large","max-video-preview":"max-video-preview:-1"},"canonical":"https:\/\/rotary.fi\/lappeenrantasaimaa\/mika-on-rotarysaatio\/","og_locale":"fi_FI","og_type":"article","og_title":"Mik\u00e4 on Rotarys\u00e4\u00e4ti\u00f6 - Lappeenranta Saimaa Rotaryklubi","og_description":"The Rotary Foundation - Doing Good in the WorldMik\u00e4 on Rotarys\u00e4\u00e4ti\u00f6ROTARYS\u00c4\u00c4TI\u00d6 \/\u00a0The Rotary Foundation, TRF\u00a0 Rotary Internationalin presidentti Arch Klumph ehdotti vuonna 1917 lahjarahaston perustamista apua tarvitseville, ja nyky\u00e4\u00e4n sen seuraaja Rotarys\u00e4\u00e4ti\u00f6 on maailman suurimpia hyv\u00e4ntekev\u00e4isyyteen keskittyvi\u00e4 s\u00e4\u00e4ti\u00f6it\u00e4. Rotarys\u00e4\u00e4ti\u00f6n tavoite on mahdollistaa rotarien kansainv\u00e4listen mittavien yhteisty\u00f6projektien taloudellinen toteuttaminen. S\u00e4\u00e4ti\u00f6 kohdentaa avustusty\u00f6t\u00e4 tietyille painopistealueille, mm. terveyden [&hellip;]","og_url":"https:\/\/rotary.fi\/lappeenrantasaimaa\/mika-on-rotarysaatio\/","og_site_name":"Lappeenranta Saimaa Rotaryklubi","article_modified_time":"2020-01-28T18:22:33+00:00","twitter_card":"summary_large_image","twitter_misc":{"Arvioitu lukuaika":"2 minuuttia"},"schema":{"@context":"https:\/\/schema.org","@graph":[{"@type":"WebPage","@id":"https:\/\/rotary.fi\/lappeenrantasaimaa\/mika-on-rotarysaatio\/","url":"https:\/\/rotary.fi\/lappeenrantasaimaa\/mika-on-rotarysaatio\/","name":"Mik\u00e4 on Rotarys\u00e4\u00e4ti\u00f6 - Lappeenranta Saimaa Rotaryklubi","isPartOf":{"@id":"https:\/\/rotary.fi\/lappeenrantasaimaa\/#website"},"datePublished":"2020-01-21T13:44:59+00:00","dateModified":"2020-01-28T18:22:33+00:00","breadcrumb":{"@id":"https:\/\/rotary.fi\/lappeenrantasaimaa\/mika-on-rotarysaatio\/#breadcrumb"},"inLanguage":"fi","potentialAction":[{"@type":"ReadAction","target":["https:\/\/rotary.fi\/lappeenrantasaimaa\/mika-on-rotarysaatio\/"]}]},{"@type":"BreadcrumbList","@id":"https:\/\/rotary.fi\/lappeenrantasaimaa\/mika-on-rotarysaatio\/#breadcrumb","itemListElement":[{"@type":"ListItem","position":1,"name":"Home","item":"https:\/\/rotary.fi\/lappeenrantasaimaa\/"},{"@type":"ListItem","position":2,"name":"Mik\u00e4 on Rotarys\u00e4\u00e4ti\u00f6"}]},{"@type":"WebSite","@id":"https:\/\/rotary.fi\/lappeenrantasaimaa\/#website","url":"https:\/\/rotary.fi\/lappeenrantasaimaa\/","name":"Lappeenranta Saimaa Rotaryklubi","description":"Uusi Rotary klubisivusto","potentialAction":[{"@type":"SearchAction","target":{"@type":"EntryPoint","urlTemplate":"https:\/\/rotary.fi\/lappeenrantasaimaa\/?s={search_term_string}"},"query-input":{"@type":"PropertyValueSpecification","valueRequired":true,"valueName":"search_term_string"}}],"inLanguage":"fi"}]}},"lang":"fi","translations":{"fi":1818},"pll_sync_post":[],"_links":{"self":[{"href":"https:\/\/rotary.fi\/lappeenrantasaimaa\/wp-json\/wp\/v2\/pages\/1818","targetHints":{"allow":["GET"]}}],"collection":[{"href":"https:\/\/rotary.fi\/lappeenrantasaimaa\/wp-json\/wp\/v2\/pages"}],"about":[{"href":"https:\/\/rotary.fi\/lappeenrantasaimaa\/wp-json\/wp\/v2\/types\/page"}],"author":[{"embeddable":true,"href":"https:\/\/rotary.fi\/lappeenrantasaimaa\/wp-json\/wp\/v2\/users\/314"}],"replies":[{"embeddable":true,"href":"https:\/\/rotary.fi\/lappeenrantasaimaa\/wp-json\/wp\/v2\/comments?post=1818"}],"version-history":[{"count":11,"href":"https:\/\/rotary.fi\/lappeenrantasaimaa\/wp-json\/wp\/v2\/pages\/1818\/revisions"}],"predecessor-version":[{"id":2468,"href":"https:\/\/rotary.fi\/lappeenrantasaimaa\/wp-json\/wp\/v2\/pages\/1818\/revisions\/2468"}],"wp:attachment":[{"href":"https:\/\/rotary.fi\/lappeenrantasaimaa\/wp-json\/wp\/v2\/media?parent=1818"}],"curies":[{"name":"wp","href":"https:\/\/api.w.org\/{rel}","templated":true}]}}