{"id":1745,"date":"2020-01-16T09:42:50","date_gmt":"2020-01-16T07:42:50","guid":{"rendered":"https:\/\/rotary.fi\/lappeenrantasaimaa\/?page_id=1745"},"modified":"2023-09-28T09:54:30","modified_gmt":"2023-09-28T06:54:30","slug":"lappeenranta-saimaa-rotaryklubi","status":"publish","type":"page","link":"https:\/\/rotary.fi\/lappeenrantasaimaa\/lappeenranta-saimaa-rotaryklubi\/","title":{"rendered":"Lappeenranta Saimaa Rotaryklubi"},"content":{"rendered":"<p>[et_pb_section fb_built=&#8221;1&#8243; module_class=&#8221;jumbotron-page&#8221; _builder_version=&#8221;4.22.1&#8243; background_image=&#8221;https:\/\/rotary.fi\/lappeenrantasaimaa\/wp-content\/uploads\/sites\/51\/2023\/09\/littea3.jpg&#8221; background_position=&#8221;top_center&#8221; hover_enabled=&#8221;0&#8243; global_colors_info=&#8221;{}&#8221; title_text=&#8221;littea3&#8243; sticky_enabled=&#8221;0&#8243;][et_pb_row _builder_version=&#8221;4.16&#8243; background_size=&#8221;initial&#8221; background_position=&#8221;top_left&#8221; background_repeat=&#8221;repeat&#8221; global_colors_info=&#8221;{}&#8221;][et_pb_column type=&#8221;4_4&#8243; _builder_version=&#8221;4.16&#8243; custom_padding=&#8221;|||&#8221; global_colors_info=&#8221;{}&#8221; custom_padding__hover=&#8221;|||&#8221;][et_pb_text admin_label=&#8221;P\u00e4\u00e4otsikko&#8221; _builder_version=&#8221;4.16&#8243; text_orientation=&#8221;center&#8221; background_layout=&#8221;dark&#8221; global_colors_info=&#8221;{}&#8221;]<\/p>\n<h1>Rotarytoimintaa Lappeenrannassa vuodesta 1945<\/h1>\n<p>[\/et_pb_text][\/et_pb_column][\/et_pb_row][\/et_pb_section][et_pb_section fb_built=&#8221;1&#8243; specialty=&#8221;on&#8221; module_class_2=&#8221;sivupalkki&#8221; _builder_version=&#8221;4.16&#8243; global_colors_info=&#8221;{}&#8221;][et_pb_column type=&#8221;2_3&#8243; specialty_columns=&#8221;2&#8243; _builder_version=&#8221;4.16&#8243; custom_padding=&#8221;|||&#8221; global_colors_info=&#8221;{}&#8221; custom_padding__hover=&#8221;|||&#8221;][et_pb_row_inner admin_label=&#8221;Rivi&#8221; _builder_version=&#8221;4.16&#8243; global_colors_info=&#8221;{}&#8221;][et_pb_column_inner saved_specialty_column_type=&#8221;2_3&#8243; _builder_version=&#8221;4.16&#8243; custom_padding=&#8221;|||&#8221; global_colors_info=&#8221;{}&#8221; custom_padding__hover=&#8221;|||&#8221;][et_pb_text admin_label=&#8221;Otsikko&#8221; _builder_version=&#8221;4.16&#8243; text_orientation=&#8221;center&#8221; global_colors_info=&#8221;{}&#8221;]<\/p>\n<h1>Lappeenranta-Saimaa Rotaryklubi<\/h1>\n<p>[\/et_pb_text][et_pb_text _builder_version=&#8221;4.16&#8243; global_colors_info=&#8221;{}&#8221;]<\/p>\n<p><img loading=\"lazy\" decoding=\"async\" src=\"https:\/\/rotary.fi\/lappeenrantasaimaa\/wp-content\/uploads\/sites\/51\/2020\/01\/web-lpr-saimaa-rc-viiri-ve-1-188x300.jpg\" width=\"188\" height=\"300\" alt=\"\" class=\"wp-image-2385 alignnone size-medium\" \/><\/p>\n<p>Lappeenrannan Rotaryklubi, Lauritsalan Rotaryklubi sek\u00e4 Leirin Rotaryklubi yhdistyiv\u00e4t 1.7.2018 <strong>Lappeenranta-Saimaa Rotaryklubiksi<\/strong>.<br \/>N\u00e4in jatkamme rotaryperinnett\u00e4, joka alkoi kaupungissamme jo 30.10.1945 kun kaupungin ensimm\u00e4inen klubi perustettiin. Toiminnan laajentuessa klubeja syntyi lis\u00e4\u00e4, ja enimmill\u00e4\u00e4n niit\u00e4 on ollut viisi.<\/p>\n<p>Olemme It\u00e4-Suomen Rotarypiirin 1430 suurin klubi yli 60 j\u00e4senell\u00e4 ja samalla piirin toiseksi vanhin. Klubeistamme on l\u00e4ht\u00f6isin yhteens\u00e4 9 piirikuvern\u00f6\u00f6ri\u00e4.<\/p>\n<p><strong>Missiomme on: Service, Friendship and Open Doors<\/strong><span style=\"font-size: 16px\"><\/span><\/p>\n<p><span><strong>Service<\/strong><br \/>&#8211; olemme palveluj\u00e4rjest\u00f6, joka toimii paikallisesti ja kansainv\u00e4lisesti<\/span><\/p>\n<p><strong>\u00a0<\/strong><span><strong>Friendship<\/strong><br \/>&#8211; yst\u00e4vyys ja toveruus ovat keskeinen sis\u00e4lt\u00f6 ja motiivi tavata\u00a0kokouksissa ja kuulua j\u00e4rjest\u00f6\u00f6n<\/span><\/p>\n<p><span><strong>Open Doors<\/strong><br \/>&#8211; j\u00e4rjest\u00f6 avaa\u00a0ovia omalla paikkakunnalla\u00a0mihin tahansa toimintaan, yhteis\u00f6\u00f6n tai yritykseen, avoimia ovia verkostoitumiseen ja itsens\u00e4 kehitt\u00e4miseen<br \/>&#8211; se avaa ovia my\u00f6s nopeaan edistymiseen kansalliseen ja kansainv\u00e4liseen rotarytoimintaan: klubi -&gt; piiri -&gt; Suomen Rotarypalvelu -&gt; Rotary International<\/span><\/p>\n<p>&nbsp;<\/p>\n<p>Lappeenrannassa toimii lis\u00e4ksi Joutsenon Rotaryklubi.<\/p>\n<p>&nbsp;<\/p>\n<p>[\/et_pb_text][\/et_pb_column_inner][\/et_pb_row_inner][\/et_pb_column][et_pb_column type=&#8221;1_3&#8243; _builder_version=&#8221;4.16&#8243; custom_padding=&#8221;|||&#8221; global_colors_info=&#8221;{}&#8221; custom_padding__hover=&#8221;|||&#8221;][et_pb_sidebar area=&#8221;sidebar-1&#8243; module_class=&#8221;sivupalkki_sisalto&#8221; _builder_version=&#8221;4.16&#8243; global_colors_info=&#8221;{}&#8221;][\/et_pb_sidebar][\/et_pb_column][\/et_pb_section][et_pb_section fb_built=&#8221;1&#8243; _builder_version=&#8221;4.16&#8243; _module_preset=&#8221;default&#8221; global_colors_info=&#8221;{}&#8221;][et_pb_row _builder_version=&#8221;4.16&#8243; _module_preset=&#8221;default&#8221; global_colors_info=&#8221;{}&#8221;][et_pb_column type=&#8221;4_4&#8243; _builder_version=&#8221;4.16&#8243; _module_preset=&#8221;default&#8221; global_colors_info=&#8221;{}&#8221;][et_pb_text _builder_version=&#8221;4.16&#8243; _module_preset=&#8221;default&#8221; global_colors_info=&#8221;{}&#8221;]<\/p>\n<h1><strong>Mist\u00e4 l\u00e4hdettiin<\/strong><\/h1>\n<p>&nbsp;<\/p>\n<p>&nbsp;<\/p>\n<h2><strong>Lappeenrannan Rotaryklubi<\/strong><\/h2>\n<p>Lappeenrannan Rotaryklubi &#8211; ensimm\u00e4inen rotaryklubi kaupungissa \u2013 perustettiin vuonna 1945. Suomessa elettiin vaaran vuosia ja aloiteltiin Suomen aineellista ja henkist\u00e4 j\u00e4lleenrakentamista. \u00a0Rovasti Kaiku Kallion johdolla perustettiin Lappeenrannan Rotaryklubi osana t\u00e4t\u00e4 j\u00e4lleenrakentamista. Paikallisen teollisuuden, puolustusvoimien, kirkon sek\u00e4 valtion ja kaupungin hallinnon korkea-arvoiset edustajat kutsuttiin klubiin toteuttamaan arvokasta rotariaatetta. \u00a0Klubi oli piirin toiseksi vanhin.<\/p>\n<p>Kaikki perustettavat klubit tarvitsevat k\u00e4ynnisty\u00e4kseen kummiklubin, joka auttaa uuden klubin ensi askelien opettelussa. Mikkelin Rotaryklubi on Lappeenrannan klubin kummi. Lappeenrannan klubi on vuorostaan toiminut kummina Imatran klubille v. 1947, Lauritsalan klubille v. 1956, Linnoituksen klubille v. 1965, Leirin klubille v. 1980 ja Leningradin klubille v. 1990.<\/p>\n<p>Kaikilla Lappeenrannan klubeilla oli omien perinteittens\u00e4 ja hyv\u00e4ntekev\u00e4isyystoimintansa lis\u00e4ksi noussut painopisteeksi nuorisoon kohdentuva toiminta, mik\u00e4 ilmeni aktiivisena nuorisovaihtotoimintana ja Lappeenrannan koulujen oppilaille jaettavina stipendein\u00e4.<\/p>\n<p>Rotariveljien ik\u00e4\u00e4ntyess\u00e4 ja klubien j\u00e4senm\u00e4\u00e4rien v\u00e4hentyess\u00e4 yhdistyiv\u00e4t Lappeenrannan, Lauritsalan ja Leirin klubit uudeksi Lappeenranta-Saimaa Rotaryklubiksi v. 2018, Linnoituksen klubi lopetettiin jo v. 2013.<\/p>\n<h2><strong>Lauritsalan Rotaryklubi<\/strong><\/h2>\n<p>Lauritsalan Rotaryklubi perustettiin v. 1956, kun ennen sit\u00e4 joukko lauritsalalaisia ja joutsenolaisia vaikuttajia oli kutsuttu tutustumaan rotarytoimintaan Lappeenrantaan. Toisen klubin tultua alueelle, m\u00e4\u00e4riteltiin sen toiminta-alueeksi Lappeenrannan Kirkkokadusta it\u00e4\u00e4n olevat alueet, Lauritsalan kauppala ja Joutsenon kunta.<\/p>\n<p>Lauritsalan, Lappeen ja Joutsenon arvovaltaisista edustajista, Kaukaan tehtaan, Saimaan kanavan, kauppalan koululaitoksen ja seurakunnan johdosta muodostui alkuaikoina klubin j\u00e4senist\u00f6. Ensimm\u00e4isen\u00e4 presidenttin\u00e4 oli V\u00e4in\u00f6 Somer. My\u00f6hemmin j\u00e4senist\u00f6\u00e4 tuli koko kaupungin alueelta aina Yliopistoa my\u00f6ten.<\/p>\n<p>Klubin kummiklubi on Lappeenrannan Rotaryklubi ja Lauritsalan Rotaryklubi on puolestaan kummina Joutsenon klubille.<\/p>\n<p>Kaikilla Lappeenrannan klubeilla oli omien perinteittens\u00e4 ja hyv\u00e4ntekev\u00e4isyystoimintansa lis\u00e4ksi noussut painopisteeksi nuorisoon kohdentuva toiminta, mik\u00e4 ilmeni aktiivisena nuorisovaihtotoimintana ja Lappeenrannan koulujen oppilaille jaettavina stipendein\u00e4.<\/p>\n<p>Lauritsalan Rotaryklubi yhdistyi yhdess\u00e4 Lappeenrannan ja Leirin klubien kanssa Lappeenranta-Saimaa Rotaryklubiksi v. 2018.<\/p>\n<p>&nbsp;<\/p>\n<p>&nbsp;<\/p>\n<p>Lauritsalan Klubin presidentti 2005-2006<\/p>\n<p><strong>Pekka Porali:<\/strong><\/p>\n<p>\u201dKlubin alkuvuosina j\u00e4senm\u00e4\u00e4r\u00e4 kehittyi perustamisvuoden 23:sta aina vuosituhannen vaihteen yli 60 j\u00e4senen klubiksi.<\/p>\n<p>Toiminnan aktiivisuus ja yhteis\u00f6llisyyden tarve oli huomattavaa, kokouksien osallistumisprosentti oli 80-90% j\u00e4senist\u00f6st\u00e4. Aktiivisimpina aikoina klubi julkaisi omaa sitoutumatonta mielipidelehte\u00e4 <strong><em>It\u00e4suomea<\/em><\/strong> ja viel\u00e4 -70 luvulla Lauritsalan Rotaryklubin omaa <strong><em>Lauritsalan Sanoma<\/em><\/strong> -nimist\u00e4 lehte\u00e4, joka ilmestyi nelj\u00e4 kertaa vuodessa. Sen p\u00e4\u00e4toimittajana oli Aimo Vuorinen.<\/p>\n<p>Vuodesta 1961 alkaen klubi luovutti vuosittain Lauritsalan yhteiskoulun parhaalle ylioppilaalle ylioppilaslakin, joka my\u00f6hemmin muuttui stipendiksi, my\u00f6s Joutsenon koululaisia muistettiin.<\/p>\n<p>Joutsenoon perustettiin 1974 oma rotaryklubi, jonka kummina toimi Lauritsalan klubi ja monet j\u00e4senet olivat entisi\u00e4 Lauritsalan klubin j\u00e4seni\u00e4.<\/p>\n<p>Lauritsala sai oman viirins\u00e4 vuonna 1959, jossa Lauritsalan vaakunassa esiintyy varppivene, joka viittaa uittoihin ja puunjalostukseen.<\/p>\n<p>Klubin traditioita ovat olleet vuosikymmeni\u00e4 yhteiset tapahtumat:<\/p>\n<p>Aaro Petmanin aloittama syyskauden avaus Karhusj\u00e4rven er\u00e4n majalla, lammaskaali ja kotirieskaa, juomilla huuhdottuna, kera makoisan savusaunan.<\/p>\n<p>Raimo R\u00f6mp\u00f6tin masinoimana ja klubimestarien avustama kyykk\u00e4kilpailu &#8211; vanha karjalalainen kyl\u00e4peli &#8211; \u00a0muita paikkakunnan klubeja haastaen. Rantasaunassa monesti lopputulokset vahvistettiin ja jaettiin oikein kunniakirjat osallistumisesta.<\/p>\n<p>Jorma Laakko pani alulle <em>Lauritsala viihtyis\u00e4ksi<\/em>&#8211; kampanjan, jota jatkettiin klubin toimesta useita vuosia istuttamalla puistoihin vuosittain jonkin erikoisemman puun &#8211; taitaa suurin osa viel\u00e4 olla elossa &#8211; muun muassa ns. Hakalin kiertoliittym\u00e4ss\u00e4.<\/p>\n<p>Vuosittain vietettiin Jouluun laskeutumistilaisuutta Tuosan lairikeskuksessa sy\u00f6den hyvin ja joululauluja veisaten, yleens\u00e4 paikallinen kirkkoherra oli joulupuheineen l\u00e4sn\u00e4.<\/p>\n<p>Jouluaaton soihtukulkueeseen sankarihautausmaalle osallistui suuri m\u00e4\u00e4r\u00e4 klubilaisia vuosittain, viime vuosina sekin on hiipunut vain muutamaan rohkeaan!<\/p>\n<p>Olemme osallistuneet my\u00f6s moneen alueen klubien yhteiseen tapahtumaan kuten yhteisen Rotary puiston perustamiseen ja kouluille kasvatukselliseen <em>Matkalippu tulevaisuuteen<\/em>-projektiin, jonka p\u00e4\u00e4tteeksi jaetaan stipendit yl\u00e4koulun p\u00e4\u00e4tt\u00e4neille \u201dhyville\u201d oppilaille.<\/p>\n<p>Kansainv\u00e4liseen polion h\u00e4vitt\u00e4miskampanjaan maapallolta ja l\u00e4\u00e4k\u00e4ripankki projektiin olemme panneet \u201dropomme\u201d mukaan.<\/p>\n<p>Maailma muuttuu ja me sen mukana. Olemme tulleet tilanteeseen, jossa\u00a0 Lauritsalan klubi on toistaiseksi historiaa. Olemme osa Lappeenranta-Saimaa Rotariklubia. Odotamme arvostetun rotari aatteen s\u00e4ilyv\u00e4n ja mielell\u00e4\u00e4n viel\u00e4 voimistuvan tulevaisuudessa.\u201d<\/p>\n<p><em>Linkki; T\u00e4rkeint\u00e4 on veljeys, klubin 50-vuotis juhlakirja.<\/em><\/p>\n<p>&nbsp;<\/p>\n<p>&nbsp;<\/p>\n<p>&nbsp;<\/p>\n<p>&nbsp;<\/p>\n<p>&nbsp;<\/p>\n<p>&nbsp;<\/p>\n<div id=\"fskey-tooltip\" class=\"fskey-tooltip\">\u00a0<\/div>\n<p>&nbsp;<\/p>\n<div id=\"fskey-tooltip\" class=\"fskey-tooltip\">\u00a0<\/div>\n<p>&nbsp;<\/p>\n<div id=\"fskey-tooltip\" class=\"fskey-tooltip\">\u00a0<\/div>\n<\/p>\n<div id=\"fskey-tooltip\" class=\"fskey-tooltip\">\u00a0<\/div>\n<p>[\/et_pb_text][et_pb_text _builder_version=&#8221;4.16&#8243; _module_preset=&#8221;default&#8221; global_colors_info=&#8221;{}&#8221;][\/et_pb_text][et_pb_text _builder_version=&#8221;4.16&#8243; _module_preset=&#8221;default&#8221; global_colors_info=&#8221;{}&#8221;][\/et_pb_text][\/et_pb_column][\/et_pb_row][\/et_pb_section]<\/p>\n","protected":false},"excerpt":{"rendered":"<p>Rotarytoimintaa Lappeenrannassa vuodesta 1945Lappeenranta-Saimaa Rotaryklubi Lappeenrannan Rotaryklubi, Lauritsalan Rotaryklubi sek\u00e4 Leirin Rotaryklubi yhdistyiv\u00e4t 1.7.2018 Lappeenranta-Saimaa Rotaryklubiksi.N\u00e4in jatkamme rotaryperinnett\u00e4, joka alkoi kaupungissamme jo 30.10.1945 kun kaupungin ensimm\u00e4inen klubi perustettiin. Toiminnan laajentuessa klubeja syntyi lis\u00e4\u00e4, ja enimmill\u00e4\u00e4n niit\u00e4 on ollut viisi. Olemme It\u00e4-Suomen Rotarypiirin 1430 suurin klubi yli 60 j\u00e4senell\u00e4 ja samalla piirin toiseksi vanhin. Klubeistamme on [&hellip;]<\/p>\n","protected":false},"author":314,"featured_media":0,"parent":0,"menu_order":0,"comment_status":"closed","ping_status":"closed","template":"","meta":{"_acf_changed":false,"_et_pb_use_builder":"on","_et_pb_old_content":"<p>\u00a0<\/p><p><iframe id=\"fskey-iframe\" class=\"fskey-autofill-dlg\" sandbox=\"allow-same-origin\"><\/iframe><\/p><div id=\"fskey-tooltip\" class=\"fskey-tooltip\">\u00a0<\/div>","_et_gb_content_width":"","footnotes":""},"class_list":["post-1745","page","type-page","status-publish","hentry"],"acf":[],"yoast_head":"<!-- This site is optimized with the Yoast SEO plugin v27.4 - https:\/\/yoast.com\/product\/yoast-seo-wordpress\/ -->\n<title>Lappeenranta Saimaa Rotaryklubi - Lappeenranta Saimaa Rotaryklubi<\/title>\n<meta name=\"robots\" content=\"index, follow, max-snippet:-1, max-image-preview:large, max-video-preview:-1\" \/>\n<link rel=\"canonical\" href=\"https:\/\/rotary.fi\/lappeenrantasaimaa\/lappeenranta-saimaa-rotaryklubi\/\" \/>\n<meta property=\"og:locale\" content=\"fi_FI\" \/>\n<meta property=\"og:type\" content=\"article\" \/>\n<meta property=\"og:title\" content=\"Lappeenranta Saimaa Rotaryklubi - Lappeenranta Saimaa Rotaryklubi\" \/>\n<meta property=\"og:description\" content=\"Rotarytoimintaa Lappeenrannassa vuodesta 1945Lappeenranta-Saimaa Rotaryklubi Lappeenrannan Rotaryklubi, Lauritsalan Rotaryklubi sek\u00e4 Leirin Rotaryklubi yhdistyiv\u00e4t 1.7.2018 Lappeenranta-Saimaa Rotaryklubiksi.N\u00e4in jatkamme rotaryperinnett\u00e4, joka alkoi kaupungissamme jo 30.10.1945 kun kaupungin ensimm\u00e4inen klubi perustettiin. Toiminnan laajentuessa klubeja syntyi lis\u00e4\u00e4, ja enimmill\u00e4\u00e4n niit\u00e4 on ollut viisi. Olemme It\u00e4-Suomen Rotarypiirin 1430 suurin klubi yli 60 j\u00e4senell\u00e4 ja samalla piirin toiseksi vanhin. Klubeistamme on [&hellip;]\" \/>\n<meta property=\"og:url\" content=\"https:\/\/rotary.fi\/lappeenrantasaimaa\/lappeenranta-saimaa-rotaryklubi\/\" \/>\n<meta property=\"og:site_name\" content=\"Lappeenranta Saimaa Rotaryklubi\" \/>\n<meta property=\"article:modified_time\" content=\"2023-09-28T06:54:30+00:00\" \/>\n<meta property=\"og:image\" content=\"https:\/\/rotary.fi\/lappeenrantasaimaa\/wp-content\/uploads\/sites\/51\/2020\/01\/web-lpr-saimaa-rc-viiri-ve-1-188x300.jpg\" \/>\n<meta name=\"twitter:card\" content=\"summary_large_image\" \/>\n<meta name=\"twitter:label1\" content=\"Arvioitu lukuaika\" \/>\n\t<meta name=\"twitter:data1\" content=\"6 minuuttia\" \/>\n<script type=\"application\/ld+json\" class=\"yoast-schema-graph\">{\"@context\":\"https:\\\/\\\/schema.org\",\"@graph\":[{\"@type\":\"WebPage\",\"@id\":\"https:\\\/\\\/rotary.fi\\\/lappeenrantasaimaa\\\/lappeenranta-saimaa-rotaryklubi\\\/\",\"url\":\"https:\\\/\\\/rotary.fi\\\/lappeenrantasaimaa\\\/lappeenranta-saimaa-rotaryklubi\\\/\",\"name\":\"Lappeenranta Saimaa Rotaryklubi - Lappeenranta Saimaa Rotaryklubi\",\"isPartOf\":{\"@id\":\"https:\\\/\\\/rotary.fi\\\/lappeenrantasaimaa\\\/#website\"},\"primaryImageOfPage\":{\"@id\":\"https:\\\/\\\/rotary.fi\\\/lappeenrantasaimaa\\\/lappeenranta-saimaa-rotaryklubi\\\/#primaryimage\"},\"image\":{\"@id\":\"https:\\\/\\\/rotary.fi\\\/lappeenrantasaimaa\\\/lappeenranta-saimaa-rotaryklubi\\\/#primaryimage\"},\"thumbnailUrl\":\"https:\\\/\\\/rotary.fi\\\/lappeenrantasaimaa\\\/wp-content\\\/uploads\\\/sites\\\/51\\\/2020\\\/01\\\/web-lpr-saimaa-rc-viiri-ve-1-188x300.jpg\",\"datePublished\":\"2020-01-16T07:42:50+00:00\",\"dateModified\":\"2023-09-28T06:54:30+00:00\",\"breadcrumb\":{\"@id\":\"https:\\\/\\\/rotary.fi\\\/lappeenrantasaimaa\\\/lappeenranta-saimaa-rotaryklubi\\\/#breadcrumb\"},\"inLanguage\":\"fi\",\"potentialAction\":[{\"@type\":\"ReadAction\",\"target\":[\"https:\\\/\\\/rotary.fi\\\/lappeenrantasaimaa\\\/lappeenranta-saimaa-rotaryklubi\\\/\"]}]},{\"@type\":\"ImageObject\",\"inLanguage\":\"fi\",\"@id\":\"https:\\\/\\\/rotary.fi\\\/lappeenrantasaimaa\\\/lappeenranta-saimaa-rotaryklubi\\\/#primaryimage\",\"url\":\"https:\\\/\\\/rotary.fi\\\/lappeenrantasaimaa\\\/wp-content\\\/uploads\\\/sites\\\/51\\\/2020\\\/01\\\/web-lpr-saimaa-rc-viiri-ve-1.jpg\",\"contentUrl\":\"https:\\\/\\\/rotary.fi\\\/lappeenrantasaimaa\\\/wp-content\\\/uploads\\\/sites\\\/51\\\/2020\\\/01\\\/web-lpr-saimaa-rc-viiri-ve-1.jpg\",\"width\":1004,\"height\":1600},{\"@type\":\"BreadcrumbList\",\"@id\":\"https:\\\/\\\/rotary.fi\\\/lappeenrantasaimaa\\\/lappeenranta-saimaa-rotaryklubi\\\/#breadcrumb\",\"itemListElement\":[{\"@type\":\"ListItem\",\"position\":1,\"name\":\"Home\",\"item\":\"https:\\\/\\\/rotary.fi\\\/lappeenrantasaimaa\\\/\"},{\"@type\":\"ListItem\",\"position\":2,\"name\":\"Lappeenranta Saimaa Rotaryklubi\"}]},{\"@type\":\"WebSite\",\"@id\":\"https:\\\/\\\/rotary.fi\\\/lappeenrantasaimaa\\\/#website\",\"url\":\"https:\\\/\\\/rotary.fi\\\/lappeenrantasaimaa\\\/\",\"name\":\"Lappeenranta Saimaa Rotaryklubi\",\"description\":\"Uusi Rotary klubisivusto\",\"potentialAction\":[{\"@type\":\"SearchAction\",\"target\":{\"@type\":\"EntryPoint\",\"urlTemplate\":\"https:\\\/\\\/rotary.fi\\\/lappeenrantasaimaa\\\/?s={search_term_string}\"},\"query-input\":{\"@type\":\"PropertyValueSpecification\",\"valueRequired\":true,\"valueName\":\"search_term_string\"}}],\"inLanguage\":\"fi\"}]}<\/script>\n<!-- \/ Yoast SEO plugin. -->","yoast_head_json":{"title":"Lappeenranta Saimaa Rotaryklubi - Lappeenranta Saimaa Rotaryklubi","robots":{"index":"index","follow":"follow","max-snippet":"max-snippet:-1","max-image-preview":"max-image-preview:large","max-video-preview":"max-video-preview:-1"},"canonical":"https:\/\/rotary.fi\/lappeenrantasaimaa\/lappeenranta-saimaa-rotaryklubi\/","og_locale":"fi_FI","og_type":"article","og_title":"Lappeenranta Saimaa Rotaryklubi - Lappeenranta Saimaa Rotaryklubi","og_description":"Rotarytoimintaa Lappeenrannassa vuodesta 1945Lappeenranta-Saimaa Rotaryklubi Lappeenrannan Rotaryklubi, Lauritsalan Rotaryklubi sek\u00e4 Leirin Rotaryklubi yhdistyiv\u00e4t 1.7.2018 Lappeenranta-Saimaa Rotaryklubiksi.N\u00e4in jatkamme rotaryperinnett\u00e4, joka alkoi kaupungissamme jo 30.10.1945 kun kaupungin ensimm\u00e4inen klubi perustettiin. Toiminnan laajentuessa klubeja syntyi lis\u00e4\u00e4, ja enimmill\u00e4\u00e4n niit\u00e4 on ollut viisi. Olemme It\u00e4-Suomen Rotarypiirin 1430 suurin klubi yli 60 j\u00e4senell\u00e4 ja samalla piirin toiseksi vanhin. Klubeistamme on [&hellip;]","og_url":"https:\/\/rotary.fi\/lappeenrantasaimaa\/lappeenranta-saimaa-rotaryklubi\/","og_site_name":"Lappeenranta Saimaa Rotaryklubi","article_modified_time":"2023-09-28T06:54:30+00:00","og_image":[{"url":"https:\/\/rotary.fi\/lappeenrantasaimaa\/wp-content\/uploads\/sites\/51\/2020\/01\/web-lpr-saimaa-rc-viiri-ve-1-188x300.jpg","type":"","width":"","height":""}],"twitter_card":"summary_large_image","twitter_misc":{"Arvioitu lukuaika":"6 minuuttia"},"schema":{"@context":"https:\/\/schema.org","@graph":[{"@type":"WebPage","@id":"https:\/\/rotary.fi\/lappeenrantasaimaa\/lappeenranta-saimaa-rotaryklubi\/","url":"https:\/\/rotary.fi\/lappeenrantasaimaa\/lappeenranta-saimaa-rotaryklubi\/","name":"Lappeenranta Saimaa Rotaryklubi - Lappeenranta Saimaa Rotaryklubi","isPartOf":{"@id":"https:\/\/rotary.fi\/lappeenrantasaimaa\/#website"},"primaryImageOfPage":{"@id":"https:\/\/rotary.fi\/lappeenrantasaimaa\/lappeenranta-saimaa-rotaryklubi\/#primaryimage"},"image":{"@id":"https:\/\/rotary.fi\/lappeenrantasaimaa\/lappeenranta-saimaa-rotaryklubi\/#primaryimage"},"thumbnailUrl":"https:\/\/rotary.fi\/lappeenrantasaimaa\/wp-content\/uploads\/sites\/51\/2020\/01\/web-lpr-saimaa-rc-viiri-ve-1-188x300.jpg","datePublished":"2020-01-16T07:42:50+00:00","dateModified":"2023-09-28T06:54:30+00:00","breadcrumb":{"@id":"https:\/\/rotary.fi\/lappeenrantasaimaa\/lappeenranta-saimaa-rotaryklubi\/#breadcrumb"},"inLanguage":"fi","potentialAction":[{"@type":"ReadAction","target":["https:\/\/rotary.fi\/lappeenrantasaimaa\/lappeenranta-saimaa-rotaryklubi\/"]}]},{"@type":"ImageObject","inLanguage":"fi","@id":"https:\/\/rotary.fi\/lappeenrantasaimaa\/lappeenranta-saimaa-rotaryklubi\/#primaryimage","url":"https:\/\/rotary.fi\/lappeenrantasaimaa\/wp-content\/uploads\/sites\/51\/2020\/01\/web-lpr-saimaa-rc-viiri-ve-1.jpg","contentUrl":"https:\/\/rotary.fi\/lappeenrantasaimaa\/wp-content\/uploads\/sites\/51\/2020\/01\/web-lpr-saimaa-rc-viiri-ve-1.jpg","width":1004,"height":1600},{"@type":"BreadcrumbList","@id":"https:\/\/rotary.fi\/lappeenrantasaimaa\/lappeenranta-saimaa-rotaryklubi\/#breadcrumb","itemListElement":[{"@type":"ListItem","position":1,"name":"Home","item":"https:\/\/rotary.fi\/lappeenrantasaimaa\/"},{"@type":"ListItem","position":2,"name":"Lappeenranta Saimaa Rotaryklubi"}]},{"@type":"WebSite","@id":"https:\/\/rotary.fi\/lappeenrantasaimaa\/#website","url":"https:\/\/rotary.fi\/lappeenrantasaimaa\/","name":"Lappeenranta Saimaa Rotaryklubi","description":"Uusi Rotary klubisivusto","potentialAction":[{"@type":"SearchAction","target":{"@type":"EntryPoint","urlTemplate":"https:\/\/rotary.fi\/lappeenrantasaimaa\/?s={search_term_string}"},"query-input":{"@type":"PropertyValueSpecification","valueRequired":true,"valueName":"search_term_string"}}],"inLanguage":"fi"}]}},"lang":"fi","translations":{"fi":1745},"pll_sync_post":[],"_links":{"self":[{"href":"https:\/\/rotary.fi\/lappeenrantasaimaa\/wp-json\/wp\/v2\/pages\/1745","targetHints":{"allow":["GET"]}}],"collection":[{"href":"https:\/\/rotary.fi\/lappeenrantasaimaa\/wp-json\/wp\/v2\/pages"}],"about":[{"href":"https:\/\/rotary.fi\/lappeenrantasaimaa\/wp-json\/wp\/v2\/types\/page"}],"author":[{"embeddable":true,"href":"https:\/\/rotary.fi\/lappeenrantasaimaa\/wp-json\/wp\/v2\/users\/314"}],"replies":[{"embeddable":true,"href":"https:\/\/rotary.fi\/lappeenrantasaimaa\/wp-json\/wp\/v2\/comments?post=1745"}],"version-history":[{"count":9,"href":"https:\/\/rotary.fi\/lappeenrantasaimaa\/wp-json\/wp\/v2\/pages\/1745\/revisions"}],"predecessor-version":[{"id":3375,"href":"https:\/\/rotary.fi\/lappeenrantasaimaa\/wp-json\/wp\/v2\/pages\/1745\/revisions\/3375"}],"wp:attachment":[{"href":"https:\/\/rotary.fi\/lappeenrantasaimaa\/wp-json\/wp\/v2\/media?parent=1745"}],"curies":[{"name":"wp","href":"https:\/\/api.w.org\/{rel}","templated":true}]}}