{"id":163,"date":"2018-08-13T09:51:14","date_gmt":"2018-08-13T06:51:14","guid":{"rendered":"https:\/\/rotary.fi\/lappeenrantasaimaa\/?page_id=163"},"modified":"2022-08-12T13:50:02","modified_gmt":"2022-08-12T10:50:02","slug":"rotaract-ja-interact","status":"publish","type":"page","link":"https:\/\/rotary.fi\/lappeenrantasaimaa\/mika-on-rotary\/rotaract-ja-interact\/","title":{"rendered":"Rotaract ja Interact"},"content":{"rendered":"<p>[et_pb_section fb_built=&#8221;1&#8243; module_class=&#8221;jumbotron-page&#8221; _builder_version=&#8221;4.16&#8243; background_image=&#8221;https:\/\/rotary.fi\/lappeenrantasaimaa\/wp-content\/uploads\/sites\/51\/2018\/10\/rotary_klubit_alasivu_paakuva_10.jpg&#8221; global_colors_info=&#8221;{}&#8221;][et_pb_row _builder_version=&#8221;4.16&#8243; background_size=&#8221;initial&#8221; background_position=&#8221;top_left&#8221; background_repeat=&#8221;repeat&#8221; global_colors_info=&#8221;{}&#8221;][et_pb_column type=&#8221;4_4&#8243; _builder_version=&#8221;4.16&#8243; custom_padding=&#8221;|||&#8221; global_colors_info=&#8221;{}&#8221; custom_padding__hover=&#8221;|||&#8221;][et_pb_text admin_label=&#8221;P\u00e4\u00e4otsikko&#8221; _builder_version=&#8221;4.16&#8243; text_orientation=&#8221;center&#8221; background_layout=&#8221;dark&#8221; global_colors_info=&#8221;{}&#8221;]<\/p>\n<h1>Rotary panostaa nuoriin<\/h1>\n<p>[\/et_pb_text][\/et_pb_column][\/et_pb_row][\/et_pb_section][et_pb_section fb_built=&#8221;1&#8243; specialty=&#8221;on&#8221; module_class_2=&#8221;sivupalkki&#8221; _builder_version=&#8221;4.16&#8243; global_colors_info=&#8221;{}&#8221;][et_pb_column type=&#8221;2_3&#8243; specialty_columns=&#8221;2&#8243; _builder_version=&#8221;4.16&#8243; custom_padding=&#8221;|||&#8221; global_colors_info=&#8221;{}&#8221; parallax__hover=&#8221;off&#8221; parallax_method__hover=&#8221;on&#8221; custom_padding__hover=&#8221;|||&#8221;][et_pb_row_inner admin_label=&#8221;Rivi&#8221; _builder_version=&#8221;4.16&#8243; global_colors_info=&#8221;{}&#8221;][et_pb_column_inner saved_specialty_column_type=&#8221;2_3&#8243; _builder_version=&#8221;4.16&#8243; custom_padding=&#8221;|||&#8221; global_colors_info=&#8221;{}&#8221; parallax__hover=&#8221;off&#8221; parallax_method__hover=&#8221;on&#8221; custom_padding__hover=&#8221;|||&#8221;][et_pb_text admin_label=&#8221;Rotaract ja Interact &#8211; Otsikko&#8221; _builder_version=&#8221;4.16&#8243; text_orientation=&#8221;center&#8221; global_colors_info=&#8221;{}&#8221;]<\/p>\n<h1>Rotaract ja Interact<\/h1>\n<p>[\/et_pb_text][et_pb_text _builder_version=&#8221;4.17.4&#8243; global_colors_info=&#8221;{}&#8221;]<\/p>\n<h5>Rotaract<\/h5>\n<p>Rotaract kokoaa 18 \u2013 30 -vuotiaita nuoria klubi- ja palvelutoimintaan verkostoitumaan, harjoittelemaan johtamis- ja yhteisty\u00f6taitojaan ja vaikuttamaan ymp\u00e4rist\u00f6ns\u00e4 hyvinvointiin erilaisten palveluprojektien avulla.\u00a0 Rotaractklubi voi olla yleisklubi paikkakunnan 18 \u2013 30 -vuotiaille nuorille tai se voi olla sidoksissa esimerkiksi korkeakouluun, jolloin j\u00e4seneksi kutsutaan korkeakoulussa opiskelevia nuoria. Rotaractoreiden motto on sama kuin rotareiden: palvelu itsekkyyden edelle.<\/p>\n<p>Rotaractklubin ohjelmassa voi olla yritysvierailuja, yhteis\u00f6palveluprojektien suunnittelua ja toteuttamista sek\u00e4 verkostoitumistapaamisia paikkakunnalla, kansallisesti tai kansainv\u00e4lisesti. Kansallisen ja maailmanlaajuisen verkoston ja tapaamisten kautta on mahdollisuus solmia elinik\u00e4isi\u00e4 yst\u00e4vyyssuhteita niin Suomessa kuin maailmanlaajuisesti.<\/p>\n<p>Rotaractklubien j\u00e4senet hoitavat ja hallinnoivat omaa klubiaan ja p\u00e4\u00e4tt\u00e4v\u00e4t toiminnastaan ja palveluprojekteistaan. Klubin apuna on klubia sponsoroiva kummirotaryklubi. Kummiklubin rotarit tarjoavat kulloinkin tarvittavaa tietoa ja tukea sek\u00e4 ty\u00f6skentelev\u00e4t rotaractoreiden kanssa yhteisty\u00f6ss\u00e4 eri palveluprojekteissa.<\/p>\n<p>Rotaractklubeja on yli 180 maassa ja j\u00e4seni\u00e4 11 000 klubissa yhteens\u00e4 noin 250 000.\u00a0 Suomessa rotaractklubeja on 11 \u2013 niit\u00e4 on perustettu erityisesti suurimpiin kaupunkeihin.<\/p>\n<h5>Interact<\/h5>\n<p>Interactklubin j\u00e4senet suunnittelevat ja toteuttavat vuosittain kaksi projektia. N\u00e4ist\u00e4 toinen kohdistuu koulu- tai l\u00e4hiyhteis\u00f6\u00f6n ja toinen edist\u00e4\u00e4 nuoria puhuttelevalla tavalla kansainv\u00e4list\u00e4 yhteisymm\u00e4rryst\u00e4. Nuoret p\u00e4\u00e4sev\u00e4t itse vaikuttamaan heille t\u00e4rkeisiin asioihin.<\/p>\n<p>Interactklubit toimivat yhteisty\u00f6ss\u00e4 klubia sponsoroivan rotaryklubin kanssa. Nuoret kehitt\u00e4v\u00e4t klubi- ja palvelutoiminnassaan sosiaalisia taitojaan ja johtamiskyky\u00e4\u00e4n. Rotarit auttavat nuoria solmimaan yhteyksi\u00e4 paikallisen yhteis\u00f6n johtajiin ja eri alojen toimijoihin nuorten palveluprojektien toteuttamiseksi. Nuoret oppivat verkostoitumaan paikallisesti ja halutessaan my\u00f6s kansainv\u00e4lisesti. Rotarit auttavat nuoria tunnistamaan muita Rotaryn nuorille suuntaamia palvelumuotoja, joita ovat nuorisovaihto, Rotaract ja RYLA.<\/p>\n<p>Nuoret havaitsevat usein aikuisia paremmin oman toimintaymp\u00e4rist\u00f6ns\u00e4 ongelmia tai vahvistamista vaativia kehityskohteita. Yhdess\u00e4 keskustellen nuoret voivat pohtia, miten asioihin voi vaikuttaa ja yhteisty\u00f6ss\u00e4 rotareiden kanssa tai heid\u00e4n tukeminaan nuoret voivat toimia muutoksen aikaansaajina.<\/p>\n<p>Interactin toiminta alkoi Yhdysvalloissa vuonna 1962. Suomen ja Pohjoismaiden ensimm\u00e4inen interactklubi perustettiin 1963 Somerolla. Nyky\u00e4\u00e4n Suomessa toimii vain yksi aktiivinen klubi, vuonna 2013 perustettu Oulun Interactklubi. Maailmanlaajuisesti interactklubeja on 160 maassa yli 20\u00a0000 ja nuoria niiss\u00e4 miltei 670\u00a0000. Interact onkin erinomainen keino verkostoitua jo nuorena eri maissa toimivien muiden aktiivisten nuorten kanssa.<\/p>\n<p>Sek\u00e4 Interactissa ett\u00e4 Rotaractissa nuorilla on mahdollisuus verkottua paitsi paikallisesti, my\u00f6s kansallisesti ja kansainv\u00e4lisesti. Suomessa Rotaract-toimintaa on erityisesti suurilla paikkakunnilla, Interact-toiminta sen sijaan ei viel\u00e4 ole levinnyt t\u00e4\u00e4ll\u00e4 laajalle.<\/p>\n<p>Jos toiminta Rotaract- tai Interact-klubissa kiinnostaa, tai haluaisit perustaa uuden klubin, ota rohkeasti yhteytt\u00e4 Rotaract klubin presidenttiin, Sonja Marttinen, s\u00e4hk\u00f6posti sonja.marttinen@gmail.com tai puhelin 040 5593952<\/p>\n<p>[\/et_pb_text][\/et_pb_column_inner][\/et_pb_row_inner][\/et_pb_column][et_pb_column type=&#8221;1_3&#8243; module_class=&#8221;sivupalkki&#8221; _builder_version=&#8221;4.16&#8243; custom_padding=&#8221;|||&#8221; global_colors_info=&#8221;{}&#8221; parallax__hover=&#8221;off&#8221; parallax_method__hover=&#8221;on&#8221; module_class__hover=&#8221;sivupalkki&#8221; custom_padding__hover=&#8221;|||&#8221;][et_pb_sidebar area=&#8221;sidebar-1&#8243; module_class=&#8221;sivupalkki_sisalto&#8221; _builder_version=&#8221;4.16&#8243; locked=&#8221;on&#8221; global_colors_info=&#8221;{}&#8221;][\/et_pb_sidebar][\/et_pb_column][\/et_pb_section]<\/p>\n","protected":false},"excerpt":{"rendered":"<p>Rotary panostaa nuoriinRotaract ja Interact Rotaract Rotaract kokoaa 18 \u2013 30 -vuotiaita nuoria klubi- ja palvelutoimintaan verkostoitumaan, harjoittelemaan johtamis- ja yhteisty\u00f6taitojaan ja vaikuttamaan ymp\u00e4rist\u00f6ns\u00e4 hyvinvointiin erilaisten palveluprojektien avulla.\u00a0 Rotaractklubi voi olla yleisklubi paikkakunnan 18 \u2013 30 -vuotiaille nuorille tai se voi olla sidoksissa esimerkiksi korkeakouluun, jolloin j\u00e4seneksi kutsutaan korkeakoulussa opiskelevia nuoria. Rotaractoreiden motto on sama [&hellip;]<\/p>\n","protected":false},"author":1,"featured_media":0,"parent":1808,"menu_order":0,"comment_status":"closed","ping_status":"closed","template":"","meta":{"_acf_changed":false,"_et_pb_use_builder":"on","_et_pb_old_content":"","_et_gb_content_width":"","footnotes":""},"class_list":["post-163","page","type-page","status-publish","hentry"],"acf":[],"yoast_head":"<!-- This site is optimized with the Yoast SEO plugin v27.4 - https:\/\/yoast.com\/product\/yoast-seo-wordpress\/ -->\n<title>Rotaract ja Interact - Lappeenranta Saimaa Rotaryklubi<\/title>\n<meta name=\"robots\" content=\"index, follow, max-snippet:-1, max-image-preview:large, max-video-preview:-1\" \/>\n<link rel=\"canonical\" href=\"https:\/\/rotary.fi\/lappeenrantasaimaa\/mika-on-rotary\/rotaract-ja-interact\/\" \/>\n<meta property=\"og:locale\" content=\"fi_FI\" \/>\n<meta property=\"og:type\" content=\"article\" \/>\n<meta property=\"og:title\" content=\"Rotaract ja Interact - Lappeenranta Saimaa Rotaryklubi\" \/>\n<meta property=\"og:description\" content=\"Rotary panostaa nuoriinRotaract ja Interact Rotaract Rotaract kokoaa 18 \u2013 30 -vuotiaita nuoria klubi- ja palvelutoimintaan verkostoitumaan, harjoittelemaan johtamis- ja yhteisty\u00f6taitojaan ja vaikuttamaan ymp\u00e4rist\u00f6ns\u00e4 hyvinvointiin erilaisten palveluprojektien avulla.\u00a0 Rotaractklubi voi olla yleisklubi paikkakunnan 18 \u2013 30 -vuotiaille nuorille tai se voi olla sidoksissa esimerkiksi korkeakouluun, jolloin j\u00e4seneksi kutsutaan korkeakoulussa opiskelevia nuoria. Rotaractoreiden motto on sama [&hellip;]\" \/>\n<meta property=\"og:url\" content=\"https:\/\/rotary.fi\/lappeenrantasaimaa\/mika-on-rotary\/rotaract-ja-interact\/\" \/>\n<meta property=\"og:site_name\" content=\"Lappeenranta Saimaa Rotaryklubi\" \/>\n<meta property=\"article:modified_time\" content=\"2022-08-12T10:50:02+00:00\" \/>\n<meta name=\"twitter:card\" content=\"summary_large_image\" \/>\n<meta name=\"twitter:label1\" content=\"Arvioitu lukuaika\" \/>\n\t<meta name=\"twitter:data1\" content=\"3 minuuttia\" \/>\n<script type=\"application\/ld+json\" class=\"yoast-schema-graph\">{\"@context\":\"https:\\\/\\\/schema.org\",\"@graph\":[{\"@type\":\"WebPage\",\"@id\":\"https:\\\/\\\/rotary.fi\\\/lappeenrantasaimaa\\\/mika-on-rotary\\\/rotaract-ja-interact\\\/\",\"url\":\"https:\\\/\\\/rotary.fi\\\/lappeenrantasaimaa\\\/mika-on-rotary\\\/rotaract-ja-interact\\\/\",\"name\":\"Rotaract ja Interact - Lappeenranta Saimaa Rotaryklubi\",\"isPartOf\":{\"@id\":\"https:\\\/\\\/rotary.fi\\\/lappeenrantasaimaa\\\/#website\"},\"datePublished\":\"2018-08-13T06:51:14+00:00\",\"dateModified\":\"2022-08-12T10:50:02+00:00\",\"breadcrumb\":{\"@id\":\"https:\\\/\\\/rotary.fi\\\/lappeenrantasaimaa\\\/mika-on-rotary\\\/rotaract-ja-interact\\\/#breadcrumb\"},\"inLanguage\":\"fi\",\"potentialAction\":[{\"@type\":\"ReadAction\",\"target\":[\"https:\\\/\\\/rotary.fi\\\/lappeenrantasaimaa\\\/mika-on-rotary\\\/rotaract-ja-interact\\\/\"]}]},{\"@type\":\"BreadcrumbList\",\"@id\":\"https:\\\/\\\/rotary.fi\\\/lappeenrantasaimaa\\\/mika-on-rotary\\\/rotaract-ja-interact\\\/#breadcrumb\",\"itemListElement\":[{\"@type\":\"ListItem\",\"position\":1,\"name\":\"Home\",\"item\":\"https:\\\/\\\/rotary.fi\\\/lappeenrantasaimaa\\\/\"},{\"@type\":\"ListItem\",\"position\":2,\"name\":\"Mik\u00e4 on Rotary\",\"item\":\"https:\\\/\\\/rotary.fi\\\/lappeenrantasaimaa\\\/mika-on-rotary\\\/\"},{\"@type\":\"ListItem\",\"position\":3,\"name\":\"Rotaract ja Interact\"}]},{\"@type\":\"WebSite\",\"@id\":\"https:\\\/\\\/rotary.fi\\\/lappeenrantasaimaa\\\/#website\",\"url\":\"https:\\\/\\\/rotary.fi\\\/lappeenrantasaimaa\\\/\",\"name\":\"Lappeenranta Saimaa Rotaryklubi\",\"description\":\"Uusi Rotary klubisivusto\",\"potentialAction\":[{\"@type\":\"SearchAction\",\"target\":{\"@type\":\"EntryPoint\",\"urlTemplate\":\"https:\\\/\\\/rotary.fi\\\/lappeenrantasaimaa\\\/?s={search_term_string}\"},\"query-input\":{\"@type\":\"PropertyValueSpecification\",\"valueRequired\":true,\"valueName\":\"search_term_string\"}}],\"inLanguage\":\"fi\"}]}<\/script>\n<!-- \/ Yoast SEO plugin. -->","yoast_head_json":{"title":"Rotaract ja Interact - Lappeenranta Saimaa Rotaryklubi","robots":{"index":"index","follow":"follow","max-snippet":"max-snippet:-1","max-image-preview":"max-image-preview:large","max-video-preview":"max-video-preview:-1"},"canonical":"https:\/\/rotary.fi\/lappeenrantasaimaa\/mika-on-rotary\/rotaract-ja-interact\/","og_locale":"fi_FI","og_type":"article","og_title":"Rotaract ja Interact - Lappeenranta Saimaa Rotaryklubi","og_description":"Rotary panostaa nuoriinRotaract ja Interact Rotaract Rotaract kokoaa 18 \u2013 30 -vuotiaita nuoria klubi- ja palvelutoimintaan verkostoitumaan, harjoittelemaan johtamis- ja yhteisty\u00f6taitojaan ja vaikuttamaan ymp\u00e4rist\u00f6ns\u00e4 hyvinvointiin erilaisten palveluprojektien avulla.\u00a0 Rotaractklubi voi olla yleisklubi paikkakunnan 18 \u2013 30 -vuotiaille nuorille tai se voi olla sidoksissa esimerkiksi korkeakouluun, jolloin j\u00e4seneksi kutsutaan korkeakoulussa opiskelevia nuoria. Rotaractoreiden motto on sama [&hellip;]","og_url":"https:\/\/rotary.fi\/lappeenrantasaimaa\/mika-on-rotary\/rotaract-ja-interact\/","og_site_name":"Lappeenranta Saimaa Rotaryklubi","article_modified_time":"2022-08-12T10:50:02+00:00","twitter_card":"summary_large_image","twitter_misc":{"Arvioitu lukuaika":"3 minuuttia"},"schema":{"@context":"https:\/\/schema.org","@graph":[{"@type":"WebPage","@id":"https:\/\/rotary.fi\/lappeenrantasaimaa\/mika-on-rotary\/rotaract-ja-interact\/","url":"https:\/\/rotary.fi\/lappeenrantasaimaa\/mika-on-rotary\/rotaract-ja-interact\/","name":"Rotaract ja Interact - Lappeenranta Saimaa Rotaryklubi","isPartOf":{"@id":"https:\/\/rotary.fi\/lappeenrantasaimaa\/#website"},"datePublished":"2018-08-13T06:51:14+00:00","dateModified":"2022-08-12T10:50:02+00:00","breadcrumb":{"@id":"https:\/\/rotary.fi\/lappeenrantasaimaa\/mika-on-rotary\/rotaract-ja-interact\/#breadcrumb"},"inLanguage":"fi","potentialAction":[{"@type":"ReadAction","target":["https:\/\/rotary.fi\/lappeenrantasaimaa\/mika-on-rotary\/rotaract-ja-interact\/"]}]},{"@type":"BreadcrumbList","@id":"https:\/\/rotary.fi\/lappeenrantasaimaa\/mika-on-rotary\/rotaract-ja-interact\/#breadcrumb","itemListElement":[{"@type":"ListItem","position":1,"name":"Home","item":"https:\/\/rotary.fi\/lappeenrantasaimaa\/"},{"@type":"ListItem","position":2,"name":"Mik\u00e4 on Rotary","item":"https:\/\/rotary.fi\/lappeenrantasaimaa\/mika-on-rotary\/"},{"@type":"ListItem","position":3,"name":"Rotaract ja Interact"}]},{"@type":"WebSite","@id":"https:\/\/rotary.fi\/lappeenrantasaimaa\/#website","url":"https:\/\/rotary.fi\/lappeenrantasaimaa\/","name":"Lappeenranta Saimaa Rotaryklubi","description":"Uusi Rotary klubisivusto","potentialAction":[{"@type":"SearchAction","target":{"@type":"EntryPoint","urlTemplate":"https:\/\/rotary.fi\/lappeenrantasaimaa\/?s={search_term_string}"},"query-input":{"@type":"PropertyValueSpecification","valueRequired":true,"valueName":"search_term_string"}}],"inLanguage":"fi"}]}},"lang":"fi","translations":{"fi":163},"pll_sync_post":[],"_links":{"self":[{"href":"https:\/\/rotary.fi\/lappeenrantasaimaa\/wp-json\/wp\/v2\/pages\/163","targetHints":{"allow":["GET"]}}],"collection":[{"href":"https:\/\/rotary.fi\/lappeenrantasaimaa\/wp-json\/wp\/v2\/pages"}],"about":[{"href":"https:\/\/rotary.fi\/lappeenrantasaimaa\/wp-json\/wp\/v2\/types\/page"}],"author":[{"embeddable":true,"href":"https:\/\/rotary.fi\/lappeenrantasaimaa\/wp-json\/wp\/v2\/users\/1"}],"replies":[{"embeddable":true,"href":"https:\/\/rotary.fi\/lappeenrantasaimaa\/wp-json\/wp\/v2\/comments?post=163"}],"version-history":[{"count":10,"href":"https:\/\/rotary.fi\/lappeenrantasaimaa\/wp-json\/wp\/v2\/pages\/163\/revisions"}],"predecessor-version":[{"id":3083,"href":"https:\/\/rotary.fi\/lappeenrantasaimaa\/wp-json\/wp\/v2\/pages\/163\/revisions\/3083"}],"up":[{"embeddable":true,"href":"https:\/\/rotary.fi\/lappeenrantasaimaa\/wp-json\/wp\/v2\/pages\/1808"}],"wp:attachment":[{"href":"https:\/\/rotary.fi\/lappeenrantasaimaa\/wp-json\/wp\/v2\/media?parent=163"}],"curies":[{"name":"wp","href":"https:\/\/api.w.org\/{rel}","templated":true}]}}