{"id":154,"date":"2018-08-13T09:35:27","date_gmt":"2018-08-13T06:35:27","guid":{"rendered":"https:\/\/rotary.fi\/lappeenrantasaimaa\/?page_id=154"},"modified":"2020-01-27T16:00:03","modified_gmt":"2020-01-27T14:00:03","slug":"vaihtomuodot","status":"publish","type":"page","link":"https:\/\/rotary.fi\/lappeenrantasaimaa\/nuorisovaihto\/vaihtomuodot\/","title":{"rendered":"Vaihtomuodot"},"content":{"rendered":"<p>[et_pb_section fb_built=&#8221;1&#8243; module_class=&#8221;jumbotron-page&#8221; _builder_version=&#8221;4.1&#8243; background_image=&#8221;https:\/\/rotary.fi\/lappeenrantasaimaa\/wp-content\/uploads\/sites\/51\/2019\/10\/fb-edit-dsc04164.jpg&#8221; background_position=&#8221;top_center&#8221;][et_pb_row _builder_version=&#8221;3.25&#8243; background_size=&#8221;initial&#8221; background_position=&#8221;top_left&#8221; background_repeat=&#8221;repeat&#8221;][et_pb_column type=&#8221;4_4&#8243; _builder_version=&#8221;3.25&#8243; custom_padding=&#8221;|||&#8221; custom_padding__hover=&#8221;|||&#8221;][et_pb_text admin_label=&#8221;P\u00e4\u00e4otsikko&#8221; _builder_version=&#8221;4.1&#8243; text_orientation=&#8221;center&#8221; background_layout=&#8221;dark&#8221;]<\/p>\n<h1>Vuodeksi, kes\u00e4ksi tai kahdeksi viikoksi<\/h1>\n<p>[\/et_pb_text][\/et_pb_column][\/et_pb_row][\/et_pb_section][et_pb_section fb_built=&#8221;1&#8243; specialty=&#8221;on&#8221; module_class_2=&#8221;sivupalkki&#8221; _builder_version=&#8221;3.22&#8243;][et_pb_column type=&#8221;2_3&#8243; specialty_columns=&#8221;2&#8243; _builder_version=&#8221;3.25&#8243; custom_padding=&#8221;|||&#8221; parallax__hover=&#8221;off&#8221; parallax_method__hover=&#8221;on&#8221; custom_padding__hover=&#8221;|||&#8221;][et_pb_row_inner admin_label=&#8221;Rivi&#8221; _builder_version=&#8221;3.25&#8243;][et_pb_column_inner saved_specialty_column_type=&#8221;2_3&#8243; _builder_version=&#8221;3.25&#8243; custom_padding=&#8221;|||&#8221; parallax__hover=&#8221;off&#8221; parallax_method__hover=&#8221;on&#8221; custom_padding__hover=&#8221;|||&#8221;][et_pb_text admin_label=&#8221;Nuorisovaihto &#8211; Otsikko&#8221; _builder_version=&#8221;4.1&#8243; text_orientation=&#8221;center&#8221;]<\/p>\n<h1>Nuorisovaihdon vaihtomuodot<\/h1>\n<p>[\/et_pb_text][et_pb_text admin_label=&#8221;Nuorisovaihto &#8211; Otsikko&#8221; _builder_version=&#8221;4.1&#8243; text_orientation=&#8221;center&#8221;]<\/p>\n<h3 style=\"text-align: left\">Vuosivaihto<\/h3>\n<p>[\/et_pb_text][et_pb_text _builder_version=&#8221;4.1&#8243;]<\/p>\n<p><strong>Vuosivaihto<\/strong><strong>\u00a0\u00a0\u00a0\u00a0\u00a0\u00a0\u00a0\u00a0\u00a0\u00a0\u00a0\u00a0\u00a0\u00a0\u00a0\u00a0\u00a0\u00a0\u00a0\u00a0\u00a0\u00a0\u00a0\u00a0\u00a0\u00a0\u00a0\u00a0\u00a0\u00a0\u00a0\u00a0\u00a0\u00a0\u00a0\u00a0\u00a0\u00a0\u00a0\u00a0\u00a0\u00a0\u00a0\u00a0\u00a0\u00a0\u00a0\u00a0\u00a0\u00a0\u00a0\u00a0\u00a0\u00a0\u00a0\u00a0\u00a0\u00a0\u00a0\u00a0\u00a0\u00a0\u00a0\u00a0\u00a0\u00a0\u00a0\u00a0\u00a0\u00a0\u00a0\u00a0\u00a0\u00a0\u00a0\u00a0\u00a0\u00a0\u00a0\u00a0\u00a0\u00a0\u00a0\u00a0\u00a0\u00a0\u00a0\u00a0\u00a0\u00a0\u00a0\u00a0\u00a0\u00a0\u00a0\u00a0\u00a0\u00a0\u00a0\u00a0\u00a0\u00a0\u00a0\u00a0\u00a0\u00a0\u00a0\u00a0\u00a0\u00a0\u00a0\u00a0\u00a0\u00a0\u00a0\u00a0\u00a0\u00a0<\/strong><\/p>\n<p>Vuosivaihto on vuoden mittainen perhe- ja opiskelujakso. Hakuaika on elo-lokakuu, vaihtomaa ja kaupunki varmistuvat helmi-huhtikuussa ja vaihto toteutuu seuraavan lukuvuoden aikana. Asukaslukuun suhteutettuna Suomi kuuluu vuosivaihdossa rotarymaailman k\u00e4rkimaihin. Vuosittain meilt\u00e4 l\u00e4htee vuosivaihtoon noin 150 nuorta ja ulkomaisia vaihto-oppilaita saapuu Suomeen vastaava m\u00e4\u00e4r\u00e4.<\/p>\n<p>Suomalaisten suosituimpia vaihtomaita ovat USA ja Australia. Muita vaihtomaita ovat, Argentiina, Brasilia, Chile, Ecuador, Etel\u00e4-Afrikka, Etel\u00e4-Korea, Japani, Kanada, Kolumbia, Meksiko, Peru, Thaimaa, Taiwan, ja Euroopassa Alankomaat, Belgia, Espanja, Kroatia, Italia, It\u00e4valta, Ranska, Saksa, Sveitsi, T\u0161ekki ja Unkari.<\/p>\n<p>Vuosivaihdossa l\u00e4htev\u00e4n oppilaan kustannukset jakaantuvat vaihto-oppilaan, vastaanottavan klubin ja is\u00e4nt\u00e4perheen kesken. L\u00e4hett\u00e4v\u00e4lle klubille koituu kustannuksia tulevasta oppilaasta. Vaihto-oppilaan omat kustannukset muodostuvat j\u00e4rjestelymaksusta sek\u00e4 matka- ja vakuutuskuluista. Kauemmaksi l\u00e4htev\u00e4n oppilaan kustannukset ovat yleens\u00e4 v\u00e4h\u00e4n enemm\u00e4n kuin l\u00e4hemm\u00e4ksi matkustavilla. Yleens\u00e4 ne ovat 2 500 euron luokkaa. Vapaaehtoiset kohdemaassa j\u00e4rjestett\u00e4v\u00e4t oppilaiden yhteismatkat lis\u00e4\u00e4v\u00e4t kustannuksia.<\/p>\n<p>L\u00e4hett\u00e4v\u00e4lle klubille kustannuksia aiheuttaa vastaan otettava vaihto-oppilas. N\u00e4it\u00e4 ovat Suomessa j\u00e4rjestett\u00e4v\u00e4 orientoitumisleiri, kuukausirahat, kokouskustannukset, koulukustannukset ja muut menot. Kustannukset ovat keskim\u00e4\u00e4rin noin 2 500\u20133 000 euroa. Is\u00e4nt\u00e4perheen kustannukset syntyv\u00e4t siit\u00e4, ett\u00e4 perhe saa yhden lis\u00e4j\u00e4senen. Kun is\u00e4nt\u00e4perheit\u00e4 on useita (keskim\u00e4\u00e4rin 3\u20134 perhett\u00e4\/oppilas), my\u00f6s vuosikustannukset jakaantuvat usealle perheelle.<\/p>\n<p>Suomalaisilla vaihto-oppilailla on mahdollisuus anoa piirin nuorisovaihtotiimilt\u00e4 pient\u00e4 apurahaa vaihto-oppilasvuotta varten. Apurahoista p\u00e4\u00e4tt\u00e4\u00e4 nuorisovaihtotoimikunta. Niiden kokonaism\u00e4\u00e4r\u00e4 piireitt\u00e4in on suhteutettu piirist\u00e4 l\u00e4htevien oppilaiden m\u00e4\u00e4r\u00e4\u00e4n.<\/p>\n<p>[\/et_pb_text][\/et_pb_column_inner][\/et_pb_row_inner][et_pb_row_inner admin_label=&#8221;Rivi&#8221; _builder_version=&#8221;3.25&#8243;][et_pb_column_inner saved_specialty_column_type=&#8221;2_3&#8243; _builder_version=&#8221;3.25&#8243; custom_padding=&#8221;|||&#8221; parallax__hover=&#8221;off&#8221; parallax_method__hover=&#8221;on&#8221; custom_padding__hover=&#8221;|||&#8221;][et_pb_text admin_label=&#8221;Nuorisovaihto &#8211; Otsikko&#8221; _builder_version=&#8221;4.1&#8243; text_orientation=&#8221;center&#8221;]<\/p>\n<h3 style=\"text-align: left\">Kes\u00e4vaihto<\/h3>\n<p>[\/et_pb_text][et_pb_text _builder_version=&#8221;4.1&#8243;]<\/p>\n<p>Kes\u00e4vaihto-ohjelmassa rotaryj\u00e4rjest\u00f6 tarjoaa 15\u201318-vuotiaalle nuorelle hyv\u00e4n mahdollisuuden tutustua turvallisesti uuteen kulttuuriin ja el\u00e4m\u00e4nmenoon joko Euroopassa (Belgia, Espanja, It\u00e4valta, Italia, Saksa, Sveitsi, Ranska, Turkki, Unkari), tai muissa maanosissa (USA, Kanada, Etel\u00e4-Afrikka, Brasilia, Meksiko, Taiwan).<\/p>\n<p>Kes\u00e4vaihdossa oppilas matkustaa ensin kuukaudeksi kohdemaahan yhteen perheeseen. Palatessaan h\u00e4n tuo mukanaan is\u00e4nt\u00e4perheen nuoren toiseksi kuukaudeksi omaan perheeseens\u00e4. N\u00e4in oppilaat viett\u00e4v\u00e4t yhdess\u00e4 <span>yhteens\u00e4<\/span> 1+1 kuukautta molempien perheiss\u00e4.<\/p>\n<p>Hakemukset t\u00e4h\u00e4n vaihtoon tehd\u00e4\u00e4n loka-joulukuussa, vaihtopaikat varmistuvat kev\u00e4\u00e4n aikana ja vaihto toteutuu kes\u00e4loman aikana.<\/p>\n<p>Kes\u00e4vaihdon kustannukset muodostuvat j\u00e4rjestelymaksusta sek\u00e4 matka- ja vakuutuskuluista. Paikallinen is\u00e4nt\u00e4perhe vastaa asumiseen, ruokaan ja puhtauteen liittyvist\u00e4 kuluista. Kuukausirahaa ei kes\u00e4vaihdossa makseta. Kes\u00e4vaihto ei my\u00f6sk\u00e4\u00e4n muodosta klubille kustannuksia. Rotarypiiri kouluttaa oppilaan ja is\u00e4nt\u00e4perheen.<\/p>\n<p>[\/et_pb_text][et_pb_text admin_label=&#8221;Nuorisovaihto &#8211; Otsikko&#8221; _builder_version=&#8221;4.1&#8243; text_orientation=&#8221;center&#8221;]<\/p>\n<h3 style=\"text-align: left\">Leirivaihto<\/h3>\n<p>[\/et_pb_text][et_pb_text _builder_version=&#8221;4.1&#8243;]<\/p>\n<p>Kansainv\u00e4liset leirit tarjoavat nuorille mahdollisuuden lyhytaikaiseen oleskeluun ulkomailla jonkun teeman ymp\u00e4rill\u00e4. Leirit kest\u00e4v\u00e4t 2\u20133 viikkoa. Hakemukset tehd\u00e4\u00e4n lokakuusta alkaen ja leirille p\u00e4\u00e4sy vahvistetaan kev\u00e4ttalvella. Leirit j\u00e4rjestet\u00e4\u00e4n yleens\u00e4 hein\u00e4\u2013elokuussa, mutta joitakin leirej\u00e4 on my\u00f6s muina aikoina. Talvella helmi\u2013maaliskuussa on lasketteluleirej\u00e4.<\/p>\n<p>Alueella, johon kuuluvat Euroopan ja Afrikan maiden lis\u00e4ksi Turkki ja Israel, j\u00e4rjestet\u00e4\u00e4n vuosittain 1\u20139 leiri\u00e4 maata kohden. Ensimm\u00e4isen viikon leiril\u00e4iset asuvat eri rotariperheiss\u00e4, loppuajan yhteismajoituksessa. T\u00e4m\u00e4 tarkoittaa asumista nuorisohotellin omaisessa majoituksessa, joskus harvoin maasto-olosuhteissa.<\/p>\n<p>Leireill\u00e4 on yleens\u00e4 jokin teema (purjehdus, maalaus, musiikki, luonto <span>ensiapu<\/span> tms.), jolloin leiriohjelman painotukset ovat teeman mukaisia. My\u00f6s ns. yleisleirej\u00e4 pidet\u00e4\u00e4n. Leirej\u00e4 on my\u00f6s fyysisesti vammaisille, esimerkiksi liikuntaelin- tai kuulovammaisille.<\/p>\n<p>Leireille osallistuminen ei edellyt\u00e4 oppilas-, perhe- tai klubikohtaista vastavuoroisuutta. Leirit on tarkoitettu niin rotareiden kuin muidenkin lapsille. Leiri-ik\u00e4 on yleens\u00e4 15\u201320 vuotta, mutta joitakin leirej\u00e4 on my\u00f6s vanhemmille aina 24\u201325 vuoden ik\u00e4isiin saakka. Leirit ovat yleens\u00e4 maksullisia. Leiril\u00e4inen maksaa itse lis\u00e4ksi matkansa, tarvittavan vakuutuksen ja j\u00e4rjestelymaksun.<\/p>\n<p>Nuorisovaihdon verkkosivuilta www.rye.fi l\u00f6ytyy ajankohtaista tietoa Suomen Rotaryn nuorisovaihdosta.<\/p>\n<p>[\/et_pb_text][et_pb_text admin_label=&#8221;Nuorisovaihto &#8211; Otsikko&#8221; _builder_version=&#8221;4.1&#8243; text_orientation=&#8221;center&#8221;]<\/p>\n<h3 style=\"text-align: left\">Rotex-toiminta<\/h3>\n<p>[\/et_pb_text][et_pb_text _builder_version=&#8221;4.1&#8243;]<\/p>\n<p>Rotex on entisten vuosivaihto-oppilaiden yhteistoimintarengas. Rotexin j\u00e4senet pit\u00e4v\u00e4t toisiinsa aktiivista yhteytt\u00e4 vaihtovuotensa j\u00e4lkeen.<\/p>\n<p>Rotexin j\u00e4senet toimivat toimikunnan ja piirien apuna ja tukena, esimerkiksi sek\u00e4 l\u00e4htevien vaihto-oppilaiden opastamisessa ett\u00e4 saapuneiden oppilaiden tukihenkil\u00f6in\u00e4. He toimivat my\u00f6s tutoreina kes\u00e4leireill\u00e4, nuorisovaihdon j\u00e4rjest\u00e4mill\u00e4 matkoilla ja saapuvien oppilaitten orientoitumisleireill\u00e4.<\/p>\n<p>Rotex toimii Suomen Rotaryn nuorisovaihtotoimikunnan alaisuudessa noudattaen nuorisovaihdon ja rotaryj\u00e4rjest\u00f6n s\u00e4\u00e4nt\u00f6j\u00e4.<\/p>\n<p>[\/et_pb_text][\/et_pb_column_inner][\/et_pb_row_inner][\/et_pb_column][et_pb_column type=&#8221;1_3&#8243; module_class=&#8221;sivupalkki&#8221; _builder_version=&#8221;3.25&#8243; custom_padding=&#8221;|||&#8221; parallax__hover=&#8221;off&#8221; parallax_method__hover=&#8221;on&#8221; module_class__hover=&#8221;sivupalkki&#8221; custom_padding__hover=&#8221;|||&#8221;][et_pb_sidebar area=&#8221;sidebar-1&#8243; module_class=&#8221;sivupalkki_sisalto&#8221; _builder_version=&#8221;3.4.1&#8243; locked=&#8221;on&#8221;][\/et_pb_sidebar][\/et_pb_column][\/et_pb_section]<\/p>\n","protected":false},"excerpt":{"rendered":"<p>Vuodeksi, kes\u00e4ksi tai kahdeksi viikoksiNuorisovaihdon vaihtomuodotVuosivaihtoVuosivaihto\u00a0\u00a0\u00a0\u00a0\u00a0\u00a0\u00a0\u00a0\u00a0\u00a0\u00a0\u00a0\u00a0\u00a0\u00a0\u00a0\u00a0\u00a0\u00a0\u00a0\u00a0\u00a0\u00a0\u00a0\u00a0\u00a0\u00a0\u00a0\u00a0\u00a0\u00a0\u00a0\u00a0\u00a0\u00a0\u00a0\u00a0\u00a0\u00a0\u00a0\u00a0\u00a0\u00a0\u00a0\u00a0\u00a0\u00a0\u00a0\u00a0\u00a0\u00a0\u00a0\u00a0\u00a0\u00a0\u00a0\u00a0\u00a0\u00a0\u00a0\u00a0\u00a0\u00a0\u00a0\u00a0\u00a0\u00a0\u00a0\u00a0\u00a0\u00a0\u00a0\u00a0\u00a0\u00a0\u00a0\u00a0\u00a0\u00a0\u00a0\u00a0\u00a0\u00a0\u00a0\u00a0\u00a0\u00a0\u00a0\u00a0\u00a0\u00a0\u00a0\u00a0\u00a0\u00a0\u00a0\u00a0\u00a0\u00a0\u00a0\u00a0\u00a0\u00a0\u00a0\u00a0\u00a0\u00a0\u00a0\u00a0\u00a0\u00a0\u00a0\u00a0\u00a0\u00a0\u00a0\u00a0\u00a0 Vuosivaihto on vuoden mittainen perhe- ja opiskelujakso. Hakuaika on elo-lokakuu, vaihtomaa ja kaupunki varmistuvat helmi-huhtikuussa ja vaihto toteutuu seuraavan lukuvuoden aikana. Asukaslukuun suhteutettuna Suomi kuuluu vuosivaihdossa rotarymaailman k\u00e4rkimaihin. Vuosittain meilt\u00e4 l\u00e4htee vuosivaihtoon noin 150 nuorta ja ulkomaisia vaihto-oppilaita saapuu Suomeen vastaava m\u00e4\u00e4r\u00e4. Suomalaisten suosituimpia vaihtomaita ovat USA ja Australia. [&hellip;]<\/p>\n","protected":false},"author":1,"featured_media":0,"parent":1789,"menu_order":0,"comment_status":"closed","ping_status":"closed","template":"","meta":{"_acf_changed":false,"_et_pb_use_builder":"on","_et_pb_old_content":"","_et_gb_content_width":"","footnotes":""},"class_list":["post-154","page","type-page","status-publish","hentry"],"acf":[],"yoast_head":"<!-- This site is optimized with the Yoast SEO plugin v27.4 - https:\/\/yoast.com\/product\/yoast-seo-wordpress\/ -->\n<title>Vaihtomuodot - Lappeenranta Saimaa Rotaryklubi<\/title>\n<meta name=\"robots\" content=\"index, follow, max-snippet:-1, max-image-preview:large, max-video-preview:-1\" \/>\n<link rel=\"canonical\" href=\"https:\/\/rotary.fi\/lappeenrantasaimaa\/nuorisovaihto\/vaihtomuodot\/\" \/>\n<meta property=\"og:locale\" content=\"fi_FI\" \/>\n<meta property=\"og:type\" content=\"article\" \/>\n<meta property=\"og:title\" content=\"Vaihtomuodot - Lappeenranta Saimaa Rotaryklubi\" \/>\n<meta property=\"og:description\" content=\"Vuodeksi, kes\u00e4ksi tai kahdeksi viikoksiNuorisovaihdon vaihtomuodotVuosivaihtoVuosivaihto\u00a0\u00a0\u00a0\u00a0\u00a0\u00a0\u00a0\u00a0\u00a0\u00a0\u00a0\u00a0\u00a0\u00a0\u00a0\u00a0\u00a0\u00a0\u00a0\u00a0\u00a0\u00a0\u00a0\u00a0\u00a0\u00a0\u00a0\u00a0\u00a0\u00a0\u00a0\u00a0\u00a0\u00a0\u00a0\u00a0\u00a0\u00a0\u00a0\u00a0\u00a0\u00a0\u00a0\u00a0\u00a0\u00a0\u00a0\u00a0\u00a0\u00a0\u00a0\u00a0\u00a0\u00a0\u00a0\u00a0\u00a0\u00a0\u00a0\u00a0\u00a0\u00a0\u00a0\u00a0\u00a0\u00a0\u00a0\u00a0\u00a0\u00a0\u00a0\u00a0\u00a0\u00a0\u00a0\u00a0\u00a0\u00a0\u00a0\u00a0\u00a0\u00a0\u00a0\u00a0\u00a0\u00a0\u00a0\u00a0\u00a0\u00a0\u00a0\u00a0\u00a0\u00a0\u00a0\u00a0\u00a0\u00a0\u00a0\u00a0\u00a0\u00a0\u00a0\u00a0\u00a0\u00a0\u00a0\u00a0\u00a0\u00a0\u00a0\u00a0\u00a0\u00a0\u00a0\u00a0\u00a0\u00a0 Vuosivaihto on vuoden mittainen perhe- ja opiskelujakso. Hakuaika on elo-lokakuu, vaihtomaa ja kaupunki varmistuvat helmi-huhtikuussa ja vaihto toteutuu seuraavan lukuvuoden aikana. Asukaslukuun suhteutettuna Suomi kuuluu vuosivaihdossa rotarymaailman k\u00e4rkimaihin. Vuosittain meilt\u00e4 l\u00e4htee vuosivaihtoon noin 150 nuorta ja ulkomaisia vaihto-oppilaita saapuu Suomeen vastaava m\u00e4\u00e4r\u00e4. Suomalaisten suosituimpia vaihtomaita ovat USA ja Australia. [&hellip;]\" \/>\n<meta property=\"og:url\" content=\"https:\/\/rotary.fi\/lappeenrantasaimaa\/nuorisovaihto\/vaihtomuodot\/\" \/>\n<meta property=\"og:site_name\" content=\"Lappeenranta Saimaa Rotaryklubi\" \/>\n<meta property=\"article:modified_time\" content=\"2020-01-27T14:00:03+00:00\" \/>\n<meta name=\"twitter:card\" content=\"summary_large_image\" \/>\n<meta name=\"twitter:label1\" content=\"Arvioitu lukuaika\" \/>\n\t<meta name=\"twitter:data1\" content=\"5 minuuttia\" \/>\n<script type=\"application\/ld+json\" class=\"yoast-schema-graph\">{\"@context\":\"https:\\\/\\\/schema.org\",\"@graph\":[{\"@type\":\"WebPage\",\"@id\":\"https:\\\/\\\/rotary.fi\\\/lappeenrantasaimaa\\\/nuorisovaihto\\\/vaihtomuodot\\\/\",\"url\":\"https:\\\/\\\/rotary.fi\\\/lappeenrantasaimaa\\\/nuorisovaihto\\\/vaihtomuodot\\\/\",\"name\":\"Vaihtomuodot - Lappeenranta Saimaa Rotaryklubi\",\"isPartOf\":{\"@id\":\"https:\\\/\\\/rotary.fi\\\/lappeenrantasaimaa\\\/#website\"},\"datePublished\":\"2018-08-13T06:35:27+00:00\",\"dateModified\":\"2020-01-27T14:00:03+00:00\",\"breadcrumb\":{\"@id\":\"https:\\\/\\\/rotary.fi\\\/lappeenrantasaimaa\\\/nuorisovaihto\\\/vaihtomuodot\\\/#breadcrumb\"},\"inLanguage\":\"fi\",\"potentialAction\":[{\"@type\":\"ReadAction\",\"target\":[\"https:\\\/\\\/rotary.fi\\\/lappeenrantasaimaa\\\/nuorisovaihto\\\/vaihtomuodot\\\/\"]}]},{\"@type\":\"BreadcrumbList\",\"@id\":\"https:\\\/\\\/rotary.fi\\\/lappeenrantasaimaa\\\/nuorisovaihto\\\/vaihtomuodot\\\/#breadcrumb\",\"itemListElement\":[{\"@type\":\"ListItem\",\"position\":1,\"name\":\"Home\",\"item\":\"https:\\\/\\\/rotary.fi\\\/lappeenrantasaimaa\\\/\"},{\"@type\":\"ListItem\",\"position\":2,\"name\":\"Nuorisovaihto\",\"item\":\"https:\\\/\\\/rotary.fi\\\/lappeenrantasaimaa\\\/nuorisovaihto\\\/\"},{\"@type\":\"ListItem\",\"position\":3,\"name\":\"Vaihtomuodot\"}]},{\"@type\":\"WebSite\",\"@id\":\"https:\\\/\\\/rotary.fi\\\/lappeenrantasaimaa\\\/#website\",\"url\":\"https:\\\/\\\/rotary.fi\\\/lappeenrantasaimaa\\\/\",\"name\":\"Lappeenranta Saimaa Rotaryklubi\",\"description\":\"Uusi Rotary klubisivusto\",\"potentialAction\":[{\"@type\":\"SearchAction\",\"target\":{\"@type\":\"EntryPoint\",\"urlTemplate\":\"https:\\\/\\\/rotary.fi\\\/lappeenrantasaimaa\\\/?s={search_term_string}\"},\"query-input\":{\"@type\":\"PropertyValueSpecification\",\"valueRequired\":true,\"valueName\":\"search_term_string\"}}],\"inLanguage\":\"fi\"}]}<\/script>\n<!-- \/ Yoast SEO plugin. -->","yoast_head_json":{"title":"Vaihtomuodot - Lappeenranta Saimaa Rotaryklubi","robots":{"index":"index","follow":"follow","max-snippet":"max-snippet:-1","max-image-preview":"max-image-preview:large","max-video-preview":"max-video-preview:-1"},"canonical":"https:\/\/rotary.fi\/lappeenrantasaimaa\/nuorisovaihto\/vaihtomuodot\/","og_locale":"fi_FI","og_type":"article","og_title":"Vaihtomuodot - Lappeenranta Saimaa Rotaryklubi","og_description":"Vuodeksi, kes\u00e4ksi tai kahdeksi viikoksiNuorisovaihdon vaihtomuodotVuosivaihtoVuosivaihto\u00a0\u00a0\u00a0\u00a0\u00a0\u00a0\u00a0\u00a0\u00a0\u00a0\u00a0\u00a0\u00a0\u00a0\u00a0\u00a0\u00a0\u00a0\u00a0\u00a0\u00a0\u00a0\u00a0\u00a0\u00a0\u00a0\u00a0\u00a0\u00a0\u00a0\u00a0\u00a0\u00a0\u00a0\u00a0\u00a0\u00a0\u00a0\u00a0\u00a0\u00a0\u00a0\u00a0\u00a0\u00a0\u00a0\u00a0\u00a0\u00a0\u00a0\u00a0\u00a0\u00a0\u00a0\u00a0\u00a0\u00a0\u00a0\u00a0\u00a0\u00a0\u00a0\u00a0\u00a0\u00a0\u00a0\u00a0\u00a0\u00a0\u00a0\u00a0\u00a0\u00a0\u00a0\u00a0\u00a0\u00a0\u00a0\u00a0\u00a0\u00a0\u00a0\u00a0\u00a0\u00a0\u00a0\u00a0\u00a0\u00a0\u00a0\u00a0\u00a0\u00a0\u00a0\u00a0\u00a0\u00a0\u00a0\u00a0\u00a0\u00a0\u00a0\u00a0\u00a0\u00a0\u00a0\u00a0\u00a0\u00a0\u00a0\u00a0\u00a0\u00a0\u00a0\u00a0\u00a0\u00a0\u00a0 Vuosivaihto on vuoden mittainen perhe- ja opiskelujakso. Hakuaika on elo-lokakuu, vaihtomaa ja kaupunki varmistuvat helmi-huhtikuussa ja vaihto toteutuu seuraavan lukuvuoden aikana. Asukaslukuun suhteutettuna Suomi kuuluu vuosivaihdossa rotarymaailman k\u00e4rkimaihin. Vuosittain meilt\u00e4 l\u00e4htee vuosivaihtoon noin 150 nuorta ja ulkomaisia vaihto-oppilaita saapuu Suomeen vastaava m\u00e4\u00e4r\u00e4. Suomalaisten suosituimpia vaihtomaita ovat USA ja Australia. [&hellip;]","og_url":"https:\/\/rotary.fi\/lappeenrantasaimaa\/nuorisovaihto\/vaihtomuodot\/","og_site_name":"Lappeenranta Saimaa Rotaryklubi","article_modified_time":"2020-01-27T14:00:03+00:00","twitter_card":"summary_large_image","twitter_misc":{"Arvioitu lukuaika":"5 minuuttia"},"schema":{"@context":"https:\/\/schema.org","@graph":[{"@type":"WebPage","@id":"https:\/\/rotary.fi\/lappeenrantasaimaa\/nuorisovaihto\/vaihtomuodot\/","url":"https:\/\/rotary.fi\/lappeenrantasaimaa\/nuorisovaihto\/vaihtomuodot\/","name":"Vaihtomuodot - Lappeenranta Saimaa Rotaryklubi","isPartOf":{"@id":"https:\/\/rotary.fi\/lappeenrantasaimaa\/#website"},"datePublished":"2018-08-13T06:35:27+00:00","dateModified":"2020-01-27T14:00:03+00:00","breadcrumb":{"@id":"https:\/\/rotary.fi\/lappeenrantasaimaa\/nuorisovaihto\/vaihtomuodot\/#breadcrumb"},"inLanguage":"fi","potentialAction":[{"@type":"ReadAction","target":["https:\/\/rotary.fi\/lappeenrantasaimaa\/nuorisovaihto\/vaihtomuodot\/"]}]},{"@type":"BreadcrumbList","@id":"https:\/\/rotary.fi\/lappeenrantasaimaa\/nuorisovaihto\/vaihtomuodot\/#breadcrumb","itemListElement":[{"@type":"ListItem","position":1,"name":"Home","item":"https:\/\/rotary.fi\/lappeenrantasaimaa\/"},{"@type":"ListItem","position":2,"name":"Nuorisovaihto","item":"https:\/\/rotary.fi\/lappeenrantasaimaa\/nuorisovaihto\/"},{"@type":"ListItem","position":3,"name":"Vaihtomuodot"}]},{"@type":"WebSite","@id":"https:\/\/rotary.fi\/lappeenrantasaimaa\/#website","url":"https:\/\/rotary.fi\/lappeenrantasaimaa\/","name":"Lappeenranta Saimaa Rotaryklubi","description":"Uusi Rotary klubisivusto","potentialAction":[{"@type":"SearchAction","target":{"@type":"EntryPoint","urlTemplate":"https:\/\/rotary.fi\/lappeenrantasaimaa\/?s={search_term_string}"},"query-input":{"@type":"PropertyValueSpecification","valueRequired":true,"valueName":"search_term_string"}}],"inLanguage":"fi"}]}},"lang":"fi","translations":{"fi":154},"pll_sync_post":[],"_links":{"self":[{"href":"https:\/\/rotary.fi\/lappeenrantasaimaa\/wp-json\/wp\/v2\/pages\/154","targetHints":{"allow":["GET"]}}],"collection":[{"href":"https:\/\/rotary.fi\/lappeenrantasaimaa\/wp-json\/wp\/v2\/pages"}],"about":[{"href":"https:\/\/rotary.fi\/lappeenrantasaimaa\/wp-json\/wp\/v2\/types\/page"}],"author":[{"embeddable":true,"href":"https:\/\/rotary.fi\/lappeenrantasaimaa\/wp-json\/wp\/v2\/users\/1"}],"replies":[{"embeddable":true,"href":"https:\/\/rotary.fi\/lappeenrantasaimaa\/wp-json\/wp\/v2\/comments?post=154"}],"version-history":[{"count":17,"href":"https:\/\/rotary.fi\/lappeenrantasaimaa\/wp-json\/wp\/v2\/pages\/154\/revisions"}],"predecessor-version":[{"id":2335,"href":"https:\/\/rotary.fi\/lappeenrantasaimaa\/wp-json\/wp\/v2\/pages\/154\/revisions\/2335"}],"up":[{"embeddable":true,"href":"https:\/\/rotary.fi\/lappeenrantasaimaa\/wp-json\/wp\/v2\/pages\/1789"}],"wp:attachment":[{"href":"https:\/\/rotary.fi\/lappeenrantasaimaa\/wp-json\/wp\/v2\/media?parent=154"}],"curies":[{"name":"wp","href":"https:\/\/api.w.org\/{rel}","templated":true}]}}