{"id":94,"date":"2018-08-09T15:14:30","date_gmt":"2018-08-09T12:14:30","guid":{"rendered":"https:\/\/rotary.fi\/klubi2\/?page_id=94"},"modified":"2018-11-27T10:46:12","modified_gmt":"2018-11-27T08:46:12","slug":"ajankohtaista","status":"publish","type":"page","link":"https:\/\/rotary.fi\/laitila\/ajankohtaista\/","title":{"rendered":"Ajankohtaista"},"content":{"rendered":"<p>[et_pb_section bb_built=&#8221;1&#8243; _builder_version=&#8221;3.4.1&#8243; background_image=&#8221;https:\/\/rotary.fi\/wp-content\/uploads\/2018\/02\/paakuva-sisasivu1.jpg&#8221; next_background_color=&#8221;#ffffff&#8221; module_class=&#8221;jumbotron-page&#8221;][et_pb_row][et_pb_column type=&#8221;4_4&#8243;][et_pb_text admin_label=&#8221;P\u00e4\u00e4otsikko&#8221; _builder_version=&#8221;3.4.1&#8243; text_orientation=&#8221;center&#8221; background_layout=&#8221;dark&#8221;]<\/p>\n<h1>Ajankohtaista<\/h1>\n<p>[\/et_pb_text][\/et_pb_column][\/et_pb_row][\/et_pb_section][et_pb_section bb_built=&#8221;1&#8243; specialty=&#8221;on&#8221; prev_background_color=&#8221;#000000&#8243; _builder_version=&#8221;3.4.1&#8243; module_class_2=&#8221;sivupalkki&#8221; locked=&#8221;on&#8221;][et_pb_column type=&#8221;2_3&#8243; specialty_columns=&#8221;2&#8243;][et_pb_row_inner admin_label=&#8221;Rivi&#8221; locked=&#8221;on&#8221; parent_locked=&#8221;on&#8221;][et_pb_column_inner type=&#8221;4_4&#8243; saved_specialty_column_type=&#8221;2_3&#8243;][et_pb_text admin_label=&#8221;Otsikko&#8221; _builder_version=&#8221;3.4.1&#8243; text_orientation=&#8221;center&#8221; parent_locked=&#8221;on&#8221;]<\/p>\n<h1>Ajankohtaista<\/h1>\n<p>[\/et_pb_text][et_pb_code admin_label=&#8221;Ajankohtaisten listaus&#8221; _builder_version=&#8221;3.17.6&#8243; module_class=&#8221;kaikki_ajankohtaiset&#8221; parent_locked=&#8221;on&#8221;]<ul class=\"display-posts-listing\"><li class=\"listing-item\"><a class=\"title\" href=\"https:\/\/rotary.fi\/laitila\/ajankohtaiset\/jasenkirje-01-2026-on-ilmestynyt\/\">J\u00e4senkirje 01\/2026 on ilmestynyt<\/a> <span class=\"date\">14.4. 2026<\/span><\/li><li class=\"listing-item\"><a class=\"title\" href=\"https:\/\/rotary.fi\/laitila\/ajankohtaiset\/vappuillallinen-tangon-ja-elokuvamusiikin-kera\/\">Vappuillallinen tangon ja elokuvamusiikin kera &#8211; TAPAHTUMA PERUUTETTU<\/a> <span class=\"date\">16.2. 2026<\/span><\/li><li class=\"listing-item\"><a class=\"title\" href=\"https:\/\/rotary.fi\/laitila\/ajankohtaiset\/onko-joulupukki-rotari\/\">Onko Joulupukki rotari?<\/a> <span class=\"date\">23.12. 2025<\/span><\/li><li class=\"listing-item\"><a class=\"title\" href=\"https:\/\/rotary.fi\/laitila\/ajankohtaiset\/jasenkirje-3-2025-on-ilmestynyt\/\">J\u00e4senkirje 3\/2025 on ilmestynyt<\/a> <span class=\"date\">23.10. 2025<\/span><\/li><li class=\"listing-item\"><a class=\"title\" href=\"https:\/\/rotary.fi\/laitila\/ajankohtaiset\/presidentti-markku-lehtolan-tervehdys-rotaryvuoden-alkajaisiksi\/\">Presidentti Markku Lehtolan tervehdys rotaryvuoden alkajaisiksi<\/a> <span class=\"date\">15.7. 2025<\/span><\/li><li class=\"listing-item\"><a class=\"title\" href=\"https:\/\/rotary.fi\/laitila\/ajankohtaiset\/syyskauden-2025-ohjelma-on-julkaistu\/\">Syyskauden 2025 ohjelma on julkaistu<\/a> <span class=\"date\">1.7. 2025<\/span><\/li><li class=\"listing-item\"><a class=\"title\" href=\"https:\/\/rotary.fi\/laitila\/ajankohtaiset\/jasenkirje-2-2025-on-ilmestynyt\/\">J\u00e4senkirje 2\/2025 on ilmestynyt<\/a> <span class=\"date\">1.7. 2025<\/span><\/li><li class=\"listing-item\"><a class=\"title\" href=\"https:\/\/rotary.fi\/laitila\/ajankohtaiset\/klubikokous-poikkeuksellisesti-keskiviikkona-11-6\/\">klubikokous poikkeuksellisesti keskiviikkona 11.6.<\/a> <span class=\"date\">25.5. 2025<\/span><\/li><li class=\"listing-item\"><a class=\"title\" href=\"https:\/\/rotary.fi\/laitila\/ajankohtaiset\/klubimme-jasenlehti-1-2025-on-ilmestynyt\/\">Klubimme j\u00e4senlehti 1\/2025 on ilmestynyt<\/a> <span class=\"date\">19.3. 2025<\/span><\/li><li class=\"listing-item\"><a class=\"title\" href=\"https:\/\/rotary.fi\/laitila\/ajankohtaiset\/muutos-klubi-iltaan-18-3-2025\/\">Muutos klubi-iltaan 18.3.2025<\/a> <span class=\"date\">18.3. 2025<\/span><\/li><li class=\"listing-item\"><a class=\"title\" href=\"https:\/\/rotary.fi\/laitila\/ajankohtaiset\/kevaan-lautapeli-illat\/\">Kev\u00e4\u00e4n lautapeli-illat<\/a> <span class=\"date\">27.1. 2025<\/span><\/li><li class=\"listing-item\"><a class=\"title\" href=\"https:\/\/rotary.fi\/laitila\/ajankohtaiset\/klubin-jasenkirje-4-2024-ilmestynyt\/\">Klubin j\u00e4senkirje 4\/2024 ilmestynyt<\/a> <span class=\"date\">18.12. 2024<\/span><\/li><li class=\"listing-item\"><a class=\"title\" href=\"https:\/\/rotary.fi\/laitila\/ajankohtaiset\/laitilan-rotarit-hullun-kukon-paivassa-31-8-2024\/\">Laitilan rotarit mukana Hullun Kukon p\u00e4iv\u00e4ss\u00e4 31.8.2024<\/a> <span class=\"date\">28.8. 2024<\/span><\/li><li class=\"listing-item\"><a class=\"title\" href=\"https:\/\/rotary.fi\/laitila\/ajankohtaiset\/syksyn-lautapeli-illat\/\">Syksyn lautapeli-illat<\/a> <span class=\"date\">12.8. 2024<\/span><\/li><li class=\"listing-item\"><a class=\"title\" href=\"https:\/\/rotary.fi\/laitila\/ajankohtaiset\/tervetuloa-uusi-rotaryvuosi\/\">Tervetuloa uusi rotaryvuosi<\/a> <span class=\"date\">3.7. 2024<\/span><\/li><li class=\"listing-item\"><a class=\"title\" href=\"https:\/\/rotary.fi\/laitila\/ajankohtaiset\/klubin-uutikirje-1-2024-on-ilmestynyt\/\">Klubin uutiskirje 1\/2024 on ilmestynyt<\/a> <span class=\"date\">3.4. 2024<\/span><\/li><li class=\"listing-item\"><a class=\"title\" href=\"https:\/\/rotary.fi\/laitila\/ajankohtaiset\/laitilan-rotakidsit\/\">Laitilan RotaKidsit<\/a> <span class=\"date\">6.2. 2024<\/span><\/li><li class=\"listing-item\"><a class=\"title\" href=\"https:\/\/rotary.fi\/laitila\/ajankohtaiset\/jasenkirje-04-2023-on-ilmestynyt\/\">J\u00e4senkirje 04\/2023 on ilmestynyt<\/a> <span class=\"date\">13.12. 2023<\/span><\/li><li class=\"listing-item\"><a class=\"title\" href=\"https:\/\/rotary.fi\/laitila\/ajankohtaiset\/vuoden-2023-24-vaihto-oppilas-joao\/\">Vuoden 2023-24 vaihto-oppilas Jo\u00e3o<\/a> <span class=\"date\">11.12. 2023<\/span><\/li><li class=\"listing-item\"><a class=\"title\" href=\"https:\/\/rotary.fi\/laitila\/ajankohtaiset\/rotary-nordenin-uusin-numero-06-2023-on-ilmestynyt\/\">Rotary Nordenin uusin numero (06\/2023) on ilmestynyt<\/a> <span class=\"date\">7.11. 2023<\/span><\/li><li class=\"listing-item\"><a class=\"title\" href=\"https:\/\/rotary.fi\/laitila\/ajankohtaiset\/tule-mukaan-laitilan-rotaryklubin-lautapeli-iltoihin\/\">Tule mukaan Laitilan Rotaryklubin lautapeli-iltoihin<\/a> <span class=\"date\">7.9. 2023<\/span><\/li><li class=\"listing-item\"><a class=\"title\" href=\"https:\/\/rotary.fi\/laitila\/ajankohtaiset\/oletko-kiinnostunut-rotaryn-vaihto-oppilatoiminasta\/\">Oletko kiinnostunut Rotaryn vaihto-oppilatoiminasta?<\/a> <span class=\"date\">4.9. 2023<\/span><\/li><li class=\"listing-item\"><a class=\"title\" href=\"https:\/\/rotary.fi\/laitila\/ajankohtaiset\/syksyn-toimintakalenteri-julkaistu\/\">Syksyn toimintakalenteri julkaistu<\/a> <span class=\"date\">4.9. 2023<\/span><\/li><li class=\"listing-item\"><a class=\"title\" href=\"https:\/\/rotary.fi\/laitila\/ajankohtaiset\/rotaryvuoden-2023-2024-teema\/\">Rotaryvuoden 2023-2024 teema<\/a> <span class=\"date\">7.7. 2023<\/span><\/li><li class=\"listing-item\"><a class=\"title\" href=\"https:\/\/rotary.fi\/laitila\/ajankohtaiset\/klubin-jasenkirje-no-2-2023\/\">Klubin j\u00e4senkirje no 2\/2023<\/a> <span class=\"date\">8.5. 2023<\/span><\/li><li class=\"listing-item\"><a class=\"title\" href=\"https:\/\/rotary.fi\/laitila\/ajankohtaiset\/pelastakaa-polyttajat-kukkaniitty\/\">Pelastakaa p\u00f6lytt\u00e4j\u00e4t -kukkaniitty<\/a> <span class=\"date\">1.2. 2023<\/span><\/li><li class=\"listing-item\"><a class=\"title\" href=\"https:\/\/rotary.fi\/laitila\/ajankohtaiset\/klubin-jasenkirje-no-1-2023\/\">Klubin j\u00e4senkirje no 1\/2023<\/a> <span class=\"date\">3.1. 2023<\/span><\/li><li class=\"listing-item\"><a class=\"title\" href=\"https:\/\/rotary.fi\/laitila\/ajankohtaiset\/hyvaa-joulua\/\">Hyv\u00e4\u00e4 joulua!<\/a> <span class=\"date\">20.12. 2022<\/span><\/li><li class=\"listing-item\"><a class=\"title\" href=\"https:\/\/rotary.fi\/laitila\/ajankohtaiset\/kauden-2022-23-alustava-ohjelma\/\">Kauden 2022-23 alustava ohjelma<\/a> <span class=\"date\">30.6. 2022<\/span><\/li><li class=\"listing-item\"><a class=\"title\" href=\"https:\/\/rotary.fi\/laitila\/ajankohtaiset\/jasenkirje-3-2022-on-ilmestynyt\/\">J\u00e4senkirje 3\/2022 on ilmestynyt<\/a> <span class=\"date\">28.6. 2022<\/span><\/li><li class=\"listing-item\"><a class=\"title\" href=\"https:\/\/rotary.fi\/laitila\/ajankohtaiset\/bongaa-pontto\/\">Bongaa p\u00f6ntt\u00f6<\/a> <span class=\"date\">19.4. 2022<\/span><\/li><li class=\"listing-item\"><a class=\"title\" href=\"https:\/\/rotary.fi\/laitila\/ajankohtaiset\/oma-petsimme-onnistui\/\">Oma PETSimme onnistui<\/a> <span class=\"date\">6.3. 2022<\/span><\/li><li class=\"listing-item\"><a class=\"title\" href=\"https:\/\/rotary.fi\/laitila\/ajankohtaiset\/jasenkirje-1-2022-ilmestynyt\/\">J\u00e4senkirje 1\/2022 ilmestynyt<\/a> <span class=\"date\">27.1. 2022<\/span><\/li><li class=\"listing-item\"><a class=\"title\" href=\"https:\/\/rotary.fi\/laitila\/ajankohtaiset\/jasenkirje-4-2021-on-ilmestynyt\/\">J\u00e4senkirje 4\/2021 on ilmestynyt<\/a> <span class=\"date\">1.12. 2021<\/span><\/li><li class=\"listing-item\"><a class=\"title\" href=\"https:\/\/rotary.fi\/laitila\/ajankohtaiset\/poliokavelyn-tuotto-292-euroa\/\">Poliok\u00e4velyn tuotto 292 euroa<\/a> <span class=\"date\">27.10. 2021<\/span><\/li><li class=\"listing-item\"><a class=\"title\" href=\"https:\/\/rotary.fi\/laitila\/ajankohtaiset\/jasenkirje-3-2021-ilmestynyt\/\">J\u00e4senkirje 3\/2021 ilmestynyt<\/a> <span class=\"date\">24.9. 2021<\/span><\/li><li class=\"listing-item\"><a class=\"title\" href=\"https:\/\/rotary.fi\/laitila\/ajankohtaiset\/poliokavely-24-10-2021\/\">Poliok\u00e4vely 24.10.2021<\/a> <span class=\"date\">6.9. 2021<\/span><\/li><li class=\"listing-item\"><a class=\"title\" href=\"https:\/\/rotary.fi\/laitila\/presidentin_uutiset\/syyskauden-2021-ohjelma\/\">Syyskauden 2021 ohjelma<\/a> <span class=\"date\">28.7. 2021<\/span><\/li><li class=\"listing-item\"><a class=\"title\" href=\"https:\/\/rotary.fi\/laitila\/ajankohtaiset\/varainhankintaa-linnunpontoilla\/\">Varainhankintaa linnunp\u00f6nt\u00f6ill\u00e4<\/a> <span class=\"date\">23.4. 2021<\/span><\/li><li class=\"listing-item\"><a class=\"title\" href=\"https:\/\/rotary.fi\/laitila\/presidentin_uutiset\/kokoontumisajan-muutos\/\">Kokoontumisajan muutos<\/a> <span class=\"date\">11.12. 2020<\/span><\/li><li class=\"listing-item\"><a class=\"title\" href=\"https:\/\/rotary.fi\/laitila\/ajankohtaiset\/lahja-jolla-on-merkitys\/\">Lahja, jolla on merkitys<\/a> <span class=\"date\">10.12. 2020<\/span><\/li><li class=\"listing-item\"><a class=\"title\" href=\"https:\/\/rotary.fi\/laitila\/presidentin_uutiset\/laitilan-rotarit-ovat-myos-instagramissa\/\">Laitilan rotarit ovat my\u00f6s Instagramissa<\/a> <span class=\"date\">17.11. 2020<\/span><\/li><li class=\"listing-item\"><a class=\"title\" href=\"https:\/\/rotary.fi\/laitila\/ajankohtaiset\/metsaretki-hirvilammin-laavulle-15-11-2020\/\">Mets\u00e4retki Hirvilammin laavulle 15.11.2020<\/a> <span class=\"date\">16.11. 2020<\/span><\/li><li class=\"listing-item\"><a class=\"title\" href=\"https:\/\/rotary.fi\/laitila\/ajankohtaiset\/poliorokotteita-maailman-lapsille\/\">Poliorokotteita maailman lapsille<\/a> <span class=\"date\">26.10. 2020<\/span><\/li><li class=\"listing-item\"><a class=\"title\" href=\"https:\/\/rotary.fi\/laitila\/presidentin_uutiset\/kauden-2020-2021-ohjelma\/\">Kauden 2020-2021 ohjelma<\/a> <span class=\"date\">6.10. 2020<\/span><\/li><li class=\"listing-item\"><a class=\"title\" href=\"https:\/\/rotary.fi\/laitila\/ajankohtaiset\/hullun-kukon-paivassa-29-8-2020\/\">Hullun Kukon p\u00e4iv\u00e4ss\u00e4 29.8.2020<\/a> <span class=\"date\">30.8. 2020<\/span><\/li><li class=\"listing-item\"><a class=\"title\" href=\"https:\/\/rotary.fi\/laitila\/ajankohtaiset\/shelterbox-ja-laitilan-rotaryt-mukana-hullun-kukon-paivassa-29-8-2020\/\">Shelterbox ja Laitilan rotaryt mukana Hullun Kukon p\u00e4iv\u00e4ss\u00e4 29.8.2020<\/a> <span class=\"date\">19.8. 2020<\/span><\/li><li class=\"listing-item\"><a class=\"title\" href=\"https:\/\/rotary.fi\/laitila\/ajankohtaiset\/piirin-1410-syysseminaari\/\">Piirin 1410 syysseminaari<\/a> <span class=\"date\">19.7. 2020<\/span><\/li><li class=\"listing-item\"><a class=\"title\" href=\"https:\/\/rotary.fi\/laitila\/ajankohtaiset\/etakokous-17-5-2020\/\">Et\u00e4kokous 17.5.2020<\/a> <span class=\"date\">20.5. 2020<\/span><\/li><li class=\"listing-item\"><a class=\"title\" href=\"https:\/\/rotary.fi\/laitila\/presidentin_uutiset\/kauden-2019-2020-toiminnan-jatkuminen\/\">Kauden 2019-2020 toiminnan jatkuminen<\/a> <span class=\"date\">8.5. 2020<\/span><\/li><li class=\"listing-item\"><a class=\"title\" href=\"https:\/\/rotary.fi\/laitila\/ajankohtaiset\/tauko-laitilan-rotaryklubin-klubikokoontumisissa\/\">Tauko Laitilan Rotaryklubin klubikokoontumisissa<\/a> <span class=\"date\">24.3. 2020<\/span><\/li><li class=\"listing-item\"><a class=\"title\" href=\"https:\/\/rotary.fi\/laitila\/ajankohtaiset\/tiedote-vaihto-oppilaille-ja-heidan-vanhemmilleen\/\">Tiedote vaihto-oppilaille ja heid\u00e4n vanhemmilleen<\/a> <span class=\"date\">12.3. 2020<\/span><\/li><li class=\"listing-item\"><a class=\"title\" href=\"https:\/\/rotary.fi\/laitila\/ajankohtaiset\/martti-sjolund-tuleva-kuvernooriehdokas\/\">Martti Sj\u00f6lund tuleva kuvern\u00f6\u00f6riehdokas<\/a> <span class=\"date\">11.3. 2020<\/span><\/li><li class=\"listing-item\"><a class=\"title\" href=\"https:\/\/rotary.fi\/laitila\/ajankohtaiset\/itameriaction\/\">It\u00e4meriaction<\/a> <span class=\"date\">9.1. 2020<\/span><\/li><li class=\"listing-item\"><a class=\"title\" href=\"https:\/\/rotary.fi\/laitila\/presidentin_uutiset\/klubin-joulujuhla\/\">Klubin joulujuhla<\/a> <span class=\"date\">8.1. 2020<\/span><\/li><li class=\"listing-item\"><a class=\"title\" href=\"https:\/\/rotary.fi\/laitila\/presidentin_uutiset\/presidentin-vaihtokokous\/\">Presidentin vaihtokokous<\/a> <span class=\"date\">8.1. 2020<\/span><\/li><li class=\"listing-item\"><a class=\"title\" href=\"https:\/\/rotary.fi\/laitila\/presidentin_uutiset\/kubimme-65-vuotisjuhla\/\">Kubimme 65-vuotisjuhla<\/a> <span class=\"date\">8.1. 2020<\/span><\/li><li class=\"listing-item\"><a class=\"title\" href=\"https:\/\/rotary.fi\/laitila\/presidentin_uutiset\/kuvernoorin-kuukausikirjeet\/\">Kuvern\u00f6\u00f6rin kuukausikirjeet<\/a> <span class=\"date\">8.1. 2020<\/span><\/li><li class=\"listing-item\"><a class=\"title\" href=\"https:\/\/rotary.fi\/laitila\/ajankohtaiset\/piirikonferenssi-25-26-4-2020\/\">Piirikonferenssi 25.-26.4.2020<\/a> <span class=\"date\">8.1. 2020<\/span><\/li><li class=\"listing-item\"><a class=\"title\" href=\"https:\/\/rotary.fi\/laitila\/ajankohtaiset\/pets-29-2-2020\/\">PETS 29.2.2020<\/a> <span class=\"date\">8.1. 2020<\/span><\/li><li class=\"listing-item\"><a class=\"title\" href=\"https:\/\/rotary.fi\/laitila\/ajankohtaiset\/piirin-rli-koulutus\/\">Piirin RLI koulutus<\/a> <span class=\"date\">8.1. 2020<\/span><\/li><li class=\"listing-item\"><a class=\"title\" href=\"https:\/\/rotary.fi\/laitila\/ajankohtaiset\/rotary-valtaa-triplan\/\">Rotary valtaa Triplan<\/a> <span class=\"date\">8.1. 2020<\/span><\/li><li class=\"listing-item\"><a class=\"title\" href=\"https:\/\/rotary.fi\/laitila\/ajankohtaiset\/rotarypiirin-1410-piirikonferenssi-turussa-6-7-4-2019\/\">Piirikonferenssi &#8221;Rauhan tulevaisuus&#8221; Turussa 6.-7.4.2019<\/a> <span class=\"date\">28.1. 2019<\/span><\/li><li class=\"listing-item\"><a class=\"title\" href=\"https:\/\/rotary.fi\/laitila\/ajankohtaiset\/65-vuotisjuhla\/\">65-vuotisjuhla 8.3.2019<\/a> <span class=\"date\">28.1. 2019<\/span><\/li><li class=\"listing-item\"><a class=\"title\" href=\"https:\/\/rotary.fi\/laitila\/ajankohtaiset\/rauhankonsertti-turussa-10-2-2019\/\">Rauhankonsertti Turussa 10.2.2019<\/a> <span class=\"date\">28.1. 2019<\/span><\/li><li class=\"listing-item\"><a class=\"title\" href=\"https:\/\/rotary.fi\/laitila\/ajankohtaiset\/kauden-2019-20-teema\/\">Kauden 2019-20 teema<\/a> <span class=\"date\">28.1. 2019<\/span><\/li><\/ul>[\/et_pb_code][\/et_pb_column_inner][\/et_pb_row_inner][\/et_pb_column][et_pb_column type=&#8221;1_3&#8243;][et_pb_sidebar _builder_version=&#8221;3.4.1&#8243; area=&#8221;sidebar-1&#8243; module_class=&#8221;sivupalkki_sisalto&#8221; parent_locked=&#8221;on&#8221; \/][\/et_pb_column][\/et_pb_section]<\/p>\n","protected":false},"excerpt":{"rendered":"<p>[et_pb_section bb_built=&#8221;1&#8243; _builder_version=&#8221;3.4.1&#8243; background_image=&#8221;https:\/\/rotary.fi\/wp-content\/uploads\/2018\/02\/paakuva-sisasivu1.jpg&#8221; next_background_color=&#8221;#ffffff&#8221; module_class=&#8221;jumbotron-page&#8221;][et_pb_row][et_pb_column type=&#8221;4_4&#8243;][et_pb_text admin_label=&#8221;P\u00e4\u00e4otsikko&#8221; _builder_version=&#8221;3.4.1&#8243; text_orientation=&#8221;center&#8221; background_layout=&#8221;dark&#8221;] Ajankohtaista [\/et_pb_text][\/et_pb_column][\/et_pb_row][\/et_pb_section][et_pb_section bb_built=&#8221;1&#8243; specialty=&#8221;on&#8221; prev_background_color=&#8221;#000000&#8243; _builder_version=&#8221;3.4.1&#8243; module_class_2=&#8221;sivupalkki&#8221; locked=&#8221;on&#8221;][et_pb_column type=&#8221;2_3&#8243; specialty_columns=&#8221;2&#8243;][et_pb_row_inner admin_label=&#8221;Rivi&#8221; locked=&#8221;on&#8221; parent_locked=&#8221;on&#8221;][et_pb_column_inner type=&#8221;4_4&#8243; saved_specialty_column_type=&#8221;2_3&#8243;][et_pb_text admin_label=&#8221;Otsikko&#8221; _builder_version=&#8221;3.4.1&#8243; text_orientation=&#8221;center&#8221; parent_locked=&#8221;on&#8221;] Ajankohtaista [\/et_pb_text][et_pb_code admin_label=&#8221;Ajankohtaisten listaus&#8221; _builder_version=&#8221;3.17.6&#8243; module_class=&#8221;kaikki_ajankohtaiset&#8221; parent_locked=&#8221;on&#8221;][\/et_pb_code][\/et_pb_column_inner][\/et_pb_row_inner][\/et_pb_column][et_pb_column type=&#8221;1_3&#8243;][et_pb_sidebar _builder_version=&#8221;3.4.1&#8243; area=&#8221;sidebar-1&#8243; module_class=&#8221;sivupalkki_sisalto&#8221; parent_locked=&#8221;on&#8221; \/][\/et_pb_column][\/et_pb_section]<\/p>\n","protected":false},"author":1,"featured_media":0,"parent":0,"menu_order":0,"comment_status":"closed","ping_status":"closed","template":"","meta":{"_acf_changed":false,"_et_pb_use_builder":"on","_et_pb_old_content":"","_et_gb_content_width":"","footnotes":""},"class_list":["post-94","page","type-page","status-publish","hentry"],"acf":[],"yoast_head":"<!-- This site is optimized with the Yoast SEO plugin v27.4 - https:\/\/yoast.com\/product\/yoast-seo-wordpress\/ -->\n<title>Ajankohtaista - Laitilan Rotaryklubi<\/title>\n<meta name=\"robots\" content=\"index, follow, max-snippet:-1, max-image-preview:large, max-video-preview:-1\" \/>\n<link rel=\"canonical\" href=\"https:\/\/rotary.fi\/laitila\/ajankohtaista\/\" \/>\n<meta property=\"og:locale\" content=\"fi_FI\" \/>\n<meta property=\"og:type\" content=\"article\" \/>\n<meta property=\"og:title\" content=\"Ajankohtaista - Laitilan Rotaryklubi\" \/>\n<meta property=\"og:description\" content=\"[et_pb_section bb_built=&#8221;1&#8243; _builder_version=&#8221;3.4.1&#8243; background_image=&#8221;https:\/\/rotary.fi\/wp-content\/uploads\/2018\/02\/paakuva-sisasivu1.jpg&#8221; next_background_color=&#8221;#ffffff&#8221; module_class=&#8221;jumbotron-page&#8221;][et_pb_row][et_pb_column type=&#8221;4_4&#8243;][et_pb_text admin_label=&#8221;P\u00e4\u00e4otsikko&#8221; _builder_version=&#8221;3.4.1&#8243; text_orientation=&#8221;center&#8221; background_layout=&#8221;dark&#8221;] Ajankohtaista [\/et_pb_text][\/et_pb_column][\/et_pb_row][\/et_pb_section][et_pb_section bb_built=&#8221;1&#8243; specialty=&#8221;on&#8221; prev_background_color=&#8221;#000000&#8243; _builder_version=&#8221;3.4.1&#8243; module_class_2=&#8221;sivupalkki&#8221; locked=&#8221;on&#8221;][et_pb_column type=&#8221;2_3&#8243; specialty_columns=&#8221;2&#8243;][et_pb_row_inner admin_label=&#8221;Rivi&#8221; locked=&#8221;on&#8221; parent_locked=&#8221;on&#8221;][et_pb_column_inner type=&#8221;4_4&#8243; saved_specialty_column_type=&#8221;2_3&#8243;][et_pb_text admin_label=&#8221;Otsikko&#8221; _builder_version=&#8221;3.4.1&#8243; text_orientation=&#8221;center&#8221; parent_locked=&#8221;on&#8221;] Ajankohtaista [\/et_pb_text][et_pb_code admin_label=&#8221;Ajankohtaisten listaus&#8221; _builder_version=&#8221;3.17.6&#8243; module_class=&#8221;kaikki_ajankohtaiset&#8221; parent_locked=&#8221;on&#8221;][\/et_pb_code][\/et_pb_column_inner][\/et_pb_row_inner][\/et_pb_column][et_pb_column type=&#8221;1_3&#8243;][et_pb_sidebar _builder_version=&#8221;3.4.1&#8243; area=&#8221;sidebar-1&#8243; module_class=&#8221;sivupalkki_sisalto&#8221; parent_locked=&#8221;on&#8221; \/][\/et_pb_column][\/et_pb_section]\" \/>\n<meta property=\"og:url\" content=\"https:\/\/rotary.fi\/laitila\/ajankohtaista\/\" \/>\n<meta property=\"og:site_name\" content=\"Laitilan Rotaryklubi\" \/>\n<meta property=\"article:modified_time\" content=\"2018-11-27T08:46:12+00:00\" \/>\n<meta name=\"twitter:card\" content=\"summary_large_image\" \/>\n<meta name=\"twitter:label1\" content=\"Arvioitu lukuaika\" \/>\n\t<meta name=\"twitter:data1\" content=\"1 minuutti\" \/>\n<script type=\"application\/ld+json\" class=\"yoast-schema-graph\">{\"@context\":\"https:\\\/\\\/schema.org\",\"@graph\":[{\"@type\":\"WebPage\",\"@id\":\"https:\\\/\\\/rotary.fi\\\/laitila\\\/ajankohtaista\\\/\",\"url\":\"https:\\\/\\\/rotary.fi\\\/laitila\\\/ajankohtaista\\\/\",\"name\":\"Ajankohtaista - Laitilan Rotaryklubi\",\"isPartOf\":{\"@id\":\"https:\\\/\\\/rotary.fi\\\/laitila\\\/#website\"},\"datePublished\":\"2018-08-09T12:14:30+00:00\",\"dateModified\":\"2018-11-27T08:46:12+00:00\",\"breadcrumb\":{\"@id\":\"https:\\\/\\\/rotary.fi\\\/laitila\\\/ajankohtaista\\\/#breadcrumb\"},\"inLanguage\":\"fi\",\"potentialAction\":[{\"@type\":\"ReadAction\",\"target\":[\"https:\\\/\\\/rotary.fi\\\/laitila\\\/ajankohtaista\\\/\"]}]},{\"@type\":\"BreadcrumbList\",\"@id\":\"https:\\\/\\\/rotary.fi\\\/laitila\\\/ajankohtaista\\\/#breadcrumb\",\"itemListElement\":[{\"@type\":\"ListItem\",\"position\":1,\"name\":\"Home\",\"item\":\"https:\\\/\\\/rotary.fi\\\/laitila\\\/\"},{\"@type\":\"ListItem\",\"position\":2,\"name\":\"Ajankohtaista\"}]},{\"@type\":\"WebSite\",\"@id\":\"https:\\\/\\\/rotary.fi\\\/laitila\\\/#website\",\"url\":\"https:\\\/\\\/rotary.fi\\\/laitila\\\/\",\"name\":\"Laitilan Rotaryklubi\",\"description\":\"Uusi Rotary klubisivusto\",\"potentialAction\":[{\"@type\":\"SearchAction\",\"target\":{\"@type\":\"EntryPoint\",\"urlTemplate\":\"https:\\\/\\\/rotary.fi\\\/laitila\\\/?s={search_term_string}\"},\"query-input\":{\"@type\":\"PropertyValueSpecification\",\"valueRequired\":true,\"valueName\":\"search_term_string\"}}],\"inLanguage\":\"fi\"}]}<\/script>\n<!-- \/ Yoast SEO plugin. -->","yoast_head_json":{"title":"Ajankohtaista - Laitilan Rotaryklubi","robots":{"index":"index","follow":"follow","max-snippet":"max-snippet:-1","max-image-preview":"max-image-preview:large","max-video-preview":"max-video-preview:-1"},"canonical":"https:\/\/rotary.fi\/laitila\/ajankohtaista\/","og_locale":"fi_FI","og_type":"article","og_title":"Ajankohtaista - Laitilan Rotaryklubi","og_description":"[et_pb_section bb_built=&#8221;1&#8243; _builder_version=&#8221;3.4.1&#8243; background_image=&#8221;https:\/\/rotary.fi\/wp-content\/uploads\/2018\/02\/paakuva-sisasivu1.jpg&#8221; next_background_color=&#8221;#ffffff&#8221; module_class=&#8221;jumbotron-page&#8221;][et_pb_row][et_pb_column type=&#8221;4_4&#8243;][et_pb_text admin_label=&#8221;P\u00e4\u00e4otsikko&#8221; _builder_version=&#8221;3.4.1&#8243; text_orientation=&#8221;center&#8221; background_layout=&#8221;dark&#8221;] Ajankohtaista [\/et_pb_text][\/et_pb_column][\/et_pb_row][\/et_pb_section][et_pb_section bb_built=&#8221;1&#8243; specialty=&#8221;on&#8221; prev_background_color=&#8221;#000000&#8243; _builder_version=&#8221;3.4.1&#8243; module_class_2=&#8221;sivupalkki&#8221; locked=&#8221;on&#8221;][et_pb_column type=&#8221;2_3&#8243; specialty_columns=&#8221;2&#8243;][et_pb_row_inner admin_label=&#8221;Rivi&#8221; locked=&#8221;on&#8221; parent_locked=&#8221;on&#8221;][et_pb_column_inner type=&#8221;4_4&#8243; saved_specialty_column_type=&#8221;2_3&#8243;][et_pb_text admin_label=&#8221;Otsikko&#8221; _builder_version=&#8221;3.4.1&#8243; text_orientation=&#8221;center&#8221; parent_locked=&#8221;on&#8221;] Ajankohtaista [\/et_pb_text][et_pb_code admin_label=&#8221;Ajankohtaisten listaus&#8221; _builder_version=&#8221;3.17.6&#8243; module_class=&#8221;kaikki_ajankohtaiset&#8221; parent_locked=&#8221;on&#8221;][\/et_pb_code][\/et_pb_column_inner][\/et_pb_row_inner][\/et_pb_column][et_pb_column type=&#8221;1_3&#8243;][et_pb_sidebar _builder_version=&#8221;3.4.1&#8243; area=&#8221;sidebar-1&#8243; module_class=&#8221;sivupalkki_sisalto&#8221; parent_locked=&#8221;on&#8221; \/][\/et_pb_column][\/et_pb_section]","og_url":"https:\/\/rotary.fi\/laitila\/ajankohtaista\/","og_site_name":"Laitilan Rotaryklubi","article_modified_time":"2018-11-27T08:46:12+00:00","twitter_card":"summary_large_image","twitter_misc":{"Arvioitu lukuaika":"1 minuutti"},"schema":{"@context":"https:\/\/schema.org","@graph":[{"@type":"WebPage","@id":"https:\/\/rotary.fi\/laitila\/ajankohtaista\/","url":"https:\/\/rotary.fi\/laitila\/ajankohtaista\/","name":"Ajankohtaista - Laitilan Rotaryklubi","isPartOf":{"@id":"https:\/\/rotary.fi\/laitila\/#website"},"datePublished":"2018-08-09T12:14:30+00:00","dateModified":"2018-11-27T08:46:12+00:00","breadcrumb":{"@id":"https:\/\/rotary.fi\/laitila\/ajankohtaista\/#breadcrumb"},"inLanguage":"fi","potentialAction":[{"@type":"ReadAction","target":["https:\/\/rotary.fi\/laitila\/ajankohtaista\/"]}]},{"@type":"BreadcrumbList","@id":"https:\/\/rotary.fi\/laitila\/ajankohtaista\/#breadcrumb","itemListElement":[{"@type":"ListItem","position":1,"name":"Home","item":"https:\/\/rotary.fi\/laitila\/"},{"@type":"ListItem","position":2,"name":"Ajankohtaista"}]},{"@type":"WebSite","@id":"https:\/\/rotary.fi\/laitila\/#website","url":"https:\/\/rotary.fi\/laitila\/","name":"Laitilan Rotaryklubi","description":"Uusi Rotary klubisivusto","potentialAction":[{"@type":"SearchAction","target":{"@type":"EntryPoint","urlTemplate":"https:\/\/rotary.fi\/laitila\/?s={search_term_string}"},"query-input":{"@type":"PropertyValueSpecification","valueRequired":true,"valueName":"search_term_string"}}],"inLanguage":"fi"}]}},"lang":"fi","translations":{"fi":94},"pll_sync_post":[],"_links":{"self":[{"href":"https:\/\/rotary.fi\/laitila\/wp-json\/wp\/v2\/pages\/94","targetHints":{"allow":["GET"]}}],"collection":[{"href":"https:\/\/rotary.fi\/laitila\/wp-json\/wp\/v2\/pages"}],"about":[{"href":"https:\/\/rotary.fi\/laitila\/wp-json\/wp\/v2\/types\/page"}],"author":[{"embeddable":true,"href":"https:\/\/rotary.fi\/laitila\/wp-json\/wp\/v2\/users\/1"}],"replies":[{"embeddable":true,"href":"https:\/\/rotary.fi\/laitila\/wp-json\/wp\/v2\/comments?post=94"}],"version-history":[{"count":6,"href":"https:\/\/rotary.fi\/laitila\/wp-json\/wp\/v2\/pages\/94\/revisions"}],"predecessor-version":[{"id":1332,"href":"https:\/\/rotary.fi\/laitila\/wp-json\/wp\/v2\/pages\/94\/revisions\/1332"}],"wp:attachment":[{"href":"https:\/\/rotary.fi\/laitila\/wp-json\/wp\/v2\/media?parent=94"}],"curies":[{"name":"wp","href":"https:\/\/api.w.org\/{rel}","templated":true}]}}