{"id":2485,"date":"2026-02-16T09:45:03","date_gmt":"2026-02-16T07:45:03","guid":{"rendered":"https:\/\/rotary.fi\/laitila\/?page_id=2485"},"modified":"2026-03-05T17:48:01","modified_gmt":"2026-03-05T15:48:01","slug":"tenori-harri-kaitila","status":"publish","type":"page","link":"https:\/\/rotary.fi\/laitila\/tenori-harri-kaitila\/","title":{"rendered":"Tenori Harri Kaitila"},"content":{"rendered":"<p>[et_pb_section fb_built=&#8221;1&#8243; admin_label=&#8221;section&#8221; _builder_version=&#8221;4.16&#8243; global_colors_info=&#8221;{}&#8221;][et_pb_row admin_label=&#8221;row&#8221; _builder_version=&#8221;4.16&#8243; background_size=&#8221;initial&#8221; background_position=&#8221;top_left&#8221; background_repeat=&#8221;repeat&#8221; global_colors_info=&#8221;{}&#8221;][et_pb_column type=&#8221;4_4&#8243; _builder_version=&#8221;4.16&#8243; custom_padding=&#8221;|||&#8221; global_colors_info=&#8221;{}&#8221; custom_padding__hover=&#8221;|||&#8221;][et_pb_text admin_label=&#8221;Text&#8221; _builder_version=&#8221;4.27.4&#8243; background_size=&#8221;initial&#8221; background_position=&#8221;top_left&#8221; background_repeat=&#8221;repeat&#8221; hover_enabled=&#8221;0&#8243; global_colors_info=&#8221;{}&#8221; sticky_enabled=&#8221;0&#8243;]<\/p>\n<p><a href=\"https:\/\/rotary.fi\/laitila\/tenori-harri-kaitila\/ie3a6600-2\/\"><img loading=\"lazy\" decoding=\"async\" class=\"wp-image-2501 alignleft size-medium\" src=\"https:\/\/rotary.fi\/laitila\/wp-content\/uploads\/sites\/26\/2026\/03\/ie3a6600-200x300.jpg\" alt=\"\" width=\"200\" height=\"300\" \/><\/a><\/p>\n<p>Harri Kaitila on saanut p\u00e4\u00e4asiallisen laulukoulutuksensa<strong> Wienin musiikkikorkeakoulun solistisella linjalla<\/strong> ja <strong>Wienin konservatorion oopperastudiossa<\/strong>, jossa h\u00e4n suoritti oopperalaulajan diplomitutkinnon.<\/p>\n<p>Lauluopintojensa j\u00e4lkeen h\u00e4n kuului<strong> Passaun oopperan solistikuntaan<\/strong> ja on sen j\u00e4lkeen laulanut <strong>ooppera-, lied- ja oratoriolaulajana It\u00e4vallassa, Saksassa, Unkarissa, Slovakiassa, Tsekiss\u00e4 ja Norjassa<\/strong>. Suomessa h\u00e4n on esiintynyt keskeisiss\u00e4 tenorirooleissa <strong>Tampereen, Turun, Jyv\u00e4skyl\u00e4n ja Kuopion oopperoissa<\/strong> rooleinaan mm. <strong>Mozartin Taikahuilu-oopperan Tamino, Puccinin Gianni Schicchi-oopperan Rinuccio ja Tchaikovskyn oopperan Jevgeni Onegin runoilija Lenski.<\/strong> Laulu-uransa ohella h\u00e4n on toiminut pitk\u00e4\u00e4n laulupedagogina mm. Kuopion konservatoriossa ja Sibelius-Akatemian Kuopion kirkkomusiikkiosastolla.<\/p>\n<p>Kaitila on toiminut my\u00f6s useita vuosia Suomen ja Saksan v\u00e4lisess\u00e4 kulttuurivaihtoty\u00f6ss\u00e4 <strong>Suomen-Saksan-instituutin kulttuurivastaavana<\/strong> Berliiniss\u00e4.<\/p>\n<p>Jo vuosituhannen alusta Harri Kaitilan erityinen mielenkiinnon kohde on ollut <strong>kansainv\u00e4linen konserttitango<\/strong>, jota h\u00e4n on esitt\u00e4nyt festivaaleilla Suomessa ja Keski-Euroopassa, mm. Berliinin, Slovakian ja Luxemburgin Filharmonioissa. Suomessa h\u00e4n on laulanut <strong>Tampereen Maailmantango- ja Satah\u00e4me Soi-festivaaleilla, Sein\u00e4joen Tangomarkkinoilla sek\u00e4 Joroisten Musiikkip\u00e4ivill\u00e4<\/strong>. Pienempien kokoonpanojen lis\u00e4ksi h\u00e4n on laulanut mm. <strong>Kuopion kaupunginorkesterin ja Slovakian Radion Sinfoniaorkesterin<\/strong> solistina kansainv\u00e4lisell\u00e4 konserttitango-ohjelmalla, yhdess\u00e4 <strong>bandoneonisti Mikko Heleniuksen<\/strong> kanssa.<\/p>\n<p>Kaitilalta on t\u00e4h\u00e4n menness\u00e4 ilmestynyt <strong>kolme tangoalbumia<\/strong>, joista ensimm\u00e4inen,\u201d<strong>Schicksalstango\u201d<\/strong> (Able Music, Berlin 2000), sis\u00e4lt\u00e4\u00e4 suomalaisia tangoklassikkoja viidelt\u00e4 vuosikymmenelt\u00e4, ensi kertaa saksankielisin\u00e4 versioina Kaitilan omin k\u00e4\u00e4nn\u00f6ksin. Toinen tangoalbumi, <strong>Un finland\u00e9s en Buenos Aires<\/strong>, yhdess\u00e4 bandoneontaiteilija Mikko Heleniuksen ja Tango Sonorte-yhtyeen kanssa, sai erinomaisen arvion arvostetussa saksankielisess\u00e4 Tangodanza-lehdess\u00e4. Kaitilan albumi, syksyll\u00e4 2022 julkaistu <strong>Tango M\u00e1laga<\/strong>, sis\u00e4lt\u00e4\u00e4 s\u00e4velt\u00e4j\u00e4 Tapani Purasen ja Kaitilan s\u00e4velt\u00e4m\u00e4\u00e4 uutta suomalaista tangomusiikkia latinalaisamerikkalaistyylisesti sovitettuna. Harri Kaitilan viime vuosien t\u00e4rkeimpi\u00e4 yhteisty\u00f6kumppaneita edell\u00e4 mainittujen lis\u00e4ksi ovat <strong>bandoneonisti Sami Pirttilahti ja pianisti Ville Westerg\u00e5rd.<\/strong> Heid\u00e4n perustamansa Tango del norte- orkesterin solistina Kaitila on laulanut pitkill\u00e4 yhteisill\u00e4 Suomen-kiertueilla. Vuodesta 2020 h\u00e4n on ollut my\u00f6s Sami Pirttilahden luotsaaman Pirttilahti Tango Experience-orkesterin (PTE) solisti ja esiintynyt t\u00e4ss\u00e4 kokoonpanossa mm. Satah\u00e4me Soi-festivaalin televisioidussa avajaiskonsertissa.<\/p>\n<p>Vuonna 2025 perustettu Kaitila &amp; Helenius-duo on julkaissut kolme \u00e4\u00e4nitett\u00e4, Astor Piazzollan kappaleen Kuppilan Pikkupoika (Chiquil\u00edn de Bach\u00edn), Carlos Gardelin kappaleen Sus ojos se cerraron sek\u00e4 Harri Kaitilan suomentamana saman kappaleen suomenkielisen version Ja silm\u00e4t sulkeutuivat. <strong>Kaitila &amp; Helenius-duoa voi kuulla toukokuussa 2026 mm. Dortmundiin, Esseniin, Leverkuseniin ja Hampuriin ulottuvalla Saksan-kiertueella<\/strong>.<\/p>\n<p>[\/et_pb_text][\/et_pb_column][\/et_pb_row][\/et_pb_section]<\/p>\n","protected":false},"excerpt":{"rendered":"<p>Harri Kaitila on saanut p\u00e4\u00e4asiallisen laulukoulutuksensa Wienin musiikkikorkeakoulun solistisella linjalla ja Wienin konservatorion oopperastudiossa, jossa h\u00e4n suoritti oopperalaulajan diplomitutkinnon. Lauluopintojensa j\u00e4lkeen h\u00e4n kuului Passaun oopperan solistikuntaan ja on sen j\u00e4lkeen laulanut ooppera-, lied- ja oratoriolaulajana It\u00e4vallassa, Saksassa, Unkarissa, Slovakiassa, Tsekiss\u00e4 ja Norjassa. Suomessa h\u00e4n on esiintynyt keskeisiss\u00e4 tenorirooleissa Tampereen, Turun, Jyv\u00e4skyl\u00e4n ja Kuopion oopperoissa rooleinaan [&hellip;]<\/p>\n","protected":false},"author":384,"featured_media":2486,"parent":0,"menu_order":0,"comment_status":"closed","ping_status":"closed","template":"","meta":{"_acf_changed":false,"_et_pb_use_builder":"on","_et_pb_old_content":"Harri Kaitila on saanut p\u00e4\u00e4asiallisen laulukoulutuksensa Wienin musiikkikorkeakoulun solistisella linjalla ja Wienin konservatorion oopperastudiossa, jossa h\u00e4n suoritti oopperalaulajan diplomitutkinnon.\r\n\r\nLauluopintojensa j\u00e4lkeen h\u00e4n kuului Passaun oopperan solistikuntaan ja on sen j\u00e4lkeen laulanut ooppera-, lied- ja oratoriolaulajana It\u00e4vallassa, Saksassa, Unkarissa, Slovakiassa, Tsekiss\u00e4 ja Norjassa. Suomessa h\u00e4n on esiintynyt keskeisiss\u00e4 tenorirooleissa Tampereen, Turun, Jyv\u00e4skyl\u00e4n ja Kuopion oopperoissa rooleinaan mm. Mozartin Taikahuilu-oopperan Tamino, Puccinin Gianni Schicchi-oopperan Rinuccio ja Tchaikovskyn oopperan Jevgeni Onegin runoilija Lenski. Laulu-uransa ohella h\u00e4n on toiminut pitk\u00e4\u00e4n laulupedagogina mm. Kuopion konservatoriossa ja Sibelius-Akatemian Kuopion kirkkomusiikkiosastolla.\r\n\r\nKaitila on toiminut my\u00f6s useita vuosia Suomen ja Saksan v\u00e4lisess\u00e4 kulttuurivaihtoty\u00f6ss\u00e4 Suomen-Saksan-instituutin kulttuurivastaavana Berliiniss\u00e4.\r\n\r\nJo vuosituhannen alusta Harri Kaitilan erityinen mielenkiinnon kohde on ollut kansainv\u00e4linen konserttitango, jota h\u00e4n on esitt\u00e4nyt festivaaleilla Suomessa ja Keski-Euroopassa, mm. Berliinin, Slovakian ja Luxemburgin Filharmonioissa. Suomessa h\u00e4n on laulanut Tampereen Maailmantango- ja Satah\u00e4me Soi-festivaaleilla, Sein\u00e4joen Tangomarkkinoilla sek\u00e4 Joroisten Musiikkip\u00e4ivill\u00e4. Pienempien kokoonpanojen lis\u00e4ksi h\u00e4n on laulanut mm. Kuopion kaupunginorkesterin ja Slovakian Radion Sinfoniaorkesterin solistina kansainv\u00e4lisell\u00e4 konserttitango-ohjelmalla, yhdess\u00e4 bandoneonisti Mikko Heleniuksen kanssa.\r\n\r\nKaitilalta on t\u00e4h\u00e4n menness\u00e4 ilmestynyt kolme tangoalbumia, joista ensimm\u00e4inen,\u201dSchicksalstango\u201d (Able Music, Berlin 2000), sis\u00e4lt\u00e4\u00e4 suomalaisia tangoklassikkoja viidelt\u00e4 vuosikymmenelt\u00e4, ensi kertaa saksankielisin\u00e4 versioina Kaitilan omin k\u00e4\u00e4nn\u00f6ksin. Toinen tangoalbumi, Un finland\u00e9s en Buenos Aires, yhdess\u00e4 bandoneontaiteilija Mikko Heleniuksen ja Tango Sonorte-yhtyeen kanssa, sai erinomaisen arvion arvostetussa saksankielisess\u00e4 Tangodanza-lehdess\u00e4. Kaitilan albumi, syksyll\u00e4 2022 julkaistu Tango M\u00e1laga, sis\u00e4lt\u00e4\u00e4 s\u00e4velt\u00e4j\u00e4 Tapani Purasen ja Kaitilan s\u00e4velt\u00e4m\u00e4\u00e4 uutta suomalaista tangomusiikkia\r\nlatinalaisamerikkalaistyylisesti sovitettuna. Harri Kaitilan viime vuosien t\u00e4rkeimpi\u00e4 yhteisty\u00f6kumppaneita edell\u00e4 mainittujen lis\u00e4ksi ovat bandoneonisti Sami Pirttilahti ja pianisti Ville Westerg\u00e5rd. Heid\u00e4n perustamansa Tango del norte- orkesterin solistina Kaitila on laulanut pitkill\u00e4 yhteisill\u00e4 Suomen-kiertueilla. Vuodesta 2020 h\u00e4n on ollut my\u00f6s Sami Pirttilahden luotsaaman Pirttilahti Tango Experience-orkesterin (PTE) solisti ja esiintynyt t\u00e4ss\u00e4 kokoonpanossa mm. Satah\u00e4me Soi-festivaalin televisioidussa avajaiskonsertissa.\r\n\r\nVuonna 2025 perustettu Kaitila & Helenius-duo on julkaissut kolme \u00e4\u00e4nitett\u00e4, Astor Piazzollan kappaleen Kuppilan Pikkupoika (Chiquil\u00edn de Bach\u00edn), Carlos Gardelin kappaleen Sus ojos se cerraron sek\u00e4 Harri Kaitilan suomentamana saman kappaleen suomenkielisen version Ja silm\u00e4t sulkeutuivat. Kaitila & Helenius-duoa voi kuulla toukokuussa 2026 mm. Dortmundiin, Esseniin, Leverkuseniin ja Hampuriin ulottuvalla\r\nSaksan-kiertueella.","_et_gb_content_width":"","footnotes":""},"class_list":["post-2485","page","type-page","status-publish","has-post-thumbnail","hentry"],"acf":[],"yoast_head":"<!-- This site is optimized with the Yoast SEO plugin v27.0 - https:\/\/yoast.com\/product\/yoast-seo-wordpress\/ -->\n<title>Tenori Harri Kaitila - Laitilan Rotaryklubi<\/title>\n<meta name=\"robots\" content=\"index, follow, max-snippet:-1, max-image-preview:large, max-video-preview:-1\" \/>\n<link rel=\"canonical\" href=\"https:\/\/rotary.fi\/laitila\/tenori-harri-kaitila\/\" \/>\n<meta property=\"og:locale\" content=\"fi_FI\" \/>\n<meta property=\"og:type\" content=\"article\" \/>\n<meta property=\"og:title\" content=\"Tenori Harri Kaitila - Laitilan Rotaryklubi\" \/>\n<meta property=\"og:description\" content=\"Harri Kaitila on saanut p\u00e4\u00e4asiallisen laulukoulutuksensa Wienin musiikkikorkeakoulun solistisella linjalla ja Wienin konservatorion oopperastudiossa, jossa h\u00e4n suoritti oopperalaulajan diplomitutkinnon. Lauluopintojensa j\u00e4lkeen h\u00e4n kuului Passaun oopperan solistikuntaan ja on sen j\u00e4lkeen laulanut ooppera-, lied- ja oratoriolaulajana It\u00e4vallassa, Saksassa, Unkarissa, Slovakiassa, Tsekiss\u00e4 ja Norjassa. Suomessa h\u00e4n on esiintynyt keskeisiss\u00e4 tenorirooleissa Tampereen, Turun, Jyv\u00e4skyl\u00e4n ja Kuopion oopperoissa rooleinaan [&hellip;]\" \/>\n<meta property=\"og:url\" content=\"https:\/\/rotary.fi\/laitila\/tenori-harri-kaitila\/\" \/>\n<meta property=\"og:site_name\" content=\"Laitilan Rotaryklubi\" \/>\n<meta property=\"article:modified_time\" content=\"2026-03-05T15:48:01+00:00\" \/>\n<meta property=\"og:image\" content=\"https:\/\/rotary.fi\/laitila\/wp-content\/uploads\/sites\/26\/2026\/02\/ie3a6600.jpg\" \/>\n\t<meta property=\"og:image:width\" content=\"1365\" \/>\n\t<meta property=\"og:image:height\" content=\"2048\" \/>\n\t<meta property=\"og:image:type\" content=\"image\/jpeg\" \/>\n<meta name=\"twitter:card\" content=\"summary_large_image\" \/>\n<meta name=\"twitter:label1\" content=\"Arvioitu lukuaika\" \/>\n\t<meta name=\"twitter:data1\" content=\"3 minuuttia\" \/>\n<script type=\"application\/ld+json\" class=\"yoast-schema-graph\">{\"@context\":\"https:\/\/schema.org\",\"@graph\":[{\"@type\":\"WebPage\",\"@id\":\"https:\/\/rotary.fi\/laitila\/tenori-harri-kaitila\/\",\"url\":\"https:\/\/rotary.fi\/laitila\/tenori-harri-kaitila\/\",\"name\":\"Tenori Harri Kaitila - Laitilan Rotaryklubi\",\"isPartOf\":{\"@id\":\"https:\/\/rotary.fi\/laitila\/#website\"},\"primaryImageOfPage\":{\"@id\":\"https:\/\/rotary.fi\/laitila\/tenori-harri-kaitila\/#primaryimage\"},\"image\":{\"@id\":\"https:\/\/rotary.fi\/laitila\/tenori-harri-kaitila\/#primaryimage\"},\"thumbnailUrl\":\"https:\/\/rotary.fi\/laitila\/wp-content\/uploads\/sites\/26\/2026\/02\/ie3a6600.jpg\",\"datePublished\":\"2026-02-16T07:45:03+00:00\",\"dateModified\":\"2026-03-05T15:48:01+00:00\",\"breadcrumb\":{\"@id\":\"https:\/\/rotary.fi\/laitila\/tenori-harri-kaitila\/#breadcrumb\"},\"inLanguage\":\"fi\",\"potentialAction\":[{\"@type\":\"ReadAction\",\"target\":[\"https:\/\/rotary.fi\/laitila\/tenori-harri-kaitila\/\"]}]},{\"@type\":\"ImageObject\",\"inLanguage\":\"fi\",\"@id\":\"https:\/\/rotary.fi\/laitila\/tenori-harri-kaitila\/#primaryimage\",\"url\":\"https:\/\/rotary.fi\/laitila\/wp-content\/uploads\/sites\/26\/2026\/02\/ie3a6600.jpg\",\"contentUrl\":\"https:\/\/rotary.fi\/laitila\/wp-content\/uploads\/sites\/26\/2026\/02\/ie3a6600.jpg\",\"width\":1365,\"height\":2048},{\"@type\":\"BreadcrumbList\",\"@id\":\"https:\/\/rotary.fi\/laitila\/tenori-harri-kaitila\/#breadcrumb\",\"itemListElement\":[{\"@type\":\"ListItem\",\"position\":1,\"name\":\"Home\",\"item\":\"https:\/\/rotary.fi\/laitila\/\"},{\"@type\":\"ListItem\",\"position\":2,\"name\":\"Tenori Harri Kaitila\"}]},{\"@type\":\"WebSite\",\"@id\":\"https:\/\/rotary.fi\/laitila\/#website\",\"url\":\"https:\/\/rotary.fi\/laitila\/\",\"name\":\"Laitilan Rotaryklubi\",\"description\":\"Uusi Rotary klubisivusto\",\"potentialAction\":[{\"@type\":\"SearchAction\",\"target\":{\"@type\":\"EntryPoint\",\"urlTemplate\":\"https:\/\/rotary.fi\/laitila\/?s={search_term_string}\"},\"query-input\":{\"@type\":\"PropertyValueSpecification\",\"valueRequired\":true,\"valueName\":\"search_term_string\"}}],\"inLanguage\":\"fi\"}]}<\/script>\n<!-- \/ Yoast SEO plugin. -->","yoast_head_json":{"title":"Tenori Harri Kaitila - Laitilan Rotaryklubi","robots":{"index":"index","follow":"follow","max-snippet":"max-snippet:-1","max-image-preview":"max-image-preview:large","max-video-preview":"max-video-preview:-1"},"canonical":"https:\/\/rotary.fi\/laitila\/tenori-harri-kaitila\/","og_locale":"fi_FI","og_type":"article","og_title":"Tenori Harri Kaitila - Laitilan Rotaryklubi","og_description":"Harri Kaitila on saanut p\u00e4\u00e4asiallisen laulukoulutuksensa Wienin musiikkikorkeakoulun solistisella linjalla ja Wienin konservatorion oopperastudiossa, jossa h\u00e4n suoritti oopperalaulajan diplomitutkinnon. Lauluopintojensa j\u00e4lkeen h\u00e4n kuului Passaun oopperan solistikuntaan ja on sen j\u00e4lkeen laulanut ooppera-, lied- ja oratoriolaulajana It\u00e4vallassa, Saksassa, Unkarissa, Slovakiassa, Tsekiss\u00e4 ja Norjassa. Suomessa h\u00e4n on esiintynyt keskeisiss\u00e4 tenorirooleissa Tampereen, Turun, Jyv\u00e4skyl\u00e4n ja Kuopion oopperoissa rooleinaan [&hellip;]","og_url":"https:\/\/rotary.fi\/laitila\/tenori-harri-kaitila\/","og_site_name":"Laitilan Rotaryklubi","article_modified_time":"2026-03-05T15:48:01+00:00","og_image":[{"width":1365,"height":2048,"url":"https:\/\/rotary.fi\/laitila\/wp-content\/uploads\/sites\/26\/2026\/02\/ie3a6600.jpg","type":"image\/jpeg"}],"twitter_card":"summary_large_image","twitter_misc":{"Arvioitu lukuaika":"3 minuuttia"},"schema":{"@context":"https:\/\/schema.org","@graph":[{"@type":"WebPage","@id":"https:\/\/rotary.fi\/laitila\/tenori-harri-kaitila\/","url":"https:\/\/rotary.fi\/laitila\/tenori-harri-kaitila\/","name":"Tenori Harri Kaitila - Laitilan Rotaryklubi","isPartOf":{"@id":"https:\/\/rotary.fi\/laitila\/#website"},"primaryImageOfPage":{"@id":"https:\/\/rotary.fi\/laitila\/tenori-harri-kaitila\/#primaryimage"},"image":{"@id":"https:\/\/rotary.fi\/laitila\/tenori-harri-kaitila\/#primaryimage"},"thumbnailUrl":"https:\/\/rotary.fi\/laitila\/wp-content\/uploads\/sites\/26\/2026\/02\/ie3a6600.jpg","datePublished":"2026-02-16T07:45:03+00:00","dateModified":"2026-03-05T15:48:01+00:00","breadcrumb":{"@id":"https:\/\/rotary.fi\/laitila\/tenori-harri-kaitila\/#breadcrumb"},"inLanguage":"fi","potentialAction":[{"@type":"ReadAction","target":["https:\/\/rotary.fi\/laitila\/tenori-harri-kaitila\/"]}]},{"@type":"ImageObject","inLanguage":"fi","@id":"https:\/\/rotary.fi\/laitila\/tenori-harri-kaitila\/#primaryimage","url":"https:\/\/rotary.fi\/laitila\/wp-content\/uploads\/sites\/26\/2026\/02\/ie3a6600.jpg","contentUrl":"https:\/\/rotary.fi\/laitila\/wp-content\/uploads\/sites\/26\/2026\/02\/ie3a6600.jpg","width":1365,"height":2048},{"@type":"BreadcrumbList","@id":"https:\/\/rotary.fi\/laitila\/tenori-harri-kaitila\/#breadcrumb","itemListElement":[{"@type":"ListItem","position":1,"name":"Home","item":"https:\/\/rotary.fi\/laitila\/"},{"@type":"ListItem","position":2,"name":"Tenori Harri Kaitila"}]},{"@type":"WebSite","@id":"https:\/\/rotary.fi\/laitila\/#website","url":"https:\/\/rotary.fi\/laitila\/","name":"Laitilan Rotaryklubi","description":"Uusi Rotary klubisivusto","potentialAction":[{"@type":"SearchAction","target":{"@type":"EntryPoint","urlTemplate":"https:\/\/rotary.fi\/laitila\/?s={search_term_string}"},"query-input":{"@type":"PropertyValueSpecification","valueRequired":true,"valueName":"search_term_string"}}],"inLanguage":"fi"}]}},"lang":"fi","translations":{"fi":2485},"pll_sync_post":[],"_links":{"self":[{"href":"https:\/\/rotary.fi\/laitila\/wp-json\/wp\/v2\/pages\/2485","targetHints":{"allow":["GET"]}}],"collection":[{"href":"https:\/\/rotary.fi\/laitila\/wp-json\/wp\/v2\/pages"}],"about":[{"href":"https:\/\/rotary.fi\/laitila\/wp-json\/wp\/v2\/types\/page"}],"author":[{"embeddable":true,"href":"https:\/\/rotary.fi\/laitila\/wp-json\/wp\/v2\/users\/384"}],"replies":[{"embeddable":true,"href":"https:\/\/rotary.fi\/laitila\/wp-json\/wp\/v2\/comments?post=2485"}],"version-history":[{"count":3,"href":"https:\/\/rotary.fi\/laitila\/wp-json\/wp\/v2\/pages\/2485\/revisions"}],"predecessor-version":[{"id":2502,"href":"https:\/\/rotary.fi\/laitila\/wp-json\/wp\/v2\/pages\/2485\/revisions\/2502"}],"wp:featuredmedia":[{"embeddable":true,"href":"https:\/\/rotary.fi\/laitila\/wp-json\/wp\/v2\/media\/2486"}],"wp:attachment":[{"href":"https:\/\/rotary.fi\/laitila\/wp-json\/wp\/v2\/media?parent=2485"}],"curies":[{"name":"wp","href":"https:\/\/api.w.org\/{rel}","templated":true}]}}