{"id":160,"date":"2018-08-13T09:49:16","date_gmt":"2018-08-13T06:49:16","guid":{"rendered":"https:\/\/rotary.fi\/lahtiwesijarvi\/?page_id=160"},"modified":"2024-07-10T17:19:32","modified_gmt":"2024-07-10T14:19:32","slug":"yhteiset-projektit","status":"publish","type":"page","link":"https:\/\/rotary.fi\/lahtiwesijarvi\/mita-teemme\/yhteiset-projektit\/","title":{"rendered":"Yhteiset projektit"},"content":{"rendered":"<p>[et_pb_section fb_built=&#8221;1&#8243; module_class=&#8221;jumbotron-page&#8221; _builder_version=&#8221;4.16&#8243; background_image=&#8221;https:\/\/rotary.fi\/lahtiwesijarvi\/wp-content\/uploads\/sites\/60\/2019\/01\/dsc08072.jpg&#8221; parallax=&#8221;on&#8221; max_width=&#8221;54%&#8221; module_alignment=&#8221;center&#8221; border_width_all=&#8221;1px&#8221; global_colors_info=&#8221;{}&#8221;][et_pb_row _builder_version=&#8221;4.16&#8243; background_size=&#8221;initial&#8221; background_position=&#8221;top_left&#8221; background_repeat=&#8221;repeat&#8221; global_colors_info=&#8221;{}&#8221;][et_pb_column type=&#8221;4_4&#8243; _builder_version=&#8221;4.16&#8243; custom_padding=&#8221;|||&#8221; global_colors_info=&#8221;{}&#8221; custom_padding__hover=&#8221;|||&#8221;][et_pb_text admin_label=&#8221;P\u00e4\u00e4otsikko&#8221; _builder_version=&#8221;4.16&#8243; text_orientation=&#8221;center&#8221; background_layout=&#8221;dark&#8221; global_colors_info=&#8221;{}&#8221;]<\/p>\n<h1 style=\"text-align: left\"><\/h1>\n<p>[\/et_pb_text][\/et_pb_column][\/et_pb_row][\/et_pb_section][et_pb_section fb_built=&#8221;1&#8243; specialty=&#8221;on&#8221; module_class_2=&#8221;sivupalkki&#8221; _builder_version=&#8221;4.16&#8243; global_colors_info=&#8221;{}&#8221;][et_pb_column type=&#8221;2_3&#8243; specialty_columns=&#8221;2&#8243; _builder_version=&#8221;4.16&#8243; custom_padding=&#8221;|||&#8221; global_colors_info=&#8221;{}&#8221; parallax__hover=&#8221;off&#8221; parallax_method__hover=&#8221;on&#8221; custom_padding__hover=&#8221;|||&#8221;][et_pb_row_inner admin_label=&#8221;Rivi&#8221; _builder_version=&#8221;4.16&#8243; global_colors_info=&#8221;{}&#8221;][et_pb_column_inner saved_specialty_column_type=&#8221;2_3&#8243; _builder_version=&#8221;4.16&#8243; custom_padding=&#8221;|||&#8221; global_colors_info=&#8221;{}&#8221; parallax__hover=&#8221;off&#8221; parallax_method__hover=&#8221;on&#8221; custom_padding__hover=&#8221;|||&#8221;][et_pb_text admin_label=&#8221;Otsikko&#8221; _builder_version=&#8221;4.16&#8243; text_orientation=&#8221;center&#8221; global_colors_info=&#8221;{}&#8221;]<\/p>\n<h1>Yhteiset projektit<\/h1>\n<p>[\/et_pb_text][et_pb_text _builder_version=&#8221;4.25.2&#8243; hover_enabled=&#8221;0&#8243; global_colors_info=&#8221;{}&#8221; sticky_enabled=&#8221;0&#8243;]<\/p>\n<h4>Lahden alueen Joulupuu-projekti<\/h4>\n<p>Olemme ker\u00e4ysvastuussa lasten joululahjoista alueemme v\u00e4h\u00e4vairaisille perheille. Mukana ovat Lahden alueen kaikki Rotaryklubit, Lahden Nuorkauppakamari (aikaisempi p\u00e4\u00e4j\u00e4rjest\u00e4j\u00e4), Lahden seurakuntayhtym\u00e4 sek\u00e4 Lahden Diagonilaitos.<\/p>\n<p><img loading=\"lazy\" decoding=\"async\" class=\"wp-image-4149 alignnone size-large\" src=\"https:\/\/rotary.fi\/lahtiwesijarvi\/wp-content\/uploads\/sites\/60\/2024\/07\/img-20191214-104244-2-1024x738.jpg\" alt=\"\" width=\"1024\" height=\"738\" srcset=\"https:\/\/rotary.fi\/lahtiwesijarvi\/wp-content\/uploads\/sites\/60\/2024\/07\/img-20191214-104244-2-980x706.jpg 980w, https:\/\/rotary.fi\/lahtiwesijarvi\/wp-content\/uploads\/sites\/60\/2024\/07\/img-20191214-104244-2-480x346.jpg 480w\" sizes=\"(min-width: 0px) and (max-width: 480px) 480px, (min-width: 481px) and (max-width: 980px) 980px, (min-width: 981px) 1024px, 100vw\" \/><\/p>\n<p>Joulupuu-ker\u00e4ys Rotarien vastuulla Lahdessa vuodesta 2019. Kuva kauppahallin ker\u00e4yspisteest\u00e4.<\/p>\n<h4>Rotary-Day<\/h4>\n<p>Rotarypiirin 1390 Rotary Day on tapahtuma, jossa kerromme sek\u00e4 Rotaryn ett\u00e4 klubiemme toiminnasta, mm. vaihto-oppilasty\u00f6st\u00e4mme ja projekteistamme. Myymme tapahtumassa tuotteita, joilla rahoitamme palvelu- ja hyv\u00e4ntekev\u00e4isyystoimintaamme.\u00a0<span style=\"font-size: 16px\">Kes\u00e4n 2019 <\/span><strong style=\"font-size: 16px\">Rotary Day<\/strong><span style=\"font-size: 16px\"> oli lauantaina 17. elokuuta Tampereen S\u00e4rk\u00e4nniemess\u00e4. Lemp\u00e4\u00e4l\u00e4n Ideaparkissa esittelimme toimintaamme kev\u00e4\u00e4ll\u00e4 2023.<\/span><\/p>\n<p>Rotarypiiri1390 lahjoitti kirjoja TAYS:n lastenosastolle vuonna 2019<\/p>\n<p><img loading=\"lazy\" decoding=\"async\" class=\"wp-image-2259 alignnone size-medium\" src=\"https:\/\/rotary.fi\/lahtiwesijarvi\/wp-content\/uploads\/sites\/60\/2019\/01\/dsc09638-273x300.jpg\" alt=\"\" width=\"391\" height=\"429\" srcset=\"https:\/\/rotary.fi\/lahtiwesijarvi\/wp-content\/uploads\/sites\/60\/2019\/01\/dsc09638-273x300.jpg 273w, https:\/\/rotary.fi\/lahtiwesijarvi\/wp-content\/uploads\/sites\/60\/2019\/01\/dsc09638-768x845.jpg 768w, https:\/\/rotary.fi\/lahtiwesijarvi\/wp-content\/uploads\/sites\/60\/2019\/01\/dsc09638-1080x1189.jpg 1080w, https:\/\/rotary.fi\/lahtiwesijarvi\/wp-content\/uploads\/sites\/60\/2019\/01\/dsc09638.jpg 1163w\" sizes=\"(max-width: 391px) 100vw, 391px\" \/><\/p>\n<p>Rotarypiiri 1390 tuki Rinkeby-team:i\u00e4 2022. Kuva Pajulahden pihalta teamin piirikonferenssin esittelyst\u00e4.<\/p>\n<p><img loading=\"lazy\" decoding=\"async\" class=\"wp-image-3673 alignnone size-large\" src=\"https:\/\/rotary.fi\/lahtiwesijarvi\/wp-content\/uploads\/sites\/60\/2022\/07\/dsc04677-1024x575.jpg\" alt=\"\" width=\"1024\" height=\"575\" srcset=\"https:\/\/rotary.fi\/lahtiwesijarvi\/wp-content\/uploads\/sites\/60\/2022\/07\/dsc04677-980x550.jpg 980w, https:\/\/rotary.fi\/lahtiwesijarvi\/wp-content\/uploads\/sites\/60\/2022\/07\/dsc04677-480x270.jpg 480w\" sizes=\"(min-width: 0px) and (max-width: 480px) 480px, (min-width: 481px) and (max-width: 980px) 980px, (min-width: 981px) 1024px, 100vw\" \/><\/p>\n<p>[\/et_pb_text][\/et_pb_column_inner][\/et_pb_row_inner][\/et_pb_column][et_pb_column type=&#8221;1_3&#8243; module_class=&#8221;sivupalkki&#8221; _builder_version=&#8221;4.16&#8243; custom_padding=&#8221;|||&#8221; global_colors_info=&#8221;{}&#8221; parallax__hover=&#8221;off&#8221; parallax_method__hover=&#8221;on&#8221; module_class__hover=&#8221;sivupalkki&#8221; custom_padding__hover=&#8221;|||&#8221;][et_pb_sidebar area=&#8221;sidebar-1&#8243; module_class=&#8221;sivupalkki_sisalto&#8221; _builder_version=&#8221;4.16&#8243; locked=&#8221;on&#8221; global_colors_info=&#8221;{}&#8221;]<br \/>\n[\/et_pb_sidebar][\/et_pb_column][\/et_pb_section]<\/p>\n","protected":false},"excerpt":{"rendered":"<p>Yhteiset projektit Lahden alueen Joulupuu-projekti Olemme ker\u00e4ysvastuussa lasten joululahjoista alueemme v\u00e4h\u00e4vairaisille perheille. Mukana ovat Lahden alueen kaikki Rotaryklubit, Lahden Nuorkauppakamari (aikaisempi p\u00e4\u00e4j\u00e4rjest\u00e4j\u00e4), Lahden seurakuntayhtym\u00e4 sek\u00e4 Lahden Diagonilaitos. Joulupuu-ker\u00e4ys Rotarien vastuulla Lahdessa vuodesta 2019. Kuva kauppahallin ker\u00e4yspisteest\u00e4. Rotary-Day Rotarypiirin 1390 Rotary Day on tapahtuma, jossa kerromme sek\u00e4 Rotaryn ett\u00e4 klubiemme toiminnasta, mm. vaihto-oppilasty\u00f6st\u00e4mme ja projekteistamme. Myymme [&hellip;]<\/p>\n","protected":false},"author":1,"featured_media":0,"parent":77,"menu_order":0,"comment_status":"closed","ping_status":"closed","template":"","meta":{"_acf_changed":false,"_et_pb_use_builder":"on","_et_pb_old_content":"","_et_gb_content_width":"","footnotes":""},"class_list":["post-160","page","type-page","status-publish","hentry"],"acf":[],"yoast_head":"<!-- This site is optimized with the Yoast SEO plugin v27.0 - https:\/\/yoast.com\/product\/yoast-seo-wordpress\/ -->\n<title>Yhteiset projektit - Lahti-Wesij\u00e4rvi<\/title>\n<meta name=\"robots\" content=\"index, follow, max-snippet:-1, max-image-preview:large, max-video-preview:-1\" \/>\n<link rel=\"canonical\" href=\"https:\/\/rotary.fi\/lahtiwesijarvi\/mita-teemme\/yhteiset-projektit\/\" \/>\n<meta property=\"og:locale\" content=\"fi_FI\" \/>\n<meta property=\"og:type\" content=\"article\" \/>\n<meta property=\"og:title\" content=\"Yhteiset projektit - Lahti-Wesij\u00e4rvi\" \/>\n<meta property=\"og:description\" content=\"Yhteiset projektit Lahden alueen Joulupuu-projekti Olemme ker\u00e4ysvastuussa lasten joululahjoista alueemme v\u00e4h\u00e4vairaisille perheille. Mukana ovat Lahden alueen kaikki Rotaryklubit, Lahden Nuorkauppakamari (aikaisempi p\u00e4\u00e4j\u00e4rjest\u00e4j\u00e4), Lahden seurakuntayhtym\u00e4 sek\u00e4 Lahden Diagonilaitos. Joulupuu-ker\u00e4ys Rotarien vastuulla Lahdessa vuodesta 2019. Kuva kauppahallin ker\u00e4yspisteest\u00e4. Rotary-Day Rotarypiirin 1390 Rotary Day on tapahtuma, jossa kerromme sek\u00e4 Rotaryn ett\u00e4 klubiemme toiminnasta, mm. vaihto-oppilasty\u00f6st\u00e4mme ja projekteistamme. Myymme [&hellip;]\" \/>\n<meta property=\"og:url\" content=\"https:\/\/rotary.fi\/lahtiwesijarvi\/mita-teemme\/yhteiset-projektit\/\" \/>\n<meta property=\"og:site_name\" content=\"Lahti-Wesij\u00e4rvi\" \/>\n<meta property=\"article:modified_time\" content=\"2024-07-10T14:19:32+00:00\" \/>\n<meta property=\"og:image\" content=\"https:\/\/rotary.fi\/lahtiwesijarvi\/wp-content\/uploads\/sites\/60\/2024\/07\/img-20191214-104244-2-1024x738.jpg\" \/>\n<meta name=\"twitter:card\" content=\"summary_large_image\" \/>\n<meta name=\"twitter:label1\" content=\"Arvioitu lukuaika\" \/>\n\t<meta name=\"twitter:data1\" content=\"2 minuuttia\" \/>\n<script type=\"application\/ld+json\" class=\"yoast-schema-graph\">{\"@context\":\"https:\/\/schema.org\",\"@graph\":[{\"@type\":\"WebPage\",\"@id\":\"https:\/\/rotary.fi\/lahtiwesijarvi\/mita-teemme\/yhteiset-projektit\/\",\"url\":\"https:\/\/rotary.fi\/lahtiwesijarvi\/mita-teemme\/yhteiset-projektit\/\",\"name\":\"Yhteiset projektit - Lahti-Wesij\u00e4rvi\",\"isPartOf\":{\"@id\":\"https:\/\/rotary.fi\/lahtiwesijarvi\/#website\"},\"primaryImageOfPage\":{\"@id\":\"https:\/\/rotary.fi\/lahtiwesijarvi\/mita-teemme\/yhteiset-projektit\/#primaryimage\"},\"image\":{\"@id\":\"https:\/\/rotary.fi\/lahtiwesijarvi\/mita-teemme\/yhteiset-projektit\/#primaryimage\"},\"thumbnailUrl\":\"https:\/\/rotary.fi\/lahtiwesijarvi\/wp-content\/uploads\/sites\/60\/2024\/07\/img-20191214-104244-2-1024x738.jpg\",\"datePublished\":\"2018-08-13T06:49:16+00:00\",\"dateModified\":\"2024-07-10T14:19:32+00:00\",\"breadcrumb\":{\"@id\":\"https:\/\/rotary.fi\/lahtiwesijarvi\/mita-teemme\/yhteiset-projektit\/#breadcrumb\"},\"inLanguage\":\"fi\",\"potentialAction\":[{\"@type\":\"ReadAction\",\"target\":[\"https:\/\/rotary.fi\/lahtiwesijarvi\/mita-teemme\/yhteiset-projektit\/\"]}]},{\"@type\":\"ImageObject\",\"inLanguage\":\"fi\",\"@id\":\"https:\/\/rotary.fi\/lahtiwesijarvi\/mita-teemme\/yhteiset-projektit\/#primaryimage\",\"url\":\"https:\/\/rotary.fi\/lahtiwesijarvi\/wp-content\/uploads\/sites\/60\/2024\/07\/img-20191214-104244-2.jpg\",\"contentUrl\":\"https:\/\/rotary.fi\/lahtiwesijarvi\/wp-content\/uploads\/sites\/60\/2024\/07\/img-20191214-104244-2.jpg\",\"width\":2048,\"height\":1475},{\"@type\":\"BreadcrumbList\",\"@id\":\"https:\/\/rotary.fi\/lahtiwesijarvi\/mita-teemme\/yhteiset-projektit\/#breadcrumb\",\"itemListElement\":[{\"@type\":\"ListItem\",\"position\":1,\"name\":\"Home\",\"item\":\"https:\/\/rotary.fi\/lahtiwesijarvi\/\"},{\"@type\":\"ListItem\",\"position\":2,\"name\":\"Mit\u00e4 teemme\",\"item\":\"https:\/\/rotary.fi\/lahtiwesijarvi\/mita-teemme\/\"},{\"@type\":\"ListItem\",\"position\":3,\"name\":\"Yhteiset projektit\"}]},{\"@type\":\"WebSite\",\"@id\":\"https:\/\/rotary.fi\/lahtiwesijarvi\/#website\",\"url\":\"https:\/\/rotary.fi\/lahtiwesijarvi\/\",\"name\":\"Lahti-Wesij\u00e4rvi\",\"description\":\"Uusi Rotary klubisivusto\",\"potentialAction\":[{\"@type\":\"SearchAction\",\"target\":{\"@type\":\"EntryPoint\",\"urlTemplate\":\"https:\/\/rotary.fi\/lahtiwesijarvi\/?s={search_term_string}\"},\"query-input\":{\"@type\":\"PropertyValueSpecification\",\"valueRequired\":true,\"valueName\":\"search_term_string\"}}],\"inLanguage\":\"fi\"}]}<\/script>\n<!-- \/ Yoast SEO plugin. -->","yoast_head_json":{"title":"Yhteiset projektit - Lahti-Wesij\u00e4rvi","robots":{"index":"index","follow":"follow","max-snippet":"max-snippet:-1","max-image-preview":"max-image-preview:large","max-video-preview":"max-video-preview:-1"},"canonical":"https:\/\/rotary.fi\/lahtiwesijarvi\/mita-teemme\/yhteiset-projektit\/","og_locale":"fi_FI","og_type":"article","og_title":"Yhteiset projektit - Lahti-Wesij\u00e4rvi","og_description":"Yhteiset projektit Lahden alueen Joulupuu-projekti Olemme ker\u00e4ysvastuussa lasten joululahjoista alueemme v\u00e4h\u00e4vairaisille perheille. Mukana ovat Lahden alueen kaikki Rotaryklubit, Lahden Nuorkauppakamari (aikaisempi p\u00e4\u00e4j\u00e4rjest\u00e4j\u00e4), Lahden seurakuntayhtym\u00e4 sek\u00e4 Lahden Diagonilaitos. Joulupuu-ker\u00e4ys Rotarien vastuulla Lahdessa vuodesta 2019. Kuva kauppahallin ker\u00e4yspisteest\u00e4. Rotary-Day Rotarypiirin 1390 Rotary Day on tapahtuma, jossa kerromme sek\u00e4 Rotaryn ett\u00e4 klubiemme toiminnasta, mm. vaihto-oppilasty\u00f6st\u00e4mme ja projekteistamme. Myymme [&hellip;]","og_url":"https:\/\/rotary.fi\/lahtiwesijarvi\/mita-teemme\/yhteiset-projektit\/","og_site_name":"Lahti-Wesij\u00e4rvi","article_modified_time":"2024-07-10T14:19:32+00:00","og_image":[{"url":"https:\/\/rotary.fi\/lahtiwesijarvi\/wp-content\/uploads\/sites\/60\/2024\/07\/img-20191214-104244-2-1024x738.jpg","type":"","width":"","height":""}],"twitter_card":"summary_large_image","twitter_misc":{"Arvioitu lukuaika":"2 minuuttia"},"schema":{"@context":"https:\/\/schema.org","@graph":[{"@type":"WebPage","@id":"https:\/\/rotary.fi\/lahtiwesijarvi\/mita-teemme\/yhteiset-projektit\/","url":"https:\/\/rotary.fi\/lahtiwesijarvi\/mita-teemme\/yhteiset-projektit\/","name":"Yhteiset projektit - Lahti-Wesij\u00e4rvi","isPartOf":{"@id":"https:\/\/rotary.fi\/lahtiwesijarvi\/#website"},"primaryImageOfPage":{"@id":"https:\/\/rotary.fi\/lahtiwesijarvi\/mita-teemme\/yhteiset-projektit\/#primaryimage"},"image":{"@id":"https:\/\/rotary.fi\/lahtiwesijarvi\/mita-teemme\/yhteiset-projektit\/#primaryimage"},"thumbnailUrl":"https:\/\/rotary.fi\/lahtiwesijarvi\/wp-content\/uploads\/sites\/60\/2024\/07\/img-20191214-104244-2-1024x738.jpg","datePublished":"2018-08-13T06:49:16+00:00","dateModified":"2024-07-10T14:19:32+00:00","breadcrumb":{"@id":"https:\/\/rotary.fi\/lahtiwesijarvi\/mita-teemme\/yhteiset-projektit\/#breadcrumb"},"inLanguage":"fi","potentialAction":[{"@type":"ReadAction","target":["https:\/\/rotary.fi\/lahtiwesijarvi\/mita-teemme\/yhteiset-projektit\/"]}]},{"@type":"ImageObject","inLanguage":"fi","@id":"https:\/\/rotary.fi\/lahtiwesijarvi\/mita-teemme\/yhteiset-projektit\/#primaryimage","url":"https:\/\/rotary.fi\/lahtiwesijarvi\/wp-content\/uploads\/sites\/60\/2024\/07\/img-20191214-104244-2.jpg","contentUrl":"https:\/\/rotary.fi\/lahtiwesijarvi\/wp-content\/uploads\/sites\/60\/2024\/07\/img-20191214-104244-2.jpg","width":2048,"height":1475},{"@type":"BreadcrumbList","@id":"https:\/\/rotary.fi\/lahtiwesijarvi\/mita-teemme\/yhteiset-projektit\/#breadcrumb","itemListElement":[{"@type":"ListItem","position":1,"name":"Home","item":"https:\/\/rotary.fi\/lahtiwesijarvi\/"},{"@type":"ListItem","position":2,"name":"Mit\u00e4 teemme","item":"https:\/\/rotary.fi\/lahtiwesijarvi\/mita-teemme\/"},{"@type":"ListItem","position":3,"name":"Yhteiset projektit"}]},{"@type":"WebSite","@id":"https:\/\/rotary.fi\/lahtiwesijarvi\/#website","url":"https:\/\/rotary.fi\/lahtiwesijarvi\/","name":"Lahti-Wesij\u00e4rvi","description":"Uusi Rotary klubisivusto","potentialAction":[{"@type":"SearchAction","target":{"@type":"EntryPoint","urlTemplate":"https:\/\/rotary.fi\/lahtiwesijarvi\/?s={search_term_string}"},"query-input":{"@type":"PropertyValueSpecification","valueRequired":true,"valueName":"search_term_string"}}],"inLanguage":"fi"}]}},"lang":"fi","translations":{"fi":160},"pll_sync_post":[],"_links":{"self":[{"href":"https:\/\/rotary.fi\/lahtiwesijarvi\/wp-json\/wp\/v2\/pages\/160","targetHints":{"allow":["GET"]}}],"collection":[{"href":"https:\/\/rotary.fi\/lahtiwesijarvi\/wp-json\/wp\/v2\/pages"}],"about":[{"href":"https:\/\/rotary.fi\/lahtiwesijarvi\/wp-json\/wp\/v2\/types\/page"}],"author":[{"embeddable":true,"href":"https:\/\/rotary.fi\/lahtiwesijarvi\/wp-json\/wp\/v2\/users\/1"}],"replies":[{"embeddable":true,"href":"https:\/\/rotary.fi\/lahtiwesijarvi\/wp-json\/wp\/v2\/comments?post=160"}],"version-history":[{"count":9,"href":"https:\/\/rotary.fi\/lahtiwesijarvi\/wp-json\/wp\/v2\/pages\/160\/revisions"}],"predecessor-version":[{"id":4151,"href":"https:\/\/rotary.fi\/lahtiwesijarvi\/wp-json\/wp\/v2\/pages\/160\/revisions\/4151"}],"up":[{"embeddable":true,"href":"https:\/\/rotary.fi\/lahtiwesijarvi\/wp-json\/wp\/v2\/pages\/77"}],"wp:attachment":[{"href":"https:\/\/rotary.fi\/lahtiwesijarvi\/wp-json\/wp\/v2\/media?parent=160"}],"curies":[{"name":"wp","href":"https:\/\/api.w.org\/{rel}","templated":true}]}}