{"id":129,"date":"2018-08-10T13:41:39","date_gmt":"2018-08-10T10:41:39","guid":{"rendered":"https:\/\/rotary.fi\/klubi2\/?page_id=129"},"modified":"2023-08-28T11:44:51","modified_gmt":"2023-08-28T08:44:51","slug":"keita-olemme","status":"publish","type":"page","link":"https:\/\/rotary.fi\/lahtisalpausselka\/etusivu\/keita-olemme\/","title":{"rendered":"Lahti-Salpausselk\u00e4 rotaryklubista"},"content":{"rendered":"<p>[et_pb_section fb_built=&#8221;1&#8243; module_class=&#8221;jumbotron-page&#8221; _builder_version=&#8221;4.16&#8243; background_image=&#8221;https:\/\/rotary.fi\/lahtisalpausselka\/wp-content\/uploads\/sites\/57\/2018\/10\/rotary_klubit_alasivu_paakuva_14.jpg&#8221; global_colors_info=&#8221;{}&#8221;][et_pb_row _builder_version=&#8221;4.16&#8243; background_size=&#8221;initial&#8221; background_position=&#8221;top_left&#8221; background_repeat=&#8221;repeat&#8221; global_colors_info=&#8221;{}&#8221;][et_pb_column type=&#8221;4_4&#8243; _builder_version=&#8221;4.16&#8243; custom_padding=&#8221;|||&#8221; global_colors_info=&#8221;{}&#8221; custom_padding__hover=&#8221;|||&#8221;][et_pb_text admin_label=&#8221;P\u00e4\u00e4otsikko&#8221; _builder_version=&#8221;4.16&#8243; text_orientation=&#8221;center&#8221; background_layout=&#8221;dark&#8221; z_index_tablet=&#8221;500&#8243; global_colors_info=&#8221;{}&#8221;]<\/p>\n<h1>Lahti-Salpausselk\u00e4 rotaryklubista<\/h1>\n<p>[\/et_pb_text][\/et_pb_column][\/et_pb_row][\/et_pb_section][et_pb_section fb_built=&#8221;1&#8243; specialty=&#8221;on&#8221; module_class_2=&#8221;sivupalkki&#8221; _builder_version=&#8221;4.16&#8243; inner_max_width=&#8221;none&#8221; global_colors_info=&#8221;{}&#8221;][et_pb_column type=&#8221;2_3&#8243; specialty_columns=&#8221;2&#8243; _builder_version=&#8221;4.16&#8243; custom_padding=&#8221;|||&#8221; global_colors_info=&#8221;{}&#8221; custom_padding__hover=&#8221;|||&#8221;][et_pb_row_inner admin_label=&#8221;Rivi&#8221; _builder_version=&#8221;4.16&#8243; global_colors_info=&#8221;{}&#8221;][et_pb_column_inner saved_specialty_column_type=&#8221;2_3&#8243; _builder_version=&#8221;4.16&#8243; custom_padding=&#8221;|||&#8221; global_colors_info=&#8221;{}&#8221; custom_padding__hover=&#8221;|||&#8221;][et_pb_text admin_label=&#8221;Otsikko&#8221; _builder_version=&#8221;4.16&#8243; text_orientation=&#8221;center&#8221; global_colors_info=&#8221;{}&#8221;]<\/p>\n<h1>Keit\u00e4 olemme<\/h1>\n<p>[\/et_pb_text][et_pb_text _builder_version=&#8221;4.16&#8243; z_index_tablet=&#8221;500&#8243; global_colors_info=&#8221;{}&#8221;]<\/p>\n<p>Rotaryklubi Lahti-Salpausselk\u00e4 on Lahden alueen toisiksi vanhin Rotary-klubi. Se on perustettu 24.2.1955.<\/p>\n<p>Kokoonnumme viikoittain lounaskokoukseen, miss\u00e4 tapaamme toisiamme ja jaamme kokemustamme toistemme tueksi ja kehitt\u00e4miseksi. Rotaryklubimme pyrkii edustamaan alueensa ammattillista poikkileikkausta ja eri alojen osaamista ja kokemusta, jota kartutamme esitelmin, vierailuin eri organisaatioissa, sek\u00e4 palveluprojektiemme kautta. N\u00e4in edist\u00e4mme toistemme ja koko alueemme hyvinvointia. Rotary on merkitt\u00e4v\u00e4 hyv\u00e4ntekev\u00e4isyysj\u00e4rjest\u00f6.\u00a0<\/p>\n<p>Klubimme osallistuu nuorivaihtojen j\u00e4rjestelyyn ja tukemiseen. Kansainv\u00e4linen nuorisovaihto on Rotary-toiminnan ydint\u00e4.\u00a0\u00a0<\/p>\n<p>Klubimme on\u00a0 osa rotarypiiri\u00e4 1390.\u00a0<\/p>\n<h4>Harrastus, jolla on tarkoitus<\/h4>\n<p>Osallistumme kansainv\u00e4lisen nuorisovaihtoon. J\u00e4rjest\u00e4mme paikallisia nuoria Rotaryn kansainv\u00e4liseen nuorisovaihtoon, ja otamme vastaan nuoria vaihto-oppilaita muista maista. Ajattelemme, ett\u00e4 nuorisovaihto on mit\u00e4 parhainta\u00a0 tulevaisuutta sek\u00e4 suvaitsevaisuutta rakentavaa kansainv\u00e4listymis- ja rauhankasvatusta.<\/p>\n<p>Pid\u00e4mme arvossa kansainv\u00e4lisen Rotary Internationalin ponnisteluja ja j\u00e4rjest\u00f6n arvokasta ty\u00f6t\u00e4 muun muassa polion h\u00e4vitt\u00e4miseksi maapallolta. Pelk\u00e4st\u00e4\u00e4n t\u00e4h\u00e4n ty\u00f6h\u00f6n Rotary on suunnannut runsaasti vapaaehtoisvoimaa sek\u00e4 yli 1,2 miljardia US-dollaria.<\/p>\n<h4>Vaikuttava kansainv\u00e4linen verkosto<\/h4>\n<p>Rotary on Chicagossa 23.2.1905 perustettu kansainv\u00e4linen palvelu- ja hyv\u00e4ntekev\u00e4isyysorganisaatio. Rotary Internationalin kotipaikka on Evanston, USA:n osavaltiossa Illinoisissa. Tunnuslauseemme on Palvelu itsekkyyden edelle (Service Above Self).<\/p>\n<p>Rotaryyn kuuluu 1,2 miljoona j\u00e4sent\u00e4 35 000 klubissa yli 200 maassa. Rotary on merkitt\u00e4v\u00e4 kansainv\u00e4linen palvelu- ja hyv\u00e4ntekev\u00e4isyysj\u00e4rjest\u00f6. Suomi on jaettu kuuteen rotarypiiriin, joista yhteen kuuluvat my\u00f6s Viron klubit. Suomessa ja Virossa on yhteens\u00e4 300 klubia, joissa runsaat 10\u00a0000 rotaria.<\/p>\n<p>[\/et_pb_text][\/et_pb_column_inner][\/et_pb_row_inner][\/et_pb_column][et_pb_column type=&#8221;1_3&#8243; _builder_version=&#8221;4.16&#8243; custom_padding=&#8221;|||&#8221; global_colors_info=&#8221;{}&#8221; custom_padding__hover=&#8221;|||&#8221;][et_pb_sidebar area=&#8221;sidebar-1&#8243; module_class=&#8221;sivupalkki_sisalto&#8221; _builder_version=&#8221;4.16&#8243; locked=&#8221;on&#8221; global_colors_info=&#8221;{}&#8221;]<br \/>\n[\/et_pb_sidebar][\/et_pb_column][\/et_pb_section]<\/p>\n","protected":false},"excerpt":{"rendered":"<p>Lahti-Salpausselk\u00e4 rotaryklubistaKeit\u00e4 olemme Rotaryklubi Lahti-Salpausselk\u00e4 on Lahden alueen toisiksi vanhin Rotary-klubi. Se on perustettu 24.2.1955. Kokoonnumme viikoittain lounaskokoukseen, miss\u00e4 tapaamme toisiamme ja jaamme kokemustamme toistemme tueksi ja kehitt\u00e4miseksi. Rotaryklubimme pyrkii edustamaan alueensa ammattillista poikkileikkausta ja eri alojen osaamista ja kokemusta, jota kartutamme esitelmin, vierailuin eri organisaatioissa, sek\u00e4 palveluprojektiemme kautta. N\u00e4in edist\u00e4mme toistemme ja koko alueemme [&hellip;]<\/p>\n","protected":false},"author":1,"featured_media":0,"parent":15,"menu_order":0,"comment_status":"closed","ping_status":"closed","template":"","meta":{"_acf_changed":false,"_et_pb_use_builder":"on","_et_pb_old_content":"","_et_gb_content_width":"","footnotes":""},"class_list":["post-129","page","type-page","status-publish","hentry"],"acf":[],"yoast_head":"<!-- This site is optimized with the Yoast SEO plugin v27.4 - https:\/\/yoast.com\/product\/yoast-seo-wordpress\/ -->\n<title>Lahti-Salpausselk\u00e4 rotaryklubista - Lahti-Salpausselk\u00e4<\/title>\n<meta name=\"robots\" content=\"index, follow, max-snippet:-1, max-image-preview:large, max-video-preview:-1\" \/>\n<link rel=\"canonical\" href=\"https:\/\/rotary.fi\/lahtisalpausselka\/etusivu\/keita-olemme\/\" \/>\n<meta property=\"og:locale\" content=\"fi_FI\" \/>\n<meta property=\"og:type\" content=\"article\" \/>\n<meta property=\"og:title\" content=\"Lahti-Salpausselk\u00e4 rotaryklubista - Lahti-Salpausselk\u00e4\" \/>\n<meta property=\"og:description\" content=\"Lahti-Salpausselk\u00e4 rotaryklubistaKeit\u00e4 olemme Rotaryklubi Lahti-Salpausselk\u00e4 on Lahden alueen toisiksi vanhin Rotary-klubi. Se on perustettu 24.2.1955. Kokoonnumme viikoittain lounaskokoukseen, miss\u00e4 tapaamme toisiamme ja jaamme kokemustamme toistemme tueksi ja kehitt\u00e4miseksi. Rotaryklubimme pyrkii edustamaan alueensa ammattillista poikkileikkausta ja eri alojen osaamista ja kokemusta, jota kartutamme esitelmin, vierailuin eri organisaatioissa, sek\u00e4 palveluprojektiemme kautta. N\u00e4in edist\u00e4mme toistemme ja koko alueemme [&hellip;]\" \/>\n<meta property=\"og:url\" content=\"https:\/\/rotary.fi\/lahtisalpausselka\/etusivu\/keita-olemme\/\" \/>\n<meta property=\"og:site_name\" content=\"Lahti-Salpausselk\u00e4\" \/>\n<meta property=\"article:modified_time\" content=\"2023-08-28T08:44:51+00:00\" \/>\n<meta name=\"twitter:card\" content=\"summary_large_image\" \/>\n<meta name=\"twitter:label1\" content=\"Arvioitu lukuaika\" \/>\n\t<meta name=\"twitter:data1\" content=\"2 minuuttia\" \/>\n<script type=\"application\/ld+json\" class=\"yoast-schema-graph\">{\"@context\":\"https:\\\/\\\/schema.org\",\"@graph\":[{\"@type\":\"WebPage\",\"@id\":\"https:\\\/\\\/rotary.fi\\\/lahtisalpausselka\\\/etusivu\\\/keita-olemme\\\/\",\"url\":\"https:\\\/\\\/rotary.fi\\\/lahtisalpausselka\\\/etusivu\\\/keita-olemme\\\/\",\"name\":\"Lahti-Salpausselk\u00e4 rotaryklubista - Lahti-Salpausselk\u00e4\",\"isPartOf\":{\"@id\":\"https:\\\/\\\/rotary.fi\\\/lahtisalpausselka\\\/#website\"},\"datePublished\":\"2018-08-10T10:41:39+00:00\",\"dateModified\":\"2023-08-28T08:44:51+00:00\",\"breadcrumb\":{\"@id\":\"https:\\\/\\\/rotary.fi\\\/lahtisalpausselka\\\/etusivu\\\/keita-olemme\\\/#breadcrumb\"},\"inLanguage\":\"fi\",\"potentialAction\":[{\"@type\":\"ReadAction\",\"target\":[\"https:\\\/\\\/rotary.fi\\\/lahtisalpausselka\\\/etusivu\\\/keita-olemme\\\/\"]}]},{\"@type\":\"BreadcrumbList\",\"@id\":\"https:\\\/\\\/rotary.fi\\\/lahtisalpausselka\\\/etusivu\\\/keita-olemme\\\/#breadcrumb\",\"itemListElement\":[{\"@type\":\"ListItem\",\"position\":1,\"name\":\"Home\",\"item\":\"https:\\\/\\\/rotary.fi\\\/lahtisalpausselka\\\/\"},{\"@type\":\"ListItem\",\"position\":2,\"name\":\"Etusivu\",\"item\":\"https:\\\/\\\/rotary.fi\\\/lahtisalpausselka\\\/\"},{\"@type\":\"ListItem\",\"position\":3,\"name\":\"Lahti-Salpausselk\u00e4 rotaryklubista\"}]},{\"@type\":\"WebSite\",\"@id\":\"https:\\\/\\\/rotary.fi\\\/lahtisalpausselka\\\/#website\",\"url\":\"https:\\\/\\\/rotary.fi\\\/lahtisalpausselka\\\/\",\"name\":\"Lahti-Salpausselk\u00e4\",\"description\":\"Uusi Rotary klubisivusto\",\"potentialAction\":[{\"@type\":\"SearchAction\",\"target\":{\"@type\":\"EntryPoint\",\"urlTemplate\":\"https:\\\/\\\/rotary.fi\\\/lahtisalpausselka\\\/?s={search_term_string}\"},\"query-input\":{\"@type\":\"PropertyValueSpecification\",\"valueRequired\":true,\"valueName\":\"search_term_string\"}}],\"inLanguage\":\"fi\"}]}<\/script>\n<!-- \/ Yoast SEO plugin. -->","yoast_head_json":{"title":"Lahti-Salpausselk\u00e4 rotaryklubista - Lahti-Salpausselk\u00e4","robots":{"index":"index","follow":"follow","max-snippet":"max-snippet:-1","max-image-preview":"max-image-preview:large","max-video-preview":"max-video-preview:-1"},"canonical":"https:\/\/rotary.fi\/lahtisalpausselka\/etusivu\/keita-olemme\/","og_locale":"fi_FI","og_type":"article","og_title":"Lahti-Salpausselk\u00e4 rotaryklubista - Lahti-Salpausselk\u00e4","og_description":"Lahti-Salpausselk\u00e4 rotaryklubistaKeit\u00e4 olemme Rotaryklubi Lahti-Salpausselk\u00e4 on Lahden alueen toisiksi vanhin Rotary-klubi. Se on perustettu 24.2.1955. Kokoonnumme viikoittain lounaskokoukseen, miss\u00e4 tapaamme toisiamme ja jaamme kokemustamme toistemme tueksi ja kehitt\u00e4miseksi. Rotaryklubimme pyrkii edustamaan alueensa ammattillista poikkileikkausta ja eri alojen osaamista ja kokemusta, jota kartutamme esitelmin, vierailuin eri organisaatioissa, sek\u00e4 palveluprojektiemme kautta. N\u00e4in edist\u00e4mme toistemme ja koko alueemme [&hellip;]","og_url":"https:\/\/rotary.fi\/lahtisalpausselka\/etusivu\/keita-olemme\/","og_site_name":"Lahti-Salpausselk\u00e4","article_modified_time":"2023-08-28T08:44:51+00:00","twitter_card":"summary_large_image","twitter_misc":{"Arvioitu lukuaika":"2 minuuttia"},"schema":{"@context":"https:\/\/schema.org","@graph":[{"@type":"WebPage","@id":"https:\/\/rotary.fi\/lahtisalpausselka\/etusivu\/keita-olemme\/","url":"https:\/\/rotary.fi\/lahtisalpausselka\/etusivu\/keita-olemme\/","name":"Lahti-Salpausselk\u00e4 rotaryklubista - Lahti-Salpausselk\u00e4","isPartOf":{"@id":"https:\/\/rotary.fi\/lahtisalpausselka\/#website"},"datePublished":"2018-08-10T10:41:39+00:00","dateModified":"2023-08-28T08:44:51+00:00","breadcrumb":{"@id":"https:\/\/rotary.fi\/lahtisalpausselka\/etusivu\/keita-olemme\/#breadcrumb"},"inLanguage":"fi","potentialAction":[{"@type":"ReadAction","target":["https:\/\/rotary.fi\/lahtisalpausselka\/etusivu\/keita-olemme\/"]}]},{"@type":"BreadcrumbList","@id":"https:\/\/rotary.fi\/lahtisalpausselka\/etusivu\/keita-olemme\/#breadcrumb","itemListElement":[{"@type":"ListItem","position":1,"name":"Home","item":"https:\/\/rotary.fi\/lahtisalpausselka\/"},{"@type":"ListItem","position":2,"name":"Etusivu","item":"https:\/\/rotary.fi\/lahtisalpausselka\/"},{"@type":"ListItem","position":3,"name":"Lahti-Salpausselk\u00e4 rotaryklubista"}]},{"@type":"WebSite","@id":"https:\/\/rotary.fi\/lahtisalpausselka\/#website","url":"https:\/\/rotary.fi\/lahtisalpausselka\/","name":"Lahti-Salpausselk\u00e4","description":"Uusi Rotary klubisivusto","potentialAction":[{"@type":"SearchAction","target":{"@type":"EntryPoint","urlTemplate":"https:\/\/rotary.fi\/lahtisalpausselka\/?s={search_term_string}"},"query-input":{"@type":"PropertyValueSpecification","valueRequired":true,"valueName":"search_term_string"}}],"inLanguage":"fi"}]}},"lang":"fi","translations":{"fi":129},"pll_sync_post":[],"_links":{"self":[{"href":"https:\/\/rotary.fi\/lahtisalpausselka\/wp-json\/wp\/v2\/pages\/129","targetHints":{"allow":["GET"]}}],"collection":[{"href":"https:\/\/rotary.fi\/lahtisalpausselka\/wp-json\/wp\/v2\/pages"}],"about":[{"href":"https:\/\/rotary.fi\/lahtisalpausselka\/wp-json\/wp\/v2\/types\/page"}],"author":[{"embeddable":true,"href":"https:\/\/rotary.fi\/lahtisalpausselka\/wp-json\/wp\/v2\/users\/1"}],"replies":[{"embeddable":true,"href":"https:\/\/rotary.fi\/lahtisalpausselka\/wp-json\/wp\/v2\/comments?post=129"}],"version-history":[{"count":10,"href":"https:\/\/rotary.fi\/lahtisalpausselka\/wp-json\/wp\/v2\/pages\/129\/revisions"}],"predecessor-version":[{"id":1546,"href":"https:\/\/rotary.fi\/lahtisalpausselka\/wp-json\/wp\/v2\/pages\/129\/revisions\/1546"}],"up":[{"embeddable":true,"href":"https:\/\/rotary.fi\/lahtisalpausselka\/wp-json\/wp\/v2\/pages\/15"}],"wp:attachment":[{"href":"https:\/\/rotary.fi\/lahtisalpausselka\/wp-json\/wp\/v2\/media?parent=129"}],"curies":[{"name":"wp","href":"https:\/\/api.w.org\/{rel}","templated":true}]}}