{"id":94,"date":"2018-08-09T15:14:30","date_gmt":"2018-08-09T12:14:30","guid":{"rendered":"https:\/\/rotary.fi\/klubi2\/?page_id=94"},"modified":"2018-11-27T10:46:12","modified_gmt":"2018-11-27T08:46:12","slug":"ajankohtaista","status":"publish","type":"page","link":"https:\/\/rotary.fi\/lahtilaune\/ajankohtaista\/","title":{"rendered":"Ajankohtaista"},"content":{"rendered":"<p>[et_pb_section bb_built=&#8221;1&#8243; _builder_version=&#8221;3.4.1&#8243; background_image=&#8221;https:\/\/rotary.fi\/wp-content\/uploads\/2018\/02\/paakuva-sisasivu1.jpg&#8221; next_background_color=&#8221;#ffffff&#8221; module_class=&#8221;jumbotron-page&#8221;][et_pb_row][et_pb_column type=&#8221;4_4&#8243;][et_pb_text admin_label=&#8221;P\u00e4\u00e4otsikko&#8221; _builder_version=&#8221;3.4.1&#8243; text_orientation=&#8221;center&#8221; background_layout=&#8221;dark&#8221;]<\/p>\n<h1>Ajankohtaista<\/h1>\n<p>[\/et_pb_text][\/et_pb_column][\/et_pb_row][\/et_pb_section][et_pb_section bb_built=&#8221;1&#8243; specialty=&#8221;on&#8221; prev_background_color=&#8221;#000000&#8243; _builder_version=&#8221;3.4.1&#8243; module_class_2=&#8221;sivupalkki&#8221; locked=&#8221;on&#8221;][et_pb_column type=&#8221;2_3&#8243; specialty_columns=&#8221;2&#8243;][et_pb_row_inner admin_label=&#8221;Rivi&#8221; locked=&#8221;on&#8221; parent_locked=&#8221;on&#8221;][et_pb_column_inner type=&#8221;4_4&#8243; saved_specialty_column_type=&#8221;2_3&#8243;][et_pb_text admin_label=&#8221;Otsikko&#8221; _builder_version=&#8221;3.4.1&#8243; text_orientation=&#8221;center&#8221; parent_locked=&#8221;on&#8221;]<\/p>\n<h1>Ajankohtaista<\/h1>\n<p>[\/et_pb_text][et_pb_code admin_label=&#8221;Ajankohtaisten listaus&#8221; _builder_version=&#8221;3.17.6&#8243; module_class=&#8221;kaikki_ajankohtaiset&#8221; parent_locked=&#8221;on&#8221;]<ul class=\"display-posts-listing\"><li class=\"listing-item\"><a class=\"title\" href=\"https:\/\/rotary.fi\/lahtilaune\/ajankohtaiset\/piirin-1390-ib-oppilaiden-syysleiri-siikaniemessa-10-12-10-2025\/\">Piirin 1390 IB-oppilaiden syysleiri Siikaniemess\u00e4 10.-12.10.2025<\/a> <span class=\"date\">17.10. 2025<\/span><\/li><li class=\"listing-item\"><a class=\"title\" href=\"https:\/\/rotary.fi\/lahtilaune\/ajankohtaiset\/klubin-sieniretki\/\">Klubin sieniretki<\/a> <span class=\"date\">17.10. 2025<\/span><\/li><li class=\"listing-item\"><a class=\"title\" href=\"https:\/\/rotary.fi\/lahtilaune\/ajankohtaiset\/emilia-riipinen-ja-maria-lund-kolme-nuorta-vse-vaihdossa-englannissa\/\">Emilia Riipinen ja Maria Lund: Kolme nuorta VSE-vaihdossa Englannissa<\/a> <span class=\"date\">30.4. 2025<\/span><\/li><li class=\"listing-item\"><a class=\"title\" href=\"https:\/\/rotary.fi\/lahtilaune\/ajankohtaiset\/rotary-120-tapahtuman-ilmoittautuminen-on-nyt-avoinna\/\">Rotary 120 -tapahtuman ilmoittautuminen on nyt avoinna<\/a> <span class=\"date\">28.2. 2025<\/span><\/li><li class=\"listing-item\"><a class=\"title\" href=\"https:\/\/rotary.fi\/lahtilaune\/ajankohtaiset\/d1390-pets-ja-piirineuvottelukutsu-ilmoittaudu-nyt-linkit-viestissa\/\">D1390 PETS ja piirineuvottelukutsu &#8211; ILMOITTAUDU NYT &#8211; LINKIT VIESTISS\u00c4!<\/a> <span class=\"date\">28.2. 2025<\/span><\/li><li class=\"listing-item\"><a class=\"title\" href=\"https:\/\/rotary.fi\/lahtilaune\/ajankohtaiset\/kuvernoorikirje-12-24\/\">Kuvern\u00f6\u00f6rikirje 12\/24<\/a> <span class=\"date\">16.12. 2024<\/span><\/li><li class=\"listing-item\"><a class=\"title\" href=\"https:\/\/rotary.fi\/lahtilaune\/ajankohtaiset\/seminaari-ja-koulutuspaiva-seka-syyskokous-26-10-2024\/\">Seminaari- ja koulutusp\u00e4iv\u00e4 sek\u00e4 syyskokous 26.10.2024<\/a> <span class=\"date\">23.10. 2024<\/span><\/li><li class=\"listing-item\"><a class=\"title\" href=\"https:\/\/rotary.fi\/lahtilaune\/ajankohtaiset\/rli-valmennus-tulossa-ilmoittautuminen-kaynnissa\/\">RLI-valmennus tulossa ILMOITTAUTUMINEN K\u00c4YNNISS\u00c4!<\/a> <span class=\"date\">21.10. 2024<\/span><\/li><li class=\"listing-item\"><a class=\"title\" href=\"https:\/\/rotary.fi\/lahtilaune\/ajankohtaiset\/klubimme-vaihto-oppilas-2023-2024-piti-esitelman-vaihtovuodestaan-meksikossa\/\">Klubimme vaihto-oppilas 2023-2024 piti esitelm\u00e4n vaihtovuodestaan Meksikossa<\/a> <span class=\"date\">28.8. 2024<\/span><\/li><li class=\"listing-item\"><a class=\"title\" href=\"https:\/\/rotary.fi\/lahtilaune\/ajankohtaiset\/klubin-ensimainen-kokous-ti-13-8-2024\/\">Klubin ensim\u00e4inen kokous ti 13.8.2024<\/a> <span class=\"date\">14.8. 2024<\/span><\/li><li class=\"listing-item\"><a class=\"title\" href=\"https:\/\/rotary.fi\/lahtilaune\/ajankohtaiset\/kesaretki-urajarven-kartanomuseoon-lauantaina-13-7-24\/\">Kes\u00e4retki Uraj\u00e4rven kartanomuseoon lauantaina 13.7. 24<\/a> <span class=\"date\">22.7. 2024<\/span><\/li><li class=\"listing-item\"><a class=\"title\" href=\"https:\/\/rotary.fi\/lahtilaune\/ajankohtaiset\/kaatyjen-vaihto-3\/\">K\u00e4\u00e4tyjen vaihto<\/a> <span class=\"date\">19.6. 2024<\/span><\/li><li class=\"listing-item\"><a class=\"title\" href=\"https:\/\/rotary.fi\/lahtilaune\/ajankohtaiset\/klubin-vierailu-teerenpelin-viskitislaamossa\/\">Klubin vierailu Teerenpelin viskitislaamossa<\/a> <span class=\"date\">15.5. 2024<\/span><\/li><li class=\"listing-item\"><a class=\"title\" href=\"https:\/\/rotary.fi\/lahtilaune\/ajankohtaiset\/vierailu-panssarimuseossa-19-3-2024\/\">Vierailu panssarimuseossa 19.3.2024<\/a> <span class=\"date\">25.3. 2024<\/span><\/li><li class=\"listing-item\"><a class=\"title\" href=\"https:\/\/rotary.fi\/lahtilaune\/ajankohtaiset\/kokous-6-2-2024\/\">Kokouksessa muistettiin pitk\u00e4aikaista klubin j\u00e4sent\u00e4 Raili T\u00f6ntsi\u00e4 (1947-2024)<\/a> <span class=\"date\">7.2. 2024<\/span><\/li><li class=\"listing-item\"><a class=\"title\" href=\"https:\/\/rotary.fi\/lahtilaune\/ajankohtaiset\/piirikuvernoorin-vierailu\/\">Piirikuvern\u00f6\u00f6rin vierailu<\/a> <span class=\"date\">20.11. 2023<\/span><\/li><li class=\"listing-item\"><a class=\"title\" href=\"https:\/\/rotary.fi\/lahtilaune\/ajankohtaiset\/yritysvierailu-naisten-pukutehdas\/\">Yritysvierailu Naisten Pukutehdas<\/a> <span class=\"date\">13.11. 2023<\/span><\/li><li class=\"listing-item\"><a class=\"title\" href=\"https:\/\/rotary.fi\/lahtilaune\/ajankohtaiset\/klubin-syysretki-lapakiston-retkeilyalueelle\/\">Klubin syysretki Lapakiston retkeilyalueelle<\/a> <span class=\"date\">13.11. 2023<\/span><\/li><li class=\"listing-item\"><a class=\"title\" href=\"https:\/\/rotary.fi\/lahtilaune\/ajankohtaiset\/sieniretki\/\">Sieniretki<\/a> <span class=\"date\">13.11. 2023<\/span><\/li><li class=\"listing-item\"><a class=\"title\" href=\"https:\/\/rotary.fi\/lahtilaune\/ajankohtaiset\/klubin-avauskokous-15-08-2023\/\">Klubin avauskokous 15.08.2023<\/a> <span class=\"date\">21.8. 2023<\/span><\/li><li class=\"listing-item\"><a class=\"title\" href=\"https:\/\/rotary.fi\/lahtilaune\/ajankohtaiset\/olisiko-isantaperheena-toimiminen-tapasi-kansainvalistya\/\">Olisiko is\u00e4nt\u00e4perheen\u00e4 toimiminen tapasi kansainv\u00e4listy\u00e4 ?<\/a> <span class=\"date\">15.8. 2023<\/span><\/li><li class=\"listing-item\"><a class=\"title\" href=\"https:\/\/rotary.fi\/lahtilaune\/ajankohtaiset\/kaatyjen-vaihto-15-6-2023\/\">K\u00e4\u00e4tyjen vaihto 15.6.2023<\/a> <span class=\"date\">4.7. 2023<\/span><\/li><li class=\"listing-item\"><a class=\"title\" href=\"https:\/\/rotary.fi\/lahtilaune\/ajankohtaiset\/vaihto-oppilaamme-keyla-ja-max\/\">Vaihto-oppilaamme Keyla ja Max<\/a> <span class=\"date\">4.7. 2023<\/span><\/li><li class=\"listing-item\"><a class=\"title\" href=\"https:\/\/rotary.fi\/lahtilaune\/ajankohtaiset\/ic-kokous-16-3-2023\/\">IC-kokous 16.3.2023<\/a> <span class=\"date\">6.4. 2023<\/span><\/li><li class=\"listing-item\"><a class=\"title\" href=\"https:\/\/rotary.fi\/lahtilaune\/ajankohtaiset\/piirikuvernoori-esa-makinen-vierailu\/\">Piirikuvern\u00f6\u00f6ri Esa M\u00e4kinen vierailu<\/a> <span class=\"date\">4.11. 2022<\/span><\/li><li class=\"listing-item\"><a class=\"title\" href=\"https:\/\/rotary.fi\/lahtilaune\/ajankohtaiset\/ic-kokous\/\">IC-KOKOUS, lastenl\u00e4\u00e4k\u00e4ri Leena Kaartinen<\/a> <span class=\"date\">3.11. 2022<\/span><\/li><li class=\"listing-item\"><a class=\"title\" href=\"https:\/\/rotary.fi\/lahtilaune\/ajankohtaiset\/suomen-rotareiden-puiston-syystalkoot\/\">Suomen rotareiden puiston syystalkoot<\/a> <span class=\"date\">3.10. 2022<\/span><\/li><li class=\"listing-item\"><a class=\"title\" href=\"https:\/\/rotary.fi\/lahtilaune\/ajankohtaiset\/kaatyjen-vaihto-16-6-2022\/\">K\u00e4\u00e4tyjen vaihto 16.6.2022<\/a> <span class=\"date\">21.6. 2022<\/span><\/li><li class=\"listing-item\"><a class=\"title\" href=\"https:\/\/rotary.fi\/lahtilaune\/ajankohtaiset\/lahden-seudun-rotaryklubien-vaihto-oppilaat-ja-nvat\/\">Lahden seudun Rotaryklubien vaihto-oppilaat ja NVA:t<\/a> <span class=\"date\">7.6. 2022<\/span><\/li><li class=\"listing-item\"><a class=\"title\" href=\"https:\/\/rotary.fi\/lahtilaune\/ajankohtaiset\/1390-piirikonferenssi-2022\/\">1390 Piirikonferenssi  2022<\/a> <span class=\"date\">25.4. 2022<\/span><\/li><li class=\"listing-item\"><a class=\"title\" href=\"https:\/\/rotary.fi\/lahtilaune\/ajankohtaiset\/klubimme-mukana-vesireppu-projektissa\/\">Klubimme mukana  vesireppu -projektissa<\/a> <span class=\"date\">19.10. 2021<\/span><\/li><li class=\"listing-item\"><a class=\"title\" href=\"https:\/\/rotary.fi\/lahtilaune\/ajankohtaiset\/mita-kuuluu-entisille-vaihto-oppilaillemme\/\">Mit\u00e4 kuuluu entisille vaihto-oppilaillemme<\/a> <span class=\"date\">14.10. 2021<\/span><\/li><li class=\"listing-item\"><a class=\"title\" href=\"https:\/\/rotary.fi\/lahtilaune\/ajankohtaiset\/dg-eila-parviaisen-vierailu\/\">DG Eila Parviaisen vierailu<\/a> <span class=\"date\">26.8. 2021<\/span><\/li><li class=\"listing-item\"><a class=\"title\" href=\"https:\/\/rotary.fi\/lahtilaune\/ajankohtaiset\/kaatyjen-vaihto-2\/\">K\u00e4\u00e4tyjen vaihto<\/a> <span class=\"date\">20.7. 2021<\/span><\/li><li class=\"listing-item\"><a class=\"title\" href=\"https:\/\/rotary.fi\/lahtilaune\/ajankohtaiset\/lahteen-uusi-rotaractklubi\/\">Lahteen uusi Rotaractklubi<\/a> <span class=\"date\">7.4. 2021<\/span><\/li><li class=\"listing-item\"><a class=\"title\" href=\"https:\/\/rotary.fi\/lahtilaune\/ajankohtaiset\/rotarypiirin-videokilpailu\/\">Rotarypiirin videokilpailu<\/a> <span class=\"date\">12.1. 2021<\/span><\/li><li class=\"listing-item\"><a class=\"title\" href=\"https:\/\/rotary.fi\/lahtilaune\/ajankohtaiset\/klubimme-30-vuotishistoriikki\/\">Klubimme 30-vuotishistoriikki<\/a> <span class=\"date\">16.10. 2020<\/span><\/li><li class=\"listing-item\"><a class=\"title\" href=\"https:\/\/rotary.fi\/lahtilaune\/ajankohtaiset\/piirikuvernoori-ilkka-nikmonin-veirailu-lahti-launeen-klubissa\/\">Piirikuvern\u00f6\u00f6ri Ilkka Nikmonin veirailu Lahti-Launeen klubissa<\/a> <span class=\"date\">12.10. 2020<\/span><\/li><li class=\"listing-item\"><a class=\"title\" href=\"https:\/\/rotary.fi\/lahtilaune\/ajankohtaiset\/kaatyjen-vaihto\/\">K\u00e4\u00e4tyjen vaihto<\/a> <span class=\"date\">15.6. 2020<\/span><\/li><li class=\"listing-item\"><a class=\"title\" href=\"https:\/\/rotary.fi\/lahtilaune\/ajankohtaiset\/klubimme-voitti-paras-uusi-kotisivu-kilpailu\/\">Klubimme voitti Paras uusi kotisivu -kilpailun<\/a> <span class=\"date\">8.5. 2020<\/span><\/li><li class=\"listing-item\"><a class=\"title\" href=\"https:\/\/rotary.fi\/lahtilaune\/ajankohtaiset\/kaymme-kohti-kevatta-etana-teams-kokouksilla\/\">K\u00e4ymme kohti kev\u00e4tt\u00e4 et\u00e4n\u00e4, teams-kokouksilla<\/a> <span class=\"date\">22.4. 2020<\/span><\/li><li class=\"listing-item\"><a class=\"title\" href=\"https:\/\/rotary.fi\/lahtilaune\/ajankohtaiset\/lahti-launeen-rotaryklubi-30-v\/\">Lahti-Launeen Rotaryklubi 30 v<\/a> <span class=\"date\">17.3. 2020<\/span><\/li><li class=\"listing-item\"><a class=\"title\" href=\"https:\/\/rotary.fi\/lahtilaune\/ajankohtaiset\/arvonta-suoritettiin-30-v-juhlassa\/\">Arvonta suoritettiin 30 v juhlassa<\/a> <span class=\"date\">17.3. 2020<\/span><\/li><li class=\"listing-item\"><a class=\"title\" href=\"https:\/\/rotary.fi\/lahtilaune\/ajankohtaiset\/ic-kokous-to-20-2-2020-1630-1800-suomen-meriympariston-tila\/\">IC-kokous to 20.2.2020 16:30 &#8211; 18:00, Suomen meriymp\u00e4rist\u00f6n tila.<\/a> <span class=\"date\">17.2. 2020<\/span><\/li><li class=\"listing-item\"><a class=\"title\" href=\"https:\/\/rotary.fi\/lahtilaune\/ajankohtaiset\/kuvernoorin-vierailu-la-24-9-lahden-seurahuone\/\">Kuvern\u00f6\u00f6rin vierailu la 24.9., Lahden Seurahuone<\/a> <span class=\"date\">20.8. 2019<\/span><\/li><li class=\"listing-item\"><a class=\"title\" href=\"https:\/\/rotary.fi\/lahtilaune\/ajankohtaiset\/katyjen-vaihto-13-6\/\">K\u00e4\u00e4tyjen vaihto 13.6.- valokuvat<\/a> <span class=\"date\">12.8. 2019<\/span><\/li><li class=\"listing-item\"><a class=\"title\" href=\"https:\/\/rotary.fi\/lahtilaune\/ajankohtaiset\/ajankohtainen-uutinen-vahan-pidemmalla-otsikolla\/\">Piirikonferenssi 13.4.2019, Tampere<\/a> <span class=\"date\">14.4. 2019<\/span><\/li><li class=\"listing-item\"><a class=\"title\" href=\"https:\/\/rotary.fi\/lahtilaune\/ajankohtaiset\/mc-rotaryt-kokoontuvat-hameenlinnassa-16-18-8-2019\/\">MC Rotaryt kokoontuvat H\u00e4meenlinnassa 16-18.8.2019<\/a> <span class=\"date\">14.3. 2019<\/span><\/li><li class=\"listing-item\"><a class=\"title\" href=\"https:\/\/rotary.fi\/lahtilaune\/ajankohtaiset\/ess-toimitti-artikkelin-opiskeijavaihdosta\/\">ESS toimitti artikkelin opiskelijavaihdosta<\/a> <span class=\"date\">12.3. 2019<\/span><\/li><li class=\"listing-item\"><a class=\"title\" href=\"https:\/\/rotary.fi\/lahtilaune\/ajankohtaiset\/pets-2019\/\">PETS 2019<\/a> <span class=\"date\">4.2. 2019<\/span><\/li><li class=\"listing-item\"><a class=\"title\" href=\"https:\/\/rotary.fi\/lahtilaune\/ajankohtaiset\/ja-viela-yksi-ajankohtainen-juttu\/\">Rotary Convention Hamburg 1.-5.6.2019<\/a> <span class=\"date\">2.2. 2019<\/span><\/li><li class=\"listing-item\"><a class=\"title\" href=\"https:\/\/rotary.fi\/lahtilaune\/presidentin_uutiset\/hyvaa-rotarysaation-kuukautta\/\">Hyv\u00e4\u00e4 Rotarys\u00e4\u00e4ti\u00f6n kuukautta!<\/a> <span class=\"date\">30.11. 2018<\/span><\/li><li class=\"listing-item\"><a class=\"title\" href=\"https:\/\/rotary.fi\/lahtilaune\/presidentin_uutiset\/suomen-rotarypalvelun-tuleva-hallitus-valittu\/\">Suomen Rotarypalvelun tuleva hallitus valittu<\/a> <span class=\"date\">25.11. 2018<\/span><\/li><\/ul>[\/et_pb_code][\/et_pb_column_inner][\/et_pb_row_inner][\/et_pb_column][et_pb_column type=&#8221;1_3&#8243;][et_pb_sidebar _builder_version=&#8221;3.4.1&#8243; area=&#8221;sidebar-1&#8243; module_class=&#8221;sivupalkki_sisalto&#8221; parent_locked=&#8221;on&#8221; \/][\/et_pb_column][\/et_pb_section]<\/p>\n","protected":false},"excerpt":{"rendered":"<p>[et_pb_section bb_built=&#8221;1&#8243; _builder_version=&#8221;3.4.1&#8243; background_image=&#8221;https:\/\/rotary.fi\/wp-content\/uploads\/2018\/02\/paakuva-sisasivu1.jpg&#8221; next_background_color=&#8221;#ffffff&#8221; module_class=&#8221;jumbotron-page&#8221;][et_pb_row][et_pb_column type=&#8221;4_4&#8243;][et_pb_text admin_label=&#8221;P\u00e4\u00e4otsikko&#8221; _builder_version=&#8221;3.4.1&#8243; text_orientation=&#8221;center&#8221; background_layout=&#8221;dark&#8221;] Ajankohtaista [\/et_pb_text][\/et_pb_column][\/et_pb_row][\/et_pb_section][et_pb_section bb_built=&#8221;1&#8243; specialty=&#8221;on&#8221; prev_background_color=&#8221;#000000&#8243; _builder_version=&#8221;3.4.1&#8243; module_class_2=&#8221;sivupalkki&#8221; locked=&#8221;on&#8221;][et_pb_column type=&#8221;2_3&#8243; specialty_columns=&#8221;2&#8243;][et_pb_row_inner admin_label=&#8221;Rivi&#8221; locked=&#8221;on&#8221; parent_locked=&#8221;on&#8221;][et_pb_column_inner type=&#8221;4_4&#8243; saved_specialty_column_type=&#8221;2_3&#8243;][et_pb_text admin_label=&#8221;Otsikko&#8221; _builder_version=&#8221;3.4.1&#8243; text_orientation=&#8221;center&#8221; parent_locked=&#8221;on&#8221;] Ajankohtaista [\/et_pb_text][et_pb_code admin_label=&#8221;Ajankohtaisten listaus&#8221; _builder_version=&#8221;3.17.6&#8243; module_class=&#8221;kaikki_ajankohtaiset&#8221; parent_locked=&#8221;on&#8221;][\/et_pb_code][\/et_pb_column_inner][\/et_pb_row_inner][\/et_pb_column][et_pb_column type=&#8221;1_3&#8243;][et_pb_sidebar _builder_version=&#8221;3.4.1&#8243; area=&#8221;sidebar-1&#8243; module_class=&#8221;sivupalkki_sisalto&#8221; parent_locked=&#8221;on&#8221; \/][\/et_pb_column][\/et_pb_section]<\/p>\n","protected":false},"author":1,"featured_media":0,"parent":0,"menu_order":0,"comment_status":"closed","ping_status":"closed","template":"","meta":{"_acf_changed":false,"_et_pb_use_builder":"on","_et_pb_old_content":"","_et_gb_content_width":"","footnotes":""},"class_list":["post-94","page","type-page","status-publish","hentry"],"acf":[],"yoast_head":"<!-- This site is optimized with the Yoast SEO plugin v27.0 - https:\/\/yoast.com\/product\/yoast-seo-wordpress\/ -->\n<title>Ajankohtaista - Lahti-Launeen Rotaryklubi ry<\/title>\n<meta name=\"robots\" content=\"index, follow, max-snippet:-1, max-image-preview:large, max-video-preview:-1\" \/>\n<link rel=\"canonical\" href=\"https:\/\/rotary.fi\/lahtilaune\/ajankohtaista\/\" \/>\n<meta property=\"og:locale\" content=\"fi_FI\" \/>\n<meta property=\"og:type\" content=\"article\" \/>\n<meta property=\"og:title\" content=\"Ajankohtaista - Lahti-Launeen Rotaryklubi ry\" \/>\n<meta property=\"og:description\" content=\"[et_pb_section bb_built=&#8221;1&#8243; _builder_version=&#8221;3.4.1&#8243; background_image=&#8221;https:\/\/rotary.fi\/wp-content\/uploads\/2018\/02\/paakuva-sisasivu1.jpg&#8221; next_background_color=&#8221;#ffffff&#8221; module_class=&#8221;jumbotron-page&#8221;][et_pb_row][et_pb_column type=&#8221;4_4&#8243;][et_pb_text admin_label=&#8221;P\u00e4\u00e4otsikko&#8221; _builder_version=&#8221;3.4.1&#8243; text_orientation=&#8221;center&#8221; background_layout=&#8221;dark&#8221;] Ajankohtaista [\/et_pb_text][\/et_pb_column][\/et_pb_row][\/et_pb_section][et_pb_section bb_built=&#8221;1&#8243; specialty=&#8221;on&#8221; prev_background_color=&#8221;#000000&#8243; _builder_version=&#8221;3.4.1&#8243; module_class_2=&#8221;sivupalkki&#8221; locked=&#8221;on&#8221;][et_pb_column type=&#8221;2_3&#8243; specialty_columns=&#8221;2&#8243;][et_pb_row_inner admin_label=&#8221;Rivi&#8221; locked=&#8221;on&#8221; parent_locked=&#8221;on&#8221;][et_pb_column_inner type=&#8221;4_4&#8243; saved_specialty_column_type=&#8221;2_3&#8243;][et_pb_text admin_label=&#8221;Otsikko&#8221; _builder_version=&#8221;3.4.1&#8243; text_orientation=&#8221;center&#8221; parent_locked=&#8221;on&#8221;] Ajankohtaista [\/et_pb_text][et_pb_code admin_label=&#8221;Ajankohtaisten listaus&#8221; _builder_version=&#8221;3.17.6&#8243; module_class=&#8221;kaikki_ajankohtaiset&#8221; parent_locked=&#8221;on&#8221;][\/et_pb_code][\/et_pb_column_inner][\/et_pb_row_inner][\/et_pb_column][et_pb_column type=&#8221;1_3&#8243;][et_pb_sidebar _builder_version=&#8221;3.4.1&#8243; area=&#8221;sidebar-1&#8243; module_class=&#8221;sivupalkki_sisalto&#8221; parent_locked=&#8221;on&#8221; \/][\/et_pb_column][\/et_pb_section]\" \/>\n<meta property=\"og:url\" content=\"https:\/\/rotary.fi\/lahtilaune\/ajankohtaista\/\" \/>\n<meta property=\"og:site_name\" content=\"Lahti-Launeen Rotaryklubi ry\" \/>\n<meta property=\"article:modified_time\" content=\"2018-11-27T08:46:12+00:00\" \/>\n<meta name=\"twitter:card\" content=\"summary_large_image\" \/>\n<meta name=\"twitter:label1\" content=\"Arvioitu lukuaika\" \/>\n\t<meta name=\"twitter:data1\" content=\"1 minuutti\" \/>\n<script type=\"application\/ld+json\" class=\"yoast-schema-graph\">{\"@context\":\"https:\/\/schema.org\",\"@graph\":[{\"@type\":\"WebPage\",\"@id\":\"https:\/\/rotary.fi\/lahtilaune\/ajankohtaista\/\",\"url\":\"https:\/\/rotary.fi\/lahtilaune\/ajankohtaista\/\",\"name\":\"Ajankohtaista - Lahti-Launeen Rotaryklubi ry\",\"isPartOf\":{\"@id\":\"https:\/\/rotary.fi\/lahtilaune\/#website\"},\"datePublished\":\"2018-08-09T12:14:30+00:00\",\"dateModified\":\"2018-11-27T08:46:12+00:00\",\"breadcrumb\":{\"@id\":\"https:\/\/rotary.fi\/lahtilaune\/ajankohtaista\/#breadcrumb\"},\"inLanguage\":\"fi\",\"potentialAction\":[{\"@type\":\"ReadAction\",\"target\":[\"https:\/\/rotary.fi\/lahtilaune\/ajankohtaista\/\"]}]},{\"@type\":\"BreadcrumbList\",\"@id\":\"https:\/\/rotary.fi\/lahtilaune\/ajankohtaista\/#breadcrumb\",\"itemListElement\":[{\"@type\":\"ListItem\",\"position\":1,\"name\":\"Home\",\"item\":\"https:\/\/rotary.fi\/lahtilaune\/\"},{\"@type\":\"ListItem\",\"position\":2,\"name\":\"Ajankohtaista\"}]},{\"@type\":\"WebSite\",\"@id\":\"https:\/\/rotary.fi\/lahtilaune\/#website\",\"url\":\"https:\/\/rotary.fi\/lahtilaune\/\",\"name\":\"Lahti-Launeen Rotaryklubi ry\",\"description\":\"Uusi Rotary klubisivusto\",\"potentialAction\":[{\"@type\":\"SearchAction\",\"target\":{\"@type\":\"EntryPoint\",\"urlTemplate\":\"https:\/\/rotary.fi\/lahtilaune\/?s={search_term_string}\"},\"query-input\":{\"@type\":\"PropertyValueSpecification\",\"valueRequired\":true,\"valueName\":\"search_term_string\"}}],\"inLanguage\":\"fi\"}]}<\/script>\n<!-- \/ Yoast SEO plugin. -->","yoast_head_json":{"title":"Ajankohtaista - Lahti-Launeen Rotaryklubi ry","robots":{"index":"index","follow":"follow","max-snippet":"max-snippet:-1","max-image-preview":"max-image-preview:large","max-video-preview":"max-video-preview:-1"},"canonical":"https:\/\/rotary.fi\/lahtilaune\/ajankohtaista\/","og_locale":"fi_FI","og_type":"article","og_title":"Ajankohtaista - Lahti-Launeen Rotaryklubi ry","og_description":"[et_pb_section bb_built=&#8221;1&#8243; _builder_version=&#8221;3.4.1&#8243; background_image=&#8221;https:\/\/rotary.fi\/wp-content\/uploads\/2018\/02\/paakuva-sisasivu1.jpg&#8221; next_background_color=&#8221;#ffffff&#8221; module_class=&#8221;jumbotron-page&#8221;][et_pb_row][et_pb_column type=&#8221;4_4&#8243;][et_pb_text admin_label=&#8221;P\u00e4\u00e4otsikko&#8221; _builder_version=&#8221;3.4.1&#8243; text_orientation=&#8221;center&#8221; background_layout=&#8221;dark&#8221;] Ajankohtaista [\/et_pb_text][\/et_pb_column][\/et_pb_row][\/et_pb_section][et_pb_section bb_built=&#8221;1&#8243; specialty=&#8221;on&#8221; prev_background_color=&#8221;#000000&#8243; _builder_version=&#8221;3.4.1&#8243; module_class_2=&#8221;sivupalkki&#8221; locked=&#8221;on&#8221;][et_pb_column type=&#8221;2_3&#8243; specialty_columns=&#8221;2&#8243;][et_pb_row_inner admin_label=&#8221;Rivi&#8221; locked=&#8221;on&#8221; parent_locked=&#8221;on&#8221;][et_pb_column_inner type=&#8221;4_4&#8243; saved_specialty_column_type=&#8221;2_3&#8243;][et_pb_text admin_label=&#8221;Otsikko&#8221; _builder_version=&#8221;3.4.1&#8243; text_orientation=&#8221;center&#8221; parent_locked=&#8221;on&#8221;] Ajankohtaista [\/et_pb_text][et_pb_code admin_label=&#8221;Ajankohtaisten listaus&#8221; _builder_version=&#8221;3.17.6&#8243; module_class=&#8221;kaikki_ajankohtaiset&#8221; parent_locked=&#8221;on&#8221;][\/et_pb_code][\/et_pb_column_inner][\/et_pb_row_inner][\/et_pb_column][et_pb_column type=&#8221;1_3&#8243;][et_pb_sidebar _builder_version=&#8221;3.4.1&#8243; area=&#8221;sidebar-1&#8243; module_class=&#8221;sivupalkki_sisalto&#8221; parent_locked=&#8221;on&#8221; \/][\/et_pb_column][\/et_pb_section]","og_url":"https:\/\/rotary.fi\/lahtilaune\/ajankohtaista\/","og_site_name":"Lahti-Launeen Rotaryklubi ry","article_modified_time":"2018-11-27T08:46:12+00:00","twitter_card":"summary_large_image","twitter_misc":{"Arvioitu lukuaika":"1 minuutti"},"schema":{"@context":"https:\/\/schema.org","@graph":[{"@type":"WebPage","@id":"https:\/\/rotary.fi\/lahtilaune\/ajankohtaista\/","url":"https:\/\/rotary.fi\/lahtilaune\/ajankohtaista\/","name":"Ajankohtaista - Lahti-Launeen Rotaryklubi ry","isPartOf":{"@id":"https:\/\/rotary.fi\/lahtilaune\/#website"},"datePublished":"2018-08-09T12:14:30+00:00","dateModified":"2018-11-27T08:46:12+00:00","breadcrumb":{"@id":"https:\/\/rotary.fi\/lahtilaune\/ajankohtaista\/#breadcrumb"},"inLanguage":"fi","potentialAction":[{"@type":"ReadAction","target":["https:\/\/rotary.fi\/lahtilaune\/ajankohtaista\/"]}]},{"@type":"BreadcrumbList","@id":"https:\/\/rotary.fi\/lahtilaune\/ajankohtaista\/#breadcrumb","itemListElement":[{"@type":"ListItem","position":1,"name":"Home","item":"https:\/\/rotary.fi\/lahtilaune\/"},{"@type":"ListItem","position":2,"name":"Ajankohtaista"}]},{"@type":"WebSite","@id":"https:\/\/rotary.fi\/lahtilaune\/#website","url":"https:\/\/rotary.fi\/lahtilaune\/","name":"Lahti-Launeen Rotaryklubi ry","description":"Uusi Rotary klubisivusto","potentialAction":[{"@type":"SearchAction","target":{"@type":"EntryPoint","urlTemplate":"https:\/\/rotary.fi\/lahtilaune\/?s={search_term_string}"},"query-input":{"@type":"PropertyValueSpecification","valueRequired":true,"valueName":"search_term_string"}}],"inLanguage":"fi"}]}},"lang":"fi","translations":{"fi":94},"pll_sync_post":[],"_links":{"self":[{"href":"https:\/\/rotary.fi\/lahtilaune\/wp-json\/wp\/v2\/pages\/94","targetHints":{"allow":["GET"]}}],"collection":[{"href":"https:\/\/rotary.fi\/lahtilaune\/wp-json\/wp\/v2\/pages"}],"about":[{"href":"https:\/\/rotary.fi\/lahtilaune\/wp-json\/wp\/v2\/types\/page"}],"author":[{"embeddable":true,"href":"https:\/\/rotary.fi\/lahtilaune\/wp-json\/wp\/v2\/users\/1"}],"replies":[{"embeddable":true,"href":"https:\/\/rotary.fi\/lahtilaune\/wp-json\/wp\/v2\/comments?post=94"}],"version-history":[{"count":6,"href":"https:\/\/rotary.fi\/lahtilaune\/wp-json\/wp\/v2\/pages\/94\/revisions"}],"predecessor-version":[{"id":1332,"href":"https:\/\/rotary.fi\/lahtilaune\/wp-json\/wp\/v2\/pages\/94\/revisions\/1332"}],"wp:attachment":[{"href":"https:\/\/rotary.fi\/lahtilaune\/wp-json\/wp\/v2\/media?parent=94"}],"curies":[{"name":"wp","href":"https:\/\/api.w.org\/{rel}","templated":true}]}}