{"id":1774,"date":"2019-02-07T16:11:06","date_gmt":"2019-02-07T14:11:06","guid":{"rendered":"https:\/\/rotary.fi\/lahtilaune\/?page_id=1774"},"modified":"2026-03-09T09:31:29","modified_gmt":"2026-03-09T07:31:29","slug":"klubin-historiaa","status":"publish","type":"page","link":"https:\/\/rotary.fi\/lahtilaune\/klubin-historiaa\/","title":{"rendered":"Klubin historiaa"},"content":{"rendered":"<p>[et_pb_section fb_built=&#8221;1&#8243; _builder_version=&#8221;4.16&#8243; global_colors_info=&#8221;{}&#8221;][\/et_pb_section][et_pb_section fb_built=&#8221;1&#8243; _builder_version=&#8221;4.16&#8243; collapsed=&#8221;off&#8221; global_colors_info=&#8221;{}&#8221;][et_pb_row _builder_version=&#8221;4.16&#8243; min_height=&#8221;449px&#8221; global_colors_info=&#8221;{}&#8221;][et_pb_column type=&#8221;4_4&#8243; _builder_version=&#8221;4.16&#8243; global_colors_info=&#8221;{}&#8221;][et_pb_text _builder_version=&#8221;4.16&#8243; global_colors_info=&#8221;{}&#8221;]<\/p>\n<h1 style=\"text-align: center\">Lahti-Launeen Rotaryklubin historia<\/h1>\n<p>[\/et_pb_text][et_pb_image src=&#8221;https:\/\/rotary.fi\/lahtilaune\/wp-content\/uploads\/sites\/19\/2020\/10\/30v-logo-2.jpg&#8221; alt=&#8221;RC Lahti-Laune 30 vuotta&#8221; title_text=&#8221;RC Lahti-Laune 30 vuotta&#8221; align=&#8221;center&#8221; _builder_version=&#8221;4.16&#8243; width=&#8221;27%&#8221; module_alignment=&#8221;center&#8221; global_colors_info=&#8221;{}&#8221;][\/et_pb_image][et_pb_text _builder_version=&#8221;4.16&#8243; custom_padding=&#8221;0px||0px||false|false&#8221; global_colors_info=&#8221;{}&#8221;]Lahti-Launeen Rotaryklubi vietti 30-vuotisjuhlaansa Upseerikerholla 14.3.2020.\u00a0Kiitokset perustajaj\u00e4senille viisaista p\u00e4\u00e4t\u00f6ksist\u00e4! Kiitos\u00a0kuvern\u00f6\u00f6rille, apulaiskuvern\u00f6\u00f6rille ja lahtelaisten klubien edustajille\u00a0yst\u00e4v\u00e4llismielisist\u00e4 tervehdyksist\u00e4nne, lauluyhtye Cayalle ja OB Ainsleylle tanssiesityksest\u00e4. Juhlassa tapasivat ex-rotarit ja rotarit aveceineen, ja yksi kohokohdista oli klubimme 30-vuotishistoriikin julkistus. Pekka\u00a0Rajalan toimittamaa julkaisua, jonka graafisesta suunnittelusta vastasi Andreja Valtanen, on saatavana klubisihteeri Harri Silkosuolta.[\/et_pb_text][\/et_pb_column][\/et_pb_row][et_pb_row column_structure=&#8221;1_4,3_4&#8243; _builder_version=&#8221;4.16&#8243; global_colors_info=&#8221;{}&#8221;][et_pb_column type=&#8221;1_4&#8243; _builder_version=&#8221;4.16&#8243; link_option_url=&#8221;https:\/\/drive.google.com\/file\/d\/1ziCOSE-bcC3smBQsesQLnfXxRS9t7NVO\/view&#8221; global_colors_info=&#8221;{}&#8221;][et_pb_image src=&#8221;https:\/\/rotary.fi\/lahtilaune\/wp-content\/uploads\/sites\/19\/2020\/10\/lahti-laune-rotary-historiikki.jpg&#8221; alt=&#8221;Rotary-historiikki lahti laune&#8221; title_text=&#8221;Rotary-historiikki lahti laune&#8221; _builder_version=&#8221;4.27.4&#8243; width=&#8221;99%&#8221; module_alignment=&#8221;center&#8221; hover_enabled=&#8221;0&#8243; global_colors_info=&#8221;{}&#8221; url=&#8221;https:\/\/rotary.fi\/lahtilaune\/wp-content\/uploads\/sites\/19\/2026\/03\/historiikki-rc_laune-4.pdf&#8221; sticky_enabled=&#8221;0&#8243;][\/et_pb_image][\/et_pb_column][et_pb_column type=&#8221;3_4&#8243; _builder_version=&#8221;4.16&#8243; global_colors_info=&#8221;{}&#8221;][et_pb_text _builder_version=&#8221;4.27.4&#8243; hover_enabled=&#8221;0&#8243; global_colors_info=&#8221;{}&#8221; sticky_enabled=&#8221;0&#8243;]<\/p>\n<p>Klubimme upean 30-v historiikin voitte halutessanne tilata harri.silkosuo(\u00e4t)gmail.com Hinta: klubikokouksen yhteydess\u00e4 noudettuna 10 \u20ac tai kotiin postitettuna 15 \u20ac.<br \/><strong><a href=\"https:\/\/rotary.fi\/lahtilaune\/wp-content\/uploads\/sites\/19\/2026\/03\/historiikki-rc_laune-4.pdf\" target=\"_blank\" rel=\"noopener noreferrer\">&gt;&gt; Katso 30-vuotishistoriikki T\u00c4ST\u00c4<\/a><\/strong><\/p>\n<p><span>Allaolevasta linkist\u00e4 p\u00e4\u00e4sette katsomaan kuvia juhlastamme.<\/span><\/p>\n<p><span><a href=\"https:\/\/drive.google.com\/drive\/folders\/1HG2rVs24cftDzKxr65C6X5WBCX3rg2Fn?usp=sharing\"><b>&gt;&gt; KATSO KUVAT T\u00c4ST\u00c4<\/b><\/a><\/span><\/p>\n<p>[\/et_pb_text][\/et_pb_column][\/et_pb_row][et_pb_row _builder_version=&#8221;4.16&#8243; custom_margin=&#8221;0px||||false|false&#8221; global_colors_info=&#8221;{}&#8221;][et_pb_column type=&#8221;4_4&#8243; _builder_version=&#8221;4.16&#8243; global_colors_info=&#8221;{}&#8221;][et_pb_gallery gallery_ids=&#8221;2079,2078,2120,2121,2122,2123,2124,2125&#8243; posts_number=&#8221;8&#8243; _builder_version=&#8221;4.16&#8243; title_text_color=&#8221;rgba(0,0,0,0)&#8221; title_font_size=&#8221;1px&#8221; caption_font_size=&#8221;1px&#8221; caption_line_height=&#8221;1px&#8221; global_colors_info=&#8221;{}&#8221; background_layout__hover_enabled=&#8221;off|desktop&#8221;][\/et_pb_gallery][\/et_pb_column][\/et_pb_row][et_pb_row _builder_version=&#8221;4.16&#8243; global_colors_info=&#8221;{}&#8221;][et_pb_column type=&#8221;4_4&#8243; _builder_version=&#8221;4.16&#8243; global_colors_info=&#8221;{}&#8221;][et_pb_divider _builder_version=&#8221;4.16&#8243; global_colors_info=&#8221;{}&#8221;][\/et_pb_divider][\/et_pb_column][\/et_pb_row][et_pb_row _builder_version=&#8221;4.16&#8243; background_size=&#8221;initial&#8221; background_position=&#8221;top_left&#8221; background_repeat=&#8221;repeat&#8221; collapsed=&#8221;on&#8221; global_colors_info=&#8221;{}&#8221;][et_pb_column type=&#8221;4_4&#8243; _builder_version=&#8221;4.16&#8243; custom_padding=&#8221;|||&#8221; global_colors_info=&#8221;{}&#8221; custom_padding__hover=&#8221;|||&#8221;][et_pb_gallery gallery_ids=&#8221;1748,1747,1746,1745,1743,1742,1741,1739,1738,1737,1736,1735,1734,1733,1731,1730,1729,1728,1727,1726,1725,1724,1723,1722,1721,1720,1719,1718,1717,1732&#8243; posts_number=&#8221;30&#8243; show_title_and_caption=&#8221;off&#8221; _builder_version=&#8221;4.16&#8243; global_colors_info=&#8221;{}&#8221; db_image_max_width_tablet=&#8221;51&#8243; db_image_max_height_tablet=&#8221;501&#8243; db_image_row_spacing_tablet=&#8221;51&#8243;][\/et_pb_gallery][et_pb_image src=&#8221;https:\/\/rotary.fi\/lahtilaune\/wp-content\/uploads\/sites\/19\/2019\/02\/raili_dg-vuosi.png&#8221; url=&#8221;https:\/\/drive.google.com\/drive\/folders\/0B8GvU57hinCVckRPbTZWdlA2RU0?resourcekey=0-YvE8_ESx-rsjhf9JFckGbA&amp;usp=sharing&#8221; align_tablet=&#8221;center&#8221; align_phone=&#8221;&#8221; align_last_edited=&#8221;on|desktop&#8221; _builder_version=&#8221;4.22.1&#8243; global_colors_info=&#8221;{}&#8221;][\/et_pb_image][\/et_pb_column][\/et_pb_row][\/et_pb_section]<\/p>\n","protected":false},"excerpt":{"rendered":"<p>Lahti-Launeen Rotaryklubin historia Lahti-Launeen Rotaryklubi vietti 30-vuotisjuhlaansa Upseerikerholla 14.3.2020.\u00a0Kiitokset perustajaj\u00e4senille viisaista p\u00e4\u00e4t\u00f6ksist\u00e4! Kiitos\u00a0kuvern\u00f6\u00f6rille, apulaiskuvern\u00f6\u00f6rille ja lahtelaisten klubien edustajille\u00a0yst\u00e4v\u00e4llismielisist\u00e4 tervehdyksist\u00e4nne, lauluyhtye Cayalle ja OB Ainsleylle tanssiesityksest\u00e4. Juhlassa tapasivat ex-rotarit ja rotarit aveceineen, ja yksi kohokohdista oli klubimme 30-vuotishistoriikin julkistus. Pekka\u00a0Rajalan toimittamaa julkaisua, jonka graafisesta suunnittelusta vastasi Andreja Valtanen, on saatavana klubisihteeri Harri Silkosuolta.Klubimme upean 30-v historiikin [&hellip;]<\/p>\n","protected":false},"author":68,"featured_media":0,"parent":0,"menu_order":0,"comment_status":"closed","ping_status":"closed","template":"","meta":{"_acf_changed":false,"_et_pb_use_builder":"on","_et_pb_old_content":"","_et_gb_content_width":"","footnotes":""},"class_list":["post-1774","page","type-page","status-publish","hentry"],"acf":[],"yoast_head":"<!-- This site is optimized with the Yoast SEO plugin v27.4 - https:\/\/yoast.com\/product\/yoast-seo-wordpress\/ -->\n<title>Klubin historiaa - Lahti-Launeen Rotaryklubi ry<\/title>\n<meta name=\"robots\" content=\"index, follow, max-snippet:-1, max-image-preview:large, max-video-preview:-1\" \/>\n<link rel=\"canonical\" href=\"https:\/\/rotary.fi\/lahtilaune\/klubin-historiaa\/\" \/>\n<meta property=\"og:locale\" content=\"fi_FI\" \/>\n<meta property=\"og:type\" content=\"article\" \/>\n<meta property=\"og:title\" content=\"Klubin historiaa - Lahti-Launeen Rotaryklubi ry\" \/>\n<meta property=\"og:description\" content=\"Lahti-Launeen Rotaryklubin historia Lahti-Launeen Rotaryklubi vietti 30-vuotisjuhlaansa Upseerikerholla 14.3.2020.\u00a0Kiitokset perustajaj\u00e4senille viisaista p\u00e4\u00e4t\u00f6ksist\u00e4! Kiitos\u00a0kuvern\u00f6\u00f6rille, apulaiskuvern\u00f6\u00f6rille ja lahtelaisten klubien edustajille\u00a0yst\u00e4v\u00e4llismielisist\u00e4 tervehdyksist\u00e4nne, lauluyhtye Cayalle ja OB Ainsleylle tanssiesityksest\u00e4. Juhlassa tapasivat ex-rotarit ja rotarit aveceineen, ja yksi kohokohdista oli klubimme 30-vuotishistoriikin julkistus. Pekka\u00a0Rajalan toimittamaa julkaisua, jonka graafisesta suunnittelusta vastasi Andreja Valtanen, on saatavana klubisihteeri Harri Silkosuolta.Klubimme upean 30-v historiikin [&hellip;]\" \/>\n<meta property=\"og:url\" content=\"https:\/\/rotary.fi\/lahtilaune\/klubin-historiaa\/\" \/>\n<meta property=\"og:site_name\" content=\"Lahti-Launeen Rotaryklubi ry\" \/>\n<meta property=\"article:modified_time\" content=\"2026-03-09T07:31:29+00:00\" \/>\n<meta name=\"twitter:card\" content=\"summary_large_image\" \/>\n<meta name=\"twitter:label1\" content=\"Arvioitu lukuaika\" \/>\n\t<meta name=\"twitter:data1\" content=\"9 minuuttia\" \/>\n<script type=\"application\/ld+json\" class=\"yoast-schema-graph\">{\"@context\":\"https:\\\/\\\/schema.org\",\"@graph\":[{\"@type\":\"WebPage\",\"@id\":\"https:\\\/\\\/rotary.fi\\\/lahtilaune\\\/klubin-historiaa\\\/\",\"url\":\"https:\\\/\\\/rotary.fi\\\/lahtilaune\\\/klubin-historiaa\\\/\",\"name\":\"Klubin historiaa - Lahti-Launeen Rotaryklubi ry\",\"isPartOf\":{\"@id\":\"https:\\\/\\\/rotary.fi\\\/lahtilaune\\\/#website\"},\"datePublished\":\"2019-02-07T14:11:06+00:00\",\"dateModified\":\"2026-03-09T07:31:29+00:00\",\"breadcrumb\":{\"@id\":\"https:\\\/\\\/rotary.fi\\\/lahtilaune\\\/klubin-historiaa\\\/#breadcrumb\"},\"inLanguage\":\"fi\",\"potentialAction\":[{\"@type\":\"ReadAction\",\"target\":[\"https:\\\/\\\/rotary.fi\\\/lahtilaune\\\/klubin-historiaa\\\/\"]}]},{\"@type\":\"BreadcrumbList\",\"@id\":\"https:\\\/\\\/rotary.fi\\\/lahtilaune\\\/klubin-historiaa\\\/#breadcrumb\",\"itemListElement\":[{\"@type\":\"ListItem\",\"position\":1,\"name\":\"Home\",\"item\":\"https:\\\/\\\/rotary.fi\\\/lahtilaune\\\/\"},{\"@type\":\"ListItem\",\"position\":2,\"name\":\"Klubin historiaa\"}]},{\"@type\":\"WebSite\",\"@id\":\"https:\\\/\\\/rotary.fi\\\/lahtilaune\\\/#website\",\"url\":\"https:\\\/\\\/rotary.fi\\\/lahtilaune\\\/\",\"name\":\"Lahti-Launeen Rotaryklubi ry\",\"description\":\"Uusi Rotary klubisivusto\",\"potentialAction\":[{\"@type\":\"SearchAction\",\"target\":{\"@type\":\"EntryPoint\",\"urlTemplate\":\"https:\\\/\\\/rotary.fi\\\/lahtilaune\\\/?s={search_term_string}\"},\"query-input\":{\"@type\":\"PropertyValueSpecification\",\"valueRequired\":true,\"valueName\":\"search_term_string\"}}],\"inLanguage\":\"fi\"}]}<\/script>\n<!-- \/ Yoast SEO plugin. -->","yoast_head_json":{"title":"Klubin historiaa - Lahti-Launeen Rotaryklubi ry","robots":{"index":"index","follow":"follow","max-snippet":"max-snippet:-1","max-image-preview":"max-image-preview:large","max-video-preview":"max-video-preview:-1"},"canonical":"https:\/\/rotary.fi\/lahtilaune\/klubin-historiaa\/","og_locale":"fi_FI","og_type":"article","og_title":"Klubin historiaa - Lahti-Launeen Rotaryklubi ry","og_description":"Lahti-Launeen Rotaryklubin historia Lahti-Launeen Rotaryklubi vietti 30-vuotisjuhlaansa Upseerikerholla 14.3.2020.\u00a0Kiitokset perustajaj\u00e4senille viisaista p\u00e4\u00e4t\u00f6ksist\u00e4! Kiitos\u00a0kuvern\u00f6\u00f6rille, apulaiskuvern\u00f6\u00f6rille ja lahtelaisten klubien edustajille\u00a0yst\u00e4v\u00e4llismielisist\u00e4 tervehdyksist\u00e4nne, lauluyhtye Cayalle ja OB Ainsleylle tanssiesityksest\u00e4. Juhlassa tapasivat ex-rotarit ja rotarit aveceineen, ja yksi kohokohdista oli klubimme 30-vuotishistoriikin julkistus. Pekka\u00a0Rajalan toimittamaa julkaisua, jonka graafisesta suunnittelusta vastasi Andreja Valtanen, on saatavana klubisihteeri Harri Silkosuolta.Klubimme upean 30-v historiikin [&hellip;]","og_url":"https:\/\/rotary.fi\/lahtilaune\/klubin-historiaa\/","og_site_name":"Lahti-Launeen Rotaryklubi ry","article_modified_time":"2026-03-09T07:31:29+00:00","twitter_card":"summary_large_image","twitter_misc":{"Arvioitu lukuaika":"9 minuuttia"},"schema":{"@context":"https:\/\/schema.org","@graph":[{"@type":"WebPage","@id":"https:\/\/rotary.fi\/lahtilaune\/klubin-historiaa\/","url":"https:\/\/rotary.fi\/lahtilaune\/klubin-historiaa\/","name":"Klubin historiaa - Lahti-Launeen Rotaryklubi ry","isPartOf":{"@id":"https:\/\/rotary.fi\/lahtilaune\/#website"},"datePublished":"2019-02-07T14:11:06+00:00","dateModified":"2026-03-09T07:31:29+00:00","breadcrumb":{"@id":"https:\/\/rotary.fi\/lahtilaune\/klubin-historiaa\/#breadcrumb"},"inLanguage":"fi","potentialAction":[{"@type":"ReadAction","target":["https:\/\/rotary.fi\/lahtilaune\/klubin-historiaa\/"]}]},{"@type":"BreadcrumbList","@id":"https:\/\/rotary.fi\/lahtilaune\/klubin-historiaa\/#breadcrumb","itemListElement":[{"@type":"ListItem","position":1,"name":"Home","item":"https:\/\/rotary.fi\/lahtilaune\/"},{"@type":"ListItem","position":2,"name":"Klubin historiaa"}]},{"@type":"WebSite","@id":"https:\/\/rotary.fi\/lahtilaune\/#website","url":"https:\/\/rotary.fi\/lahtilaune\/","name":"Lahti-Launeen Rotaryklubi ry","description":"Uusi Rotary klubisivusto","potentialAction":[{"@type":"SearchAction","target":{"@type":"EntryPoint","urlTemplate":"https:\/\/rotary.fi\/lahtilaune\/?s={search_term_string}"},"query-input":{"@type":"PropertyValueSpecification","valueRequired":true,"valueName":"search_term_string"}}],"inLanguage":"fi"}]}},"lang":"fi","translations":{"fi":1774},"pll_sync_post":[],"_links":{"self":[{"href":"https:\/\/rotary.fi\/lahtilaune\/wp-json\/wp\/v2\/pages\/1774","targetHints":{"allow":["GET"]}}],"collection":[{"href":"https:\/\/rotary.fi\/lahtilaune\/wp-json\/wp\/v2\/pages"}],"about":[{"href":"https:\/\/rotary.fi\/lahtilaune\/wp-json\/wp\/v2\/types\/page"}],"author":[{"embeddable":true,"href":"https:\/\/rotary.fi\/lahtilaune\/wp-json\/wp\/v2\/users\/68"}],"replies":[{"embeddable":true,"href":"https:\/\/rotary.fi\/lahtilaune\/wp-json\/wp\/v2\/comments?post=1774"}],"version-history":[{"count":10,"href":"https:\/\/rotary.fi\/lahtilaune\/wp-json\/wp\/v2\/pages\/1774\/revisions"}],"predecessor-version":[{"id":3033,"href":"https:\/\/rotary.fi\/lahtilaune\/wp-json\/wp\/v2\/pages\/1774\/revisions\/3033"}],"wp:attachment":[{"href":"https:\/\/rotary.fi\/lahtilaune\/wp-json\/wp\/v2\/media?parent=1774"}],"curies":[{"name":"wp","href":"https:\/\/api.w.org\/{rel}","templated":true}]}}