{"id":156,"date":"2018-08-13T09:46:59","date_gmt":"2018-08-13T06:46:59","guid":{"rendered":"https:\/\/rotary.fi\/lahtilaune\/?page_id=156"},"modified":"2023-12-28T14:33:30","modified_gmt":"2023-12-28T12:33:30","slug":"projektit","status":"publish","type":"page","link":"https:\/\/rotary.fi\/lahtilaune\/mita-teemme\/projektit\/","title":{"rendered":"Projektit"},"content":{"rendered":"<p>[et_pb_section fb_built=&#8221;1&#8243; module_class=&#8221;jumbotron-page&#8221; _builder_version=&#8221;4.16&#8243; background_image=&#8221;https:\/\/rotary.fi\/lahtilaune\/wp-content\/uploads\/sites\/19\/2019\/01\/joulupuu-rotary.jpg&#8221; global_colors_info=&#8221;{}&#8221;][et_pb_row _builder_version=&#8221;4.16&#8243; background_size=&#8221;initial&#8221; background_position=&#8221;top_left&#8221; background_repeat=&#8221;repeat&#8221; global_colors_info=&#8221;{}&#8221;][et_pb_column type=&#8221;4_4&#8243; _builder_version=&#8221;4.16&#8243; custom_padding=&#8221;|||&#8221; global_colors_info=&#8221;{}&#8221; custom_padding__hover=&#8221;|||&#8221;][\/et_pb_column][\/et_pb_row][\/et_pb_section][et_pb_section fb_built=&#8221;1&#8243; specialty=&#8221;on&#8221; module_class_2=&#8221;sivupalkki&#8221; _builder_version=&#8221;4.16&#8243; global_colors_info=&#8221;{}&#8221;][et_pb_column type=&#8221;2_3&#8243; specialty_columns=&#8221;2&#8243; _builder_version=&#8221;4.16&#8243; custom_padding=&#8221;|||&#8221; global_colors_info=&#8221;{}&#8221; parallax__hover=&#8221;off&#8221; parallax_method__hover=&#8221;on&#8221; custom_padding__hover=&#8221;|||&#8221;][et_pb_row_inner admin_label=&#8221;Rivi&#8221; _builder_version=&#8221;4.16&#8243; global_colors_info=&#8221;{}&#8221;][et_pb_column_inner saved_specialty_column_type=&#8221;2_3&#8243; _builder_version=&#8221;4.16&#8243; custom_padding=&#8221;|||&#8221; global_colors_info=&#8221;{}&#8221; parallax__hover=&#8221;off&#8221; parallax_method__hover=&#8221;on&#8221; custom_padding__hover=&#8221;|||&#8221;][et_pb_text admin_label=&#8221;Projektit &#8211; Otsikko&#8221; _builder_version=&#8221;4.16&#8243; text_orientation=&#8221;center&#8221; global_colors_info=&#8221;{}&#8221;]<\/p>\n<h1>Projektit<\/h1>\n<p>[\/et_pb_text][et_pb_text _builder_version=&#8221;4.16&#8243; custom_padding=&#8221;||0px|||&#8221; global_colors_info=&#8221;{}&#8221;]<\/p>\n<p>&nbsp;<\/p>\n<h3><span>Joulupuu<\/span><\/h3>\n<p>Joulupuu Lahti ker\u00e4\u00e4 lahjakortteja eriarvoisessa asemassa oleville Lahden ja Hollolan lapsille.<br \/>Lahjakortin voi ostaa kuka tahansa mist\u00e4 tahansa liikkeest\u00e4, joka tarjoaa lapselle tai alle 18-vuotiaalle nuorelle sopivia lahjoja. Lahjakortit voi j\u00e4tt\u00e4\u00e4 Joulupuu Lahti -logolla merkittyihin ker\u00e4yspisteisiin.<br \/>Ker\u00e4yksen toteuttavat vuodesta Lahden ja Hollolan rotaryklubit. Mukana on my\u00f6s Lahti-Launeen rotaryklubi.<span class=\"Apple-converted-space\">\u00a0<br \/><\/span>Avun tarpeessa olevat lapset ja nuoret tavoitetaan sosiaalitoimen, seurakunnan, Lahden Diakonialaitoksen, Lahden ensi- ja turvakodin sek\u00e4 MLL Lahden kautta. Joulupuu Lahti -ker\u00e4yksen projektip\u00e4\u00e4llikk\u00f6n\u00e4 toimii Eila Parviainen.<\/p>\n<p>www.lahti.joulupuu.org<\/p>\n<p><span style=\"font-size: 16px\"><a href=\"https:\/\/koulupuu.wixsite.com\/koulupuu\" title=\"Koulupuu\"><\/a><\/span><\/p>\n<p>[\/et_pb_text][et_pb_image src=&#8221;https:\/\/rotary.fi\/lahtilaune\/wp-content\/uploads\/sites\/19\/2023\/12\/joulupuu23.jpg&#8221; alt=&#8221;Vesireppu-Lahti-Laune-rotaryklubi&#8221; title_text=&#8221;joulupuu23&#8243; _builder_version=&#8221;4.22.1&#8243; _module_preset=&#8221;default&#8221; hover_enabled=&#8221;0&#8243; global_colors_info=&#8221;{}&#8221; sticky_enabled=&#8221;0&#8243;][\/et_pb_image][et_pb_text _builder_version=&#8221;4.16&#8243; custom_padding=&#8221;||0px|||&#8221; global_colors_info=&#8221;{}&#8221;]<\/p>\n<p>&nbsp;<\/p>\n<h3><span>Rotary vesireppu<\/span><\/h3>\n<p>ROTARY -yhteis\u00f6 tukee SYKEn ja EUn Ihan Pihalla hankettaKest\u00e4v\u00e4n vedenk\u00e4yt\u00f6n EDUWATER-kouluhankkeessa ollaan nyt p\u00e4ivitt\u00e4m\u00e4ss\u00e4 Rotarien tukemana Suomen ymp\u00e4rist\u00f6keskuksen kehitt\u00e4m\u00e4\u00e4 Vesireppua, jonka avulla koululaiset voivat tutkia omia paikallisvesist\u00f6j\u00e4\u00e4n.<\/p>\n<p>Vesireppu 2021 sis\u00e4lt\u00e4\u00e4 v\u00e4lineet ja ohjeet, joiden avulla l\u00e4hivesist\u00f6n tutkiminen on helppoa ja hauskaa. Mit\u00e4 n\u00e4k\u00f6syvyys kertoo vesist\u00f6n tilasta? L\u00f6ytyyk\u00f6 vedest\u00e4 sinilev\u00e4\u00e4 ja olisiko siell\u00e4 turvallista uida? Ent\u00e4 milt\u00e4 n\u00e4ytt\u00e4\u00e4 veden happitilanne?<br \/>Vesirepun tarkoituksena on kiinnostaa lapsia ymp\u00e4rist\u00f6n tilasta ja oman l\u00e4hivesist\u00f6n tilasta.<\/p>\n<p>My\u00f6s Lahti-Launeen Rotaryklubi on mukana projektissa.<br \/><em>Kuva:\u00a0Satu M\u00e4lki\u00e4 Jalkarannan koululta vastaanotti tyytyv\u00e4isen\u00e4 klubimme lahjoittaman vesirepun, jolla tutkitaan ja tallennetaan Vesij\u00e4rven tilaa.<\/em><\/p>\n<p><span style=\"font-size: 16px\"><a href=\"https:\/\/koulupuu.wixsite.com\/koulupuu\" title=\"Koulupuu\"><\/a><\/span><\/p>\n<p>[\/et_pb_text][et_pb_image src=&#8221;https:\/\/rotary.fi\/lahtilaune\/wp-content\/uploads\/sites\/19\/2021\/10\/vesireppu-rotated.jpg&#8221; alt=&#8221;Vesireppu-Lahti-Laune-rotaryklubi&#8221; title_text=&#8221;Vesireppu-Lahti-Laune-rotaryklubi&#8221; _builder_version=&#8221;4.16&#8243; _module_preset=&#8221;default&#8221; global_colors_info=&#8221;{}&#8221;][\/et_pb_image][et_pb_text _builder_version=&#8221;4.16&#8243; custom_padding=&#8221;||0px|||&#8221; global_colors_info=&#8221;{}&#8221;]<\/p>\n<p>&nbsp;<\/p>\n<h3><span>DuuniExpo X Bisnesp\u00e4iv\u00e4<\/span><\/h3>\n<p>Rotary on palveluj\u00e4rjest\u00f6. Toimimme tunnuslauseemme Palvelu itsekkyyden edelle (Service above self) mukaisesti paikallisesti ja maailmanlaajuisesti. Kansainv\u00e4linen humanit\u00e4\u00e4rinen palvelumme toteutuu Rotarys\u00e4\u00e4ti\u00f6mme koordinoimana ja hyv\u00e4ksyttyjen kumppaneiden kanssa.<span style=\"font-size: 16px\"><\/span><\/p>\n<p><span style=\"font-size: 16px\">Messujen teema oli verkostoituminen ja paikka <span>NiemiCampus.\u00a0<\/span>\u00a0Mukana olivat \u00a0Lahden alueen Rotaryklubit yhteisty\u00f6ss\u00e4 ShelterBox Tuki ry:n kanssa. Osastoksi pystytimme teltan, jollaisia varusteineen j\u00e4rjest\u00f6 toimittaa perheiden h\u00e4t\u00e4majoitteiksi\u00a0<\/span><span style=\"font-size: 16px\"><\/span><span style=\"font-size: 16px\">katastrofialueilla.<\/span><\/p>\n<p><span>DuuniExpo2020 koordinaattorina toimii presidenttimme Pirjo Virolainen.<\/span><\/p>\n<p><span><\/span><\/p>\n<p><span style=\"font-size: 16px\"><a href=\"https:\/\/koulupuu.wixsite.com\/koulupuu\" title=\"Koulupuu\"><\/a><\/span><\/p>\n<p>[\/et_pb_text][et_pb_gallery gallery_ids=&#8221;2035,2036&#8243; show_title_and_caption=&#8221;off&#8221; show_pagination=&#8221;off&#8221; _builder_version=&#8221;4.16&#8243; global_colors_info=&#8221;{}&#8221;][\/et_pb_gallery][et_pb_text _builder_version=&#8221;4.16&#8243; custom_padding=&#8221;||0px|||&#8221; global_colors_info=&#8221;{}&#8221;]<\/p>\n<p>&nbsp;<\/p>\n<h3>KOULUPUU hanke<\/h3>\n<p>Klubimme on tehnyt p\u00e4\u00e4t\u00f6ksen, ett\u00e4 osallistumme<span class=\"Apple-converted-space\">\u00a0 <\/span>kaikkien Lahtelaisten klubien<span class=\"Apple-converted-space\">\u00a0 <\/span>yhteiseen Koulupuu -projektiin 500 euron panostuksella.<span class=\"Apple-converted-space\">\u00a0 \u00a0<\/span><\/p>\n<p><span style=\"font-size: 16px\">Piiriapurahaa on my\u00f6nnetty Koulupuu projekille 3000 USD.<\/span><\/p>\n<p>Apuraha ja 500 eur lahjoitukset klubeilta ovat yhteens\u00e4 reilut 6000 euroa.<\/p>\n<p>Tavoitteena on 10 000 euroa. Mukana ovat kaikki Lahden AG-alueen klubit ja my\u00f6s RC Asikkala.<\/p>\n<p><span style=\"font-size: 16px\">Koulupuu tukee v\u00e4h\u00e4varaisista perheist\u00e4 tulevien Lahden seudun (PHHYKYn alueen) nuorten toisen asteen opintoja avustamalla kirjojen, tietokoneiden ja muiden opiskelutarvikkeiden hankinnassa. Ensisijaisesti kohteena ovat opintonsa aloittavat, toissijaisesti jo pidemm\u00e4lle opinnoissaan ehtineet. Tuki kohdennetaan niihin nuoriin, joita ei kyet\u00e4 auttamaan toimeentulotuen kautta.<\/span><\/p>\n<p><span style=\"font-size: 16px\"><a href=\"https:\/\/koulupuu.wixsite.com\/koulupuu\" title=\"Koulupuu\"><\/a><\/span><\/p>\n<p>[\/et_pb_text][et_pb_image src=&#8221;https:\/\/rotary.fi\/lahtilaune\/wp-content\/uploads\/sites\/19\/2019\/09\/koulupuu-rotary-lahti-laune-e1569501714394.png&#8221; _builder_version=&#8221;4.16&#8243; global_colors_info=&#8221;{}&#8221;][\/et_pb_image][et_pb_text _builder_version=&#8221;4.16&#8243; global_colors_info=&#8221;{}&#8221;]<\/p>\n<p>&nbsp;<\/p>\n<h3>Joulupuuker\u00e4ys<\/h3>\n<p>Joulupuuker\u00e4yksell\u00e4 jouluiloa lahtelaisille ja hollolalaisille haastavissa oloissa el\u00e4ville lapsille<\/p>\n<p>Olemme lahtelaisten rotaryklubien kanssa mukana perinteisess\u00e4 Joulupuu-ker\u00e4yksess\u00e4, joka j\u00e4rjestettiin Lahdessa vuonna 2018 jo 18. kerran. Ker\u00e4yksell\u00e4 hankitaan joululahjalahjoituksia lahtelaisille ja hollolalaisille lapsille, jotka ovat lastensuojelun piiriss\u00e4, huostaan otettuna, sijaisperheess\u00e4, lastenkodissa tai muutoin perhetilanteen vuoksi j\u00e4isiv\u00e4t ilman Joulupukin tuomisia.<\/p>\n<p>Ker\u00e4yksen j\u00e4rjest\u00e4v\u00e4t Lahden 4H-yhdistys ry, Lahden Rotaryklubit ry ja Lahden Nuorkauppakamari ry. Ker\u00e4ykselle nimet\u00e4\u00e4n vuosittain oma paikallinen kummi.<\/p>\n<p>Lahjat koordinoidaan saajille PHHYTY:n, Lahden seurakuntayhtym\u00e4n ja LAMK sosiaalialan yhteisty\u00f6n\u00e4. Erityisesti pyrit\u00e4\u00e4n auttamaan sosiaalitoimen asiakasperheiden lapsia.<\/p>\n<p>Lahjoittajat osallistuvat ker\u00e4ykseen viem\u00e4ll\u00e4 lahjan p\u00e4\u00e4joulukuusen juurelle Lahden Kauppahalliin tai vaihtoehtoisesti Lahdessa, Hollolassa ja Nastolassa sijaitsevien sivukuusien juurelle. Sivukuusipaikkoja tukevat paikalliset yritykset.<\/p>\n<p>Kuusen vierelt\u00e4 l\u00f6ytyy tyhji\u00e4 pakettikortteja, joihin voi itse kirjoittaa, mink\u00e4 ik\u00e4iselle tyt\u00f6lle tai pojalle lahja lahjoittajan mielest\u00e4 soveltuu.<\/p>\n<p>Joulupuu-ker\u00e4yksen ideana on lahjoittaa lapsille uusi ja k\u00e4ytt\u00e4m\u00e4t\u00f6n lahja. Rahalipasta ei ole k\u00e4yt\u00f6ss\u00e4. Lahja voi olla pieni tai suuri, edullinen tai hieman arvokkaampi \u2013 kaikki lahjat otetaan ilolla vastaan. Joulupuun mahdollistaman lahja-avun tarve on suuri, ja apua my\u00f6s halutaan antaa. Vuosien saatossa lahtelaiset ovat osoittaneet, ett\u00e4 heill\u00e4 on aitoa joulumielt\u00e4!<\/p>\n<p>www.facebook.com\/joulupuulahti<br \/>www.instagram.com\/joulupuulahti<\/p>\n<p><img loading=\"lazy\" decoding=\"async\" class=\"alignnone size-full wp-image-1800\" src=\"https:\/\/rotary.fi\/lahtilaune\/wp-content\/uploads\/sites\/19\/2019\/03\/dsc_0631-p.jpg\" alt=\"\" width=\"900\" height=\"611\" srcset=\"https:\/\/rotary.fi\/lahtilaune\/wp-content\/uploads\/sites\/19\/2019\/03\/dsc_0631-p.jpg 900w, https:\/\/rotary.fi\/lahtilaune\/wp-content\/uploads\/sites\/19\/2019\/03\/dsc_0631-p-300x204.jpg 300w, https:\/\/rotary.fi\/lahtilaune\/wp-content\/uploads\/sites\/19\/2019\/03\/dsc_0631-p-768x521.jpg 768w\" sizes=\"(max-width: 900px) 100vw, 900px\" \/><\/p>\n<p>&nbsp;<\/p>\n<p>[\/et_pb_text][et_pb_text _builder_version=&#8221;4.16&#8243; global_colors_info=&#8221;{}&#8221;]<\/p>\n<h3>\u00a0<\/h3>\n<h3>Rotaryt avustivat Lahden alueen dialyysipotilaita<\/h3>\n<p>Lahden alueen nelj\u00e4 rotaryklubia (Lahden, Lahti-Launeen, Lahti-Mukkulan ja Hollola-Salpakankaan rotaryklubit) ovat lahjoittaneet P\u00e4ij\u00e4t-H\u00e4meen munuais- ja maksayhdistykselle munuaispotilaiden hoitoon soveltuvan erikoisvalmisteisen kuntopy\u00f6r\u00e4n P\u00e4ij\u00e4t-H\u00e4meen keskussairaalan dialyysiosastolle. Rotary-klubien yhteinen hyv\u00e4ntekev\u00e4isyysprojekti sai alkunsa P\u00e4ij\u00e4t-H\u00e4meen munuais- ja maksayhdistys ry:n aloitteesta ja rotaryt l\u00e4htiv\u00e4t innolla mukaan projektiin, jolla voidaan konkreettisesti auttaa oman alueen ihmisi\u00e4. Projektin lahjoitussumma on yhteens\u00e4 3980 euroa ja kuntopy\u00f6r\u00e4n lis\u00e4ksi sill\u00e4 hankitaan osastolle kaksi tablet-tietokonetta.<br \/>Hemodialyysihoitoa saavat potilaat k\u00e4yv\u00e4t hoidoissa P\u00e4ij\u00e4t-H\u00e4meen keskussairaalassa kolme kertaa viikossa ja hoito kest\u00e4\u00e4 kerrallaan 4-5 tuntia. Hoito on potilaille eritt\u00e4in sitovaa ja hankaloittaa monella tavalla arkirutiineja. P\u00e4ij\u00e4t-H\u00e4meen keskussairaalan dialyysiosaston ylil\u00e4\u00e4k\u00e4ri Seppo Ojanen kertoo: \u201dKuntopy\u00f6r\u00e4 tehostaa erinomaisesti potilaiden kuntoutusta, koska se parantaa potilaiden verenkiertoa ja potilaat voivat k\u00e4ytt\u00e4\u00e4 kuntopy\u00f6r\u00e4\u00e4 hoidon aikana sairaalassa. Hoitotoimenpiteen j\u00e4lkeen potilaat ovat usein huonovointisia ja v\u00e4syneit\u00e4, jolloin kuntoilu kotona j\u00e4\u00e4 v\u00e4hemm\u00e4lle.\u201d<\/p>\n<p><span style=\"color: #8300e9\"><strong><img loading=\"lazy\" decoding=\"async\" class=\" wp-image-1440 alignnone\" src=\"https:\/\/rotary.fi\/lahtilaune\/wp-content\/uploads\/sites\/19\/2019\/01\/dialyysi-300x200.jpg\" alt=\"\" width=\"341\" height=\"227\" srcset=\"https:\/\/rotary.fi\/lahtilaune\/wp-content\/uploads\/sites\/19\/2019\/01\/dialyysi-300x200.jpg 300w, https:\/\/rotary.fi\/lahtilaune\/wp-content\/uploads\/sites\/19\/2019\/01\/dialyysi.jpg 640w\" sizes=\"(max-width: 341px) 100vw, 341px\" \/><\/strong><\/span><\/p>\n<p>Kuvassa: vas. Essi Alaluukas (Laune), Lea de Carvalho (Lahti), Jussi Niemi, Seppo Ojanen, Sirpa Kosola, Eija Vanhalakka ja Urpo Loihuranta<\/p>\n<p>Lahjakirjan vastaanotti osastonhoitaja Jussi Niemi. H\u00e4n kiitti l\u00e4mpim\u00e4sti lahjoituksen tehneit\u00e4 tahoja ja henkil\u00f6it\u00e4. T\u00e4ss\u00e4 taloustilanteessa vastaavan laitteen hankinta olisi vienyt sairaalalta vuosia. Fysioterapeutti Teijo Kulmala kertoi ja esitteli laiteen k\u00e4ytt\u00f6\u00e4 yhdess\u00e4 osastonhoitaja Jussi Niemen kanssa: \u201dLaite tulee todelliseen tarpeeseen ja p\u00e4ivitt\u00e4iseen k\u00e4ytt\u00f6\u00f6n. Kuntouttavaa toimintaa voidaan laitteen my\u00f6t\u00e4 tarjota kaikille 60 hoidettavalle potilaalle. Kuntoutus ja lihasvoimien vahvistaminen on eritt\u00e4in t\u00e4rke\u00e4\u00e4 dialyysipotilaille. Koska laiteessa on monipuoliset s\u00e4\u00e4t\u00f6- ja harjoitusmahdollisuudet, laitteella voidaan harjoittaa niin k\u00e4si\u00e4 kuin jalkoja tarpeen mukaan. Sit\u00e4 voivat hy\u00f6dynt\u00e4\u00e4 my\u00f6s henkil\u00f6t, joiden jokin raaja on toimintakyvyt\u00f6n, koska laite tarvittaessa auttaa moottorin avulla liikett\u00e4. T\u00e4ll\u00f6in nivelien liikkuvuus pysyy paremmin yll\u00e4.\u201d<br \/>Rotaryklubit ker\u00e4siv\u00e4t lahjoitetut varat j\u00e4rjest\u00e4m\u00e4ll\u00e4 hyv\u00e4ntekev\u00e4isyyshuutokaupan ja osa varoista saatiin Rotarys\u00e4\u00e4ti\u00f6lt\u00e4.\u2028<\/p>\n<p><strong>\u00a0<\/strong><\/p>\n<p><strong>Osallistumme my\u00f6s l\u00e4hiklubien kanssa yhteisiin projekteihin.<\/strong><br \/><strong>\u00a0 <br \/><\/strong><\/p>\n<p>[\/et_pb_text][\/et_pb_column_inner][\/et_pb_row_inner][\/et_pb_column][et_pb_column type=&#8221;1_3&#8243; module_class=&#8221;sivupalkki&#8221; _builder_version=&#8221;4.16&#8243; custom_padding=&#8221;|||&#8221; global_colors_info=&#8221;{}&#8221; parallax__hover=&#8221;off&#8221; parallax_method__hover=&#8221;on&#8221; module_class__hover=&#8221;sivupalkki&#8221; custom_padding__hover=&#8221;|||&#8221;][et_pb_sidebar area=&#8221;sidebar-1&#8243; module_class=&#8221;sivupalkki_sisalto&#8221; _builder_version=&#8221;4.16&#8243; locked=&#8221;on&#8221; global_colors_info=&#8221;{}&#8221;][\/et_pb_sidebar][\/et_pb_column][\/et_pb_section][et_pb_section fb_built=&#8221;1&#8243; _builder_version=&#8221;4.16&#8243; global_colors_info=&#8221;{}&#8221;][et_pb_row _builder_version=&#8221;4.16&#8243; background_size=&#8221;initial&#8221; background_position=&#8221;top_left&#8221; background_repeat=&#8221;repeat&#8221; global_colors_info=&#8221;{}&#8221;][\/et_pb_row][\/et_pb_section]<\/p>\n","protected":false},"excerpt":{"rendered":"<p>Projektit &nbsp; Joulupuu Joulupuu Lahti ker\u00e4\u00e4 lahjakortteja eriarvoisessa asemassa oleville Lahden ja Hollolan lapsille.Lahjakortin voi ostaa kuka tahansa mist\u00e4 tahansa liikkeest\u00e4, joka tarjoaa lapselle tai alle 18-vuotiaalle nuorelle sopivia lahjoja. Lahjakortit voi j\u00e4tt\u00e4\u00e4 Joulupuu Lahti -logolla merkittyihin ker\u00e4yspisteisiin.Ker\u00e4yksen toteuttavat vuodesta Lahden ja Hollolan rotaryklubit. Mukana on my\u00f6s Lahti-Launeen rotaryklubi.\u00a0Avun tarpeessa olevat lapset ja nuoret tavoitetaan [&hellip;]<\/p>\n","protected":false},"author":1,"featured_media":0,"parent":77,"menu_order":0,"comment_status":"closed","ping_status":"closed","template":"","meta":{"_acf_changed":false,"_et_pb_use_builder":"on","_et_pb_old_content":"","_et_gb_content_width":"","footnotes":""},"class_list":["post-156","page","type-page","status-publish","hentry"],"acf":[],"yoast_head":"<!-- This site is optimized with the Yoast SEO plugin v27.0 - https:\/\/yoast.com\/product\/yoast-seo-wordpress\/ -->\n<title>Projektit - Lahti-Launeen Rotaryklubi ry<\/title>\n<meta name=\"robots\" content=\"index, follow, max-snippet:-1, max-image-preview:large, max-video-preview:-1\" \/>\n<link rel=\"canonical\" href=\"https:\/\/rotary.fi\/lahtilaune\/mita-teemme\/projektit\/\" \/>\n<meta property=\"og:locale\" content=\"fi_FI\" \/>\n<meta property=\"og:type\" content=\"article\" \/>\n<meta property=\"og:title\" content=\"Projektit - Lahti-Launeen Rotaryklubi ry\" \/>\n<meta property=\"og:description\" content=\"Projektit &nbsp; Joulupuu Joulupuu Lahti ker\u00e4\u00e4 lahjakortteja eriarvoisessa asemassa oleville Lahden ja Hollolan lapsille.Lahjakortin voi ostaa kuka tahansa mist\u00e4 tahansa liikkeest\u00e4, joka tarjoaa lapselle tai alle 18-vuotiaalle nuorelle sopivia lahjoja. Lahjakortit voi j\u00e4tt\u00e4\u00e4 Joulupuu Lahti -logolla merkittyihin ker\u00e4yspisteisiin.Ker\u00e4yksen toteuttavat vuodesta Lahden ja Hollolan rotaryklubit. Mukana on my\u00f6s Lahti-Launeen rotaryklubi.\u00a0Avun tarpeessa olevat lapset ja nuoret tavoitetaan [&hellip;]\" \/>\n<meta property=\"og:url\" content=\"https:\/\/rotary.fi\/lahtilaune\/mita-teemme\/projektit\/\" \/>\n<meta property=\"og:site_name\" content=\"Lahti-Launeen Rotaryklubi ry\" \/>\n<meta property=\"article:modified_time\" content=\"2023-12-28T12:33:30+00:00\" \/>\n<meta property=\"og:image\" content=\"https:\/\/rotary.fi\/lahtilaune\/wp-content\/uploads\/sites\/19\/2019\/03\/dsc_0631-p.jpg\" \/>\n<meta name=\"twitter:card\" content=\"summary_large_image\" \/>\n<meta name=\"twitter:label1\" content=\"Arvioitu lukuaika\" \/>\n\t<meta name=\"twitter:data1\" content=\"7 minuuttia\" \/>\n<script type=\"application\/ld+json\" class=\"yoast-schema-graph\">{\"@context\":\"https:\/\/schema.org\",\"@graph\":[{\"@type\":\"WebPage\",\"@id\":\"https:\/\/rotary.fi\/lahtilaune\/mita-teemme\/projektit\/\",\"url\":\"https:\/\/rotary.fi\/lahtilaune\/mita-teemme\/projektit\/\",\"name\":\"Projektit - Lahti-Launeen Rotaryklubi ry\",\"isPartOf\":{\"@id\":\"https:\/\/rotary.fi\/lahtilaune\/#website\"},\"primaryImageOfPage\":{\"@id\":\"https:\/\/rotary.fi\/lahtilaune\/mita-teemme\/projektit\/#primaryimage\"},\"image\":{\"@id\":\"https:\/\/rotary.fi\/lahtilaune\/mita-teemme\/projektit\/#primaryimage\"},\"thumbnailUrl\":\"https:\/\/rotary.fi\/lahtilaune\/wp-content\/uploads\/sites\/19\/2019\/03\/dsc_0631-p.jpg\",\"datePublished\":\"2018-08-13T06:46:59+00:00\",\"dateModified\":\"2023-12-28T12:33:30+00:00\",\"breadcrumb\":{\"@id\":\"https:\/\/rotary.fi\/lahtilaune\/mita-teemme\/projektit\/#breadcrumb\"},\"inLanguage\":\"fi\",\"potentialAction\":[{\"@type\":\"ReadAction\",\"target\":[\"https:\/\/rotary.fi\/lahtilaune\/mita-teemme\/projektit\/\"]}]},{\"@type\":\"ImageObject\",\"inLanguage\":\"fi\",\"@id\":\"https:\/\/rotary.fi\/lahtilaune\/mita-teemme\/projektit\/#primaryimage\",\"url\":\"https:\/\/rotary.fi\/lahtilaune\/wp-content\/uploads\/sites\/19\/2019\/03\/dsc_0631-p.jpg\",\"contentUrl\":\"https:\/\/rotary.fi\/lahtilaune\/wp-content\/uploads\/sites\/19\/2019\/03\/dsc_0631-p.jpg\",\"width\":900,\"height\":611},{\"@type\":\"BreadcrumbList\",\"@id\":\"https:\/\/rotary.fi\/lahtilaune\/mita-teemme\/projektit\/#breadcrumb\",\"itemListElement\":[{\"@type\":\"ListItem\",\"position\":1,\"name\":\"Home\",\"item\":\"https:\/\/rotary.fi\/lahtilaune\/\"},{\"@type\":\"ListItem\",\"position\":2,\"name\":\"Mit\u00e4 teemme\",\"item\":\"https:\/\/rotary.fi\/lahtilaune\/mita-teemme\/\"},{\"@type\":\"ListItem\",\"position\":3,\"name\":\"Projektit\"}]},{\"@type\":\"WebSite\",\"@id\":\"https:\/\/rotary.fi\/lahtilaune\/#website\",\"url\":\"https:\/\/rotary.fi\/lahtilaune\/\",\"name\":\"Lahti-Launeen Rotaryklubi ry\",\"description\":\"Uusi Rotary klubisivusto\",\"potentialAction\":[{\"@type\":\"SearchAction\",\"target\":{\"@type\":\"EntryPoint\",\"urlTemplate\":\"https:\/\/rotary.fi\/lahtilaune\/?s={search_term_string}\"},\"query-input\":{\"@type\":\"PropertyValueSpecification\",\"valueRequired\":true,\"valueName\":\"search_term_string\"}}],\"inLanguage\":\"fi\"}]}<\/script>\n<!-- \/ Yoast SEO plugin. -->","yoast_head_json":{"title":"Projektit - Lahti-Launeen Rotaryklubi ry","robots":{"index":"index","follow":"follow","max-snippet":"max-snippet:-1","max-image-preview":"max-image-preview:large","max-video-preview":"max-video-preview:-1"},"canonical":"https:\/\/rotary.fi\/lahtilaune\/mita-teemme\/projektit\/","og_locale":"fi_FI","og_type":"article","og_title":"Projektit - Lahti-Launeen Rotaryklubi ry","og_description":"Projektit &nbsp; Joulupuu Joulupuu Lahti ker\u00e4\u00e4 lahjakortteja eriarvoisessa asemassa oleville Lahden ja Hollolan lapsille.Lahjakortin voi ostaa kuka tahansa mist\u00e4 tahansa liikkeest\u00e4, joka tarjoaa lapselle tai alle 18-vuotiaalle nuorelle sopivia lahjoja. Lahjakortit voi j\u00e4tt\u00e4\u00e4 Joulupuu Lahti -logolla merkittyihin ker\u00e4yspisteisiin.Ker\u00e4yksen toteuttavat vuodesta Lahden ja Hollolan rotaryklubit. Mukana on my\u00f6s Lahti-Launeen rotaryklubi.\u00a0Avun tarpeessa olevat lapset ja nuoret tavoitetaan [&hellip;]","og_url":"https:\/\/rotary.fi\/lahtilaune\/mita-teemme\/projektit\/","og_site_name":"Lahti-Launeen Rotaryklubi ry","article_modified_time":"2023-12-28T12:33:30+00:00","og_image":[{"url":"https:\/\/rotary.fi\/lahtilaune\/wp-content\/uploads\/sites\/19\/2019\/03\/dsc_0631-p.jpg","type":"","width":"","height":""}],"twitter_card":"summary_large_image","twitter_misc":{"Arvioitu lukuaika":"7 minuuttia"},"schema":{"@context":"https:\/\/schema.org","@graph":[{"@type":"WebPage","@id":"https:\/\/rotary.fi\/lahtilaune\/mita-teemme\/projektit\/","url":"https:\/\/rotary.fi\/lahtilaune\/mita-teemme\/projektit\/","name":"Projektit - Lahti-Launeen Rotaryklubi ry","isPartOf":{"@id":"https:\/\/rotary.fi\/lahtilaune\/#website"},"primaryImageOfPage":{"@id":"https:\/\/rotary.fi\/lahtilaune\/mita-teemme\/projektit\/#primaryimage"},"image":{"@id":"https:\/\/rotary.fi\/lahtilaune\/mita-teemme\/projektit\/#primaryimage"},"thumbnailUrl":"https:\/\/rotary.fi\/lahtilaune\/wp-content\/uploads\/sites\/19\/2019\/03\/dsc_0631-p.jpg","datePublished":"2018-08-13T06:46:59+00:00","dateModified":"2023-12-28T12:33:30+00:00","breadcrumb":{"@id":"https:\/\/rotary.fi\/lahtilaune\/mita-teemme\/projektit\/#breadcrumb"},"inLanguage":"fi","potentialAction":[{"@type":"ReadAction","target":["https:\/\/rotary.fi\/lahtilaune\/mita-teemme\/projektit\/"]}]},{"@type":"ImageObject","inLanguage":"fi","@id":"https:\/\/rotary.fi\/lahtilaune\/mita-teemme\/projektit\/#primaryimage","url":"https:\/\/rotary.fi\/lahtilaune\/wp-content\/uploads\/sites\/19\/2019\/03\/dsc_0631-p.jpg","contentUrl":"https:\/\/rotary.fi\/lahtilaune\/wp-content\/uploads\/sites\/19\/2019\/03\/dsc_0631-p.jpg","width":900,"height":611},{"@type":"BreadcrumbList","@id":"https:\/\/rotary.fi\/lahtilaune\/mita-teemme\/projektit\/#breadcrumb","itemListElement":[{"@type":"ListItem","position":1,"name":"Home","item":"https:\/\/rotary.fi\/lahtilaune\/"},{"@type":"ListItem","position":2,"name":"Mit\u00e4 teemme","item":"https:\/\/rotary.fi\/lahtilaune\/mita-teemme\/"},{"@type":"ListItem","position":3,"name":"Projektit"}]},{"@type":"WebSite","@id":"https:\/\/rotary.fi\/lahtilaune\/#website","url":"https:\/\/rotary.fi\/lahtilaune\/","name":"Lahti-Launeen Rotaryklubi ry","description":"Uusi Rotary klubisivusto","potentialAction":[{"@type":"SearchAction","target":{"@type":"EntryPoint","urlTemplate":"https:\/\/rotary.fi\/lahtilaune\/?s={search_term_string}"},"query-input":{"@type":"PropertyValueSpecification","valueRequired":true,"valueName":"search_term_string"}}],"inLanguage":"fi"}]}},"lang":"fi","translations":{"fi":156},"pll_sync_post":[],"_links":{"self":[{"href":"https:\/\/rotary.fi\/lahtilaune\/wp-json\/wp\/v2\/pages\/156","targetHints":{"allow":["GET"]}}],"collection":[{"href":"https:\/\/rotary.fi\/lahtilaune\/wp-json\/wp\/v2\/pages"}],"about":[{"href":"https:\/\/rotary.fi\/lahtilaune\/wp-json\/wp\/v2\/types\/page"}],"author":[{"embeddable":true,"href":"https:\/\/rotary.fi\/lahtilaune\/wp-json\/wp\/v2\/users\/1"}],"replies":[{"embeddable":true,"href":"https:\/\/rotary.fi\/lahtilaune\/wp-json\/wp\/v2\/comments?post=156"}],"version-history":[{"count":12,"href":"https:\/\/rotary.fi\/lahtilaune\/wp-json\/wp\/v2\/pages\/156\/revisions"}],"predecessor-version":[{"id":2689,"href":"https:\/\/rotary.fi\/lahtilaune\/wp-json\/wp\/v2\/pages\/156\/revisions\/2689"}],"up":[{"embeddable":true,"href":"https:\/\/rotary.fi\/lahtilaune\/wp-json\/wp\/v2\/pages\/77"}],"wp:attachment":[{"href":"https:\/\/rotary.fi\/lahtilaune\/wp-json\/wp\/v2\/media?parent=156"}],"curies":[{"name":"wp","href":"https:\/\/api.w.org\/{rel}","templated":true}]}}