{"id":2704,"date":"2024-02-07T15:49:02","date_gmt":"2024-02-07T13:49:02","guid":{"rendered":"https:\/\/rotary.fi\/lahtilaune\/?post_type=ajankohtaiset&#038;p=2704"},"modified":"2024-02-07T15:49:42","modified_gmt":"2024-02-07T13:49:42","slug":"kokous-6-2-2024","status":"publish","type":"ajankohtaiset","link":"https:\/\/rotary.fi\/lahtilaune\/ajankohtaiset\/kokous-6-2-2024\/","title":{"rendered":"Kokouksessa muistettiin pitk\u00e4aikaista klubin j\u00e4sent\u00e4 Raili T\u00f6ntsi\u00e4 (1947-2024)"},"content":{"rendered":"<p>Kokouksessa muistettiin pitk\u00e4aikaista klubin j\u00e4sent\u00e4 Raili T\u00f6ntsi\u00e4 (1947-2024). Raili toimi piirin 1390 guvern\u00f6\u00f6rin\u00e4 vuosina 2015-2016. Kokouksessa mukana oli my\u00f6s vaihto-oppilas Emily. Arto J\u00e4ppinen piti esitelm\u00e4n EEMA-konferenssista ja nuorisovaihdosta.<\/p>\n<p><img loading=\"lazy\" decoding=\"async\" class=\"alignnone size-full wp-image-2705\" src=\"https:\/\/rotary.fi\/lahtilaune\/wp-content\/uploads\/sites\/19\/2024\/02\/pxl-20240206-150607348-p.jpg\" alt=\"\" width=\"800\" height=\"590\" srcset=\"https:\/\/rotary.fi\/lahtilaune\/wp-content\/uploads\/sites\/19\/2024\/02\/pxl-20240206-150607348-p.jpg 800w, https:\/\/rotary.fi\/lahtilaune\/wp-content\/uploads\/sites\/19\/2024\/02\/pxl-20240206-150607348-p-480x354.jpg 480w\" sizes=\"(min-width: 0px) and (max-width: 480px) 480px, (min-width: 481px) 800px, 100vw\" \/> <img loading=\"lazy\" decoding=\"async\" class=\"alignnone size-large wp-image-2706\" src=\"https:\/\/rotary.fi\/lahtilaune\/wp-content\/uploads\/sites\/19\/2024\/02\/pxl-20240206-152844900-p.jpg\" alt=\"\" width=\"800\" height=\"649\" srcset=\"https:\/\/rotary.fi\/lahtilaune\/wp-content\/uploads\/sites\/19\/2024\/02\/pxl-20240206-152844900-p.jpg 800w, https:\/\/rotary.fi\/lahtilaune\/wp-content\/uploads\/sites\/19\/2024\/02\/pxl-20240206-152844900-p-480x389.jpg 480w\" sizes=\"(min-width: 0px) and (max-width: 480px) 480px, (min-width: 481px) 800px, 100vw\" \/> <img loading=\"lazy\" decoding=\"async\" class=\"alignnone size-large wp-image-2707\" src=\"https:\/\/rotary.fi\/lahtilaune\/wp-content\/uploads\/sites\/19\/2024\/02\/pxl-20240206-153022416-p.jpg\" alt=\"\" width=\"800\" height=\"590\" srcset=\"https:\/\/rotary.fi\/lahtilaune\/wp-content\/uploads\/sites\/19\/2024\/02\/pxl-20240206-153022416-p.jpg 800w, https:\/\/rotary.fi\/lahtilaune\/wp-content\/uploads\/sites\/19\/2024\/02\/pxl-20240206-153022416-p-480x354.jpg 480w\" sizes=\"(min-width: 0px) and (max-width: 480px) 480px, (min-width: 481px) 800px, 100vw\" \/> <img loading=\"lazy\" decoding=\"async\" class=\"alignnone size-large wp-image-2708\" src=\"https:\/\/rotary.fi\/lahtilaune\/wp-content\/uploads\/sites\/19\/2024\/02\/pxl-20240206-155510693-p-1024x705.jpg\" alt=\"\" width=\"1024\" height=\"705\" srcset=\"https:\/\/rotary.fi\/lahtilaune\/wp-content\/uploads\/sites\/19\/2024\/02\/pxl-20240206-155510693-p-1024x705.jpg 1024w, https:\/\/rotary.fi\/lahtilaune\/wp-content\/uploads\/sites\/19\/2024\/02\/pxl-20240206-155510693-p-980x675.jpg 980w, https:\/\/rotary.fi\/lahtilaune\/wp-content\/uploads\/sites\/19\/2024\/02\/pxl-20240206-155510693-p-480x330.jpg 480w\" sizes=\"(min-width: 0px) and (max-width: 480px) 480px, (min-width: 481px) and (max-width: 980px) 980px, (min-width: 981px) 1024px, 100vw\" \/> <img loading=\"lazy\" decoding=\"async\" class=\"alignnone size-large wp-image-2709\" src=\"https:\/\/rotary.fi\/lahtilaune\/wp-content\/uploads\/sites\/19\/2024\/02\/raili-p.jpg\" alt=\"\" width=\"500\" height=\"791\" srcset=\"https:\/\/rotary.fi\/lahtilaune\/wp-content\/uploads\/sites\/19\/2024\/02\/raili-p.jpg 500w, https:\/\/rotary.fi\/lahtilaune\/wp-content\/uploads\/sites\/19\/2024\/02\/raili-p-480x759.jpg 480w\" sizes=\"(min-width: 0px) and (max-width: 480px) 480px, (min-width: 481px) 500px, 100vw\" \/><\/p>\n","protected":false},"template":"","class_list":["post-2704","ajankohtaiset","type-ajankohtaiset","status-publish","hentry"],"acf":[],"yoast_head":"<!-- This site is optimized with the Yoast SEO plugin v27.4 - https:\/\/yoast.com\/product\/yoast-seo-wordpress\/ -->\n<title>Kokouksessa muistettiin pitk\u00e4aikaista klubin j\u00e4sent\u00e4 Raili T\u00f6ntsi\u00e4 (1947-2024) - Lahti-Launeen Rotaryklubi ry<\/title>\n<meta name=\"robots\" content=\"index, follow, max-snippet:-1, max-image-preview:large, max-video-preview:-1\" \/>\n<link rel=\"canonical\" href=\"https:\/\/rotary.fi\/lahtilaune\/ajankohtaiset\/kokous-6-2-2024\/\" \/>\n<meta property=\"og:locale\" content=\"fi_FI\" \/>\n<meta property=\"og:type\" content=\"article\" \/>\n<meta property=\"og:title\" content=\"Kokouksessa muistettiin pitk\u00e4aikaista klubin j\u00e4sent\u00e4 Raili T\u00f6ntsi\u00e4 (1947-2024) - Lahti-Launeen Rotaryklubi ry\" \/>\n<meta property=\"og:description\" content=\"Kokouksessa muistettiin pitk\u00e4aikaista klubin j\u00e4sent\u00e4 Raili T\u00f6ntsi\u00e4 (1947-2024). Raili toimi piirin 1390 guvern\u00f6\u00f6rin\u00e4 vuosina 2015-2016. Kokouksessa mukana oli my\u00f6s vaihto-oppilas Emily. Arto J\u00e4ppinen piti esitelm\u00e4n EEMA-konferenssista ja nuorisovaihdosta.\" \/>\n<meta property=\"og:url\" content=\"https:\/\/rotary.fi\/lahtilaune\/ajankohtaiset\/kokous-6-2-2024\/\" \/>\n<meta property=\"og:site_name\" content=\"Lahti-Launeen Rotaryklubi ry\" \/>\n<meta property=\"article:modified_time\" content=\"2024-02-07T13:49:42+00:00\" \/>\n<meta property=\"og:image\" content=\"https:\/\/rotary.fi\/lahtilaune\/wp-content\/uploads\/sites\/19\/2024\/02\/pxl-20240206-150607348-p.jpg\" \/>\n<meta name=\"twitter:card\" content=\"summary_large_image\" \/>\n<meta name=\"twitter:label1\" content=\"Arvioitu lukuaika\" \/>\n\t<meta name=\"twitter:data1\" content=\"2 minuuttia\" \/>\n<script type=\"application\/ld+json\" class=\"yoast-schema-graph\">{\"@context\":\"https:\\\/\\\/schema.org\",\"@graph\":[{\"@type\":\"WebPage\",\"@id\":\"https:\\\/\\\/rotary.fi\\\/lahtilaune\\\/ajankohtaiset\\\/kokous-6-2-2024\\\/\",\"url\":\"https:\\\/\\\/rotary.fi\\\/lahtilaune\\\/ajankohtaiset\\\/kokous-6-2-2024\\\/\",\"name\":\"Kokouksessa muistettiin pitk\u00e4aikaista klubin j\u00e4sent\u00e4 Raili T\u00f6ntsi\u00e4 (1947-2024) - Lahti-Launeen Rotaryklubi ry\",\"isPartOf\":{\"@id\":\"https:\\\/\\\/rotary.fi\\\/lahtilaune\\\/#website\"},\"primaryImageOfPage\":{\"@id\":\"https:\\\/\\\/rotary.fi\\\/lahtilaune\\\/ajankohtaiset\\\/kokous-6-2-2024\\\/#primaryimage\"},\"image\":{\"@id\":\"https:\\\/\\\/rotary.fi\\\/lahtilaune\\\/ajankohtaiset\\\/kokous-6-2-2024\\\/#primaryimage\"},\"thumbnailUrl\":\"https:\\\/\\\/rotary.fi\\\/lahtilaune\\\/wp-content\\\/uploads\\\/sites\\\/19\\\/2024\\\/02\\\/pxl-20240206-150607348-p.jpg\",\"datePublished\":\"2024-02-07T13:49:02+00:00\",\"dateModified\":\"2024-02-07T13:49:42+00:00\",\"breadcrumb\":{\"@id\":\"https:\\\/\\\/rotary.fi\\\/lahtilaune\\\/ajankohtaiset\\\/kokous-6-2-2024\\\/#breadcrumb\"},\"inLanguage\":\"fi\",\"potentialAction\":[{\"@type\":\"ReadAction\",\"target\":[\"https:\\\/\\\/rotary.fi\\\/lahtilaune\\\/ajankohtaiset\\\/kokous-6-2-2024\\\/\"]}]},{\"@type\":\"ImageObject\",\"inLanguage\":\"fi\",\"@id\":\"https:\\\/\\\/rotary.fi\\\/lahtilaune\\\/ajankohtaiset\\\/kokous-6-2-2024\\\/#primaryimage\",\"url\":\"https:\\\/\\\/rotary.fi\\\/lahtilaune\\\/wp-content\\\/uploads\\\/sites\\\/19\\\/2024\\\/02\\\/pxl-20240206-150607348-p.jpg\",\"contentUrl\":\"https:\\\/\\\/rotary.fi\\\/lahtilaune\\\/wp-content\\\/uploads\\\/sites\\\/19\\\/2024\\\/02\\\/pxl-20240206-150607348-p.jpg\",\"width\":800,\"height\":590},{\"@type\":\"BreadcrumbList\",\"@id\":\"https:\\\/\\\/rotary.fi\\\/lahtilaune\\\/ajankohtaiset\\\/kokous-6-2-2024\\\/#breadcrumb\",\"itemListElement\":[{\"@type\":\"ListItem\",\"position\":1,\"name\":\"Home\",\"item\":\"https:\\\/\\\/rotary.fi\\\/lahtilaune\\\/\"},{\"@type\":\"ListItem\",\"position\":2,\"name\":\"Kokouksessa muistettiin pitk\u00e4aikaista klubin j\u00e4sent\u00e4 Raili T\u00f6ntsi\u00e4 (1947-2024)\"}]},{\"@type\":\"WebSite\",\"@id\":\"https:\\\/\\\/rotary.fi\\\/lahtilaune\\\/#website\",\"url\":\"https:\\\/\\\/rotary.fi\\\/lahtilaune\\\/\",\"name\":\"Lahti-Launeen Rotaryklubi ry\",\"description\":\"Uusi Rotary klubisivusto\",\"potentialAction\":[{\"@type\":\"SearchAction\",\"target\":{\"@type\":\"EntryPoint\",\"urlTemplate\":\"https:\\\/\\\/rotary.fi\\\/lahtilaune\\\/?s={search_term_string}\"},\"query-input\":{\"@type\":\"PropertyValueSpecification\",\"valueRequired\":true,\"valueName\":\"search_term_string\"}}],\"inLanguage\":\"fi\"}]}<\/script>\n<!-- \/ Yoast SEO plugin. -->","yoast_head_json":{"title":"Kokouksessa muistettiin pitk\u00e4aikaista klubin j\u00e4sent\u00e4 Raili T\u00f6ntsi\u00e4 (1947-2024) - Lahti-Launeen Rotaryklubi ry","robots":{"index":"index","follow":"follow","max-snippet":"max-snippet:-1","max-image-preview":"max-image-preview:large","max-video-preview":"max-video-preview:-1"},"canonical":"https:\/\/rotary.fi\/lahtilaune\/ajankohtaiset\/kokous-6-2-2024\/","og_locale":"fi_FI","og_type":"article","og_title":"Kokouksessa muistettiin pitk\u00e4aikaista klubin j\u00e4sent\u00e4 Raili T\u00f6ntsi\u00e4 (1947-2024) - Lahti-Launeen Rotaryklubi ry","og_description":"Kokouksessa muistettiin pitk\u00e4aikaista klubin j\u00e4sent\u00e4 Raili T\u00f6ntsi\u00e4 (1947-2024). Raili toimi piirin 1390 guvern\u00f6\u00f6rin\u00e4 vuosina 2015-2016. Kokouksessa mukana oli my\u00f6s vaihto-oppilas Emily. Arto J\u00e4ppinen piti esitelm\u00e4n EEMA-konferenssista ja nuorisovaihdosta.","og_url":"https:\/\/rotary.fi\/lahtilaune\/ajankohtaiset\/kokous-6-2-2024\/","og_site_name":"Lahti-Launeen Rotaryklubi ry","article_modified_time":"2024-02-07T13:49:42+00:00","og_image":[{"url":"https:\/\/rotary.fi\/lahtilaune\/wp-content\/uploads\/sites\/19\/2024\/02\/pxl-20240206-150607348-p.jpg","type":"","width":"","height":""}],"twitter_card":"summary_large_image","twitter_misc":{"Arvioitu lukuaika":"2 minuuttia"},"schema":{"@context":"https:\/\/schema.org","@graph":[{"@type":"WebPage","@id":"https:\/\/rotary.fi\/lahtilaune\/ajankohtaiset\/kokous-6-2-2024\/","url":"https:\/\/rotary.fi\/lahtilaune\/ajankohtaiset\/kokous-6-2-2024\/","name":"Kokouksessa muistettiin pitk\u00e4aikaista klubin j\u00e4sent\u00e4 Raili T\u00f6ntsi\u00e4 (1947-2024) - Lahti-Launeen Rotaryklubi ry","isPartOf":{"@id":"https:\/\/rotary.fi\/lahtilaune\/#website"},"primaryImageOfPage":{"@id":"https:\/\/rotary.fi\/lahtilaune\/ajankohtaiset\/kokous-6-2-2024\/#primaryimage"},"image":{"@id":"https:\/\/rotary.fi\/lahtilaune\/ajankohtaiset\/kokous-6-2-2024\/#primaryimage"},"thumbnailUrl":"https:\/\/rotary.fi\/lahtilaune\/wp-content\/uploads\/sites\/19\/2024\/02\/pxl-20240206-150607348-p.jpg","datePublished":"2024-02-07T13:49:02+00:00","dateModified":"2024-02-07T13:49:42+00:00","breadcrumb":{"@id":"https:\/\/rotary.fi\/lahtilaune\/ajankohtaiset\/kokous-6-2-2024\/#breadcrumb"},"inLanguage":"fi","potentialAction":[{"@type":"ReadAction","target":["https:\/\/rotary.fi\/lahtilaune\/ajankohtaiset\/kokous-6-2-2024\/"]}]},{"@type":"ImageObject","inLanguage":"fi","@id":"https:\/\/rotary.fi\/lahtilaune\/ajankohtaiset\/kokous-6-2-2024\/#primaryimage","url":"https:\/\/rotary.fi\/lahtilaune\/wp-content\/uploads\/sites\/19\/2024\/02\/pxl-20240206-150607348-p.jpg","contentUrl":"https:\/\/rotary.fi\/lahtilaune\/wp-content\/uploads\/sites\/19\/2024\/02\/pxl-20240206-150607348-p.jpg","width":800,"height":590},{"@type":"BreadcrumbList","@id":"https:\/\/rotary.fi\/lahtilaune\/ajankohtaiset\/kokous-6-2-2024\/#breadcrumb","itemListElement":[{"@type":"ListItem","position":1,"name":"Home","item":"https:\/\/rotary.fi\/lahtilaune\/"},{"@type":"ListItem","position":2,"name":"Kokouksessa muistettiin pitk\u00e4aikaista klubin j\u00e4sent\u00e4 Raili T\u00f6ntsi\u00e4 (1947-2024)"}]},{"@type":"WebSite","@id":"https:\/\/rotary.fi\/lahtilaune\/#website","url":"https:\/\/rotary.fi\/lahtilaune\/","name":"Lahti-Launeen Rotaryklubi ry","description":"Uusi Rotary klubisivusto","potentialAction":[{"@type":"SearchAction","target":{"@type":"EntryPoint","urlTemplate":"https:\/\/rotary.fi\/lahtilaune\/?s={search_term_string}"},"query-input":{"@type":"PropertyValueSpecification","valueRequired":true,"valueName":"search_term_string"}}],"inLanguage":"fi"}]}},"_links":{"self":[{"href":"https:\/\/rotary.fi\/lahtilaune\/wp-json\/wp\/v2\/ajankohtaiset\/2704","targetHints":{"allow":["GET"]}}],"collection":[{"href":"https:\/\/rotary.fi\/lahtilaune\/wp-json\/wp\/v2\/ajankohtaiset"}],"about":[{"href":"https:\/\/rotary.fi\/lahtilaune\/wp-json\/wp\/v2\/types\/ajankohtaiset"}],"wp:attachment":[{"href":"https:\/\/rotary.fi\/lahtilaune\/wp-json\/wp\/v2\/media?parent=2704"}],"curies":[{"name":"wp","href":"https:\/\/api.w.org\/{rel}","templated":true}]}}

Kokouksessa muistettiin pitkäaikaista klubin jäsentä Raili Töntsiä (1947-2024)

<p>Kokouksessa muistettiin pitkäaikaista klubin jäsentä Raili Töntsiä (1947-2024). Raili toimi piirin 1390 guvernöörinä vuosina 2015-2016. Kokouksessa mukana oli myös vaihto-oppilas Emily. Arto Jäppinen piti esitelmän EEMA-konferenssista ja nuorisovaihdosta.</p>
<p><img loading="lazy" decoding="async" class="alignnone size-full wp-image-2705" src="https://rotary.fi/lahtilaune/wp-content/uploads/sites/19/2024/02/pxl-20240206-150607348-p.jpg" alt="" width="800" height="590" srcset="https://rotary.fi/lahtilaune/wp-content/uploads/sites/19/2024/02/pxl-20240206-150607348-p.jpg 800w, https://rotary.fi/lahtilaune/wp-content/uploads/sites/19/2024/02/pxl-20240206-150607348-p-480x354.jpg 480w" sizes="(min-width: 0px) and (max-width: 480px) 480px, (min-width: 481px) 800px, 100vw" /> <img loading="lazy" decoding="async" class="alignnone size-large wp-image-2706" src="https://rotary.fi/lahtilaune/wp-content/uploads/sites/19/2024/02/pxl-20240206-152844900-p.jpg" alt="" width="800" height="649" srcset="https://rotary.fi/lahtilaune/wp-content/uploads/sites/19/2024/02/pxl-20240206-152844900-p.jpg 800w, https://rotary.fi/lahtilaune/wp-content/uploads/sites/19/2024/02/pxl-20240206-152844900-p-480x389.jpg 480w" sizes="(min-width: 0px) and (max-width: 480px) 480px, (min-width: 481px) 800px, 100vw" /> <img loading="lazy" decoding="async" class="alignnone size-large wp-image-2707" src="https://rotary.fi/lahtilaune/wp-content/uploads/sites/19/2024/02/pxl-20240206-153022416-p.jpg" alt="" width="800" height="590" srcset="https://rotary.fi/lahtilaune/wp-content/uploads/sites/19/2024/02/pxl-20240206-153022416-p.jpg 800w, https://rotary.fi/lahtilaune/wp-content/uploads/sites/19/2024/02/pxl-20240206-153022416-p-480x354.jpg 480w" sizes="(min-width: 0px) and (max-width: 480px) 480px, (min-width: 481px) 800px, 100vw" /> <img loading="lazy" decoding="async" class="alignnone size-large wp-image-2708" src="https://rotary.fi/lahtilaune/wp-content/uploads/sites/19/2024/02/pxl-20240206-155510693-p-1024x705.jpg" alt="" width="1024" height="705" srcset="https://rotary.fi/lahtilaune/wp-content/uploads/sites/19/2024/02/pxl-20240206-155510693-p-1024x705.jpg 1024w, https://rotary.fi/lahtilaune/wp-content/uploads/sites/19/2024/02/pxl-20240206-155510693-p-980x675.jpg 980w, https://rotary.fi/lahtilaune/wp-content/uploads/sites/19/2024/02/pxl-20240206-155510693-p-480x330.jpg 480w" sizes="(min-width: 0px) and (max-width: 480px) 480px, (min-width: 481px) and (max-width: 980px) 980px, (min-width: 981px) 1024px, 100vw" /> <img loading="lazy" decoding="async" class="alignnone size-large wp-image-2709" src="https://rotary.fi/lahtilaune/wp-content/uploads/sites/19/2024/02/raili-p.jpg" alt="" width="500" height="791" srcset="https://rotary.fi/lahtilaune/wp-content/uploads/sites/19/2024/02/raili-p.jpg 500w, https://rotary.fi/lahtilaune/wp-content/uploads/sites/19/2024/02/raili-p-480x759.jpg 480w" sizes="(min-width: 0px) and (max-width: 480px) 480px, (min-width: 481px) 500px, 100vw" /></p>

<!-- This site is optimized with the Yoast SEO plugin v27.4 - https://yoast.com/product/yoast-seo-wordpress/ -->
<title>Kokouksessa muistettiin pitkäaikaista klubin jäsentä Raili Töntsiä (1947-2024) - Lahti-Launeen Rotaryklubi ry</title>
<meta name="robots" content="index, follow, max-snippet:-1, max-image-preview:large, max-video-preview:-1" />
<link rel="canonical" href="https://rotary.fi/lahtilaune/ajankohtaiset/kokous-6-2-2024/" />
<meta property="og:locale" content="fi_FI" />
<meta property="og:type" content="article" />
<meta property="og:title" content="Kokouksessa muistettiin pitkäaikaista klubin jäsentä Raili Töntsiä (1947-2024) - Lahti-Launeen Rotaryklubi ry" />
<meta property="og:description" content="Kokouksessa muistettiin pitkäaikaista klubin jäsentä Raili Töntsiä (1947-2024). Raili toimi piirin 1390 guvernöörinä vuosina 2015-2016. Kokouksessa mukana oli myös vaihto-oppilas Emily. Arto Jäppinen piti esitelmän EEMA-konferenssista ja nuorisovaihdosta." />
<meta property="og:url" content="https://rotary.fi/lahtilaune/ajankohtaiset/kokous-6-2-2024/" />
<meta property="og:site_name" content="Lahti-Launeen Rotaryklubi ry" />
<meta property="article:modified_time" content="2024-02-07T13:49:42+00:00" />
<meta property="og:image" content="https://rotary.fi/lahtilaune/wp-content/uploads/sites/19/2024/02/pxl-20240206-150607348-p.jpg" />
<meta name="twitter:card" content="summary_large_image" />
<meta name="twitter:label1" content="Arvioitu lukuaika" />
	<meta name="twitter:data1" content="2 minuuttia" />
<script type="application/ld+json" class="yoast-schema-graph">{"@context":"https:\/\/schema.org","@graph":[{"@type":"WebPage","@id":"https:\/\/rotary.fi\/lahtilaune\/ajankohtaiset\/kokous-6-2-2024\/","url":"https:\/\/rotary.fi\/lahtilaune\/ajankohtaiset\/kokous-6-2-2024\/","name":"Kokouksessa muistettiin pitkäaikaista klubin jäsentä Raili Töntsiä (1947-2024) - Lahti-Launeen Rotaryklubi ry","isPartOf":{"@id":"https:\/\/rotary.fi\/lahtilaune\/#website"},"primaryImageOfPage":{"@id":"https:\/\/rotary.fi\/lahtilaune\/ajankohtaiset\/kokous-6-2-2024\/#primaryimage"},"image":{"@id":"https:\/\/rotary.fi\/lahtilaune\/ajankohtaiset\/kokous-6-2-2024\/#primaryimage"},"thumbnailUrl":"https:\/\/rotary.fi\/lahtilaune\/wp-content\/uploads\/sites\/19\/2024\/02\/pxl-20240206-150607348-p.jpg","datePublished":"2024-02-07T13:49:02+00:00","dateModified":"2024-02-07T13:49:42+00:00","breadcrumb":{"@id":"https:\/\/rotary.fi\/lahtilaune\/ajankohtaiset\/kokous-6-2-2024\/#breadcrumb"},"inLanguage":"fi","potentialAction":[{"@type":"ReadAction","target":["https:\/\/rotary.fi\/lahtilaune\/ajankohtaiset\/kokous-6-2-2024\/"]}]},{"@type":"ImageObject","inLanguage":"fi","@id":"https:\/\/rotary.fi\/lahtilaune\/ajankohtaiset\/kokous-6-2-2024\/#primaryimage","url":"https:\/\/rotary.fi\/lahtilaune\/wp-content\/uploads\/sites\/19\/2024\/02\/pxl-20240206-150607348-p.jpg","contentUrl":"https:\/\/rotary.fi\/lahtilaune\/wp-content\/uploads\/sites\/19\/2024\/02\/pxl-20240206-150607348-p.jpg","width":800,"height":590},{"@type":"BreadcrumbList","@id":"https:\/\/rotary.fi\/lahtilaune\/ajankohtaiset\/kokous-6-2-2024\/#breadcrumb","itemListElement":[{"@type":"ListItem","position":1,"name":"Home","item":"https:\/\/rotary.fi\/lahtilaune\/"},{"@type":"ListItem","position":2,"name":"Kokouksessa muistettiin pitkäaikaista klubin jäsentä Raili Töntsiä (1947-2024)"}]},{"@type":"WebSite","@id":"https:\/\/rotary.fi\/lahtilaune\/#website","url":"https:\/\/rotary.fi\/lahtilaune\/","name":"Lahti-Launeen Rotaryklubi ry","description":"Uusi Rotary klubisivusto","potentialAction":[{"@type":"SearchAction","target":{"@type":"EntryPoint","urlTemplate":"https:\/\/rotary.fi\/lahtilaune\/?s={search_term_string}"},"query-input":{"@type":"PropertyValueSpecification","valueRequired":true,"valueName":"search_term_string"}}],"inLanguage":"fi"}]}</script>
<!-- / Yoast SEO plugin. -->

Kokouksessa muistettiin pitkäaikaista klubin jäsentä Raili Töntsiä (1947-2024) - Lahti-Launeen Rotaryklubi ry

Kokouksessa muistettiin pitkäaikaista klubin jäsentä Raili Töntsiä (1947-2024). Raili toimi piirin 1390 guvernöörinä vuosina 2015-2016. Kokouksessa mukana oli myös vaihto-oppilas Emily. Arto Jäppinen piti esitelmän EEMA-konferenssista ja nuorisovaihdosta.
