{"id":1428,"date":"2019-02-20T12:51:31","date_gmt":"2019-02-20T10:51:31","guid":{"rendered":"https:\/\/rotary.fi\/lahdenrotary\/?page_id=1428"},"modified":"2023-09-05T00:28:50","modified_gmt":"2023-09-04T21:28:50","slug":"club-board-of-directors-and-officers","status":"publish","type":"page","link":"https:\/\/rotary.fi\/lahdenrotary\/en\/who-we-are\/club-board-of-directors-and-officers\/","title":{"rendered":"Club Board of Directors and Officers"},"content":{"rendered":"<p>[et_pb_section fb_built=&#8221;1&#8243; module_class=&#8221;jumbotron-page&#8221; _builder_version=&#8221;4.16&#8243; background_image=&#8221;https:\/\/rotary.fi\/lahdenrotary\/wp-content\/uploads\/sites\/237\/2018\/10\/rotary_klubit_alasivu_paakuva_12.jpg&#8221; global_colors_info=&#8221;{}&#8221;][et_pb_row _builder_version=&#8221;4.16&#8243; background_size=&#8221;initial&#8221; background_position=&#8221;top_left&#8221; background_repeat=&#8221;repeat&#8221; global_colors_info=&#8221;{}&#8221;][et_pb_column type=&#8221;4_4&#8243; _builder_version=&#8221;4.16&#8243; custom_padding=&#8221;|||&#8221; global_colors_info=&#8221;{}&#8221; custom_padding__hover=&#8221;|||&#8221;][et_pb_text admin_label=&#8221;P\u00e4\u00e4otsikko: Club Board of Directors and Officers&#8221; _builder_version=&#8221;4.22.1&#8243; header_font_size=&#8221;60px&#8221; text_orientation=&#8221;center&#8221; background_layout=&#8221;dark&#8221; global_colors_info=&#8221;{}&#8221;]<\/p>\n<h1>Club Board of Directors and Officers<\/h1>\n<p>[\/et_pb_text][\/et_pb_column][\/et_pb_row][\/et_pb_section][et_pb_section fb_built=&#8221;1&#8243; specialty=&#8221;on&#8221; module_class_2=&#8221;sivupalkki&#8221; _builder_version=&#8221;4.16&#8243; locked=&#8221;off&#8221; global_colors_info=&#8221;{}&#8221;][et_pb_column type=&#8221;2_3&#8243; specialty_columns=&#8221;2&#8243; _builder_version=&#8221;4.16&#8243; custom_padding=&#8221;|||&#8221; global_colors_info=&#8221;{}&#8221; parallax__hover=&#8221;off&#8221; parallax_method__hover=&#8221;on&#8221; custom_padding__hover=&#8221;|||&#8221;][et_pb_row_inner admin_label=&#8221;Rivi&#8221; _builder_version=&#8221;4.16&#8243; custom_padding=&#8221;|||0px||&#8221; global_colors_info=&#8221;{}&#8221;][et_pb_column_inner saved_specialty_column_type=&#8221;2_3&#8243; _builder_version=&#8221;4.16&#8243; custom_padding=&#8221;|||&#8221; global_colors_info=&#8221;{}&#8221; parallax__hover=&#8221;off&#8221; parallax_method__hover=&#8221;on&#8221; custom_padding__hover=&#8221;|||&#8221;][et_pb_text admin_label=&#8221;Otsikko&#8221; _builder_version=&#8221;4.22.1&#8243; text_orientation=&#8221;center&#8221; custom_padding=&#8221;|||0px||&#8221; global_colors_info=&#8221;{}&#8221;]<\/p>\n<h1>Club Board of Directors and Officers<\/h1>\n<p>[\/et_pb_text][\/et_pb_column_inner][\/et_pb_row_inner][et_pb_row_inner column_structure=&#8221;1_2,1_2&#8243; admin_label=&#8221;Rivi&#8221; _builder_version=&#8221;4.16&#8243; global_colors_info=&#8221;{}&#8221;][et_pb_column_inner type=&#8221;1_2&#8243; saved_specialty_column_type=&#8221;2_3&#8243; _builder_version=&#8221;4.16&#8243; custom_padding=&#8221;|||&#8221; global_colors_info=&#8221;{}&#8221; parallax__hover=&#8221;off&#8221; parallax_method__hover=&#8221;on&#8221; custom_padding__hover=&#8221;|||&#8221;][et_pb_team_member name=&#8221;Juha M\u00e4\u00e4tt\u00e4&#8221; position=&#8221;President&#8221; image_url=&#8221;https:\/\/rotary.fi\/lahdenrotary\/wp-content\/uploads\/sites\/237\/2023\/09\/juha-maatta-01-1.jpg&#8221; admin_label=&#8221;Presidentti&#8221; _builder_version=&#8221;4.22.1&#8243; body_font_size=&#8221;14px&#8221; width=&#8221;100%&#8221; custom_padding=&#8221;|150px||||&#8221; hover_enabled=&#8221;0&#8243; global_colors_info=&#8221;{}&#8221; title_text=&#8221;juha-maatta_01&#8243; sticky_enabled=&#8221;0&#8243;]<\/p>\n<p>Lahti Rotaryclub<br \/>050 552 5999<br \/>juha.maatta(a)spiralia.fi<br \/>info(a)lahdenrotary.fi<\/p>\n<p>[\/et_pb_team_member][\/et_pb_column_inner][et_pb_column_inner type=&#8221;1_2&#8243; saved_specialty_column_type=&#8221;2_3&#8243; _builder_version=&#8221;4.16&#8243; custom_padding=&#8221;|||&#8221; global_colors_info=&#8221;{}&#8221; parallax__hover=&#8221;off&#8221; parallax_method__hover=&#8221;on&#8221; custom_padding__hover=&#8221;|||&#8221;][et_pb_text _builder_version=&#8221;4.22.1&#8243; header_font_size=&#8221;35px&#8221; header_2_font_size=&#8221;25px&#8221; header_3_font_size=&#8221;20px&#8221; header_5_font_size=&#8221;13px&#8221; header_6_text_color=&#8221;#000000&#8243; header_6_font_size=&#8221;12px&#8221; custom_margin=&#8221;|||-145px||&#8221; custom_padding=&#8221;|||0px||&#8221; hover_enabled=&#8221;0&#8243; global_colors_info=&#8221;{}&#8221; sticky_enabled=&#8221;0&#8243;]<\/p>\n<h1>Club Board of Directors 2023-2024<\/h1>\n<p>&nbsp;<\/p>\n<p><strong>President 2023-2024<br \/><\/strong>Juha M\u00e4\u00e4tt\u00e4<\/p>\n<p><strong>Vice president 2023 \u2013 2024 <\/strong><\/p>\n<p><strong>Future president 2023-2024\u00a0<\/strong><\/p>\n<p><strong>Past President<br \/><\/strong>Kimmo Kilpinen<\/p>\n<p><strong>Secretary, Rotary-s\u00e4\u00e4ti\u00f6n asiamies<br \/><\/strong>Juha-Pekka Ker\u00e4nen<\/p>\n<p><strong>Treasurer<br \/><\/strong>Pia Hemmil\u00e4<\/p>\n<p><strong>Youth Exchange Officer<br \/><\/strong>Riku Suokas<\/p>\n<p><strong>IT Officer, luokite ja j\u00e4senyyskomitean pj.<br \/><\/strong>Pasi Tolvanen<\/p>\n<p><strong>Club master, nettisivuvastaava<br \/><\/strong>Erja Hakkarainen<\/p>\n<p><strong>RYLA-vastaava<br \/><\/strong>Markku Lappalainen<\/p>\n<p><strong>Board member<br \/><\/strong>Kimmo M\u00e4\u00e4tt\u00e4nen<\/p>\n<p><strong>Board member<br \/><\/strong>Mari Kuparinen<\/p>\n<p>&nbsp;<\/p>\n<h1>Muut toimihenkil\u00f6t kaudella 2023-2024<\/h1>\n<p>&nbsp;<\/p>\n<p><strong>Turva-asiamies \/ Nuorisovaihtoasiamiehen varamies<br \/><\/strong>Markku Moisala<br \/>puh. 044 088 5500<br \/>moisala(a)lyk.fi<\/p>\n<p><strong>Vaihto-oppilaskummi<br \/><\/strong>Pia Hemmil\u00e4<br \/>puh. 044 708 9986<br \/>pia.hemmila(a)salpaus.fi<\/p>\n<p>Tiimi huolehtii Lahdessa olevan klubin vaihto-oppilaan hyvinvoinnista vaihtovuoden aikana.<\/p>\n<p>&nbsp;<\/p>\n<p>[\/et_pb_text][\/et_pb_column_inner][\/et_pb_row_inner][\/et_pb_column][et_pb_column type=&#8221;1_3&#8243; module_class=&#8221;sivupalkki&#8221; _builder_version=&#8221;4.16&#8243; custom_padding=&#8221;|||&#8221; global_colors_info=&#8221;{}&#8221; parallax__hover=&#8221;off&#8221; parallax_method__hover=&#8221;on&#8221; module_class__hover=&#8221;sivupalkki&#8221; custom_padding__hover=&#8221;|||&#8221;][et_pb_sidebar area=&#8221;sidebar-1&#8243; module_class=&#8221;sivupalkki_sisalto&#8221; _builder_version=&#8221;4.16&#8243; locked=&#8221;on&#8221; global_colors_info=&#8221;{}&#8221;][\/et_pb_sidebar][\/et_pb_column][\/et_pb_section]<\/p>\n","protected":false},"excerpt":{"rendered":"<p>Club Board of Directors and OfficersClub Board of Directors and OfficersLahti Rotaryclub050 552 5999juha.maatta(a)spiralia.fiinfo(a)lahdenrotary.fiClub Board of Directors 2023-2024 &nbsp; President 2023-2024Juha M\u00e4\u00e4tt\u00e4 Vice president 2023 \u2013 2024 Future president 2023-2024\u00a0 Past PresidentKimmo Kilpinen Secretary, Rotary-s\u00e4\u00e4ti\u00f6n asiamiesJuha-Pekka Ker\u00e4nen TreasurerPia Hemmil\u00e4 Youth Exchange OfficerRiku Suokas IT Officer, luokite ja j\u00e4senyyskomitean pj.Pasi Tolvanen Club master, nettisivuvastaavaErja Hakkarainen RYLA-vastaavaMarkku [&hellip;]<\/p>\n","protected":false},"author":1,"featured_media":0,"parent":1424,"menu_order":0,"comment_status":"closed","ping_status":"closed","template":"","meta":{"_acf_changed":false,"_et_pb_use_builder":"on","_et_pb_old_content":"","_et_gb_content_width":"","footnotes":""},"class_list":["post-1428","page","type-page","status-publish","hentry"],"acf":[],"yoast_head":"<!-- This site is optimized with the Yoast SEO plugin v27.0 - https:\/\/yoast.com\/product\/yoast-seo-wordpress\/ -->\n<title>Club Board of Directors and Officers - Lahden Rotaryklubi ry<\/title>\n<meta name=\"robots\" content=\"index, follow, max-snippet:-1, max-image-preview:large, max-video-preview:-1\" \/>\n<link rel=\"canonical\" href=\"https:\/\/rotary.fi\/lahdenrotary\/en\/who-we-are\/club-board-of-directors-and-officers\/\" \/>\n<meta property=\"og:locale\" content=\"fi_FI\" \/>\n<meta property=\"og:type\" content=\"article\" \/>\n<meta property=\"og:title\" content=\"Club Board of Directors and Officers - Lahden Rotaryklubi ry\" \/>\n<meta property=\"og:description\" content=\"Club Board of Directors and OfficersClub Board of Directors and OfficersLahti Rotaryclub050 552 5999juha.maatta(a)spiralia.fiinfo(a)lahdenrotary.fiClub Board of Directors 2023-2024 &nbsp; President 2023-2024Juha M\u00e4\u00e4tt\u00e4 Vice president 2023 \u2013 2024 Future president 2023-2024\u00a0 Past PresidentKimmo Kilpinen Secretary, Rotary-s\u00e4\u00e4ti\u00f6n asiamiesJuha-Pekka Ker\u00e4nen TreasurerPia Hemmil\u00e4 Youth Exchange OfficerRiku Suokas IT Officer, luokite ja j\u00e4senyyskomitean pj.Pasi Tolvanen Club master, nettisivuvastaavaErja Hakkarainen RYLA-vastaavaMarkku [&hellip;]\" \/>\n<meta property=\"og:url\" content=\"https:\/\/rotary.fi\/lahdenrotary\/en\/who-we-are\/club-board-of-directors-and-officers\/\" \/>\n<meta property=\"og:site_name\" content=\"Lahden Rotaryklubi ry\" \/>\n<meta property=\"article:modified_time\" content=\"2023-09-04T21:28:50+00:00\" \/>\n<meta name=\"twitter:card\" content=\"summary_large_image\" \/>\n<meta name=\"twitter:label1\" content=\"Arvioitu lukuaika\" \/>\n\t<meta name=\"twitter:data1\" content=\"2 minuuttia\" \/>\n<script type=\"application\/ld+json\" class=\"yoast-schema-graph\">{\"@context\":\"https:\/\/schema.org\",\"@graph\":[{\"@type\":\"WebPage\",\"@id\":\"https:\/\/rotary.fi\/lahdenrotary\/en\/who-we-are\/club-board-of-directors-and-officers\/\",\"url\":\"https:\/\/rotary.fi\/lahdenrotary\/en\/who-we-are\/club-board-of-directors-and-officers\/\",\"name\":\"Club Board of Directors and Officers - Lahden Rotaryklubi ry\",\"isPartOf\":{\"@id\":\"https:\/\/rotary.fi\/lahdenrotary\/#website\"},\"datePublished\":\"2019-02-20T10:51:31+00:00\",\"dateModified\":\"2023-09-04T21:28:50+00:00\",\"breadcrumb\":{\"@id\":\"https:\/\/rotary.fi\/lahdenrotary\/en\/who-we-are\/club-board-of-directors-and-officers\/#breadcrumb\"},\"inLanguage\":\"fi\",\"potentialAction\":[{\"@type\":\"ReadAction\",\"target\":[\"https:\/\/rotary.fi\/lahdenrotary\/en\/who-we-are\/club-board-of-directors-and-officers\/\"]}]},{\"@type\":\"BreadcrumbList\",\"@id\":\"https:\/\/rotary.fi\/lahdenrotary\/en\/who-we-are\/club-board-of-directors-and-officers\/#breadcrumb\",\"itemListElement\":[{\"@type\":\"ListItem\",\"position\":1,\"name\":\"Home\",\"item\":\"https:\/\/rotary.fi\/lahdenrotary\/\"},{\"@type\":\"ListItem\",\"position\":2,\"name\":\"Who We Are\",\"item\":\"https:\/\/rotary.fi\/lahdenrotary\/en\/who-we-are\/\"},{\"@type\":\"ListItem\",\"position\":3,\"name\":\"Club Board of Directors and Officers\"}]},{\"@type\":\"WebSite\",\"@id\":\"https:\/\/rotary.fi\/lahdenrotary\/#website\",\"url\":\"https:\/\/rotary.fi\/lahdenrotary\/\",\"name\":\"Lahden Rotaryklubi ry\",\"description\":\"Uusi Rotary klubisivusto\",\"potentialAction\":[{\"@type\":\"SearchAction\",\"target\":{\"@type\":\"EntryPoint\",\"urlTemplate\":\"https:\/\/rotary.fi\/lahdenrotary\/?s={search_term_string}\"},\"query-input\":{\"@type\":\"PropertyValueSpecification\",\"valueRequired\":true,\"valueName\":\"search_term_string\"}}],\"inLanguage\":\"fi\"}]}<\/script>\n<!-- \/ Yoast SEO plugin. -->","yoast_head_json":{"title":"Club Board of Directors and Officers - Lahden Rotaryklubi ry","robots":{"index":"index","follow":"follow","max-snippet":"max-snippet:-1","max-image-preview":"max-image-preview:large","max-video-preview":"max-video-preview:-1"},"canonical":"https:\/\/rotary.fi\/lahdenrotary\/en\/who-we-are\/club-board-of-directors-and-officers\/","og_locale":"fi_FI","og_type":"article","og_title":"Club Board of Directors and Officers - Lahden Rotaryklubi ry","og_description":"Club Board of Directors and OfficersClub Board of Directors and OfficersLahti Rotaryclub050 552 5999juha.maatta(a)spiralia.fiinfo(a)lahdenrotary.fiClub Board of Directors 2023-2024 &nbsp; President 2023-2024Juha M\u00e4\u00e4tt\u00e4 Vice president 2023 \u2013 2024 Future president 2023-2024\u00a0 Past PresidentKimmo Kilpinen Secretary, Rotary-s\u00e4\u00e4ti\u00f6n asiamiesJuha-Pekka Ker\u00e4nen TreasurerPia Hemmil\u00e4 Youth Exchange OfficerRiku Suokas IT Officer, luokite ja j\u00e4senyyskomitean pj.Pasi Tolvanen Club master, nettisivuvastaavaErja Hakkarainen RYLA-vastaavaMarkku [&hellip;]","og_url":"https:\/\/rotary.fi\/lahdenrotary\/en\/who-we-are\/club-board-of-directors-and-officers\/","og_site_name":"Lahden Rotaryklubi ry","article_modified_time":"2023-09-04T21:28:50+00:00","twitter_card":"summary_large_image","twitter_misc":{"Arvioitu lukuaika":"2 minuuttia"},"schema":{"@context":"https:\/\/schema.org","@graph":[{"@type":"WebPage","@id":"https:\/\/rotary.fi\/lahdenrotary\/en\/who-we-are\/club-board-of-directors-and-officers\/","url":"https:\/\/rotary.fi\/lahdenrotary\/en\/who-we-are\/club-board-of-directors-and-officers\/","name":"Club Board of Directors and Officers - Lahden Rotaryklubi ry","isPartOf":{"@id":"https:\/\/rotary.fi\/lahdenrotary\/#website"},"datePublished":"2019-02-20T10:51:31+00:00","dateModified":"2023-09-04T21:28:50+00:00","breadcrumb":{"@id":"https:\/\/rotary.fi\/lahdenrotary\/en\/who-we-are\/club-board-of-directors-and-officers\/#breadcrumb"},"inLanguage":"fi","potentialAction":[{"@type":"ReadAction","target":["https:\/\/rotary.fi\/lahdenrotary\/en\/who-we-are\/club-board-of-directors-and-officers\/"]}]},{"@type":"BreadcrumbList","@id":"https:\/\/rotary.fi\/lahdenrotary\/en\/who-we-are\/club-board-of-directors-and-officers\/#breadcrumb","itemListElement":[{"@type":"ListItem","position":1,"name":"Home","item":"https:\/\/rotary.fi\/lahdenrotary\/"},{"@type":"ListItem","position":2,"name":"Who We Are","item":"https:\/\/rotary.fi\/lahdenrotary\/en\/who-we-are\/"},{"@type":"ListItem","position":3,"name":"Club Board of Directors and Officers"}]},{"@type":"WebSite","@id":"https:\/\/rotary.fi\/lahdenrotary\/#website","url":"https:\/\/rotary.fi\/lahdenrotary\/","name":"Lahden Rotaryklubi ry","description":"Uusi Rotary klubisivusto","potentialAction":[{"@type":"SearchAction","target":{"@type":"EntryPoint","urlTemplate":"https:\/\/rotary.fi\/lahdenrotary\/?s={search_term_string}"},"query-input":{"@type":"PropertyValueSpecification","valueRequired":true,"valueName":"search_term_string"}}],"inLanguage":"fi"}]}},"lang":"en","translations":{"en":1428,"fi":132},"pll_sync_post":[],"_links":{"self":[{"href":"https:\/\/rotary.fi\/lahdenrotary\/wp-json\/wp\/v2\/pages\/1428","targetHints":{"allow":["GET"]}}],"collection":[{"href":"https:\/\/rotary.fi\/lahdenrotary\/wp-json\/wp\/v2\/pages"}],"about":[{"href":"https:\/\/rotary.fi\/lahdenrotary\/wp-json\/wp\/v2\/types\/page"}],"author":[{"embeddable":true,"href":"https:\/\/rotary.fi\/lahdenrotary\/wp-json\/wp\/v2\/users\/1"}],"replies":[{"embeddable":true,"href":"https:\/\/rotary.fi\/lahdenrotary\/wp-json\/wp\/v2\/comments?post=1428"}],"version-history":[{"count":4,"href":"https:\/\/rotary.fi\/lahdenrotary\/wp-json\/wp\/v2\/pages\/1428\/revisions"}],"predecessor-version":[{"id":1905,"href":"https:\/\/rotary.fi\/lahdenrotary\/wp-json\/wp\/v2\/pages\/1428\/revisions\/1905"}],"up":[{"embeddable":true,"href":"https:\/\/rotary.fi\/lahdenrotary\/wp-json\/wp\/v2\/pages\/1424"}],"wp:attachment":[{"href":"https:\/\/rotary.fi\/lahdenrotary\/wp-json\/wp\/v2\/media?parent=1428"}],"curies":[{"name":"wp","href":"https:\/\/api.w.org\/{rel}","templated":true}]}}