{"id":160,"date":"2018-08-13T09:49:16","date_gmt":"2018-08-13T06:49:16","guid":{"rendered":"https:\/\/rotary.fi\/kuusankoski\/?page_id=160"},"modified":"2022-07-14T10:42:07","modified_gmt":"2022-07-14T07:42:07","slug":"yhteiset-projektit","status":"publish","type":"page","link":"https:\/\/rotary.fi\/kuusankoski\/mita-teemme\/yhteiset-projektit\/","title":{"rendered":"Yhteiset projektit"},"content":{"rendered":"<p>[et_pb_section fb_built=&#8221;1&#8243; module_class=&#8221;jumbotron-page&#8221; _builder_version=&#8221;4.16&#8243; background_image=&#8221;https:\/\/rotary.fi\/kuusankoski\/wp-content\/uploads\/sites\/40\/2018\/10\/rotary_klubit_alasivu_paakuva_15.jpg&#8221; global_colors_info=&#8221;{}&#8221;][et_pb_row _builder_version=&#8221;4.16&#8243; background_size=&#8221;initial&#8221; background_position=&#8221;top_left&#8221; background_repeat=&#8221;repeat&#8221; global_colors_info=&#8221;{}&#8221;][et_pb_column type=&#8221;4_4&#8243; _builder_version=&#8221;4.16&#8243; custom_padding=&#8221;|||&#8221; global_colors_info=&#8221;{}&#8221; custom_padding__hover=&#8221;|||&#8221;][et_pb_text admin_label=&#8221;P\u00e4\u00e4otsikko&#8221; _builder_version=&#8221;4.16&#8243; text_orientation=&#8221;center&#8221; background_layout=&#8221;dark&#8221; global_colors_info=&#8221;{}&#8221;]<\/p>\n<h1>Yhteiset projektit<\/h1>\n<p>[\/et_pb_text][\/et_pb_column][\/et_pb_row][\/et_pb_section][et_pb_section fb_built=&#8221;1&#8243; specialty=&#8221;on&#8221; module_class_2=&#8221;sivupalkki&#8221; _builder_version=&#8221;4.16&#8243; global_colors_info=&#8221;{}&#8221;][et_pb_column type=&#8221;2_3&#8243; specialty_columns=&#8221;2&#8243; _builder_version=&#8221;4.16&#8243; custom_padding=&#8221;|||&#8221; global_colors_info=&#8221;{}&#8221; parallax__hover=&#8221;off&#8221; parallax_method__hover=&#8221;on&#8221; custom_padding__hover=&#8221;|||&#8221;][et_pb_row_inner admin_label=&#8221;Rivi&#8221; _builder_version=&#8221;4.16&#8243; global_colors_info=&#8221;{}&#8221;][et_pb_column_inner saved_specialty_column_type=&#8221;2_3&#8243; _builder_version=&#8221;4.16&#8243; custom_padding=&#8221;|||&#8221; global_colors_info=&#8221;{}&#8221; parallax__hover=&#8221;off&#8221; parallax_method__hover=&#8221;on&#8221; custom_padding__hover=&#8221;|||&#8221;][et_pb_text admin_label=&#8221;Otsikko&#8221; _builder_version=&#8221;4.16&#8243; text_orientation=&#8221;center&#8221; global_colors_info=&#8221;{}&#8221;]<\/p>\n<h1>Yhteiset projektit<\/h1>\n<p>[\/et_pb_text][et_pb_text _builder_version=&#8221;4.16&#8243; global_colors_info=&#8221;{}&#8221;]<\/p>\n<p>Klubimme on\u00a0 mukana\u00a0 Kouvolan rotaryklubien yhteisiss\u00e4 projekteissa usein alullepanijana ja vet\u00e4j\u00e4n\u00e4.\u00a0 T\u00e4llaisia on mm. Harrastusmahdollisuuksia nuorille -projekti.<a href=\"http:\/\/www.kouvolanrotariklubit.fi\">\u00a0<\/a><\/p>\n<p>Klubimme j\u00e4sen Osmo Siira oli rotaryvuoden 2018-2019 It\u00e4-Suomen rotarypiirimme 1430 piirikuvern\u00f6\u00f6rin\u00e4 ja klubillamme oli silloin j\u00e4rjestelyvastuu Koskelassa pidetyst\u00e4\u00a0 PETS-koulutustapahtumasta ja kev\u00e4\u00e4ll\u00e4 Kouvolan kaupungintalolla pidetyst\u00e4 Piirikonferenssista. Osmo on mukana rotarypirimme hallinnossa ja projekteissa,<\/p>\n<p>Olemme olleet mukana naapuriklubien rotaritoiminnan ja ShelterBoxin esittelytapahtumissa mm. Kotkan klubien kanssa Kotkan Merip\u00e4ivill\u00e4 ja Elim\u00e4en klubin kanssa Elim\u00e4en Pestoomarkkinoilla ja Kouvolan asuntomessuilla.\u00a0 Osmo on mukana rotarypiirimme edustajana\u00a0 Shelterbox tuki ry:n hallituksessa.<br \/>\u00a0 \u00a0 \u00a0 \u00a0 \u00a0 \u00a0 \u00a0 \u00a0 \u00a0 \u00a0 \u00a0 \u00a0 \u00a0 \u00a0 \u00a0 \u00a0 \u00a0 \u00a0 \u00a0 \u00a0 \u00a0 \u00a0 \u00a0 \u00a0 \u00a0 \u00a0 \u00a0 \u00a0 \u00a0 \u00a0 \u00a0 \u00a0 \u00a0 \u00a0 \u00a0 \u00a0 \u00a0 \u00a0 \u00a0 \u00a0 \u00a0 \u00a0 \u00a0 \u00a0 \u00a0 \u00a0 \u00a0 \u00a0 \u00a0 \u00a0 \u00a0 \u00a0 \u00a0 \u00a0 \u00a0 \u00a0 \u00a0 \u00a0 \u00a0 \u00a0 \u00a0 \u00a0 \u00a0 \u00a0 \u00a0 \u00a0 \u00a0 \u00a0 \u00a0 \u00a0 \u00a0 \u00a0<a href=\"http:\/\/www.shelterboxtuki.fi\"> www.shelterboxtuki.fi<\/a><\/p>\n<p>&nbsp;<\/p>\n<p>[\/et_pb_text][\/et_pb_column_inner][\/et_pb_row_inner][\/et_pb_column][et_pb_column type=&#8221;1_3&#8243; module_class=&#8221;sivupalkki&#8221; _builder_version=&#8221;4.16&#8243; custom_padding=&#8221;|||&#8221; global_colors_info=&#8221;{}&#8221; parallax__hover=&#8221;off&#8221; parallax_method__hover=&#8221;on&#8221; module_class__hover=&#8221;sivupalkki&#8221; custom_padding__hover=&#8221;|||&#8221;][et_pb_sidebar area=&#8221;sidebar-1&#8243; module_class=&#8221;sivupalkki_sisalto&#8221; _builder_version=&#8221;4.16&#8243; locked=&#8221;on&#8221; global_colors_info=&#8221;{}&#8221;]<br \/>\n[\/et_pb_sidebar][\/et_pb_column][\/et_pb_section]<\/p>\n","protected":false},"excerpt":{"rendered":"<p>Yhteiset projektit Yhteiset projektit Klubimme on\u00a0 mukana\u00a0 Kouvolan rotaryklubien yhteisiss\u00e4 projekteissa usein alullepanijana ja vet\u00e4j\u00e4n\u00e4.\u00a0 T\u00e4llaisia on mm. Harrastusmahdollisuuksia nuorille -projekti.\u00a0 Klubimme j\u00e4sen Osmo Siira oli rotaryvuoden 2018-2019 It\u00e4-Suomen rotarypiirimme 1430 piirikuvern\u00f6\u00f6rin\u00e4 ja klubillamme oli silloin j\u00e4rjestelyvastuu Koskelassa pidetyst\u00e4\u00a0 PETS-koulutustapahtumasta ja kev\u00e4\u00e4ll\u00e4 Kouvolan kaupungintalolla pidetyst\u00e4 Piirikonferenssista. Osmo on mukana rotarypirimme hallinnossa ja projekteissa, Olemme olleet [&hellip;]<\/p>\n","protected":false},"author":1,"featured_media":0,"parent":77,"menu_order":0,"comment_status":"closed","ping_status":"closed","template":"","meta":{"_acf_changed":false,"_et_pb_use_builder":"on","_et_pb_old_content":"","_et_gb_content_width":"","footnotes":""},"class_list":["post-160","page","type-page","status-publish","hentry"],"acf":[],"yoast_head":"<!-- This site is optimized with the Yoast SEO plugin v27.0 - https:\/\/yoast.com\/product\/yoast-seo-wordpress\/ -->\n<title>Yhteiset projektit - Kuusankosken Rotaryklubi<\/title>\n<meta name=\"robots\" content=\"index, follow, max-snippet:-1, max-image-preview:large, max-video-preview:-1\" \/>\n<link rel=\"canonical\" href=\"https:\/\/rotary.fi\/kuusankoski\/mita-teemme\/yhteiset-projektit\/\" \/>\n<meta property=\"og:locale\" content=\"fi_FI\" \/>\n<meta property=\"og:type\" content=\"article\" \/>\n<meta property=\"og:title\" content=\"Yhteiset projektit - Kuusankosken Rotaryklubi\" \/>\n<meta property=\"og:description\" content=\"Yhteiset projektit Yhteiset projektit Klubimme on\u00a0 mukana\u00a0 Kouvolan rotaryklubien yhteisiss\u00e4 projekteissa usein alullepanijana ja vet\u00e4j\u00e4n\u00e4.\u00a0 T\u00e4llaisia on mm. Harrastusmahdollisuuksia nuorille -projekti.\u00a0 Klubimme j\u00e4sen Osmo Siira oli rotaryvuoden 2018-2019 It\u00e4-Suomen rotarypiirimme 1430 piirikuvern\u00f6\u00f6rin\u00e4 ja klubillamme oli silloin j\u00e4rjestelyvastuu Koskelassa pidetyst\u00e4\u00a0 PETS-koulutustapahtumasta ja kev\u00e4\u00e4ll\u00e4 Kouvolan kaupungintalolla pidetyst\u00e4 Piirikonferenssista. Osmo on mukana rotarypirimme hallinnossa ja projekteissa, Olemme olleet [&hellip;]\" \/>\n<meta property=\"og:url\" content=\"https:\/\/rotary.fi\/kuusankoski\/mita-teemme\/yhteiset-projektit\/\" \/>\n<meta property=\"og:site_name\" content=\"Kuusankosken Rotaryklubi\" \/>\n<meta property=\"article:modified_time\" content=\"2022-07-14T07:42:07+00:00\" \/>\n<meta name=\"twitter:card\" content=\"summary_large_image\" \/>\n<meta name=\"twitter:label1\" content=\"Arvioitu lukuaika\" \/>\n\t<meta name=\"twitter:data1\" content=\"2 minuuttia\" \/>\n<script type=\"application\/ld+json\" class=\"yoast-schema-graph\">{\"@context\":\"https:\/\/schema.org\",\"@graph\":[{\"@type\":\"WebPage\",\"@id\":\"https:\/\/rotary.fi\/kuusankoski\/mita-teemme\/yhteiset-projektit\/\",\"url\":\"https:\/\/rotary.fi\/kuusankoski\/mita-teemme\/yhteiset-projektit\/\",\"name\":\"Yhteiset projektit - Kuusankosken Rotaryklubi\",\"isPartOf\":{\"@id\":\"https:\/\/rotary.fi\/kuusankoski\/#website\"},\"datePublished\":\"2018-08-13T06:49:16+00:00\",\"dateModified\":\"2022-07-14T07:42:07+00:00\",\"breadcrumb\":{\"@id\":\"https:\/\/rotary.fi\/kuusankoski\/mita-teemme\/yhteiset-projektit\/#breadcrumb\"},\"inLanguage\":\"fi\",\"potentialAction\":[{\"@type\":\"ReadAction\",\"target\":[\"https:\/\/rotary.fi\/kuusankoski\/mita-teemme\/yhteiset-projektit\/\"]}]},{\"@type\":\"BreadcrumbList\",\"@id\":\"https:\/\/rotary.fi\/kuusankoski\/mita-teemme\/yhteiset-projektit\/#breadcrumb\",\"itemListElement\":[{\"@type\":\"ListItem\",\"position\":1,\"name\":\"Home\",\"item\":\"https:\/\/rotary.fi\/kuusankoski\/\"},{\"@type\":\"ListItem\",\"position\":2,\"name\":\"Mit\u00e4 teemme\",\"item\":\"https:\/\/rotary.fi\/kuusankoski\/mita-teemme\/\"},{\"@type\":\"ListItem\",\"position\":3,\"name\":\"Yhteiset projektit\"}]},{\"@type\":\"WebSite\",\"@id\":\"https:\/\/rotary.fi\/kuusankoski\/#website\",\"url\":\"https:\/\/rotary.fi\/kuusankoski\/\",\"name\":\"Kuusankosken Rotaryklubi\",\"description\":\"Uusi Rotary klubisivusto\",\"potentialAction\":[{\"@type\":\"SearchAction\",\"target\":{\"@type\":\"EntryPoint\",\"urlTemplate\":\"https:\/\/rotary.fi\/kuusankoski\/?s={search_term_string}\"},\"query-input\":{\"@type\":\"PropertyValueSpecification\",\"valueRequired\":true,\"valueName\":\"search_term_string\"}}],\"inLanguage\":\"fi\"}]}<\/script>\n<!-- \/ Yoast SEO plugin. -->","yoast_head_json":{"title":"Yhteiset projektit - Kuusankosken Rotaryklubi","robots":{"index":"index","follow":"follow","max-snippet":"max-snippet:-1","max-image-preview":"max-image-preview:large","max-video-preview":"max-video-preview:-1"},"canonical":"https:\/\/rotary.fi\/kuusankoski\/mita-teemme\/yhteiset-projektit\/","og_locale":"fi_FI","og_type":"article","og_title":"Yhteiset projektit - Kuusankosken Rotaryklubi","og_description":"Yhteiset projektit Yhteiset projektit Klubimme on\u00a0 mukana\u00a0 Kouvolan rotaryklubien yhteisiss\u00e4 projekteissa usein alullepanijana ja vet\u00e4j\u00e4n\u00e4.\u00a0 T\u00e4llaisia on mm. Harrastusmahdollisuuksia nuorille -projekti.\u00a0 Klubimme j\u00e4sen Osmo Siira oli rotaryvuoden 2018-2019 It\u00e4-Suomen rotarypiirimme 1430 piirikuvern\u00f6\u00f6rin\u00e4 ja klubillamme oli silloin j\u00e4rjestelyvastuu Koskelassa pidetyst\u00e4\u00a0 PETS-koulutustapahtumasta ja kev\u00e4\u00e4ll\u00e4 Kouvolan kaupungintalolla pidetyst\u00e4 Piirikonferenssista. Osmo on mukana rotarypirimme hallinnossa ja projekteissa, Olemme olleet [&hellip;]","og_url":"https:\/\/rotary.fi\/kuusankoski\/mita-teemme\/yhteiset-projektit\/","og_site_name":"Kuusankosken Rotaryklubi","article_modified_time":"2022-07-14T07:42:07+00:00","twitter_card":"summary_large_image","twitter_misc":{"Arvioitu lukuaika":"2 minuuttia"},"schema":{"@context":"https:\/\/schema.org","@graph":[{"@type":"WebPage","@id":"https:\/\/rotary.fi\/kuusankoski\/mita-teemme\/yhteiset-projektit\/","url":"https:\/\/rotary.fi\/kuusankoski\/mita-teemme\/yhteiset-projektit\/","name":"Yhteiset projektit - Kuusankosken Rotaryklubi","isPartOf":{"@id":"https:\/\/rotary.fi\/kuusankoski\/#website"},"datePublished":"2018-08-13T06:49:16+00:00","dateModified":"2022-07-14T07:42:07+00:00","breadcrumb":{"@id":"https:\/\/rotary.fi\/kuusankoski\/mita-teemme\/yhteiset-projektit\/#breadcrumb"},"inLanguage":"fi","potentialAction":[{"@type":"ReadAction","target":["https:\/\/rotary.fi\/kuusankoski\/mita-teemme\/yhteiset-projektit\/"]}]},{"@type":"BreadcrumbList","@id":"https:\/\/rotary.fi\/kuusankoski\/mita-teemme\/yhteiset-projektit\/#breadcrumb","itemListElement":[{"@type":"ListItem","position":1,"name":"Home","item":"https:\/\/rotary.fi\/kuusankoski\/"},{"@type":"ListItem","position":2,"name":"Mit\u00e4 teemme","item":"https:\/\/rotary.fi\/kuusankoski\/mita-teemme\/"},{"@type":"ListItem","position":3,"name":"Yhteiset projektit"}]},{"@type":"WebSite","@id":"https:\/\/rotary.fi\/kuusankoski\/#website","url":"https:\/\/rotary.fi\/kuusankoski\/","name":"Kuusankosken Rotaryklubi","description":"Uusi Rotary klubisivusto","potentialAction":[{"@type":"SearchAction","target":{"@type":"EntryPoint","urlTemplate":"https:\/\/rotary.fi\/kuusankoski\/?s={search_term_string}"},"query-input":{"@type":"PropertyValueSpecification","valueRequired":true,"valueName":"search_term_string"}}],"inLanguage":"fi"}]}},"lang":"fi","translations":{"fi":160},"pll_sync_post":[],"_links":{"self":[{"href":"https:\/\/rotary.fi\/kuusankoski\/wp-json\/wp\/v2\/pages\/160","targetHints":{"allow":["GET"]}}],"collection":[{"href":"https:\/\/rotary.fi\/kuusankoski\/wp-json\/wp\/v2\/pages"}],"about":[{"href":"https:\/\/rotary.fi\/kuusankoski\/wp-json\/wp\/v2\/types\/page"}],"author":[{"embeddable":true,"href":"https:\/\/rotary.fi\/kuusankoski\/wp-json\/wp\/v2\/users\/1"}],"replies":[{"embeddable":true,"href":"https:\/\/rotary.fi\/kuusankoski\/wp-json\/wp\/v2\/comments?post=160"}],"version-history":[{"count":9,"href":"https:\/\/rotary.fi\/kuusankoski\/wp-json\/wp\/v2\/pages\/160\/revisions"}],"predecessor-version":[{"id":2858,"href":"https:\/\/rotary.fi\/kuusankoski\/wp-json\/wp\/v2\/pages\/160\/revisions\/2858"}],"up":[{"embeddable":true,"href":"https:\/\/rotary.fi\/kuusankoski\/wp-json\/wp\/v2\/pages\/77"}],"wp:attachment":[{"href":"https:\/\/rotary.fi\/kuusankoski\/wp-json\/wp\/v2\/media?parent=160"}],"curies":[{"name":"wp","href":"https:\/\/api.w.org\/{rel}","templated":true}]}}