{"id":158,"date":"2018-08-13T09:47:58","date_gmt":"2018-08-13T06:47:58","guid":{"rendered":"https:\/\/rotary.fi\/kuusankoski\/?page_id=158"},"modified":"2020-07-20T18:27:44","modified_gmt":"2020-07-20T15:27:44","slug":"varainhankinta-ja-lahjoitukset","status":"publish","type":"page","link":"https:\/\/rotary.fi\/kuusankoski\/mita-teemme\/varainhankinta-ja-lahjoitukset\/","title":{"rendered":"Varainhankinta ja lahjoituks"},"content":{"rendered":"<p>[et_pb_section fb_built=&#8221;1&#8243; module_class=&#8221;jumbotron-page&#8221; _builder_version=&#8221;3.22&#8243; background_image=&#8221;https:\/\/rotary.fi\/kuusankoski\/wp-content\/uploads\/sites\/40\/2019\/01\/elimaki2.jpg&#8221;][et_pb_row _builder_version=&#8221;3.25&#8243; background_size=&#8221;initial&#8221; background_position=&#8221;top_left&#8221; background_repeat=&#8221;repeat&#8221;][et_pb_column type=&#8221;4_4&#8243; _builder_version=&#8221;3.25&#8243; custom_padding=&#8221;|||&#8221; custom_padding__hover=&#8221;|||&#8221;][et_pb_text admin_label=&#8221;P\u00e4\u00e4otsikko&#8221; _builder_version=&#8221;3.27.4&#8243; text_orientation=&#8221;center&#8221; background_layout=&#8221;dark&#8221;]<\/p>\n<h1>Lahjoitukset ja varainhankinta<\/h1>\n<p>[\/et_pb_text][\/et_pb_column][\/et_pb_row][\/et_pb_section][et_pb_section fb_built=&#8221;1&#8243; specialty=&#8221;on&#8221; module_class_2=&#8221;sivupalkki&#8221; _builder_version=&#8221;3.22&#8243;][et_pb_column type=&#8221;2_3&#8243; specialty_columns=&#8221;2&#8243; _builder_version=&#8221;3.25&#8243; custom_padding=&#8221;|||&#8221; parallax__hover=&#8221;off&#8221; parallax_method__hover=&#8221;on&#8221; custom_padding__hover=&#8221;|||&#8221;][et_pb_row_inner admin_label=&#8221;Rivi&#8221; _builder_version=&#8221;3.25&#8243;][et_pb_column_inner saved_specialty_column_type=&#8221;2_3&#8243; _builder_version=&#8221;3.25&#8243; custom_padding=&#8221;|||&#8221; parallax__hover=&#8221;off&#8221; parallax_method__hover=&#8221;on&#8221; custom_padding__hover=&#8221;|||&#8221;][et_pb_text admin_label=&#8221;Varainhankinta ja lahjoitukset &#8211; Otsikko&#8221; _builder_version=&#8221;3.27.4&#8243; text_orientation=&#8221;center&#8221;]<\/p>\n<h1>Lahjoitukset ja varainhankinta<\/h1>\n<p>[\/et_pb_text][et_pb_text _builder_version=&#8221;3.27.4&#8243;]<\/p>\n<p>Klubimme on mukana monessa palvelu- ja hyv\u00e4ntekev\u00e4isyysprojektissa maailmanlaajuisesti ja paikallisesti. Osallistumme s\u00e4\u00e4nn\u00f6llisesti\u00a0 rotaryn nuorisovaihtoon. Kuusankoskelta on ollut ja on vaihto-oppilaita maailmalla.\u00a0Klubimme huolehtii t\u00e4\u00e4ll\u00e4 vaihdossa olevista nuorista. Nuoria on my\u00f6s kansainv\u00e4lisill\u00e4 kes\u00e4leireill\u00e4 joita on eri teemoilla vuosittain n. 100. \u00a0<\/p>\n<p>Klubin omia paikallisia\u00a0 hyv\u00e4ntekev\u00e4isyys- ja palveluprojekteja meill\u00e4 on nyt kuusi kappaletta. Lis\u00e4\u00e4 tietoa l\u00f6yd\u00e4t projektit osiosta. Kev\u00e4isin jaamme Kuusankosken Lukion opiskelijoille rotarystipendin (stipendej\u00e4).<\/p>\n<p>Tuemme vuosittain s\u00e4\u00e4nn\u00f6llisesti Rotarys\u00e4\u00e4ti\u00f6t\u00e4, jolla on maailmanlaajuisia humanit\u00e4\u00e4risi\u00e4 projekteja p\u00e4\u00e4asiassa k\u00f6yhiss\u00e4 kehitysmaissa, kohteena mm. \u00e4itien ja lasten terveyden kohentaminen, sairauksien ehk\u00e4isy ja hoito, koulutuksen ja lukutaidon edist\u00e4minen. Lis\u00e4ksi stipendit rauhan ja konfliktien koulutukseen kuudessa yliopistossa eri puolilla maailmaa, yritt\u00e4jyyden ja taloudenpidon edist\u00e4mist\u00e4 kehitysmaissa, puhtaan veden saatavuuden hygieniaosaamisen parantaminen.<\/p>\n<p>Olemme my\u00f6s mukana rotareiden vuonna1985 aloittamassa ty\u00f6ss\u00e4 Polio-sairauden\u00a0 poistamiseksi maailmasta. Vuonna 1985 sairastui polioon yli 350.000 lasta vuosittain, nyt en\u00e4\u00e4 muutama kymmen lasta Pakistanissa ja Afganistanissa.\u00a0 Rotarien mukana t\u00e4ss\u00e4 polioprojektissa ovat mm. Bill ja Melinda Gatesin s\u00e4\u00e4ti\u00f6, Maailman terveysj\u00e4rjest\u00f6 WHO, EU, YK ja useat valtiot mm. USA, Canada. Suomen valtio on my\u00f6s tukenut rotareiden poliorokotuksia Afganistanissa. Rotarit ja yhteisty\u00f6kumppanit ovat sitoutuneet lopulliseen polion h\u00e4vitt\u00e4miseen &#8211; nyt ollaan jo viime metreille.\u00a0 Klubimme on tukenut polion h\u00e4vitt\u00e4miskampanjaa Rotarys\u00e4\u00e4ti\u00f6n kautta vuosittaisin lahjoituksin, lipasker\u00e4yksin ja rotarien henkil\u00f6kohtaisin lahjoituksin. Suomessa oli viel\u00e4 1950 -luvulla poliota, joka rokotuksin saatiin t\u00e4\u00e4lt\u00e4 h\u00e4vitetty\u00e4.\u00a0<\/p>\n<p>Yksi rotarien t\u00e4rkeimmist\u00e4 yhteisty\u00f6kumppaneista on Shelterbox. Se on rotarien Englannissa perustama erillinen j\u00e4rjest\u00f6, joka toimii yhdess\u00e4 Punaisen Ristin, Unisefin, ym. katastrofiapua antavien j\u00e4rjest\u00f6jen kanssa. Vuosittain maailmassa tapahtuu 30-40 py\u00f6rremyrskyn, tulvan, maanj\u00e4ristyksen, tai sodan aiheuttamaa katastrofia, joissa perheet menett\u00e4v\u00e4t kaiken ja tarvitsevat nopeaa apua.\u00a0 ShelterBox tarjoaa perheelle ensimm\u00e4isen suojan ja v\u00e4ltt\u00e4m\u00e4tt\u00f6m\u00e4t tarvikkeet el\u00e4m\u00e4n jatkamiseen. Esittelemme Shelterboxia erilaisissa tapahtumissa mm. Kotkan Merip\u00e4ivill\u00e4, Elim\u00e4en Pestoomarkkinoilla ja ker\u00e4\u00e4mme varoja samalla ShelterBoxille. Sen Suomen tukiyhdistyksen j\u00e4seneksi voi my\u00f6s jokainen liitty\u00e4 ja tukea sen\u00a0 toimintaa\u00a0 my\u00f6s suoraan.\u00a0 T\u00e4ss\u00e4 linkki:\u00a0 <a href=\"http:\/\/www.shelterboxtuki.fi\/\">http:\/\/www.shelterboxtuki.fi\/<\/a><\/p>\n<p>&nbsp;<\/p>\n<p>[\/et_pb_text][\/et_pb_column_inner][\/et_pb_row_inner][\/et_pb_column][et_pb_column type=&#8221;1_3&#8243; module_class=&#8221;sivupalkki&#8221; _builder_version=&#8221;3.25&#8243; custom_padding=&#8221;|||&#8221; parallax__hover=&#8221;off&#8221; parallax_method__hover=&#8221;on&#8221; module_class__hover=&#8221;sivupalkki&#8221; custom_padding__hover=&#8221;|||&#8221;][et_pb_sidebar area=&#8221;sidebar-1&#8243; module_class=&#8221;sivupalkki_sisalto&#8221; _builder_version=&#8221;3.4.1&#8243; locked=&#8221;on&#8221;]<\/p>\n<p>[\/et_pb_sidebar][\/et_pb_column][\/et_pb_section]<\/p>\n","protected":false},"excerpt":{"rendered":"<p>Lahjoitukset ja varainhankinta Lahjoitukset ja varainhankinta Klubimme on mukana monessa palvelu- ja hyv\u00e4ntekev\u00e4isyysprojektissa maailmanlaajuisesti ja paikallisesti. Osallistumme s\u00e4\u00e4nn\u00f6llisesti\u00a0 rotaryn nuorisovaihtoon. Kuusankoskelta on ollut ja on vaihto-oppilaita maailmalla.\u00a0Klubimme huolehtii t\u00e4\u00e4ll\u00e4 vaihdossa olevista nuorista. Nuoria on my\u00f6s kansainv\u00e4lisill\u00e4 kes\u00e4leireill\u00e4 joita on eri teemoilla vuosittain n. 100. \u00a0 Klubin omia paikallisia\u00a0 hyv\u00e4ntekev\u00e4isyys- ja palveluprojekteja meill\u00e4 on nyt kuusi [&hellip;]<\/p>\n","protected":false},"author":1,"featured_media":0,"parent":77,"menu_order":0,"comment_status":"closed","ping_status":"closed","template":"","meta":{"_acf_changed":false,"_et_pb_use_builder":"on","_et_pb_old_content":"","_et_gb_content_width":"","footnotes":""},"class_list":["post-158","page","type-page","status-publish","hentry"],"acf":[],"yoast_head":"<!-- This site is optimized with the Yoast SEO plugin v27.4 - https:\/\/yoast.com\/product\/yoast-seo-wordpress\/ -->\n<title>Varainhankinta ja lahjoituks - Kuusankosken Rotaryklubi<\/title>\n<meta name=\"robots\" content=\"index, follow, max-snippet:-1, max-image-preview:large, max-video-preview:-1\" \/>\n<link rel=\"canonical\" href=\"https:\/\/rotary.fi\/kuusankoski\/mita-teemme\/varainhankinta-ja-lahjoitukset\/\" \/>\n<meta property=\"og:locale\" content=\"fi_FI\" \/>\n<meta property=\"og:type\" content=\"article\" \/>\n<meta property=\"og:title\" content=\"Varainhankinta ja lahjoituks - Kuusankosken Rotaryklubi\" \/>\n<meta property=\"og:description\" content=\"Lahjoitukset ja varainhankinta Lahjoitukset ja varainhankinta Klubimme on mukana monessa palvelu- ja hyv\u00e4ntekev\u00e4isyysprojektissa maailmanlaajuisesti ja paikallisesti. Osallistumme s\u00e4\u00e4nn\u00f6llisesti\u00a0 rotaryn nuorisovaihtoon. Kuusankoskelta on ollut ja on vaihto-oppilaita maailmalla.\u00a0Klubimme huolehtii t\u00e4\u00e4ll\u00e4 vaihdossa olevista nuorista. Nuoria on my\u00f6s kansainv\u00e4lisill\u00e4 kes\u00e4leireill\u00e4 joita on eri teemoilla vuosittain n. 100. \u00a0 Klubin omia paikallisia\u00a0 hyv\u00e4ntekev\u00e4isyys- ja palveluprojekteja meill\u00e4 on nyt kuusi [&hellip;]\" \/>\n<meta property=\"og:url\" content=\"https:\/\/rotary.fi\/kuusankoski\/mita-teemme\/varainhankinta-ja-lahjoitukset\/\" \/>\n<meta property=\"og:site_name\" content=\"Kuusankosken Rotaryklubi\" \/>\n<meta property=\"article:modified_time\" content=\"2020-07-20T15:27:44+00:00\" \/>\n<meta name=\"twitter:card\" content=\"summary_large_image\" \/>\n<meta name=\"twitter:label1\" content=\"Arvioitu lukuaika\" \/>\n\t<meta name=\"twitter:data1\" content=\"3 minuuttia\" \/>\n<script type=\"application\/ld+json\" class=\"yoast-schema-graph\">{\"@context\":\"https:\\\/\\\/schema.org\",\"@graph\":[{\"@type\":\"WebPage\",\"@id\":\"https:\\\/\\\/rotary.fi\\\/kuusankoski\\\/mita-teemme\\\/varainhankinta-ja-lahjoitukset\\\/\",\"url\":\"https:\\\/\\\/rotary.fi\\\/kuusankoski\\\/mita-teemme\\\/varainhankinta-ja-lahjoitukset\\\/\",\"name\":\"Varainhankinta ja lahjoituks - Kuusankosken Rotaryklubi\",\"isPartOf\":{\"@id\":\"https:\\\/\\\/rotary.fi\\\/kuusankoski\\\/#website\"},\"datePublished\":\"2018-08-13T06:47:58+00:00\",\"dateModified\":\"2020-07-20T15:27:44+00:00\",\"breadcrumb\":{\"@id\":\"https:\\\/\\\/rotary.fi\\\/kuusankoski\\\/mita-teemme\\\/varainhankinta-ja-lahjoitukset\\\/#breadcrumb\"},\"inLanguage\":\"fi\",\"potentialAction\":[{\"@type\":\"ReadAction\",\"target\":[\"https:\\\/\\\/rotary.fi\\\/kuusankoski\\\/mita-teemme\\\/varainhankinta-ja-lahjoitukset\\\/\"]}]},{\"@type\":\"BreadcrumbList\",\"@id\":\"https:\\\/\\\/rotary.fi\\\/kuusankoski\\\/mita-teemme\\\/varainhankinta-ja-lahjoitukset\\\/#breadcrumb\",\"itemListElement\":[{\"@type\":\"ListItem\",\"position\":1,\"name\":\"Home\",\"item\":\"https:\\\/\\\/rotary.fi\\\/kuusankoski\\\/\"},{\"@type\":\"ListItem\",\"position\":2,\"name\":\"Mit\u00e4 teemme\",\"item\":\"https:\\\/\\\/rotary.fi\\\/kuusankoski\\\/mita-teemme\\\/\"},{\"@type\":\"ListItem\",\"position\":3,\"name\":\"Varainhankinta ja lahjoituks\"}]},{\"@type\":\"WebSite\",\"@id\":\"https:\\\/\\\/rotary.fi\\\/kuusankoski\\\/#website\",\"url\":\"https:\\\/\\\/rotary.fi\\\/kuusankoski\\\/\",\"name\":\"Kuusankosken Rotaryklubi\",\"description\":\"Uusi Rotary klubisivusto\",\"potentialAction\":[{\"@type\":\"SearchAction\",\"target\":{\"@type\":\"EntryPoint\",\"urlTemplate\":\"https:\\\/\\\/rotary.fi\\\/kuusankoski\\\/?s={search_term_string}\"},\"query-input\":{\"@type\":\"PropertyValueSpecification\",\"valueRequired\":true,\"valueName\":\"search_term_string\"}}],\"inLanguage\":\"fi\"}]}<\/script>\n<!-- \/ Yoast SEO plugin. -->","yoast_head_json":{"title":"Varainhankinta ja lahjoituks - Kuusankosken Rotaryklubi","robots":{"index":"index","follow":"follow","max-snippet":"max-snippet:-1","max-image-preview":"max-image-preview:large","max-video-preview":"max-video-preview:-1"},"canonical":"https:\/\/rotary.fi\/kuusankoski\/mita-teemme\/varainhankinta-ja-lahjoitukset\/","og_locale":"fi_FI","og_type":"article","og_title":"Varainhankinta ja lahjoituks - Kuusankosken Rotaryklubi","og_description":"Lahjoitukset ja varainhankinta Lahjoitukset ja varainhankinta Klubimme on mukana monessa palvelu- ja hyv\u00e4ntekev\u00e4isyysprojektissa maailmanlaajuisesti ja paikallisesti. Osallistumme s\u00e4\u00e4nn\u00f6llisesti\u00a0 rotaryn nuorisovaihtoon. Kuusankoskelta on ollut ja on vaihto-oppilaita maailmalla.\u00a0Klubimme huolehtii t\u00e4\u00e4ll\u00e4 vaihdossa olevista nuorista. Nuoria on my\u00f6s kansainv\u00e4lisill\u00e4 kes\u00e4leireill\u00e4 joita on eri teemoilla vuosittain n. 100. \u00a0 Klubin omia paikallisia\u00a0 hyv\u00e4ntekev\u00e4isyys- ja palveluprojekteja meill\u00e4 on nyt kuusi [&hellip;]","og_url":"https:\/\/rotary.fi\/kuusankoski\/mita-teemme\/varainhankinta-ja-lahjoitukset\/","og_site_name":"Kuusankosken Rotaryklubi","article_modified_time":"2020-07-20T15:27:44+00:00","twitter_card":"summary_large_image","twitter_misc":{"Arvioitu lukuaika":"3 minuuttia"},"schema":{"@context":"https:\/\/schema.org","@graph":[{"@type":"WebPage","@id":"https:\/\/rotary.fi\/kuusankoski\/mita-teemme\/varainhankinta-ja-lahjoitukset\/","url":"https:\/\/rotary.fi\/kuusankoski\/mita-teemme\/varainhankinta-ja-lahjoitukset\/","name":"Varainhankinta ja lahjoituks - Kuusankosken Rotaryklubi","isPartOf":{"@id":"https:\/\/rotary.fi\/kuusankoski\/#website"},"datePublished":"2018-08-13T06:47:58+00:00","dateModified":"2020-07-20T15:27:44+00:00","breadcrumb":{"@id":"https:\/\/rotary.fi\/kuusankoski\/mita-teemme\/varainhankinta-ja-lahjoitukset\/#breadcrumb"},"inLanguage":"fi","potentialAction":[{"@type":"ReadAction","target":["https:\/\/rotary.fi\/kuusankoski\/mita-teemme\/varainhankinta-ja-lahjoitukset\/"]}]},{"@type":"BreadcrumbList","@id":"https:\/\/rotary.fi\/kuusankoski\/mita-teemme\/varainhankinta-ja-lahjoitukset\/#breadcrumb","itemListElement":[{"@type":"ListItem","position":1,"name":"Home","item":"https:\/\/rotary.fi\/kuusankoski\/"},{"@type":"ListItem","position":2,"name":"Mit\u00e4 teemme","item":"https:\/\/rotary.fi\/kuusankoski\/mita-teemme\/"},{"@type":"ListItem","position":3,"name":"Varainhankinta ja lahjoituks"}]},{"@type":"WebSite","@id":"https:\/\/rotary.fi\/kuusankoski\/#website","url":"https:\/\/rotary.fi\/kuusankoski\/","name":"Kuusankosken Rotaryklubi","description":"Uusi Rotary klubisivusto","potentialAction":[{"@type":"SearchAction","target":{"@type":"EntryPoint","urlTemplate":"https:\/\/rotary.fi\/kuusankoski\/?s={search_term_string}"},"query-input":{"@type":"PropertyValueSpecification","valueRequired":true,"valueName":"search_term_string"}}],"inLanguage":"fi"}]}},"lang":"fi","translations":{"fi":158},"pll_sync_post":[],"_links":{"self":[{"href":"https:\/\/rotary.fi\/kuusankoski\/wp-json\/wp\/v2\/pages\/158","targetHints":{"allow":["GET"]}}],"collection":[{"href":"https:\/\/rotary.fi\/kuusankoski\/wp-json\/wp\/v2\/pages"}],"about":[{"href":"https:\/\/rotary.fi\/kuusankoski\/wp-json\/wp\/v2\/types\/page"}],"author":[{"embeddable":true,"href":"https:\/\/rotary.fi\/kuusankoski\/wp-json\/wp\/v2\/users\/1"}],"replies":[{"embeddable":true,"href":"https:\/\/rotary.fi\/kuusankoski\/wp-json\/wp\/v2\/comments?post=158"}],"version-history":[{"count":15,"href":"https:\/\/rotary.fi\/kuusankoski\/wp-json\/wp\/v2\/pages\/158\/revisions"}],"predecessor-version":[{"id":2321,"href":"https:\/\/rotary.fi\/kuusankoski\/wp-json\/wp\/v2\/pages\/158\/revisions\/2321"}],"up":[{"embeddable":true,"href":"https:\/\/rotary.fi\/kuusankoski\/wp-json\/wp\/v2\/pages\/77"}],"wp:attachment":[{"href":"https:\/\/rotary.fi\/kuusankoski\/wp-json\/wp\/v2\/media?parent=158"}],"curies":[{"name":"wp","href":"https:\/\/api.w.org\/{rel}","templated":true}]}}