{"id":138,"date":"2018-08-10T14:01:44","date_gmt":"2018-08-10T11:01:44","guid":{"rendered":"https:\/\/rotary.fi\/klubi2\/?page_id=138"},"modified":"2024-07-21T10:12:04","modified_gmt":"2024-07-21T07:12:04","slug":"vuositeema","status":"publish","type":"page","link":"https:\/\/rotary.fi\/kuusankoski\/keita-olemme\/vuositeema\/","title":{"rendered":"Vuositeema"},"content":{"rendered":"<p>[et_pb_section fb_built=&#8221;1&#8243; module_class=&#8221;jumbotron-page&#8221; _builder_version=&#8221;4.16&#8243; background_image=&#8221;https:\/\/rotary.fi\/kuusankoski\/wp-content\/uploads\/sites\/40\/2018\/08\/rotary_klubit_alasivu_paakuva_7.jpg&#8221; global_colors_info=&#8221;{}&#8221;][et_pb_row _builder_version=&#8221;4.16&#8243; background_size=&#8221;initial&#8221; background_position=&#8221;top_left&#8221; background_repeat=&#8221;repeat&#8221; global_colors_info=&#8221;{}&#8221;][et_pb_column type=&#8221;4_4&#8243; _builder_version=&#8221;4.16&#8243; custom_padding=&#8221;|||&#8221; global_colors_info=&#8221;{}&#8221; custom_padding__hover=&#8221;|||&#8221;][et_pb_text admin_label=&#8221;P\u00e4\u00e4otsikko&#8221; _builder_version=&#8221;4.16&#8243; text_orientation=&#8221;center&#8221; background_layout=&#8221;dark&#8221; global_colors_info=&#8221;{}&#8221;]<\/p>\n<h1>Rotary Internationalin vuositeema 2024-2025<\/h1>\n<p>&nbsp;<\/p>\n<p>[\/et_pb_text][\/et_pb_column][\/et_pb_row][\/et_pb_section][et_pb_section fb_built=&#8221;1&#8243; specialty=&#8221;on&#8221; module_class_2=&#8221;sivupalkki&#8221; _builder_version=&#8221;4.16&#8243; global_colors_info=&#8221;{}&#8221;][et_pb_column type=&#8221;2_3&#8243; specialty_columns=&#8221;2&#8243; _builder_version=&#8221;4.16&#8243; custom_padding=&#8221;|||&#8221; global_colors_info=&#8221;{}&#8221; parallax__hover=&#8221;off&#8221; parallax_method__hover=&#8221;on&#8221; custom_padding__hover=&#8221;|||&#8221;][et_pb_row_inner admin_label=&#8221;Rivi&#8221; _builder_version=&#8221;4.16&#8243; custom_margin=&#8221;|||-10px||&#8221; global_colors_info=&#8221;{}&#8221;][et_pb_column_inner saved_specialty_column_type=&#8221;2_3&#8243; _builder_version=&#8221;4.16&#8243; custom_padding=&#8221;|||&#8221; global_colors_info=&#8221;{}&#8221; parallax__hover=&#8221;off&#8221; parallax_method__hover=&#8221;on&#8221; custom_padding__hover=&#8221;|||&#8221;][et_pb_text admin_label=&#8221;Teksti&#8221; _builder_version=&#8221;4.25.2&#8243; min_height=&#8221;112px&#8221; custom_padding=&#8221;0px||0px|||&#8221; global_colors_info=&#8221;{}&#8221;]<\/p>\n<h5><img loading=\"lazy\" decoding=\"async\" class=\"wp-image-3461 alignnone size-medium\" src=\"https:\/\/rotary.fi\/kuusankoski\/wp-content\/uploads\/sites\/40\/2024\/07\/nayttokuva-2024-07-20-202942-274x300.png\" alt=\"\" width=\"274\" height=\"300\" \/><img loading=\"lazy\" decoding=\"async\" class=\"wp-image-3462 alignnone \" src=\"https:\/\/rotary.fi\/kuusankoski\/wp-content\/uploads\/sites\/40\/2024\/07\/nayttokuva-2024-07-20-204000-300x191.png\" alt=\"\" width=\"362\" height=\"230\" \/><\/h5>\n<h5>\u00a0<\/h5>\n<h5>Rotary Internationalin presidentti\u00a0 <span>Stephanie Urchick <\/span>on valinnut\u00a0 rotaryvuoden 2024-2025 teemaksi <strong>The magic of rotary<\/strong> &#8211; Rotaryn taika.\u00a0 H\u00e4n toivoo ett\u00e4 rotarit ty\u00f6skentelev\u00e4t rauhan ja henkisen hyvinvoinnin puolesta ja kehottaa rotareita keskustelemaan\u00a0 n\u00e4ist\u00e4 t\u00e4rkeist\u00e4 asioista tuomaan niit\u00e4 esiin rotaryvuoden aikana.<\/h5>\n<p><strong>Rotarin ohjenuorana oikeudenmukaisuus<\/strong><\/p>\n<p>Meit\u00e4 rotareita tarvitaan t\u00e4ss\u00e4 maailmassa ja meit\u00e4 tarvitaan my\u00f6skin lis\u00e4\u00e4, koska meill\u00e4 riitt\u00e4\u00e4 t\u00e4rkeit\u00e4 teht\u00e4vi\u00e4 ja v\u00e4h\u00e4osaisten auttamista. T\u00e4ss\u00e4 ty\u00f6ss\u00e4 rotareiden arvoja ja ohjenuoria ovat monimuotoisuus, oikeudenmukaisuus ja inhimillinen\u00a0 tarve tehd\u00e4 yhteistoimintaa muiden yhteis\u00f6jen kanssa. Olemme onnistuneet maailman laajuisen yhteisty\u00f6n avulla l\u00e4hes h\u00e4vitt\u00e4m\u00e4\u00e4n Polion ja nyt osallistumme ja Ukrainan\u00a0 sodan ja muiden sotien\u00a0 uhrien auttamiseen.\u00a0 Palvelemme my\u00f6s omia paikallisia yhteis\u00f6j\u00e4mme ja elinymp\u00e4rist\u00f6\u00e4mme. Uusin k\u00e4rkiteemamme on luonnon ja ymp\u00e4rist\u00f6n suojeleminen.<\/p>\n<p><img loading=\"lazy\" decoding=\"async\" class=\"wp-image-2864 alignnone size-medium\" src=\"https:\/\/rotary.fi\/kuusankoski\/wp-content\/uploads\/sites\/40\/2022\/07\/imagine-rotary-240x300.png\" alt=\"\" width=\"240\" height=\"300\" \/><\/p>\n<p>&nbsp;<\/p>\n<p>&nbsp;<\/p>\n<p>&nbsp;<\/p>\n<p>[\/et_pb_text][\/et_pb_column_inner][\/et_pb_row_inner][et_pb_row_inner admin_label=&#8221;Rivi&#8221; _builder_version=&#8221;4.16&#8243; global_colors_info=&#8221;{}&#8221;][et_pb_column_inner saved_specialty_column_type=&#8221;2_3&#8243; _builder_version=&#8221;4.16&#8243; custom_padding=&#8221;|||&#8221; global_colors_info=&#8221;{}&#8221; parallax__hover=&#8221;off&#8221; parallax_method__hover=&#8221;on&#8221; custom_padding__hover=&#8221;|||&#8221;][et_pb_text admin_label=&#8221;Klubin vuositeema &#8211; Otsikko&#8221; _builder_version=&#8221;4.16&#8243; text_orientation=&#8221;center&#8221; custom_padding=&#8221;11px|||||&#8221; global_colors_info=&#8221;{}&#8221;]<\/p>\n<h4 style=\"text-align: left\">Kuusankosken Rotaryklubi ja\u00a0 teema<\/h4>\n<p>[\/et_pb_text][et_pb_text admin_label=&#8221;Teksti&#8221; _builder_version=&#8221;4.17.4&#8243; custom_padding=&#8221;||45px|||&#8221; global_colors_info=&#8221;{}&#8221;]<\/p>\n<p class=\"p1\">Klubillamme on ollut ja on my\u00f6s menossa useita ymp\u00e4rist\u00f6\u00f6n ja vesiensuojeluun liittyvi\u00e4 hyv\u00e4ntelev\u00e4isyysprojekteja mm. Koulujemme L\u00e4hivedet, V\u00e4liv\u00e4yl\u00e4n vesist\u00f6n suojelun edist\u00e4minen, Siisti Biitsi ja SriLankan projekti ja uusimpana olemme tukeneet Nepalin lapsia ja perheit\u00e4.\u00a0 Ks Projektit osio.<\/p>\n<p class=\"p1\">K<span class=\"s1\">lubimme jatkaa toiminnan kehitt\u00e4mist\u00e4 ja monipuolistamista uusia toimintapoja miettim\u00e4ll\u00e4. Lis\u00e4\u00e4mme klubin ja Rotaryn\u00a0 tunnettuvuutta ja n\u00e4kyvyytt\u00e4 kertomalla Rotaryn ja klubimme toiminnasta ja saavutuksista.<\/span><span class=\"s1\">\u00a0Nuorissa on my\u00f6s Rotaryn tulevaisuus ja toivotamme tervetulleeksi erityisesti uudet nuoret rotarit. Rotary on oiva tapa verkostoitua ja saada yst\u00e4vi\u00e4 ymp\u00e4ri maailman.\u00a0 Se tarjoaa my\u00f6s erilaisissa\u00a0 klubiteht\u00e4viss\u00e4 mielenkiintoisen mahdollisuuden itsens\u00e4 kehitt\u00e4miseen. My\u00f6s klubimme rotarien perheenj\u00e4senet ovat tervetuleita kokouksiimme, retkillemme ja mukaan toimintaamme. Rotary on perheen yhteinen.<\/span><\/p>\n<p>[\/et_pb_text][\/et_pb_column_inner][\/et_pb_row_inner][\/et_pb_column][et_pb_column type=&#8221;1_3&#8243; module_class=&#8221;sivupalkki&#8221; _builder_version=&#8221;4.16&#8243; custom_padding=&#8221;|||&#8221; global_colors_info=&#8221;{}&#8221; parallax__hover=&#8221;off&#8221; parallax_method__hover=&#8221;on&#8221; module_class__hover=&#8221;sivupalkki&#8221; custom_padding__hover=&#8221;|||&#8221;][et_pb_sidebar area=&#8221;sidebar-1&#8243; module_class=&#8221;sivupalkki_sisalto&#8221; _builder_version=&#8221;4.16&#8243; locked=&#8221;on&#8221; global_colors_info=&#8221;{}&#8221;][\/et_pb_sidebar][\/et_pb_column][\/et_pb_section]<\/p>\n","protected":false},"excerpt":{"rendered":"<p>Rotary Internationalin vuositeema 2024-2025 &nbsp; \u00a0 Rotary Internationalin presidentti\u00a0 Stephanie Urchick on valinnut\u00a0 rotaryvuoden 2024-2025 teemaksi The magic of rotary &#8211; Rotaryn taika.\u00a0 H\u00e4n toivoo ett\u00e4 rotarit ty\u00f6skentelev\u00e4t rauhan ja henkisen hyvinvoinnin puolesta ja kehottaa rotareita keskustelemaan\u00a0 n\u00e4ist\u00e4 t\u00e4rkeist\u00e4 asioista tuomaan niit\u00e4 esiin rotaryvuoden aikana. Rotarin ohjenuorana oikeudenmukaisuus Meit\u00e4 rotareita tarvitaan t\u00e4ss\u00e4 maailmassa ja meit\u00e4 [&hellip;]<\/p>\n","protected":false},"author":1,"featured_media":0,"parent":129,"menu_order":0,"comment_status":"closed","ping_status":"closed","template":"","meta":{"_acf_changed":false,"_et_pb_use_builder":"on","_et_pb_old_content":"","_et_gb_content_width":"","footnotes":""},"class_list":["post-138","page","type-page","status-publish","hentry"],"acf":[],"yoast_head":"<!-- This site is optimized with the Yoast SEO plugin v27.0 - https:\/\/yoast.com\/product\/yoast-seo-wordpress\/ -->\n<title>Vuositeema - Kuusankosken Rotaryklubi<\/title>\n<meta name=\"robots\" content=\"index, follow, max-snippet:-1, max-image-preview:large, max-video-preview:-1\" \/>\n<link rel=\"canonical\" href=\"https:\/\/rotary.fi\/kuusankoski\/keita-olemme\/vuositeema\/\" \/>\n<meta property=\"og:locale\" content=\"fi_FI\" \/>\n<meta property=\"og:type\" content=\"article\" \/>\n<meta property=\"og:title\" content=\"Vuositeema - Kuusankosken Rotaryklubi\" \/>\n<meta property=\"og:description\" content=\"Rotary Internationalin vuositeema 2024-2025 &nbsp; \u00a0 Rotary Internationalin presidentti\u00a0 Stephanie Urchick on valinnut\u00a0 rotaryvuoden 2024-2025 teemaksi The magic of rotary - Rotaryn taika.\u00a0 H\u00e4n toivoo ett\u00e4 rotarit ty\u00f6skentelev\u00e4t rauhan ja henkisen hyvinvoinnin puolesta ja kehottaa rotareita keskustelemaan\u00a0 n\u00e4ist\u00e4 t\u00e4rkeist\u00e4 asioista tuomaan niit\u00e4 esiin rotaryvuoden aikana. Rotarin ohjenuorana oikeudenmukaisuus Meit\u00e4 rotareita tarvitaan t\u00e4ss\u00e4 maailmassa ja meit\u00e4 [&hellip;]\" \/>\n<meta property=\"og:url\" content=\"https:\/\/rotary.fi\/kuusankoski\/keita-olemme\/vuositeema\/\" \/>\n<meta property=\"og:site_name\" content=\"Kuusankosken Rotaryklubi\" \/>\n<meta property=\"article:modified_time\" content=\"2024-07-21T07:12:04+00:00\" \/>\n<meta property=\"og:image\" content=\"https:\/\/rotary.fi\/kuusankoski\/wp-content\/uploads\/sites\/40\/2024\/07\/nayttokuva-2024-07-20-202942-274x300.png\" \/>\n<meta name=\"twitter:card\" content=\"summary_large_image\" \/>\n<script type=\"application\/ld+json\" class=\"yoast-schema-graph\">{\"@context\":\"https:\/\/schema.org\",\"@graph\":[{\"@type\":\"WebPage\",\"@id\":\"https:\/\/rotary.fi\/kuusankoski\/keita-olemme\/vuositeema\/\",\"url\":\"https:\/\/rotary.fi\/kuusankoski\/keita-olemme\/vuositeema\/\",\"name\":\"Vuositeema - Kuusankosken Rotaryklubi\",\"isPartOf\":{\"@id\":\"https:\/\/rotary.fi\/kuusankoski\/#website\"},\"primaryImageOfPage\":{\"@id\":\"https:\/\/rotary.fi\/kuusankoski\/keita-olemme\/vuositeema\/#primaryimage\"},\"image\":{\"@id\":\"https:\/\/rotary.fi\/kuusankoski\/keita-olemme\/vuositeema\/#primaryimage\"},\"thumbnailUrl\":\"https:\/\/rotary.fi\/kuusankoski\/wp-content\/uploads\/sites\/40\/2024\/07\/nayttokuva-2024-07-20-202942-274x300.png\",\"datePublished\":\"2018-08-10T11:01:44+00:00\",\"dateModified\":\"2024-07-21T07:12:04+00:00\",\"breadcrumb\":{\"@id\":\"https:\/\/rotary.fi\/kuusankoski\/keita-olemme\/vuositeema\/#breadcrumb\"},\"inLanguage\":\"fi\",\"potentialAction\":[{\"@type\":\"ReadAction\",\"target\":[\"https:\/\/rotary.fi\/kuusankoski\/keita-olemme\/vuositeema\/\"]}]},{\"@type\":\"ImageObject\",\"inLanguage\":\"fi\",\"@id\":\"https:\/\/rotary.fi\/kuusankoski\/keita-olemme\/vuositeema\/#primaryimage\",\"url\":\"https:\/\/rotary.fi\/kuusankoski\/wp-content\/uploads\/sites\/40\/2024\/07\/nayttokuva-2024-07-20-202942.png\",\"contentUrl\":\"https:\/\/rotary.fi\/kuusankoski\/wp-content\/uploads\/sites\/40\/2024\/07\/nayttokuva-2024-07-20-202942.png\",\"width\":590,\"height\":646},{\"@type\":\"BreadcrumbList\",\"@id\":\"https:\/\/rotary.fi\/kuusankoski\/keita-olemme\/vuositeema\/#breadcrumb\",\"itemListElement\":[{\"@type\":\"ListItem\",\"position\":1,\"name\":\"Home\",\"item\":\"https:\/\/rotary.fi\/kuusankoski\/\"},{\"@type\":\"ListItem\",\"position\":2,\"name\":\"Keit\u00e4 olemme\",\"item\":\"https:\/\/rotary.fi\/kuusankoski\/keita-olemme\/\"},{\"@type\":\"ListItem\",\"position\":3,\"name\":\"Vuositeema\"}]},{\"@type\":\"WebSite\",\"@id\":\"https:\/\/rotary.fi\/kuusankoski\/#website\",\"url\":\"https:\/\/rotary.fi\/kuusankoski\/\",\"name\":\"Kuusankosken Rotaryklubi\",\"description\":\"Uusi Rotary klubisivusto\",\"potentialAction\":[{\"@type\":\"SearchAction\",\"target\":{\"@type\":\"EntryPoint\",\"urlTemplate\":\"https:\/\/rotary.fi\/kuusankoski\/?s={search_term_string}\"},\"query-input\":{\"@type\":\"PropertyValueSpecification\",\"valueRequired\":true,\"valueName\":\"search_term_string\"}}],\"inLanguage\":\"fi\"}]}<\/script>\n<!-- \/ Yoast SEO plugin. -->","yoast_head_json":{"title":"Vuositeema - Kuusankosken Rotaryklubi","robots":{"index":"index","follow":"follow","max-snippet":"max-snippet:-1","max-image-preview":"max-image-preview:large","max-video-preview":"max-video-preview:-1"},"canonical":"https:\/\/rotary.fi\/kuusankoski\/keita-olemme\/vuositeema\/","og_locale":"fi_FI","og_type":"article","og_title":"Vuositeema - Kuusankosken Rotaryklubi","og_description":"Rotary Internationalin vuositeema 2024-2025 &nbsp; \u00a0 Rotary Internationalin presidentti\u00a0 Stephanie Urchick on valinnut\u00a0 rotaryvuoden 2024-2025 teemaksi The magic of rotary - Rotaryn taika.\u00a0 H\u00e4n toivoo ett\u00e4 rotarit ty\u00f6skentelev\u00e4t rauhan ja henkisen hyvinvoinnin puolesta ja kehottaa rotareita keskustelemaan\u00a0 n\u00e4ist\u00e4 t\u00e4rkeist\u00e4 asioista tuomaan niit\u00e4 esiin rotaryvuoden aikana. Rotarin ohjenuorana oikeudenmukaisuus Meit\u00e4 rotareita tarvitaan t\u00e4ss\u00e4 maailmassa ja meit\u00e4 [&hellip;]","og_url":"https:\/\/rotary.fi\/kuusankoski\/keita-olemme\/vuositeema\/","og_site_name":"Kuusankosken Rotaryklubi","article_modified_time":"2024-07-21T07:12:04+00:00","og_image":[{"url":"https:\/\/rotary.fi\/kuusankoski\/wp-content\/uploads\/sites\/40\/2024\/07\/nayttokuva-2024-07-20-202942-274x300.png","type":"","width":"","height":""}],"twitter_card":"summary_large_image","schema":{"@context":"https:\/\/schema.org","@graph":[{"@type":"WebPage","@id":"https:\/\/rotary.fi\/kuusankoski\/keita-olemme\/vuositeema\/","url":"https:\/\/rotary.fi\/kuusankoski\/keita-olemme\/vuositeema\/","name":"Vuositeema - Kuusankosken Rotaryklubi","isPartOf":{"@id":"https:\/\/rotary.fi\/kuusankoski\/#website"},"primaryImageOfPage":{"@id":"https:\/\/rotary.fi\/kuusankoski\/keita-olemme\/vuositeema\/#primaryimage"},"image":{"@id":"https:\/\/rotary.fi\/kuusankoski\/keita-olemme\/vuositeema\/#primaryimage"},"thumbnailUrl":"https:\/\/rotary.fi\/kuusankoski\/wp-content\/uploads\/sites\/40\/2024\/07\/nayttokuva-2024-07-20-202942-274x300.png","datePublished":"2018-08-10T11:01:44+00:00","dateModified":"2024-07-21T07:12:04+00:00","breadcrumb":{"@id":"https:\/\/rotary.fi\/kuusankoski\/keita-olemme\/vuositeema\/#breadcrumb"},"inLanguage":"fi","potentialAction":[{"@type":"ReadAction","target":["https:\/\/rotary.fi\/kuusankoski\/keita-olemme\/vuositeema\/"]}]},{"@type":"ImageObject","inLanguage":"fi","@id":"https:\/\/rotary.fi\/kuusankoski\/keita-olemme\/vuositeema\/#primaryimage","url":"https:\/\/rotary.fi\/kuusankoski\/wp-content\/uploads\/sites\/40\/2024\/07\/nayttokuva-2024-07-20-202942.png","contentUrl":"https:\/\/rotary.fi\/kuusankoski\/wp-content\/uploads\/sites\/40\/2024\/07\/nayttokuva-2024-07-20-202942.png","width":590,"height":646},{"@type":"BreadcrumbList","@id":"https:\/\/rotary.fi\/kuusankoski\/keita-olemme\/vuositeema\/#breadcrumb","itemListElement":[{"@type":"ListItem","position":1,"name":"Home","item":"https:\/\/rotary.fi\/kuusankoski\/"},{"@type":"ListItem","position":2,"name":"Keit\u00e4 olemme","item":"https:\/\/rotary.fi\/kuusankoski\/keita-olemme\/"},{"@type":"ListItem","position":3,"name":"Vuositeema"}]},{"@type":"WebSite","@id":"https:\/\/rotary.fi\/kuusankoski\/#website","url":"https:\/\/rotary.fi\/kuusankoski\/","name":"Kuusankosken Rotaryklubi","description":"Uusi Rotary klubisivusto","potentialAction":[{"@type":"SearchAction","target":{"@type":"EntryPoint","urlTemplate":"https:\/\/rotary.fi\/kuusankoski\/?s={search_term_string}"},"query-input":{"@type":"PropertyValueSpecification","valueRequired":true,"valueName":"search_term_string"}}],"inLanguage":"fi"}]}},"lang":"fi","translations":{"fi":138},"pll_sync_post":[],"_links":{"self":[{"href":"https:\/\/rotary.fi\/kuusankoski\/wp-json\/wp\/v2\/pages\/138","targetHints":{"allow":["GET"]}}],"collection":[{"href":"https:\/\/rotary.fi\/kuusankoski\/wp-json\/wp\/v2\/pages"}],"about":[{"href":"https:\/\/rotary.fi\/kuusankoski\/wp-json\/wp\/v2\/types\/page"}],"author":[{"embeddable":true,"href":"https:\/\/rotary.fi\/kuusankoski\/wp-json\/wp\/v2\/users\/1"}],"replies":[{"embeddable":true,"href":"https:\/\/rotary.fi\/kuusankoski\/wp-json\/wp\/v2\/comments?post=138"}],"version-history":[{"count":10,"href":"https:\/\/rotary.fi\/kuusankoski\/wp-json\/wp\/v2\/pages\/138\/revisions"}],"predecessor-version":[{"id":3466,"href":"https:\/\/rotary.fi\/kuusankoski\/wp-json\/wp\/v2\/pages\/138\/revisions\/3466"}],"up":[{"embeddable":true,"href":"https:\/\/rotary.fi\/kuusankoski\/wp-json\/wp\/v2\/pages\/129"}],"wp:attachment":[{"href":"https:\/\/rotary.fi\/kuusankoski\/wp-json\/wp\/v2\/media?parent=138"}],"curies":[{"name":"wp","href":"https:\/\/api.w.org\/{rel}","templated":true}]}}