{"id":3092,"date":"2023-06-11T06:36:25","date_gmt":"2023-06-11T03:36:25","guid":{"rendered":"https:\/\/rotary.fi\/kuusankoski\/?post_type=ajankohtaiset&#038;p=3092"},"modified":"2023-06-11T06:36:25","modified_gmt":"2023-06-11T03:36:25","slug":"to-08-06-klubin-kevatkauden-paatos-anjalan-nuorisokeskuksessa-avec-kuvia-tapahtumasta","status":"publish","type":"ajankohtaiset","link":"https:\/\/rotary.fi\/kuusankoski\/ajankohtaiset\/to-08-06-klubin-kevatkauden-paatos-anjalan-nuorisokeskuksessa-avec-kuvia-tapahtumasta\/","title":{"rendered":"To 08.06.  klubin kev\u00e4tkauden p\u00e4\u00e4t\u00f6s Anjalan Nuorisokeskuksessa Avec  &#8211; kuvia tapahtumasta"},"content":{"rendered":"<p><img loading=\"lazy\" decoding=\"async\" class=\"alignnone size-medium wp-image-3090\" src=\"https:\/\/rotary.fi\/kuusankoski\/wp-content\/uploads\/sites\/40\/2023\/06\/anjalan-nuorisokeskus-300x200.jpg\" alt=\"\" width=\"300\" height=\"200\" \/><img loading=\"lazy\" decoding=\"async\" class=\"alignnone size-medium wp-image-3089\" src=\"https:\/\/rotary.fi\/kuusankoski\/wp-content\/uploads\/sites\/40\/2023\/06\/makasiinikahvila-300x224.png\" alt=\"\" width=\"300\" height=\"224\" \/><img loading=\"lazy\" decoding=\"async\" class=\"alignnone size-medium wp-image-3093\" src=\"https:\/\/rotary.fi\/kuusankoski\/wp-content\/uploads\/sites\/40\/2023\/06\/img-1649-300x225.jpeg\" alt=\"\" width=\"300\" height=\"225\" \/> <img loading=\"lazy\" decoding=\"async\" class=\"alignnone size-medium wp-image-3094\" src=\"https:\/\/rotary.fi\/kuusankoski\/wp-content\/uploads\/sites\/40\/2023\/06\/img-1651-300x225.jpeg\" alt=\"\" width=\"300\" height=\"225\" \/> <img loading=\"lazy\" decoding=\"async\" class=\"alignnone size-medium wp-image-3095\" src=\"https:\/\/rotary.fi\/kuusankoski\/wp-content\/uploads\/sites\/40\/2023\/06\/img-1652-225x300.jpeg\" alt=\"\" width=\"225\" height=\"300\" \/> <img loading=\"lazy\" decoding=\"async\" class=\"alignnone size-medium wp-image-3096\" src=\"https:\/\/rotary.fi\/kuusankoski\/wp-content\/uploads\/sites\/40\/2023\/06\/img-1661-300x225.jpeg\" alt=\"\" width=\"300\" height=\"225\" \/> <img loading=\"lazy\" decoding=\"async\" class=\"alignnone size-medium wp-image-3097\" src=\"https:\/\/rotary.fi\/kuusankoski\/wp-content\/uploads\/sites\/40\/2023\/06\/img-1665-300x225.jpeg\" alt=\"\" width=\"300\" height=\"225\" \/> <img loading=\"lazy\" decoding=\"async\" class=\"alignnone size-medium wp-image-3098\" src=\"https:\/\/rotary.fi\/kuusankoski\/wp-content\/uploads\/sites\/40\/2023\/06\/img-1657-300x225.jpeg\" alt=\"\" width=\"300\" height=\"225\" \/> <img loading=\"lazy\" decoding=\"async\" class=\"alignnone size-medium wp-image-3099\" src=\"https:\/\/rotary.fi\/kuusankoski\/wp-content\/uploads\/sites\/40\/2023\/06\/img-1670-300x225.jpeg\" alt=\"\" width=\"300\" height=\"225\" \/> <img loading=\"lazy\" decoding=\"async\" class=\"alignnone size-medium wp-image-3100\" src=\"https:\/\/rotary.fi\/kuusankoski\/wp-content\/uploads\/sites\/40\/2023\/06\/img-1678-300x225.jpeg\" alt=\"\" width=\"300\" height=\"225\" \/> <img loading=\"lazy\" decoding=\"async\" class=\"alignnone size-medium wp-image-3101\" src=\"https:\/\/rotary.fi\/kuusankoski\/wp-content\/uploads\/sites\/40\/2023\/06\/img-1679-300x225.jpeg\" alt=\"\" width=\"300\" height=\"225\" \/><\/p>\n","protected":false},"template":"","class_list":["post-3092","ajankohtaiset","type-ajankohtaiset","status-publish","hentry"],"acf":[],"yoast_head":"<!-- This site is optimized with the Yoast SEO plugin v27.4 - https:\/\/yoast.com\/product\/yoast-seo-wordpress\/ -->\n<title>To 08.06. klubin kev\u00e4tkauden p\u00e4\u00e4t\u00f6s Anjalan Nuorisokeskuksessa Avec - kuvia tapahtumasta - Kuusankosken Rotaryklubi<\/title>\n<meta name=\"robots\" content=\"index, follow, max-snippet:-1, max-image-preview:large, max-video-preview:-1\" \/>\n<link rel=\"canonical\" href=\"https:\/\/rotary.fi\/kuusankoski\/ajankohtaiset\/to-08-06-klubin-kevatkauden-paatos-anjalan-nuorisokeskuksessa-avec-kuvia-tapahtumasta\/\" \/>\n<meta property=\"og:locale\" content=\"fi_FI\" \/>\n<meta property=\"og:type\" content=\"article\" \/>\n<meta property=\"og:title\" content=\"To 08.06. klubin kev\u00e4tkauden p\u00e4\u00e4t\u00f6s Anjalan Nuorisokeskuksessa Avec - kuvia tapahtumasta - Kuusankosken Rotaryklubi\" \/>\n<meta property=\"og:url\" content=\"https:\/\/rotary.fi\/kuusankoski\/ajankohtaiset\/to-08-06-klubin-kevatkauden-paatos-anjalan-nuorisokeskuksessa-avec-kuvia-tapahtumasta\/\" \/>\n<meta property=\"og:site_name\" content=\"Kuusankosken Rotaryklubi\" \/>\n<meta property=\"og:image\" content=\"https:\/\/rotary.fi\/kuusankoski\/wp-content\/uploads\/sites\/40\/2023\/06\/anjalan-nuorisokeskus-300x200.jpg\" \/>\n<meta name=\"twitter:card\" content=\"summary_large_image\" \/>\n<meta name=\"twitter:label1\" content=\"Arvioitu lukuaika\" \/>\n\t<meta name=\"twitter:data1\" content=\"3 minuuttia\" \/>\n<script type=\"application\/ld+json\" class=\"yoast-schema-graph\">{\"@context\":\"https:\\\/\\\/schema.org\",\"@graph\":[{\"@type\":\"WebPage\",\"@id\":\"https:\\\/\\\/rotary.fi\\\/kuusankoski\\\/ajankohtaiset\\\/to-08-06-klubin-kevatkauden-paatos-anjalan-nuorisokeskuksessa-avec-kuvia-tapahtumasta\\\/\",\"url\":\"https:\\\/\\\/rotary.fi\\\/kuusankoski\\\/ajankohtaiset\\\/to-08-06-klubin-kevatkauden-paatos-anjalan-nuorisokeskuksessa-avec-kuvia-tapahtumasta\\\/\",\"name\":\"To 08.06. klubin kev\u00e4tkauden p\u00e4\u00e4t\u00f6s Anjalan Nuorisokeskuksessa Avec - kuvia tapahtumasta - Kuusankosken Rotaryklubi\",\"isPartOf\":{\"@id\":\"https:\\\/\\\/rotary.fi\\\/kuusankoski\\\/#website\"},\"primaryImageOfPage\":{\"@id\":\"https:\\\/\\\/rotary.fi\\\/kuusankoski\\\/ajankohtaiset\\\/to-08-06-klubin-kevatkauden-paatos-anjalan-nuorisokeskuksessa-avec-kuvia-tapahtumasta\\\/#primaryimage\"},\"image\":{\"@id\":\"https:\\\/\\\/rotary.fi\\\/kuusankoski\\\/ajankohtaiset\\\/to-08-06-klubin-kevatkauden-paatos-anjalan-nuorisokeskuksessa-avec-kuvia-tapahtumasta\\\/#primaryimage\"},\"thumbnailUrl\":\"https:\\\/\\\/rotary.fi\\\/kuusankoski\\\/wp-content\\\/uploads\\\/sites\\\/40\\\/2023\\\/06\\\/anjalan-nuorisokeskus-300x200.jpg\",\"datePublished\":\"2023-06-11T03:36:25+00:00\",\"breadcrumb\":{\"@id\":\"https:\\\/\\\/rotary.fi\\\/kuusankoski\\\/ajankohtaiset\\\/to-08-06-klubin-kevatkauden-paatos-anjalan-nuorisokeskuksessa-avec-kuvia-tapahtumasta\\\/#breadcrumb\"},\"inLanguage\":\"fi\",\"potentialAction\":[{\"@type\":\"ReadAction\",\"target\":[\"https:\\\/\\\/rotary.fi\\\/kuusankoski\\\/ajankohtaiset\\\/to-08-06-klubin-kevatkauden-paatos-anjalan-nuorisokeskuksessa-avec-kuvia-tapahtumasta\\\/\"]}]},{\"@type\":\"ImageObject\",\"inLanguage\":\"fi\",\"@id\":\"https:\\\/\\\/rotary.fi\\\/kuusankoski\\\/ajankohtaiset\\\/to-08-06-klubin-kevatkauden-paatos-anjalan-nuorisokeskuksessa-avec-kuvia-tapahtumasta\\\/#primaryimage\",\"url\":\"https:\\\/\\\/rotary.fi\\\/kuusankoski\\\/wp-content\\\/uploads\\\/sites\\\/40\\\/2023\\\/06\\\/anjalan-nuorisokeskus.jpg\",\"contentUrl\":\"https:\\\/\\\/rotary.fi\\\/kuusankoski\\\/wp-content\\\/uploads\\\/sites\\\/40\\\/2023\\\/06\\\/anjalan-nuorisokeskus.jpg\",\"width\":2048,\"height\":1365},{\"@type\":\"BreadcrumbList\",\"@id\":\"https:\\\/\\\/rotary.fi\\\/kuusankoski\\\/ajankohtaiset\\\/to-08-06-klubin-kevatkauden-paatos-anjalan-nuorisokeskuksessa-avec-kuvia-tapahtumasta\\\/#breadcrumb\",\"itemListElement\":[{\"@type\":\"ListItem\",\"position\":1,\"name\":\"Home\",\"item\":\"https:\\\/\\\/rotary.fi\\\/kuusankoski\\\/\"},{\"@type\":\"ListItem\",\"position\":2,\"name\":\"To 08.06. klubin kev\u00e4tkauden p\u00e4\u00e4t\u00f6s Anjalan Nuorisokeskuksessa Avec &#8211; kuvia tapahtumasta\"}]},{\"@type\":\"WebSite\",\"@id\":\"https:\\\/\\\/rotary.fi\\\/kuusankoski\\\/#website\",\"url\":\"https:\\\/\\\/rotary.fi\\\/kuusankoski\\\/\",\"name\":\"Kuusankosken Rotaryklubi\",\"description\":\"Uusi Rotary klubisivusto\",\"potentialAction\":[{\"@type\":\"SearchAction\",\"target\":{\"@type\":\"EntryPoint\",\"urlTemplate\":\"https:\\\/\\\/rotary.fi\\\/kuusankoski\\\/?s={search_term_string}\"},\"query-input\":{\"@type\":\"PropertyValueSpecification\",\"valueRequired\":true,\"valueName\":\"search_term_string\"}}],\"inLanguage\":\"fi\"}]}<\/script>\n<!-- \/ Yoast SEO plugin. -->","yoast_head_json":{"title":"To 08.06. klubin kev\u00e4tkauden p\u00e4\u00e4t\u00f6s Anjalan Nuorisokeskuksessa Avec - kuvia tapahtumasta - Kuusankosken Rotaryklubi","robots":{"index":"index","follow":"follow","max-snippet":"max-snippet:-1","max-image-preview":"max-image-preview:large","max-video-preview":"max-video-preview:-1"},"canonical":"https:\/\/rotary.fi\/kuusankoski\/ajankohtaiset\/to-08-06-klubin-kevatkauden-paatos-anjalan-nuorisokeskuksessa-avec-kuvia-tapahtumasta\/","og_locale":"fi_FI","og_type":"article","og_title":"To 08.06. klubin kev\u00e4tkauden p\u00e4\u00e4t\u00f6s Anjalan Nuorisokeskuksessa Avec - kuvia tapahtumasta - Kuusankosken Rotaryklubi","og_url":"https:\/\/rotary.fi\/kuusankoski\/ajankohtaiset\/to-08-06-klubin-kevatkauden-paatos-anjalan-nuorisokeskuksessa-avec-kuvia-tapahtumasta\/","og_site_name":"Kuusankosken Rotaryklubi","og_image":[{"url":"https:\/\/rotary.fi\/kuusankoski\/wp-content\/uploads\/sites\/40\/2023\/06\/anjalan-nuorisokeskus-300x200.jpg","type":"","width":"","height":""}],"twitter_card":"summary_large_image","twitter_misc":{"Arvioitu lukuaika":"3 minuuttia"},"schema":{"@context":"https:\/\/schema.org","@graph":[{"@type":"WebPage","@id":"https:\/\/rotary.fi\/kuusankoski\/ajankohtaiset\/to-08-06-klubin-kevatkauden-paatos-anjalan-nuorisokeskuksessa-avec-kuvia-tapahtumasta\/","url":"https:\/\/rotary.fi\/kuusankoski\/ajankohtaiset\/to-08-06-klubin-kevatkauden-paatos-anjalan-nuorisokeskuksessa-avec-kuvia-tapahtumasta\/","name":"To 08.06. klubin kev\u00e4tkauden p\u00e4\u00e4t\u00f6s Anjalan Nuorisokeskuksessa Avec - kuvia tapahtumasta - Kuusankosken Rotaryklubi","isPartOf":{"@id":"https:\/\/rotary.fi\/kuusankoski\/#website"},"primaryImageOfPage":{"@id":"https:\/\/rotary.fi\/kuusankoski\/ajankohtaiset\/to-08-06-klubin-kevatkauden-paatos-anjalan-nuorisokeskuksessa-avec-kuvia-tapahtumasta\/#primaryimage"},"image":{"@id":"https:\/\/rotary.fi\/kuusankoski\/ajankohtaiset\/to-08-06-klubin-kevatkauden-paatos-anjalan-nuorisokeskuksessa-avec-kuvia-tapahtumasta\/#primaryimage"},"thumbnailUrl":"https:\/\/rotary.fi\/kuusankoski\/wp-content\/uploads\/sites\/40\/2023\/06\/anjalan-nuorisokeskus-300x200.jpg","datePublished":"2023-06-11T03:36:25+00:00","breadcrumb":{"@id":"https:\/\/rotary.fi\/kuusankoski\/ajankohtaiset\/to-08-06-klubin-kevatkauden-paatos-anjalan-nuorisokeskuksessa-avec-kuvia-tapahtumasta\/#breadcrumb"},"inLanguage":"fi","potentialAction":[{"@type":"ReadAction","target":["https:\/\/rotary.fi\/kuusankoski\/ajankohtaiset\/to-08-06-klubin-kevatkauden-paatos-anjalan-nuorisokeskuksessa-avec-kuvia-tapahtumasta\/"]}]},{"@type":"ImageObject","inLanguage":"fi","@id":"https:\/\/rotary.fi\/kuusankoski\/ajankohtaiset\/to-08-06-klubin-kevatkauden-paatos-anjalan-nuorisokeskuksessa-avec-kuvia-tapahtumasta\/#primaryimage","url":"https:\/\/rotary.fi\/kuusankoski\/wp-content\/uploads\/sites\/40\/2023\/06\/anjalan-nuorisokeskus.jpg","contentUrl":"https:\/\/rotary.fi\/kuusankoski\/wp-content\/uploads\/sites\/40\/2023\/06\/anjalan-nuorisokeskus.jpg","width":2048,"height":1365},{"@type":"BreadcrumbList","@id":"https:\/\/rotary.fi\/kuusankoski\/ajankohtaiset\/to-08-06-klubin-kevatkauden-paatos-anjalan-nuorisokeskuksessa-avec-kuvia-tapahtumasta\/#breadcrumb","itemListElement":[{"@type":"ListItem","position":1,"name":"Home","item":"https:\/\/rotary.fi\/kuusankoski\/"},{"@type":"ListItem","position":2,"name":"To 08.06. klubin kev\u00e4tkauden p\u00e4\u00e4t\u00f6s Anjalan Nuorisokeskuksessa Avec &#8211; kuvia tapahtumasta"}]},{"@type":"WebSite","@id":"https:\/\/rotary.fi\/kuusankoski\/#website","url":"https:\/\/rotary.fi\/kuusankoski\/","name":"Kuusankosken Rotaryklubi","description":"Uusi Rotary klubisivusto","potentialAction":[{"@type":"SearchAction","target":{"@type":"EntryPoint","urlTemplate":"https:\/\/rotary.fi\/kuusankoski\/?s={search_term_string}"},"query-input":{"@type":"PropertyValueSpecification","valueRequired":true,"valueName":"search_term_string"}}],"inLanguage":"fi"}]}},"_links":{"self":[{"href":"https:\/\/rotary.fi\/kuusankoski\/wp-json\/wp\/v2\/ajankohtaiset\/3092","targetHints":{"allow":["GET"]}}],"collection":[{"href":"https:\/\/rotary.fi\/kuusankoski\/wp-json\/wp\/v2\/ajankohtaiset"}],"about":[{"href":"https:\/\/rotary.fi\/kuusankoski\/wp-json\/wp\/v2\/types\/ajankohtaiset"}],"wp:attachment":[{"href":"https:\/\/rotary.fi\/kuusankoski\/wp-json\/wp\/v2\/media?parent=3092"}],"curies":[{"name":"wp","href":"https:\/\/api.w.org\/{rel}","templated":true}]}}

To 08.06.  klubin kevätkauden päätös Anjalan Nuorisokeskuksessa Avec  &#8211; kuvia tapahtumasta

<!-- This site is optimized with the Yoast SEO plugin v27.4 - https://yoast.com/product/yoast-seo-wordpress/ -->
<title>To 08.06. klubin kevätkauden päätös Anjalan Nuorisokeskuksessa Avec - kuvia tapahtumasta - Kuusankosken Rotaryklubi</title>
<meta name="robots" content="index, follow, max-snippet:-1, max-image-preview:large, max-video-preview:-1" />
<link rel="canonical" href="https://rotary.fi/kuusankoski/ajankohtaiset/to-08-06-klubin-kevatkauden-paatos-anjalan-nuorisokeskuksessa-avec-kuvia-tapahtumasta/" />
<meta property="og:locale" content="fi_FI" />
<meta property="og:type" content="article" />
<meta property="og:title" content="To 08.06. klubin kevätkauden päätös Anjalan Nuorisokeskuksessa Avec - kuvia tapahtumasta - Kuusankosken Rotaryklubi" />
<meta property="og:url" content="https://rotary.fi/kuusankoski/ajankohtaiset/to-08-06-klubin-kevatkauden-paatos-anjalan-nuorisokeskuksessa-avec-kuvia-tapahtumasta/" />
<meta property="og:site_name" content="Kuusankosken Rotaryklubi" />
<meta property="og:image" content="https://rotary.fi/kuusankoski/wp-content/uploads/sites/40/2023/06/anjalan-nuorisokeskus-300x200.jpg" />
<meta name="twitter:card" content="summary_large_image" />
<meta name="twitter:label1" content="Arvioitu lukuaika" />
	<meta name="twitter:data1" content="3 minuuttia" />
<script type="application/ld+json" class="yoast-schema-graph">{"@context":"https:\/\/schema.org","@graph":[{"@type":"WebPage","@id":"https:\/\/rotary.fi\/kuusankoski\/ajankohtaiset\/to-08-06-klubin-kevatkauden-paatos-anjalan-nuorisokeskuksessa-avec-kuvia-tapahtumasta\/","url":"https:\/\/rotary.fi\/kuusankoski\/ajankohtaiset\/to-08-06-klubin-kevatkauden-paatos-anjalan-nuorisokeskuksessa-avec-kuvia-tapahtumasta\/","name":"To 08.06. klubin kevätkauden päätös Anjalan Nuorisokeskuksessa Avec - kuvia tapahtumasta - Kuusankosken Rotaryklubi","isPartOf":{"@id":"https:\/\/rotary.fi\/kuusankoski\/#website"},"primaryImageOfPage":{"@id":"https:\/\/rotary.fi\/kuusankoski\/ajankohtaiset\/to-08-06-klubin-kevatkauden-paatos-anjalan-nuorisokeskuksessa-avec-kuvia-tapahtumasta\/#primaryimage"},"image":{"@id":"https:\/\/rotary.fi\/kuusankoski\/ajankohtaiset\/to-08-06-klubin-kevatkauden-paatos-anjalan-nuorisokeskuksessa-avec-kuvia-tapahtumasta\/#primaryimage"},"thumbnailUrl":"https:\/\/rotary.fi\/kuusankoski\/wp-content\/uploads\/sites\/40\/2023\/06\/anjalan-nuorisokeskus-300x200.jpg","datePublished":"2023-06-11T03:36:25+00:00","breadcrumb":{"@id":"https:\/\/rotary.fi\/kuusankoski\/ajankohtaiset\/to-08-06-klubin-kevatkauden-paatos-anjalan-nuorisokeskuksessa-avec-kuvia-tapahtumasta\/#breadcrumb"},"inLanguage":"fi","potentialAction":[{"@type":"ReadAction","target":["https:\/\/rotary.fi\/kuusankoski\/ajankohtaiset\/to-08-06-klubin-kevatkauden-paatos-anjalan-nuorisokeskuksessa-avec-kuvia-tapahtumasta\/"]}]},{"@type":"ImageObject","inLanguage":"fi","@id":"https:\/\/rotary.fi\/kuusankoski\/ajankohtaiset\/to-08-06-klubin-kevatkauden-paatos-anjalan-nuorisokeskuksessa-avec-kuvia-tapahtumasta\/#primaryimage","url":"https:\/\/rotary.fi\/kuusankoski\/wp-content\/uploads\/sites\/40\/2023\/06\/anjalan-nuorisokeskus.jpg","contentUrl":"https:\/\/rotary.fi\/kuusankoski\/wp-content\/uploads\/sites\/40\/2023\/06\/anjalan-nuorisokeskus.jpg","width":2048,"height":1365},{"@type":"BreadcrumbList","@id":"https:\/\/rotary.fi\/kuusankoski\/ajankohtaiset\/to-08-06-klubin-kevatkauden-paatos-anjalan-nuorisokeskuksessa-avec-kuvia-tapahtumasta\/#breadcrumb","itemListElement":[{"@type":"ListItem","position":1,"name":"Home","item":"https:\/\/rotary.fi\/kuusankoski\/"},{"@type":"ListItem","position":2,"name":"To 08.06. klubin kevätkauden päätös Anjalan Nuorisokeskuksessa Avec &#8211; kuvia tapahtumasta"}]},{"@type":"WebSite","@id":"https:\/\/rotary.fi\/kuusankoski\/#website","url":"https:\/\/rotary.fi\/kuusankoski\/","name":"Kuusankosken Rotaryklubi","description":"Uusi Rotary klubisivusto","potentialAction":[{"@type":"SearchAction","target":{"@type":"EntryPoint","urlTemplate":"https:\/\/rotary.fi\/kuusankoski\/?s={search_term_string}"},"query-input":{"@type":"PropertyValueSpecification","valueRequired":true,"valueName":"search_term_string"}}],"inLanguage":"fi"}]}</script>
<!-- / Yoast SEO plugin. -->

To 08.06. klubin kevätkauden päätös Anjalan Nuorisokeskuksessa Avec - kuvia tapahtumasta - Kuusankosken Rotaryklubi

To 08.06. klubin kevätkauden päätös Anjalan Nuorisokeskuksessa Avec &#8211; kuvia tapahtumasta
