{"id":2632,"date":"2021-08-15T20:23:39","date_gmt":"2021-08-15T17:23:39","guid":{"rendered":"https:\/\/rotary.fi\/kuusankoski\/?post_type=ajankohtaiset&#038;p=2632"},"modified":"2021-08-15T20:49:06","modified_gmt":"2021-08-15T17:49:06","slug":"ke-18-08-klo-16-18-klubimme-nakyy-kuusankoskitalossa-aalto-viikon-luentotilaisuuteen-liittyen","status":"publish","type":"ajankohtaiset","link":"https:\/\/rotary.fi\/kuusankoski\/ajankohtaiset\/ke-18-08-klo-16-18-klubimme-nakyy-kuusankoskitalossa-aalto-viikon-luentotilaisuuteen-liittyen\/","title":{"rendered":"Ke 18.08 klo 16-18 klubimme n\u00e4kyy Kuusankoskitalossa Aalto- viikon luentotilaisuuteen liittyen"},"content":{"rendered":"<p><img loading=\"lazy\" decoding=\"async\" class=\"alignnone size-medium wp-image-2636\" src=\"https:\/\/rotary.fi\/kuusankoski\/wp-content\/uploads\/sites\/40\/2021\/08\/alvar-aalto-inkeroinen-2-300x134.jpg\" alt=\"\" width=\"300\" height=\"134\" \/><\/p>\n<p>&nbsp;<\/p>\n<p>&nbsp;<\/p>\n<p>Kuusankoskitalossa on klo 18 Alvar Aallon muotoiluun liittyv\u00e4 ilmainen luentotilaisuus ja taidedalleriassa\u00a0 asiaan liittyv\u00e4 n\u00e4yttely. Klubimme esitt\u00e4ytyy\u00a0 ja n\u00e4kyy aulassa.\u00a0 Kerromme rotarytoiminnasta ja Shelterboxista pystyt\u00e4miemme\u00a0 nuorisovaihdon ja Shelterboxin rolluppien avulla. Jaamme kiinnostuneille esitteit\u00e4. Mukaan voi tulla kaikki kiinnostuneet veljet. Tervetuloa!<\/p>\n<p>&nbsp;<\/p>\n<p>&nbsp;<\/p>\n","protected":false},"template":"","class_list":["post-2632","ajankohtaiset","type-ajankohtaiset","status-publish","hentry"],"acf":[],"yoast_head":"<!-- This site is optimized with the Yoast SEO plugin v27.4 - https:\/\/yoast.com\/product\/yoast-seo-wordpress\/ -->\n<title>Ke 18.08 klo 16-18 klubimme n\u00e4kyy Kuusankoskitalossa Aalto- viikon luentotilaisuuteen liittyen - Kuusankosken Rotaryklubi<\/title>\n<meta name=\"robots\" content=\"index, follow, max-snippet:-1, max-image-preview:large, max-video-preview:-1\" \/>\n<link rel=\"canonical\" href=\"https:\/\/rotary.fi\/kuusankoski\/ajankohtaiset\/ke-18-08-klo-16-18-klubimme-nakyy-kuusankoskitalossa-aalto-viikon-luentotilaisuuteen-liittyen\/\" \/>\n<meta property=\"og:locale\" content=\"fi_FI\" \/>\n<meta property=\"og:type\" content=\"article\" \/>\n<meta property=\"og:title\" content=\"Ke 18.08 klo 16-18 klubimme n\u00e4kyy Kuusankoskitalossa Aalto- viikon luentotilaisuuteen liittyen - Kuusankosken Rotaryklubi\" \/>\n<meta property=\"og:description\" content=\"&nbsp; &nbsp; Kuusankoskitalossa on klo 18 Alvar Aallon muotoiluun liittyv\u00e4 ilmainen luentotilaisuus ja taidedalleriassa\u00a0 asiaan liittyv\u00e4 n\u00e4yttely. Klubimme esitt\u00e4ytyy\u00a0 ja n\u00e4kyy aulassa.\u00a0 Kerromme rotarytoiminnasta ja Shelterboxista pystyt\u00e4miemme\u00a0 nuorisovaihdon ja Shelterboxin rolluppien avulla. Jaamme kiinnostuneille esitteit\u00e4. Mukaan voi tulla kaikki kiinnostuneet veljet. Tervetuloa! &nbsp; &nbsp;\" \/>\n<meta property=\"og:url\" content=\"https:\/\/rotary.fi\/kuusankoski\/ajankohtaiset\/ke-18-08-klo-16-18-klubimme-nakyy-kuusankoskitalossa-aalto-viikon-luentotilaisuuteen-liittyen\/\" \/>\n<meta property=\"og:site_name\" content=\"Kuusankosken Rotaryklubi\" \/>\n<meta property=\"article:modified_time\" content=\"2021-08-15T17:49:06+00:00\" \/>\n<meta property=\"og:image\" content=\"https:\/\/rotary.fi\/kuusankoski\/wp-content\/uploads\/sites\/40\/2021\/08\/alvar-aalto-inkeroinen-2-300x134.jpg\" \/>\n<meta name=\"twitter:card\" content=\"summary_large_image\" \/>\n<meta name=\"twitter:label1\" content=\"Arvioitu lukuaika\" \/>\n\t<meta name=\"twitter:data1\" content=\"1 minuutti\" \/>\n<script type=\"application\/ld+json\" class=\"yoast-schema-graph\">{\"@context\":\"https:\\\/\\\/schema.org\",\"@graph\":[{\"@type\":\"WebPage\",\"@id\":\"https:\\\/\\\/rotary.fi\\\/kuusankoski\\\/ajankohtaiset\\\/ke-18-08-klo-16-18-klubimme-nakyy-kuusankoskitalossa-aalto-viikon-luentotilaisuuteen-liittyen\\\/\",\"url\":\"https:\\\/\\\/rotary.fi\\\/kuusankoski\\\/ajankohtaiset\\\/ke-18-08-klo-16-18-klubimme-nakyy-kuusankoskitalossa-aalto-viikon-luentotilaisuuteen-liittyen\\\/\",\"name\":\"Ke 18.08 klo 16-18 klubimme n\u00e4kyy Kuusankoskitalossa Aalto- viikon luentotilaisuuteen liittyen - Kuusankosken Rotaryklubi\",\"isPartOf\":{\"@id\":\"https:\\\/\\\/rotary.fi\\\/kuusankoski\\\/#website\"},\"primaryImageOfPage\":{\"@id\":\"https:\\\/\\\/rotary.fi\\\/kuusankoski\\\/ajankohtaiset\\\/ke-18-08-klo-16-18-klubimme-nakyy-kuusankoskitalossa-aalto-viikon-luentotilaisuuteen-liittyen\\\/#primaryimage\"},\"image\":{\"@id\":\"https:\\\/\\\/rotary.fi\\\/kuusankoski\\\/ajankohtaiset\\\/ke-18-08-klo-16-18-klubimme-nakyy-kuusankoskitalossa-aalto-viikon-luentotilaisuuteen-liittyen\\\/#primaryimage\"},\"thumbnailUrl\":\"https:\\\/\\\/rotary.fi\\\/kuusankoski\\\/wp-content\\\/uploads\\\/sites\\\/40\\\/2021\\\/08\\\/alvar-aalto-inkeroinen-2-300x134.jpg\",\"datePublished\":\"2021-08-15T17:23:39+00:00\",\"dateModified\":\"2021-08-15T17:49:06+00:00\",\"breadcrumb\":{\"@id\":\"https:\\\/\\\/rotary.fi\\\/kuusankoski\\\/ajankohtaiset\\\/ke-18-08-klo-16-18-klubimme-nakyy-kuusankoskitalossa-aalto-viikon-luentotilaisuuteen-liittyen\\\/#breadcrumb\"},\"inLanguage\":\"fi\",\"potentialAction\":[{\"@type\":\"ReadAction\",\"target\":[\"https:\\\/\\\/rotary.fi\\\/kuusankoski\\\/ajankohtaiset\\\/ke-18-08-klo-16-18-klubimme-nakyy-kuusankoskitalossa-aalto-viikon-luentotilaisuuteen-liittyen\\\/\"]}]},{\"@type\":\"ImageObject\",\"inLanguage\":\"fi\",\"@id\":\"https:\\\/\\\/rotary.fi\\\/kuusankoski\\\/ajankohtaiset\\\/ke-18-08-klo-16-18-klubimme-nakyy-kuusankoskitalossa-aalto-viikon-luentotilaisuuteen-liittyen\\\/#primaryimage\",\"url\":\"https:\\\/\\\/rotary.fi\\\/kuusankoski\\\/wp-content\\\/uploads\\\/sites\\\/40\\\/2021\\\/08\\\/alvar-aalto-inkeroinen-2-300x134.jpg\",\"contentUrl\":\"https:\\\/\\\/rotary.fi\\\/kuusankoski\\\/wp-content\\\/uploads\\\/sites\\\/40\\\/2021\\\/08\\\/alvar-aalto-inkeroinen-2-300x134.jpg\"},{\"@type\":\"BreadcrumbList\",\"@id\":\"https:\\\/\\\/rotary.fi\\\/kuusankoski\\\/ajankohtaiset\\\/ke-18-08-klo-16-18-klubimme-nakyy-kuusankoskitalossa-aalto-viikon-luentotilaisuuteen-liittyen\\\/#breadcrumb\",\"itemListElement\":[{\"@type\":\"ListItem\",\"position\":1,\"name\":\"Home\",\"item\":\"https:\\\/\\\/rotary.fi\\\/kuusankoski\\\/\"},{\"@type\":\"ListItem\",\"position\":2,\"name\":\"Ke 18.08 klo 16-18 klubimme n\u00e4kyy Kuusankoskitalossa Aalto- viikon luentotilaisuuteen liittyen\"}]},{\"@type\":\"WebSite\",\"@id\":\"https:\\\/\\\/rotary.fi\\\/kuusankoski\\\/#website\",\"url\":\"https:\\\/\\\/rotary.fi\\\/kuusankoski\\\/\",\"name\":\"Kuusankosken Rotaryklubi\",\"description\":\"Uusi Rotary klubisivusto\",\"potentialAction\":[{\"@type\":\"SearchAction\",\"target\":{\"@type\":\"EntryPoint\",\"urlTemplate\":\"https:\\\/\\\/rotary.fi\\\/kuusankoski\\\/?s={search_term_string}\"},\"query-input\":{\"@type\":\"PropertyValueSpecification\",\"valueRequired\":true,\"valueName\":\"search_term_string\"}}],\"inLanguage\":\"fi\"}]}<\/script>\n<!-- \/ Yoast SEO plugin. -->","yoast_head_json":{"title":"Ke 18.08 klo 16-18 klubimme n\u00e4kyy Kuusankoskitalossa Aalto- viikon luentotilaisuuteen liittyen - Kuusankosken Rotaryklubi","robots":{"index":"index","follow":"follow","max-snippet":"max-snippet:-1","max-image-preview":"max-image-preview:large","max-video-preview":"max-video-preview:-1"},"canonical":"https:\/\/rotary.fi\/kuusankoski\/ajankohtaiset\/ke-18-08-klo-16-18-klubimme-nakyy-kuusankoskitalossa-aalto-viikon-luentotilaisuuteen-liittyen\/","og_locale":"fi_FI","og_type":"article","og_title":"Ke 18.08 klo 16-18 klubimme n\u00e4kyy Kuusankoskitalossa Aalto- viikon luentotilaisuuteen liittyen - Kuusankosken Rotaryklubi","og_description":"&nbsp; &nbsp; Kuusankoskitalossa on klo 18 Alvar Aallon muotoiluun liittyv\u00e4 ilmainen luentotilaisuus ja taidedalleriassa\u00a0 asiaan liittyv\u00e4 n\u00e4yttely. Klubimme esitt\u00e4ytyy\u00a0 ja n\u00e4kyy aulassa.\u00a0 Kerromme rotarytoiminnasta ja Shelterboxista pystyt\u00e4miemme\u00a0 nuorisovaihdon ja Shelterboxin rolluppien avulla. Jaamme kiinnostuneille esitteit\u00e4. Mukaan voi tulla kaikki kiinnostuneet veljet. Tervetuloa! &nbsp; &nbsp;","og_url":"https:\/\/rotary.fi\/kuusankoski\/ajankohtaiset\/ke-18-08-klo-16-18-klubimme-nakyy-kuusankoskitalossa-aalto-viikon-luentotilaisuuteen-liittyen\/","og_site_name":"Kuusankosken Rotaryklubi","article_modified_time":"2021-08-15T17:49:06+00:00","og_image":[{"url":"https:\/\/rotary.fi\/kuusankoski\/wp-content\/uploads\/sites\/40\/2021\/08\/alvar-aalto-inkeroinen-2-300x134.jpg","type":"","width":"","height":""}],"twitter_card":"summary_large_image","twitter_misc":{"Arvioitu lukuaika":"1 minuutti"},"schema":{"@context":"https:\/\/schema.org","@graph":[{"@type":"WebPage","@id":"https:\/\/rotary.fi\/kuusankoski\/ajankohtaiset\/ke-18-08-klo-16-18-klubimme-nakyy-kuusankoskitalossa-aalto-viikon-luentotilaisuuteen-liittyen\/","url":"https:\/\/rotary.fi\/kuusankoski\/ajankohtaiset\/ke-18-08-klo-16-18-klubimme-nakyy-kuusankoskitalossa-aalto-viikon-luentotilaisuuteen-liittyen\/","name":"Ke 18.08 klo 16-18 klubimme n\u00e4kyy Kuusankoskitalossa Aalto- viikon luentotilaisuuteen liittyen - Kuusankosken Rotaryklubi","isPartOf":{"@id":"https:\/\/rotary.fi\/kuusankoski\/#website"},"primaryImageOfPage":{"@id":"https:\/\/rotary.fi\/kuusankoski\/ajankohtaiset\/ke-18-08-klo-16-18-klubimme-nakyy-kuusankoskitalossa-aalto-viikon-luentotilaisuuteen-liittyen\/#primaryimage"},"image":{"@id":"https:\/\/rotary.fi\/kuusankoski\/ajankohtaiset\/ke-18-08-klo-16-18-klubimme-nakyy-kuusankoskitalossa-aalto-viikon-luentotilaisuuteen-liittyen\/#primaryimage"},"thumbnailUrl":"https:\/\/rotary.fi\/kuusankoski\/wp-content\/uploads\/sites\/40\/2021\/08\/alvar-aalto-inkeroinen-2-300x134.jpg","datePublished":"2021-08-15T17:23:39+00:00","dateModified":"2021-08-15T17:49:06+00:00","breadcrumb":{"@id":"https:\/\/rotary.fi\/kuusankoski\/ajankohtaiset\/ke-18-08-klo-16-18-klubimme-nakyy-kuusankoskitalossa-aalto-viikon-luentotilaisuuteen-liittyen\/#breadcrumb"},"inLanguage":"fi","potentialAction":[{"@type":"ReadAction","target":["https:\/\/rotary.fi\/kuusankoski\/ajankohtaiset\/ke-18-08-klo-16-18-klubimme-nakyy-kuusankoskitalossa-aalto-viikon-luentotilaisuuteen-liittyen\/"]}]},{"@type":"ImageObject","inLanguage":"fi","@id":"https:\/\/rotary.fi\/kuusankoski\/ajankohtaiset\/ke-18-08-klo-16-18-klubimme-nakyy-kuusankoskitalossa-aalto-viikon-luentotilaisuuteen-liittyen\/#primaryimage","url":"https:\/\/rotary.fi\/kuusankoski\/wp-content\/uploads\/sites\/40\/2021\/08\/alvar-aalto-inkeroinen-2-300x134.jpg","contentUrl":"https:\/\/rotary.fi\/kuusankoski\/wp-content\/uploads\/sites\/40\/2021\/08\/alvar-aalto-inkeroinen-2-300x134.jpg"},{"@type":"BreadcrumbList","@id":"https:\/\/rotary.fi\/kuusankoski\/ajankohtaiset\/ke-18-08-klo-16-18-klubimme-nakyy-kuusankoskitalossa-aalto-viikon-luentotilaisuuteen-liittyen\/#breadcrumb","itemListElement":[{"@type":"ListItem","position":1,"name":"Home","item":"https:\/\/rotary.fi\/kuusankoski\/"},{"@type":"ListItem","position":2,"name":"Ke 18.08 klo 16-18 klubimme n\u00e4kyy Kuusankoskitalossa Aalto- viikon luentotilaisuuteen liittyen"}]},{"@type":"WebSite","@id":"https:\/\/rotary.fi\/kuusankoski\/#website","url":"https:\/\/rotary.fi\/kuusankoski\/","name":"Kuusankosken Rotaryklubi","description":"Uusi Rotary klubisivusto","potentialAction":[{"@type":"SearchAction","target":{"@type":"EntryPoint","urlTemplate":"https:\/\/rotary.fi\/kuusankoski\/?s={search_term_string}"},"query-input":{"@type":"PropertyValueSpecification","valueRequired":true,"valueName":"search_term_string"}}],"inLanguage":"fi"}]}},"_links":{"self":[{"href":"https:\/\/rotary.fi\/kuusankoski\/wp-json\/wp\/v2\/ajankohtaiset\/2632","targetHints":{"allow":["GET"]}}],"collection":[{"href":"https:\/\/rotary.fi\/kuusankoski\/wp-json\/wp\/v2\/ajankohtaiset"}],"about":[{"href":"https:\/\/rotary.fi\/kuusankoski\/wp-json\/wp\/v2\/types\/ajankohtaiset"}],"wp:attachment":[{"href":"https:\/\/rotary.fi\/kuusankoski\/wp-json\/wp\/v2\/media?parent=2632"}],"curies":[{"name":"wp","href":"https:\/\/api.w.org\/{rel}","templated":true}]}}

Ke 18.08 klo 16-18 klubimme näkyy Kuusankoskitalossa Aalto- viikon luentotilaisuuteen liittyen

<p><img loading="lazy" decoding="async" class="alignnone size-medium wp-image-2636" src="https://rotary.fi/kuusankoski/wp-content/uploads/sites/40/2021/08/alvar-aalto-inkeroinen-2-300x134.jpg" alt="" width="300" height="134" /></p>
<p>&nbsp;</p>
<p>&nbsp;</p>
<p>Kuusankoskitalossa on klo 18 Alvar Aallon muotoiluun liittyvä ilmainen luentotilaisuus ja taidedalleriassa  asiaan liittyvä näyttely. Klubimme esittäytyy  ja näkyy aulassa.  Kerromme rotarytoiminnasta ja Shelterboxista pystytämiemme  nuorisovaihdon ja Shelterboxin rolluppien avulla. Jaamme kiinnostuneille esitteitä. Mukaan voi tulla kaikki kiinnostuneet veljet. Tervetuloa!</p>
<p>&nbsp;</p>
<p>&nbsp;</p>

<!-- This site is optimized with the Yoast SEO plugin v27.4 - https://yoast.com/product/yoast-seo-wordpress/ -->
<title>Ke 18.08 klo 16-18 klubimme näkyy Kuusankoskitalossa Aalto- viikon luentotilaisuuteen liittyen - Kuusankosken Rotaryklubi</title>
<meta name="robots" content="index, follow, max-snippet:-1, max-image-preview:large, max-video-preview:-1" />
<link rel="canonical" href="https://rotary.fi/kuusankoski/ajankohtaiset/ke-18-08-klo-16-18-klubimme-nakyy-kuusankoskitalossa-aalto-viikon-luentotilaisuuteen-liittyen/" />
<meta property="og:locale" content="fi_FI" />
<meta property="og:type" content="article" />
<meta property="og:title" content="Ke 18.08 klo 16-18 klubimme näkyy Kuusankoskitalossa Aalto- viikon luentotilaisuuteen liittyen - Kuusankosken Rotaryklubi" />
<meta property="og:description" content="&nbsp; &nbsp; Kuusankoskitalossa on klo 18 Alvar Aallon muotoiluun liittyvä ilmainen luentotilaisuus ja taidedalleriassa  asiaan liittyvä näyttely. Klubimme esittäytyy  ja näkyy aulassa.  Kerromme rotarytoiminnasta ja Shelterboxista pystytämiemme  nuorisovaihdon ja Shelterboxin rolluppien avulla. Jaamme kiinnostuneille esitteitä. Mukaan voi tulla kaikki kiinnostuneet veljet. Tervetuloa! &nbsp; &nbsp;" />
<meta property="og:url" content="https://rotary.fi/kuusankoski/ajankohtaiset/ke-18-08-klo-16-18-klubimme-nakyy-kuusankoskitalossa-aalto-viikon-luentotilaisuuteen-liittyen/" />
<meta property="og:site_name" content="Kuusankosken Rotaryklubi" />
<meta property="article:modified_time" content="2021-08-15T17:49:06+00:00" />
<meta property="og:image" content="https://rotary.fi/kuusankoski/wp-content/uploads/sites/40/2021/08/alvar-aalto-inkeroinen-2-300x134.jpg" />
<meta name="twitter:card" content="summary_large_image" />
<meta name="twitter:label1" content="Arvioitu lukuaika" />
	<meta name="twitter:data1" content="1 minuutti" />
<script type="application/ld+json" class="yoast-schema-graph">{"@context":"https:\/\/schema.org","@graph":[{"@type":"WebPage","@id":"https:\/\/rotary.fi\/kuusankoski\/ajankohtaiset\/ke-18-08-klo-16-18-klubimme-nakyy-kuusankoskitalossa-aalto-viikon-luentotilaisuuteen-liittyen\/","url":"https:\/\/rotary.fi\/kuusankoski\/ajankohtaiset\/ke-18-08-klo-16-18-klubimme-nakyy-kuusankoskitalossa-aalto-viikon-luentotilaisuuteen-liittyen\/","name":"Ke 18.08 klo 16-18 klubimme näkyy Kuusankoskitalossa Aalto- viikon luentotilaisuuteen liittyen - Kuusankosken Rotaryklubi","isPartOf":{"@id":"https:\/\/rotary.fi\/kuusankoski\/#website"},"primaryImageOfPage":{"@id":"https:\/\/rotary.fi\/kuusankoski\/ajankohtaiset\/ke-18-08-klo-16-18-klubimme-nakyy-kuusankoskitalossa-aalto-viikon-luentotilaisuuteen-liittyen\/#primaryimage"},"image":{"@id":"https:\/\/rotary.fi\/kuusankoski\/ajankohtaiset\/ke-18-08-klo-16-18-klubimme-nakyy-kuusankoskitalossa-aalto-viikon-luentotilaisuuteen-liittyen\/#primaryimage"},"thumbnailUrl":"https:\/\/rotary.fi\/kuusankoski\/wp-content\/uploads\/sites\/40\/2021\/08\/alvar-aalto-inkeroinen-2-300x134.jpg","datePublished":"2021-08-15T17:23:39+00:00","dateModified":"2021-08-15T17:49:06+00:00","breadcrumb":{"@id":"https:\/\/rotary.fi\/kuusankoski\/ajankohtaiset\/ke-18-08-klo-16-18-klubimme-nakyy-kuusankoskitalossa-aalto-viikon-luentotilaisuuteen-liittyen\/#breadcrumb"},"inLanguage":"fi","potentialAction":[{"@type":"ReadAction","target":["https:\/\/rotary.fi\/kuusankoski\/ajankohtaiset\/ke-18-08-klo-16-18-klubimme-nakyy-kuusankoskitalossa-aalto-viikon-luentotilaisuuteen-liittyen\/"]}]},{"@type":"ImageObject","inLanguage":"fi","@id":"https:\/\/rotary.fi\/kuusankoski\/ajankohtaiset\/ke-18-08-klo-16-18-klubimme-nakyy-kuusankoskitalossa-aalto-viikon-luentotilaisuuteen-liittyen\/#primaryimage","url":"https:\/\/rotary.fi\/kuusankoski\/wp-content\/uploads\/sites\/40\/2021\/08\/alvar-aalto-inkeroinen-2-300x134.jpg","contentUrl":"https:\/\/rotary.fi\/kuusankoski\/wp-content\/uploads\/sites\/40\/2021\/08\/alvar-aalto-inkeroinen-2-300x134.jpg"},{"@type":"BreadcrumbList","@id":"https:\/\/rotary.fi\/kuusankoski\/ajankohtaiset\/ke-18-08-klo-16-18-klubimme-nakyy-kuusankoskitalossa-aalto-viikon-luentotilaisuuteen-liittyen\/#breadcrumb","itemListElement":[{"@type":"ListItem","position":1,"name":"Home","item":"https:\/\/rotary.fi\/kuusankoski\/"},{"@type":"ListItem","position":2,"name":"Ke 18.08 klo 16-18 klubimme näkyy Kuusankoskitalossa Aalto- viikon luentotilaisuuteen liittyen"}]},{"@type":"WebSite","@id":"https:\/\/rotary.fi\/kuusankoski\/#website","url":"https:\/\/rotary.fi\/kuusankoski\/","name":"Kuusankosken Rotaryklubi","description":"Uusi Rotary klubisivusto","potentialAction":[{"@type":"SearchAction","target":{"@type":"EntryPoint","urlTemplate":"https:\/\/rotary.fi\/kuusankoski\/?s={search_term_string}"},"query-input":{"@type":"PropertyValueSpecification","valueRequired":true,"valueName":"search_term_string"}}],"inLanguage":"fi"}]}</script>
<!-- / Yoast SEO plugin. -->

Ke 18.08 klo 16-18 klubimme näkyy Kuusankoskitalossa Aalto- viikon luentotilaisuuteen liittyen - Kuusankosken Rotaryklubi

&nbsp; &nbsp; Kuusankoskitalossa on klo 18 Alvar Aallon muotoiluun liittyvä ilmainen luentotilaisuus ja taidedalleriassa  asiaan liittyvä näyttely. Klubimme esittäytyy  ja näkyy aulassa.  Kerromme rotarytoiminnasta ja Shelterboxista pystytämiemme  nuorisovaihdon ja Shelterboxin rolluppien avulla. Jaamme kiinnostuneille esitteitä. Mukaan voi tulla kaikki kiinnostuneet veljet. Tervetuloa! &nbsp; &nbsp;
