{"version":"1.0","provider_name":"Kuusamon Rotaryklubi","provider_url":"https:\/\/rotary.fi\/kuusamo","author_name":"jukkatarjanne","author_url":"https:\/\/rotary.fi\/kuusamo\/author\/jukkatarjanne\/","title":"20.3.2020 Klubin ylim\u00e4\u00e4r\u00e4inen yhdistyskokous PERUUTETTU - Kuusamon Rotaryklubi","type":"rich","width":600,"height":338,"html":"<blockquote class=\"wp-embedded-content\" data-secret=\"OEol3HhJAz\"><a href=\"https:\/\/rotary.fi\/kuusamo\/events\/20-3-2020-klubikokous\/\">20.3.2020 Klubin ylim\u00e4\u00e4r\u00e4inen yhdistyskokous PERUUTETTU<\/a><\/blockquote><iframe sandbox=\"allow-scripts\" security=\"restricted\" src=\"https:\/\/rotary.fi\/kuusamo\/events\/20-3-2020-klubikokous\/embed\/#?secret=OEol3HhJAz\" width=\"600\" height=\"338\" title=\"&#8221;20.3.2020 Klubin ylim\u00e4\u00e4r\u00e4inen yhdistyskokous PERUUTETTU&#8221; &#8212; Kuusamon Rotaryklubi\" data-secret=\"OEol3HhJAz\" frameborder=\"0\" marginwidth=\"0\" marginheight=\"0\" scrolling=\"no\" class=\"wp-embedded-content\"><\/iframe><script type=\"text\/javascript\">\n\/* <![CDATA[ *\/\n\/*! This file is auto-generated *\/\n!function(d,l){\"use strict\";l.querySelector&&d.addEventListener&&\"undefined\"!=typeof URL&&(d.wp=d.wp||{},d.wp.receiveEmbedMessage||(d.wp.receiveEmbedMessage=function(e){var t=e.data;if((t||t.secret||t.message||t.value)&&!\/[^a-zA-Z0-9]\/.test(t.secret)){for(var s,r,n,a=l.querySelectorAll('iframe[data-secret=\"'+t.secret+'\"]'),o=l.querySelectorAll('blockquote[data-secret=\"'+t.secret+'\"]'),c=new RegExp(\"^https?:$\",\"i\"),i=0;i<o.length;i++)o[i].style.display=\"none\";for(i=0;i<a.length;i++)s=a[i],e.source===s.contentWindow&&(s.removeAttribute(\"style\"),\"height\"===t.message?(1e3<(r=parseInt(t.value,10))?r=1e3:~~r<200&&(r=200),s.height=r):\"link\"===t.message&&(r=new URL(s.getAttribute(\"src\")),n=new URL(t.value),c.test(n.protocol))&&n.host===r.host&&l.activeElement===s&&(d.top.location.href=t.value))}},d.addEventListener(\"message\",d.wp.receiveEmbedMessage,!1),l.addEventListener(\"DOMContentLoaded\",function(){for(var e,t,s=l.querySelectorAll(\"iframe.wp-embedded-content\"),r=0;r<s.length;r++)(t=(e=s[r]).getAttribute(\"data-secret\"))||(t=Math.random().toString(36).substring(2,12),e.src+=\"#?secret=\"+t,e.setAttribute(\"data-secret\",t)),e.contentWindow.postMessage({message:\"ready\",secret:t},\"*\")},!1)))}(window,document);\n\/\/# sourceURL=https:\/\/rotary.fi\/kuusamo\/wp-includes\/js\/wp-embed.min.js\n\/* ]]> *\/\n<\/script>\n","description":"Veli Jesse Immosen esitelm\u00e4vuoro siirtyy my\u00f6hemp\u00e4\u00e4n ajankohtaan. T\u00e4lle p\u00e4iv\u00e4lle koolle kutsuttu ylim\u00e4\u00e4r\u00e4inen yhdistyskokous on peruutettu. Samoin klubin perjantaisin pidett\u00e4v\u00e4t viikkokokoukset on toistaiseksi peruutettu. Muiden tilaisuuksien j\u00e4rjest\u00e4misest\u00e4 ilmoitetaan n\u00e4ill\u00e4 kotisivuilla kohdassa Ajankohtaista -&gt; Tapahtumakalenteri -&gt; Klubin tapahtumakalenteri ja Presidentin uutisissa sek\u00e4 j\u00e4senille lis\u00e4ksi s\u00e4hk\u00f6postitse. &#8212;&#8212;&#8212;&#8212;&#8212;&#8212;&#8212;&#8212;&#8211; T\u00e4n\u00e4\u00e4n on ylim\u00e4\u00e4r\u00e4inen yhdistyskokous, jonka kutsu esityslistoineen on l\u00e4hetetty s\u00e4hk\u00f6postitse s\u00e4\u00e4nt\u00f6jen [&hellip;]"}

20.3.2020 Klubin ylimääräinen yhdistyskokous PERUUTETTU - Kuusamon Rotaryklubi

<blockquote class="wp-embedded-content" data-secret="OEol3HhJAz"><a href="https://rotary.fi/kuusamo/events/20-3-2020-klubikokous/">20.3.2020 Klubin ylimääräinen yhdistyskokous PERUUTETTU</a></blockquote><iframe sandbox="allow-scripts" security="restricted" src="https://rotary.fi/kuusamo/events/20-3-2020-klubikokous/embed/#?secret=OEol3HhJAz" width="600" height="338" title="&#8221;20.3.2020 Klubin ylimääräinen yhdistyskokous PERUUTETTU&#8221; &#8212; Kuusamon Rotaryklubi" data-secret="OEol3HhJAz" frameborder="0" marginwidth="0" marginheight="0" scrolling="no" class="wp-embedded-content"></iframe><script type="text/javascript">
/* <![CDATA[ */
/*! This file is auto-generated */
!function(d,l){"use strict";l.querySelector&&d.addEventListener&&"undefined"!=typeof URL&&(d.wp=d.wp||{},d.wp.receiveEmbedMessage||(d.wp.receiveEmbedMessage=function(e){var t=e.data;if((t||t.secret||t.message||t.value)&&!/[^a-zA-Z0-9]/.test(t.secret)){for(var s,r,n,a=l.querySelectorAll('iframe[data-secret="'+t.secret+'"]'),o=l.querySelectorAll('blockquote[data-secret="'+t.secret+'"]'),c=new RegExp("^https?:$","i"),i=0;i<o.length;i++)o[i].style.display="none";for(i=0;i<a.length;i++)s=a[i],e.source===s.contentWindow&&(s.removeAttribute("style"),"height"===t.message?(1e3<(r=parseInt(t.value,10))?r=1e3:~~r<200&&(r=200),s.height=r):"link"===t.message&&(r=new URL(s.getAttribute("src")),n=new URL(t.value),c.test(n.protocol))&&n.host===r.host&&l.activeElement===s&&(d.top.location.href=t.value))}},d.addEventListener("message",d.wp.receiveEmbedMessage,!1),l.addEventListener("DOMContentLoaded",function(){for(var e,t,s=l.querySelectorAll("iframe.wp-embedded-content"),r=0;r<s.length;r++)(t=(e=s[r]).getAttribute("data-secret"))||(t=Math.random().toString(36).substring(2,12),e.src+="#?secret="+t,e.setAttribute("data-secret",t)),e.contentWindow.postMessage({message:"ready",secret:t},"*")},!1)))}(window,document);
//# sourceURL=https://rotary.fi/kuusamo/wp-includes/js/wp-embed.min.js
/* ]]> */
</script>

Veli Jesse Immosen esitelmävuoro siirtyy myöhempään ajankohtaan. Tälle päivälle koolle kutsuttu ylimääräinen yhdistyskokous on peruutettu. Samoin klubin perjantaisin pidettävät viikkokokoukset on toistaiseksi peruutettu. Muiden tilaisuuksien järjestämisestä ilmoitetaan näillä kotisivuilla kohdassa Ajankohtaista -&gt; Tapahtumakalenteri -&gt; Klubin tapahtumakalenteri ja Presidentin uutisissa sekä jäsenille lisäksi sähköpostitse. &#8212;&#8212;&#8212;&#8212;&#8212;&#8212;&#8212;&#8212;&#8211; Tänään on ylimääräinen yhdistyskokous, jonka kutsu esityslistoineen on lähetetty sähköpostitse sääntöjen [&hellip;]
