{"id":98,"date":"2018-08-09T15:17:32","date_gmt":"2018-08-09T12:17:32","guid":{"rendered":"https:\/\/rotary.fi\/klubi2\/?page_id=98"},"modified":"2025-07-03T16:37:55","modified_gmt":"2025-07-03T13:37:55","slug":"yhteystiedot","status":"publish","type":"page","link":"https:\/\/rotary.fi\/kurikka\/yhteystiedot\/","title":{"rendered":"Yhteystiedot"},"content":{"rendered":"<p>[et_pb_section fb_built=&#8221;1&#8243; module_class=&#8221;jumbotron-page&#8221; _builder_version=&#8221;4.16&#8243; background_image=&#8221;https:\/\/rotary.fi\/kurikka\/wp-content\/uploads\/sites\/169\/2020\/08\/hotelkurikka.jpg&#8221; width=&#8221;69%&#8221; module_alignment=&#8221;center&#8221; min_height=&#8221;1000px&#8221; global_colors_info=&#8221;{}&#8221;][et_pb_row _builder_version=&#8221;4.16&#8243; background_size=&#8221;initial&#8221; background_position=&#8221;top_left&#8221; background_repeat=&#8221;repeat&#8221; global_colors_info=&#8221;{}&#8221;][et_pb_column type=&#8221;4_4&#8243; _builder_version=&#8221;4.16&#8243; custom_padding=&#8221;|||&#8221; global_colors_info=&#8221;{}&#8221; custom_padding__hover=&#8221;|||&#8221;][et_pb_text admin_label=&#8221;P\u00e4\u00e4otsikko&#8221; _builder_version=&#8221;4.16&#8243; text_orientation=&#8221;center&#8221; background_layout=&#8221;dark&#8221; global_colors_info=&#8221;{}&#8221;]<\/p>\n<h1>Yhteystiedot<\/h1>\n<p>[\/et_pb_text][\/et_pb_column][\/et_pb_row][\/et_pb_section][et_pb_section fb_built=&#8221;1&#8243; specialty=&#8221;on&#8221; module_class_2=&#8221;sivupalkki&#8221; _builder_version=&#8221;4.16&#8243; global_colors_info=&#8221;{}&#8221;][et_pb_column type=&#8221;2_3&#8243; specialty_columns=&#8221;2&#8243; _builder_version=&#8221;4.16&#8243; custom_padding=&#8221;|||&#8221; global_colors_info=&#8221;{}&#8221; custom_padding__hover=&#8221;|||&#8221;][et_pb_row_inner admin_label=&#8221;Rivi&#8221; _builder_version=&#8221;4.16&#8243; global_colors_info=&#8221;{}&#8221;][et_pb_column_inner saved_specialty_column_type=&#8221;2_3&#8243; _builder_version=&#8221;4.16&#8243; custom_padding=&#8221;|||&#8221; global_colors_info=&#8221;{}&#8221; custom_padding__hover=&#8221;|||&#8221;][et_pb_text admin_label=&#8221;Otsikko ennen teksti\u00e4 &#8211; Yhteystiedot&#8221; _builder_version=&#8221;4.16&#8243; text_orientation=&#8221;center&#8221; global_colors_info=&#8221;{}&#8221;]<\/p>\n<h1>Yhteystiedot<\/h1>\n<p>[\/et_pb_text][et_pb_text _builder_version=&#8221;4.16&#8243; custom_padding=&#8221;||0px|2px||&#8221; global_colors_info=&#8221;{}&#8221;][\/et_pb_text][\/et_pb_column_inner][\/et_pb_row_inner][et_pb_row_inner column_structure=&#8221;1_2,1_2&#8243; admin_label=&#8221;Rivi&#8221; _builder_version=&#8221;4.16&#8243; custom_margin=&#8221;||20px|&#8221; custom_padding=&#8221;||20px|&#8221; border_width_bottom=&#8221;1px&#8221; border_color_bottom=&#8221;#d8d8d8&#8243; global_colors_info=&#8221;{}&#8221;][et_pb_column_inner type=&#8221;1_2&#8243; saved_specialty_column_type=&#8221;2_3&#8243; _builder_version=&#8221;4.16&#8243; custom_padding=&#8221;||20px|&#8221; global_colors_info=&#8221;{}&#8221; custom_padding__hover=&#8221;|||&#8221;][et_pb_text admin_label=&#8221;Kokoontumispaikka&#8221; _builder_version=&#8221;4.16&#8243; global_colors_info=&#8221;{}&#8221;]<\/p>\n<p><strong>Kokoontumispaikka:<\/strong><br \/>Hotel Kurikka<br \/>Osoite : Huovintie 1<br \/>61300 Sein\u00e4joki<\/p>\n<p><strong>Kokoontumisaika:<\/strong><\/p>\n<p>Parittoman viikon maanantaisin klo 18:00 &#8211; 19:00; Kahvi 17:30<strong><\/strong><\/p>\n<p>Kurikan Rotaryklubin s\u00e4hk\u00f6postiosoite on\u00a0<\/p>\n<h3 class=\"iw\"><span class=\"qu\" role=\"gridcell\"><span class=\"go\">kurikan.rotaryklubi@gmail.com<\/span><\/span><\/h3>\n<p><strong><\/strong><\/p>\n<p>[\/et_pb_text][\/et_pb_column_inner][et_pb_column_inner type=&#8221;1_2&#8243; saved_specialty_column_type=&#8221;2_3&#8243; _builder_version=&#8221;4.16&#8243; custom_padding=&#8221;||20px|&#8221; global_colors_info=&#8221;{}&#8221; custom_padding__hover=&#8221;|||&#8221;][et_pb_map address=&#8221;Huovintie 1, 61300 Kurikka, Suomi&#8221; zoom_level=&#8221;16&#8243; address_lat=&#8221;62.6202666&#8243; address_lng=&#8221;22.4124383&#8243; admin_label=&#8221;Kokoontumispaikka &#8211; Kartta&#8221; _builder_version=&#8221;4.16&#8243; global_colors_info=&#8221;{}&#8221;][et_pb_map_pin title=&#8221;Hotel Kurikka&#8221; pin_address=&#8221;Ruukintie 4, 60100 Sein\u00e4joki, Suomi&#8221; pin_address_lat=&#8221;62.7900055&#8243; pin_address_lng=&#8221;22.84615370000006&#8243; _builder_version=&#8221;3.27.4&#8243; global_colors_info=&#8221;{}&#8221;][\/et_pb_map_pin][et_pb_map_pin _builder_version=&#8221;3.27.4&#8243; global_colors_info=&#8221;{}&#8221;][\/et_pb_map_pin][\/et_pb_map][\/et_pb_column_inner][\/et_pb_row_inner][et_pb_row_inner column_structure=&#8221;1_2,1_2&#8243; admin_label=&#8221;Rivi&#8221; _builder_version=&#8221;4.16&#8243; custom_margin=&#8221;20px||20px|&#8221; custom_padding=&#8221;20px||20px|&#8221; global_colors_info=&#8221;{}&#8221;][et_pb_column_inner type=&#8221;1_2&#8243; saved_specialty_column_type=&#8221;2_3&#8243; _builder_version=&#8221;4.16&#8243; custom_padding=&#8221;||20px|&#8221; global_colors_info=&#8221;{}&#8221; custom_padding__hover=&#8221;|||&#8221;][et_pb_text admin_label=&#8221;Presidentti&#8221; _builder_version=&#8221;4.16&#8243; custom_padding=&#8221;||3px|||&#8221; global_colors_info=&#8221;{}&#8221;]<\/p>\n<h3>Presidentti<\/h3>\n<p>Ari KOhtam\u00e4ki<\/p>\n<p>Puhelin : 040\u00a0 7174425<\/p>\n<p>S\u00e4hk\u00f6posti : kohtamaki@gmail.com<\/p>\n<p>[\/et_pb_text][\/et_pb_column_inner][et_pb_column_inner type=&#8221;1_2&#8243; saved_specialty_column_type=&#8221;2_3&#8243; _builder_version=&#8221;4.16&#8243; custom_padding=&#8221;||20px|&#8221; global_colors_info=&#8221;{}&#8221; custom_padding__hover=&#8221;|||&#8221;][et_pb_text admin_label=&#8221;Sihteeri&#8221; _builder_version=&#8221;4.16&#8243; global_colors_info=&#8221;{}&#8221;]<\/p>\n<h3>Sihteerit<\/h3>\n<p><span style=\"font-size: 16px\">Urpo Lintala, Henry Hannuksela<\/span><\/p>\n<p><span style=\"font-size: 16px\">S\u00e4hk\u00f6posti : kurikan.rotaryklubi@gmail.com<\/span><\/p>\n<p>[\/et_pb_text][\/et_pb_column_inner][\/et_pb_row_inner][et_pb_row_inner admin_label=&#8221;Rivi&#8221; _builder_version=&#8221;4.16&#8243; custom_padding=&#8221;14px|||||&#8221; global_colors_info=&#8221;{}&#8221;][et_pb_column_inner saved_specialty_column_type=&#8221;2_3&#8243; _builder_version=&#8221;4.16&#8243; custom_padding=&#8221;|||&#8221; global_colors_info=&#8221;{}&#8221; custom_padding__hover=&#8221;|||&#8221;][et_pb_text admin_label=&#8221;Muut t\u00e4rke\u00e4t yhteyshenkil\u00f6t&#8221; _builder_version=&#8221;4.16&#8243; custom_margin=&#8221;20px|||&#8221; global_colors_info=&#8221;{}&#8221;]<\/p>\n<h3>Muut t\u00e4rke\u00e4t yhteyshenkil\u00f6t<\/h3>\n<p>&nbsp;<\/p>\n<p><span class=\"s1\">Klubimme nuorisovaihtovastaava: Tiina Alanen: GSM 050 5451967 email:<a href=\"mailto:tiinaalanen6@gmail.com\">tiinaalanen6@gmail.com<\/a>\u00a0<\/span><\/p>\n<p>[\/et_pb_text][\/et_pb_column_inner][\/et_pb_row_inner][\/et_pb_column][et_pb_column type=&#8221;1_3&#8243; _builder_version=&#8221;4.16&#8243; custom_padding=&#8221;|||&#8221; global_colors_info=&#8221;{}&#8221; custom_padding__hover=&#8221;|||&#8221;][et_pb_sidebar area=&#8221;sidebar-1&#8243; module_class=&#8221;sivupalkki_sisalto&#8221; _builder_version=&#8221;4.16&#8243; global_colors_info=&#8221;{}&#8221;]<\/p>\n<p>&nbsp;<\/p>\n<p>[\/et_pb_sidebar][\/et_pb_column][\/et_pb_section]<\/p>\n","protected":false},"excerpt":{"rendered":"<p>Yhteystiedot Yhteystiedot Kokoontumispaikka:Hotel KurikkaOsoite : Huovintie 161300 Sein\u00e4joki Kokoontumisaika: Parittoman viikon maanantaisin klo 18:00 &#8211; 19:00; Kahvi 17:30 Kurikan Rotaryklubin s\u00e4hk\u00f6postiosoite on\u00a0 kurikan.rotaryklubi@gmail.com Presidentti Ari KOhtam\u00e4ki Puhelin : 040\u00a0 7174425 S\u00e4hk\u00f6posti : kohtamaki@gmail.comSihteerit Urpo Lintala, Henry Hannuksela S\u00e4hk\u00f6posti : kurikan.rotaryklubi@gmail.comMuut t\u00e4rke\u00e4t yhteyshenkil\u00f6t &nbsp; Klubimme nuorisovaihtovastaava: Tiina Alanen: GSM 050 5451967 email:tiinaalanen6@gmail.com\u00a0&nbsp;<\/p>\n","protected":false},"author":1,"featured_media":0,"parent":0,"menu_order":0,"comment_status":"closed","ping_status":"closed","template":"","meta":{"_acf_changed":false,"_et_pb_use_builder":"on","_et_pb_old_content":"","_et_gb_content_width":"","footnotes":""},"class_list":["post-98","page","type-page","status-publish","hentry"],"acf":[],"yoast_head":"<!-- This site is optimized with the Yoast SEO plugin v27.0 - https:\/\/yoast.com\/product\/yoast-seo-wordpress\/ -->\n<title>Yhteystiedot - Kurikan Rotaryklubi<\/title>\n<meta name=\"robots\" content=\"index, follow, max-snippet:-1, max-image-preview:large, max-video-preview:-1\" \/>\n<link rel=\"canonical\" href=\"https:\/\/rotary.fi\/kurikka\/yhteystiedot\/\" \/>\n<meta property=\"og:locale\" content=\"fi_FI\" \/>\n<meta property=\"og:type\" content=\"article\" \/>\n<meta property=\"og:title\" content=\"Yhteystiedot - Kurikan Rotaryklubi\" \/>\n<meta property=\"og:description\" content=\"Yhteystiedot Yhteystiedot Kokoontumispaikka:Hotel KurikkaOsoite : Huovintie 161300 Sein\u00e4joki Kokoontumisaika: Parittoman viikon maanantaisin klo 18:00 - 19:00; Kahvi 17:30 Kurikan Rotaryklubin s\u00e4hk\u00f6postiosoite on\u00a0 kurikan.rotaryklubi@gmail.com Presidentti Ari KOhtam\u00e4ki Puhelin : 040\u00a0 7174425 S\u00e4hk\u00f6posti : kohtamaki@gmail.comSihteerit Urpo Lintala, Henry Hannuksela S\u00e4hk\u00f6posti : kurikan.rotaryklubi@gmail.comMuut t\u00e4rke\u00e4t yhteyshenkil\u00f6t &nbsp; Klubimme nuorisovaihtovastaava: Tiina Alanen: GSM 050 5451967 email:tiinaalanen6@gmail.com\u00a0&nbsp;\" \/>\n<meta property=\"og:url\" content=\"https:\/\/rotary.fi\/kurikka\/yhteystiedot\/\" \/>\n<meta property=\"og:site_name\" content=\"Kurikan Rotaryklubi\" \/>\n<meta property=\"article:modified_time\" content=\"2025-07-03T13:37:55+00:00\" \/>\n<meta name=\"twitter:card\" content=\"summary_large_image\" \/>\n<meta name=\"twitter:label1\" content=\"Arvioitu lukuaika\" \/>\n\t<meta name=\"twitter:data1\" content=\"3 minuuttia\" \/>\n<script type=\"application\/ld+json\" class=\"yoast-schema-graph\">{\"@context\":\"https:\/\/schema.org\",\"@graph\":[{\"@type\":\"WebPage\",\"@id\":\"https:\/\/rotary.fi\/kurikka\/yhteystiedot\/\",\"url\":\"https:\/\/rotary.fi\/kurikka\/yhteystiedot\/\",\"name\":\"Yhteystiedot - Kurikan Rotaryklubi\",\"isPartOf\":{\"@id\":\"https:\/\/rotary.fi\/kurikka\/#website\"},\"datePublished\":\"2018-08-09T12:17:32+00:00\",\"dateModified\":\"2025-07-03T13:37:55+00:00\",\"breadcrumb\":{\"@id\":\"https:\/\/rotary.fi\/kurikka\/yhteystiedot\/#breadcrumb\"},\"inLanguage\":\"fi\",\"potentialAction\":[{\"@type\":\"ReadAction\",\"target\":[\"https:\/\/rotary.fi\/kurikka\/yhteystiedot\/\"]}]},{\"@type\":\"BreadcrumbList\",\"@id\":\"https:\/\/rotary.fi\/kurikka\/yhteystiedot\/#breadcrumb\",\"itemListElement\":[{\"@type\":\"ListItem\",\"position\":1,\"name\":\"Home\",\"item\":\"https:\/\/rotary.fi\/kurikka\/\"},{\"@type\":\"ListItem\",\"position\":2,\"name\":\"Yhteystiedot\"}]},{\"@type\":\"WebSite\",\"@id\":\"https:\/\/rotary.fi\/kurikka\/#website\",\"url\":\"https:\/\/rotary.fi\/kurikka\/\",\"name\":\"Kurikan Rotaryklubi\",\"description\":\"Uusi Rotary klubisivusto\",\"potentialAction\":[{\"@type\":\"SearchAction\",\"target\":{\"@type\":\"EntryPoint\",\"urlTemplate\":\"https:\/\/rotary.fi\/kurikka\/?s={search_term_string}\"},\"query-input\":{\"@type\":\"PropertyValueSpecification\",\"valueRequired\":true,\"valueName\":\"search_term_string\"}}],\"inLanguage\":\"fi\"}]}<\/script>\n<!-- \/ Yoast SEO plugin. -->","yoast_head_json":{"title":"Yhteystiedot - Kurikan Rotaryklubi","robots":{"index":"index","follow":"follow","max-snippet":"max-snippet:-1","max-image-preview":"max-image-preview:large","max-video-preview":"max-video-preview:-1"},"canonical":"https:\/\/rotary.fi\/kurikka\/yhteystiedot\/","og_locale":"fi_FI","og_type":"article","og_title":"Yhteystiedot - Kurikan Rotaryklubi","og_description":"Yhteystiedot Yhteystiedot Kokoontumispaikka:Hotel KurikkaOsoite : Huovintie 161300 Sein\u00e4joki Kokoontumisaika: Parittoman viikon maanantaisin klo 18:00 - 19:00; Kahvi 17:30 Kurikan Rotaryklubin s\u00e4hk\u00f6postiosoite on\u00a0 kurikan.rotaryklubi@gmail.com Presidentti Ari KOhtam\u00e4ki Puhelin : 040\u00a0 7174425 S\u00e4hk\u00f6posti : kohtamaki@gmail.comSihteerit Urpo Lintala, Henry Hannuksela S\u00e4hk\u00f6posti : kurikan.rotaryklubi@gmail.comMuut t\u00e4rke\u00e4t yhteyshenkil\u00f6t &nbsp; Klubimme nuorisovaihtovastaava: Tiina Alanen: GSM 050 5451967 email:tiinaalanen6@gmail.com\u00a0&nbsp;","og_url":"https:\/\/rotary.fi\/kurikka\/yhteystiedot\/","og_site_name":"Kurikan Rotaryklubi","article_modified_time":"2025-07-03T13:37:55+00:00","twitter_card":"summary_large_image","twitter_misc":{"Arvioitu lukuaika":"3 minuuttia"},"schema":{"@context":"https:\/\/schema.org","@graph":[{"@type":"WebPage","@id":"https:\/\/rotary.fi\/kurikka\/yhteystiedot\/","url":"https:\/\/rotary.fi\/kurikka\/yhteystiedot\/","name":"Yhteystiedot - Kurikan Rotaryklubi","isPartOf":{"@id":"https:\/\/rotary.fi\/kurikka\/#website"},"datePublished":"2018-08-09T12:17:32+00:00","dateModified":"2025-07-03T13:37:55+00:00","breadcrumb":{"@id":"https:\/\/rotary.fi\/kurikka\/yhteystiedot\/#breadcrumb"},"inLanguage":"fi","potentialAction":[{"@type":"ReadAction","target":["https:\/\/rotary.fi\/kurikka\/yhteystiedot\/"]}]},{"@type":"BreadcrumbList","@id":"https:\/\/rotary.fi\/kurikka\/yhteystiedot\/#breadcrumb","itemListElement":[{"@type":"ListItem","position":1,"name":"Home","item":"https:\/\/rotary.fi\/kurikka\/"},{"@type":"ListItem","position":2,"name":"Yhteystiedot"}]},{"@type":"WebSite","@id":"https:\/\/rotary.fi\/kurikka\/#website","url":"https:\/\/rotary.fi\/kurikka\/","name":"Kurikan Rotaryklubi","description":"Uusi Rotary klubisivusto","potentialAction":[{"@type":"SearchAction","target":{"@type":"EntryPoint","urlTemplate":"https:\/\/rotary.fi\/kurikka\/?s={search_term_string}"},"query-input":{"@type":"PropertyValueSpecification","valueRequired":true,"valueName":"search_term_string"}}],"inLanguage":"fi"}]}},"lang":"fi","translations":{"fi":98},"pll_sync_post":[],"_links":{"self":[{"href":"https:\/\/rotary.fi\/kurikka\/wp-json\/wp\/v2\/pages\/98","targetHints":{"allow":["GET"]}}],"collection":[{"href":"https:\/\/rotary.fi\/kurikka\/wp-json\/wp\/v2\/pages"}],"about":[{"href":"https:\/\/rotary.fi\/kurikka\/wp-json\/wp\/v2\/types\/page"}],"author":[{"embeddable":true,"href":"https:\/\/rotary.fi\/kurikka\/wp-json\/wp\/v2\/users\/1"}],"replies":[{"embeddable":true,"href":"https:\/\/rotary.fi\/kurikka\/wp-json\/wp\/v2\/comments?post=98"}],"version-history":[{"count":10,"href":"https:\/\/rotary.fi\/kurikka\/wp-json\/wp\/v2\/pages\/98\/revisions"}],"predecessor-version":[{"id":2354,"href":"https:\/\/rotary.fi\/kurikka\/wp-json\/wp\/v2\/pages\/98\/revisions\/2354"}],"wp:attachment":[{"href":"https:\/\/rotary.fi\/kurikka\/wp-json\/wp\/v2\/media?parent=98"}],"curies":[{"name":"wp","href":"https:\/\/api.w.org\/{rel}","templated":true}]}}