{"id":2201,"date":"2023-05-11T13:53:34","date_gmt":"2023-05-11T10:53:34","guid":{"rendered":"https:\/\/rotary.fi\/kurikka\/?page_id=2201"},"modified":"2023-06-12T10:37:26","modified_gmt":"2023-06-12T07:37:26","slug":"rotarypuisto-esittely","status":"publish","type":"page","link":"https:\/\/rotary.fi\/kurikka\/etusivu\/rotarypuisto-esittely\/","title":{"rendered":"Lyhyt tietoisku Kurikan Rotarypuiston alppiruusuista."},"content":{"rendered":"<p><strong>Isommalla alueella puron molemmin puolin on rotarien istuttamia alppiruusuja<\/strong><\/p>\n<p><em>Perinteeksi on muodostunut, ett\u00e4 jokainen presidentti kautensa p\u00e4\u00e4tteeksi istuttaa oman alppiruusun puistoon.<\/em><\/p>\n<p><em> N\u00e4m\u00e4 alppiruusut ovat puiston polun Kurikantien ja Reinikantien puoleisella osalla molemmin puolin puroa. <\/em><\/p>\n<p><em>Kyltiss\u00e4, joka on kasvin juurella, on alppiruusun lajikenimi ja istuttaneen presidentin nimi.<\/em><\/p>\n<p><em> T\u00e4ll\u00e4 alueella on my\u00f6s Rotarypiirin ja kuvern\u00f6\u00f6rien Venanzia Rizzin ja Arja Saarennon sek\u00e4 apulaiskuvern\u00f6\u00f6rin Iina \u00c5manin lahjoittamat alppiruusut.<\/em><\/p>\n<p><em>\u00a0<\/em><\/p>\n<p><strong><em>Pienemm\u00e4ll\u00e4 alueella on lahjoittajien nimettyj\u00e4 alppiruusuja. <\/em><\/strong><\/p>\n<p><em>He ovat Kurikan kaupungin tunnettavuuteen ja kehitt\u00e4miseen talouden, tieteen, yritt\u00e4jyyden tai taiteen kautta vahvasti puumerkkins\u00e4 j\u00e4tt\u00e4neit\u00e4 henkil\u00f6it\u00e4 ja yhteis\u00f6j\u00e4. Heist\u00e4 useat ovat kurikkalaisl\u00e4ht\u00f6isi\u00e4 vaikuttajia, jotka ovat lahjoittaneet varoja Kurikan Rotaryklubille nuorisoty\u00f6n hyv\u00e4ksi. <\/em><\/p>\n<p><em>Yritt\u00e4ji\u00e4 ovat Jorma Ollila, Risto K\u00e4kel\u00e4, Pentti Viitala, Jaakko Aukia, Heikki Hakala, Birger ja Liisa Sahlberg, Jaakko Sillanp\u00e4\u00e4, Matti Ollila, J.E Ujainen, joka on my\u00f6s Kurikan Rotaryklubin perustajaj\u00e4sen.<\/em><\/p>\n<p><em>Tieteen henkil\u00f6it\u00e4 ovat Niilo S\u00e4ntti, Kaj Bl\u00e5flied, Jouko Tuomisto sek\u00e4 Sirpa Mattila.<\/em><\/p>\n<p><em>Taiteen edustajia ovat Mikko Vaismaa, Eero Piirto, Raili Hulkkonen, Taina ja Mauri Niemen musiikki- ja teatteriperhe sek\u00e4 Timo ja Ari Kivist\u00f6.<\/em><\/p>\n<p><em>Talouden ja yhteiskunnan edustajia ovat Martta Ala-Reinikka, Paavo Tyrv\u00e4inen ja Kalevi Kivist\u00f6. <\/em><\/p>\n<p><em>Kurikan Rotaryklubin vaihto-oppilaita edustavat Antti Pelttari, Larissa Bruun, Pekka Mattila ja Maija Myllykoski.<\/em><\/p>\n<p><strong><em>Kiit\u00e4mme kaikkia lahjoittajia.<\/em><\/strong><\/p>\n","protected":false},"excerpt":{"rendered":"<p>Isommalla alueella puron molemmin puolin on rotarien istuttamia alppiruusuja Perinteeksi on muodostunut, ett\u00e4 jokainen presidentti kautensa p\u00e4\u00e4tteeksi istuttaa oman alppiruusun puistoon. N\u00e4m\u00e4 alppiruusut ovat puiston polun Kurikantien ja Reinikantien puoleisella osalla molemmin puolin puroa. Kyltiss\u00e4, joka on kasvin juurella, on alppiruusun lajikenimi ja istuttaneen presidentin nimi. T\u00e4ll\u00e4 alueella on my\u00f6s Rotarypiirin ja kuvern\u00f6\u00f6rien Venanzia Rizzin [&hellip;]<\/p>\n","protected":false},"author":306,"featured_media":0,"parent":15,"menu_order":0,"comment_status":"closed","ping_status":"closed","template":"","meta":{"_acf_changed":false,"_et_pb_use_builder":"","_et_pb_old_content":"","_et_gb_content_width":"","footnotes":""},"class_list":["post-2201","page","type-page","status-publish","hentry"],"acf":[],"yoast_head":"<!-- This site is optimized with the Yoast SEO plugin v27.4 - https:\/\/yoast.com\/product\/yoast-seo-wordpress\/ -->\n<title>Lyhyt tietoisku Kurikan Rotarypuiston alppiruusuista. - Kurikan Rotaryklubi<\/title>\n<meta name=\"robots\" content=\"index, follow, max-snippet:-1, max-image-preview:large, max-video-preview:-1\" \/>\n<link rel=\"canonical\" href=\"https:\/\/rotary.fi\/kurikka\/etusivu\/rotarypuisto-esittely\/\" \/>\n<meta property=\"og:locale\" content=\"fi_FI\" \/>\n<meta property=\"og:type\" content=\"article\" \/>\n<meta property=\"og:title\" content=\"Lyhyt tietoisku Kurikan Rotarypuiston alppiruusuista. - Kurikan Rotaryklubi\" \/>\n<meta property=\"og:description\" content=\"Isommalla alueella puron molemmin puolin on rotarien istuttamia alppiruusuja Perinteeksi on muodostunut, ett\u00e4 jokainen presidentti kautensa p\u00e4\u00e4tteeksi istuttaa oman alppiruusun puistoon. N\u00e4m\u00e4 alppiruusut ovat puiston polun Kurikantien ja Reinikantien puoleisella osalla molemmin puolin puroa. Kyltiss\u00e4, joka on kasvin juurella, on alppiruusun lajikenimi ja istuttaneen presidentin nimi. T\u00e4ll\u00e4 alueella on my\u00f6s Rotarypiirin ja kuvern\u00f6\u00f6rien Venanzia Rizzin [&hellip;]\" \/>\n<meta property=\"og:url\" content=\"https:\/\/rotary.fi\/kurikka\/etusivu\/rotarypuisto-esittely\/\" \/>\n<meta property=\"og:site_name\" content=\"Kurikan Rotaryklubi\" \/>\n<meta property=\"article:modified_time\" content=\"2023-06-12T07:37:26+00:00\" \/>\n<meta name=\"twitter:card\" content=\"summary_large_image\" \/>\n<meta name=\"twitter:label1\" content=\"Arvioitu lukuaika\" \/>\n\t<meta name=\"twitter:data1\" content=\"2 minuuttia\" \/>\n<script type=\"application\/ld+json\" class=\"yoast-schema-graph\">{\"@context\":\"https:\\\/\\\/schema.org\",\"@graph\":[{\"@type\":\"WebPage\",\"@id\":\"https:\\\/\\\/rotary.fi\\\/kurikka\\\/etusivu\\\/rotarypuisto-esittely\\\/\",\"url\":\"https:\\\/\\\/rotary.fi\\\/kurikka\\\/etusivu\\\/rotarypuisto-esittely\\\/\",\"name\":\"Lyhyt tietoisku Kurikan Rotarypuiston alppiruusuista. - Kurikan Rotaryklubi\",\"isPartOf\":{\"@id\":\"https:\\\/\\\/rotary.fi\\\/kurikka\\\/#website\"},\"datePublished\":\"2023-05-11T10:53:34+00:00\",\"dateModified\":\"2023-06-12T07:37:26+00:00\",\"breadcrumb\":{\"@id\":\"https:\\\/\\\/rotary.fi\\\/kurikka\\\/etusivu\\\/rotarypuisto-esittely\\\/#breadcrumb\"},\"inLanguage\":\"fi\",\"potentialAction\":[{\"@type\":\"ReadAction\",\"target\":[\"https:\\\/\\\/rotary.fi\\\/kurikka\\\/etusivu\\\/rotarypuisto-esittely\\\/\"]}]},{\"@type\":\"BreadcrumbList\",\"@id\":\"https:\\\/\\\/rotary.fi\\\/kurikka\\\/etusivu\\\/rotarypuisto-esittely\\\/#breadcrumb\",\"itemListElement\":[{\"@type\":\"ListItem\",\"position\":1,\"name\":\"Home\",\"item\":\"https:\\\/\\\/rotary.fi\\\/kurikka\\\/\"},{\"@type\":\"ListItem\",\"position\":2,\"name\":\"Etusivu\",\"item\":\"https:\\\/\\\/rotary.fi\\\/kurikka\\\/\"},{\"@type\":\"ListItem\",\"position\":3,\"name\":\"Lyhyt tietoisku Kurikan Rotarypuiston alppiruusuista.\"}]},{\"@type\":\"WebSite\",\"@id\":\"https:\\\/\\\/rotary.fi\\\/kurikka\\\/#website\",\"url\":\"https:\\\/\\\/rotary.fi\\\/kurikka\\\/\",\"name\":\"Kurikan Rotaryklubi\",\"description\":\"Uusi Rotary klubisivusto\",\"potentialAction\":[{\"@type\":\"SearchAction\",\"target\":{\"@type\":\"EntryPoint\",\"urlTemplate\":\"https:\\\/\\\/rotary.fi\\\/kurikka\\\/?s={search_term_string}\"},\"query-input\":{\"@type\":\"PropertyValueSpecification\",\"valueRequired\":true,\"valueName\":\"search_term_string\"}}],\"inLanguage\":\"fi\"}]}<\/script>\n<!-- \/ Yoast SEO plugin. -->","yoast_head_json":{"title":"Lyhyt tietoisku Kurikan Rotarypuiston alppiruusuista. - Kurikan Rotaryklubi","robots":{"index":"index","follow":"follow","max-snippet":"max-snippet:-1","max-image-preview":"max-image-preview:large","max-video-preview":"max-video-preview:-1"},"canonical":"https:\/\/rotary.fi\/kurikka\/etusivu\/rotarypuisto-esittely\/","og_locale":"fi_FI","og_type":"article","og_title":"Lyhyt tietoisku Kurikan Rotarypuiston alppiruusuista. - Kurikan Rotaryklubi","og_description":"Isommalla alueella puron molemmin puolin on rotarien istuttamia alppiruusuja Perinteeksi on muodostunut, ett\u00e4 jokainen presidentti kautensa p\u00e4\u00e4tteeksi istuttaa oman alppiruusun puistoon. N\u00e4m\u00e4 alppiruusut ovat puiston polun Kurikantien ja Reinikantien puoleisella osalla molemmin puolin puroa. Kyltiss\u00e4, joka on kasvin juurella, on alppiruusun lajikenimi ja istuttaneen presidentin nimi. T\u00e4ll\u00e4 alueella on my\u00f6s Rotarypiirin ja kuvern\u00f6\u00f6rien Venanzia Rizzin [&hellip;]","og_url":"https:\/\/rotary.fi\/kurikka\/etusivu\/rotarypuisto-esittely\/","og_site_name":"Kurikan Rotaryklubi","article_modified_time":"2023-06-12T07:37:26+00:00","twitter_card":"summary_large_image","twitter_misc":{"Arvioitu lukuaika":"2 minuuttia"},"schema":{"@context":"https:\/\/schema.org","@graph":[{"@type":"WebPage","@id":"https:\/\/rotary.fi\/kurikka\/etusivu\/rotarypuisto-esittely\/","url":"https:\/\/rotary.fi\/kurikka\/etusivu\/rotarypuisto-esittely\/","name":"Lyhyt tietoisku Kurikan Rotarypuiston alppiruusuista. - Kurikan Rotaryklubi","isPartOf":{"@id":"https:\/\/rotary.fi\/kurikka\/#website"},"datePublished":"2023-05-11T10:53:34+00:00","dateModified":"2023-06-12T07:37:26+00:00","breadcrumb":{"@id":"https:\/\/rotary.fi\/kurikka\/etusivu\/rotarypuisto-esittely\/#breadcrumb"},"inLanguage":"fi","potentialAction":[{"@type":"ReadAction","target":["https:\/\/rotary.fi\/kurikka\/etusivu\/rotarypuisto-esittely\/"]}]},{"@type":"BreadcrumbList","@id":"https:\/\/rotary.fi\/kurikka\/etusivu\/rotarypuisto-esittely\/#breadcrumb","itemListElement":[{"@type":"ListItem","position":1,"name":"Home","item":"https:\/\/rotary.fi\/kurikka\/"},{"@type":"ListItem","position":2,"name":"Etusivu","item":"https:\/\/rotary.fi\/kurikka\/"},{"@type":"ListItem","position":3,"name":"Lyhyt tietoisku Kurikan Rotarypuiston alppiruusuista."}]},{"@type":"WebSite","@id":"https:\/\/rotary.fi\/kurikka\/#website","url":"https:\/\/rotary.fi\/kurikka\/","name":"Kurikan Rotaryklubi","description":"Uusi Rotary klubisivusto","potentialAction":[{"@type":"SearchAction","target":{"@type":"EntryPoint","urlTemplate":"https:\/\/rotary.fi\/kurikka\/?s={search_term_string}"},"query-input":{"@type":"PropertyValueSpecification","valueRequired":true,"valueName":"search_term_string"}}],"inLanguage":"fi"}]}},"lang":"fi","translations":{"fi":2201},"pll_sync_post":[],"_links":{"self":[{"href":"https:\/\/rotary.fi\/kurikka\/wp-json\/wp\/v2\/pages\/2201","targetHints":{"allow":["GET"]}}],"collection":[{"href":"https:\/\/rotary.fi\/kurikka\/wp-json\/wp\/v2\/pages"}],"about":[{"href":"https:\/\/rotary.fi\/kurikka\/wp-json\/wp\/v2\/types\/page"}],"author":[{"embeddable":true,"href":"https:\/\/rotary.fi\/kurikka\/wp-json\/wp\/v2\/users\/306"}],"replies":[{"embeddable":true,"href":"https:\/\/rotary.fi\/kurikka\/wp-json\/wp\/v2\/comments?post=2201"}],"version-history":[{"count":3,"href":"https:\/\/rotary.fi\/kurikka\/wp-json\/wp\/v2\/pages\/2201\/revisions"}],"predecessor-version":[{"id":2206,"href":"https:\/\/rotary.fi\/kurikka\/wp-json\/wp\/v2\/pages\/2201\/revisions\/2206"}],"up":[{"embeddable":true,"href":"https:\/\/rotary.fi\/kurikka\/wp-json\/wp\/v2\/pages\/15"}],"wp:attachment":[{"href":"https:\/\/rotary.fi\/kurikka\/wp-json\/wp\/v2\/media?parent=2201"}],"curies":[{"name":"wp","href":"https:\/\/api.w.org\/{rel}","templated":true}]}}