{"id":94,"date":"2018-08-09T15:14:30","date_gmt":"2018-08-09T12:14:30","guid":{"rendered":"https:\/\/rotary.fi\/klubi2\/?page_id=94"},"modified":"2019-03-19T13:18:27","modified_gmt":"2019-03-19T11:18:27","slug":"ajankohtaista","status":"publish","type":"page","link":"https:\/\/rotary.fi\/kristiinankaupunki\/ajankohtaista\/","title":{"rendered":"Ajankohtaista"},"content":{"rendered":"<p>[et_pb_section bb_built=&#8221;1&#8243; _builder_version=&#8221;3.4.1&#8243; background_image=&#8221;https:\/\/rotary.fi\/wp-content\/uploads\/2018\/02\/paakuva-sisasivu1.jpg&#8221; next_background_color=&#8221;#ffffff&#8221; module_class=&#8221;jumbotron-page&#8221;][et_pb_row][et_pb_column type=&#8221;4_4&#8243;][et_pb_text admin_label=&#8221;P\u00e4\u00e4otsikko&#8221; _builder_version=&#8221;3.4.1&#8243; text_orientation=&#8221;center&#8221; background_layout=&#8221;dark&#8221;]<\/p>\n<h1>Ajankohtaista<\/h1>\n<p>[\/et_pb_text][\/et_pb_column][\/et_pb_row][\/et_pb_section][et_pb_section bb_built=&#8221;1&#8243; specialty=&#8221;on&#8221; prev_background_color=&#8221;#000000&#8243; _builder_version=&#8221;3.4.1&#8243; module_class_2=&#8221;sivupalkki&#8221; locked=&#8221;on&#8221;][et_pb_column type=&#8221;2_3&#8243; specialty_columns=&#8221;2&#8243;][et_pb_row_inner admin_label=&#8221;Rivi&#8221; locked=&#8221;on&#8221; parent_locked=&#8221;on&#8221;][et_pb_column_inner type=&#8221;4_4&#8243; saved_specialty_column_type=&#8221;2_3&#8243;][et_pb_text admin_label=&#8221;Otsikko&#8221; _builder_version=&#8221;3.4.1&#8243; text_orientation=&#8221;center&#8221; parent_locked=&#8221;on&#8221;]<\/p>\n<h1>Ajankohtaista<\/h1>\n<p>[\/et_pb_text][et_pb_code admin_label=&#8221;Ajankohtaisten listaus&#8221; _builder_version=&#8221;3.17.6&#8243; module_class=&#8221;kaikki_ajankohtaiset&#8221; parent_locked=&#8221;on&#8221;]<ul class=\"display-posts-listing\"><li class=\"listing-item\"><a class=\"title\" href=\"https:\/\/rotary.fi\/kristiinankaupunki\/sv\/ajankohtaiset\/presidenten-gratulerade-kauhajoki-rotary-klubb\/\">Presidenten gratulerade Kauhajoki rotary klubb.<\/a> <span class=\"date\">25.3. 2025<\/span><\/li><li class=\"listing-item\"><a class=\"title\" href=\"https:\/\/rotary.fi\/kristiinankaupunki\/sv\/ajankohtaiset\/ny-medlem-till-kristina-rotary-klub\/\">Ny medlem till Kristina Rotary klubb<\/a> <span class=\"date\">25.3. 2025<\/span><\/li><li class=\"listing-item\"><a class=\"title\" href=\"https:\/\/rotary.fi\/kristiinankaupunki\/ajankohtaiset\/presidentti-onnitteli-kauhajoen-rotaryklubia\/\">Presidentti onnitteli Kauhajoen Rotaryklubia.<\/a> <span class=\"date\">25.3. 2025<\/span><\/li><li class=\"listing-item\"><a class=\"title\" href=\"https:\/\/rotary.fi\/kristiinankaupunki\/ajankohtaiset\/klubi-sai-uuden-jasenen\/\">Klubi sai uuden j\u00e4senen<\/a> <span class=\"date\">25.3. 2025<\/span><\/li><li class=\"listing-item\"><a class=\"title\" href=\"https:\/\/rotary.fi\/kristiinankaupunki\/ajankohtaiset\/vanha-kuva-rotareista\/\">Vanha kuva rotareista<\/a> <span class=\"date\">18.11. 2024<\/span><\/li><li class=\"listing-item\"><a class=\"title\" href=\"https:\/\/rotary.fi\/kristiinankaupunki\/sv\/ajankohtaiset\/broder-dennis-berattade-om-sin-bok\/\">Br\u00f6der Dennis ber\u00e4ttade om sin bok<\/a> <span class=\"date\">18.11. 2024<\/span><\/li><li class=\"listing-item\"><a class=\"title\" href=\"https:\/\/rotary.fi\/kristiinankaupunki\/sv\/ajankohtaiset\/broder-haavi-berattade-om-det-hurdant-var-kristinestad-pa-1950-talet\/\">Br\u00f6der Haavi ber\u00e4ttade om det hurdant var Kristinestad p\u00e5 1950-talet.<\/a> <span class=\"date\">18.11. 2024<\/span><\/li><li class=\"listing-item\"><a class=\"title\" href=\"https:\/\/rotary.fi\/kristiinankaupunki\/ajankohtaiset\/uudet-jasenet-saivat-rotary-rintamerkin\/\">Uudet j\u00e4senet saivat Rotary rintamerkin<\/a> <span class=\"date\">18.11. 2024<\/span><\/li><li class=\"listing-item\"><a class=\"title\" href=\"https:\/\/rotary.fi\/kristiinankaupunki\/sv\/ajankohtaiset\/vanha-kuva\/\">Gammal bild av br\u00f6der<\/a> <span class=\"date\">18.11. 2024<\/span><\/li><li class=\"listing-item\"><a class=\"title\" href=\"https:\/\/rotary.fi\/kristiinankaupunki\/sv\/ajankohtaiset\/uudet-jasenet-saivat-rintamerkin\/\">Nya medlemmar fick Rotary m\u00e4rken.<\/a> <span class=\"date\">18.11. 2024<\/span><\/li><li class=\"listing-item\"><a class=\"title\" href=\"https:\/\/rotary.fi\/kristiinankaupunki\/ajankohtaiset\/veli-dennis-esitteli-uutta-kirjaansa\/\">Veli Dennis esitteli uutta kirjaansa.<\/a> <span class=\"date\">18.11. 2024<\/span><\/li><li class=\"listing-item\"><a class=\"title\" href=\"https:\/\/rotary.fi\/kristiinankaupunki\/ajankohtaiset\/veli-haavi-kertoi-siita-milta-kristiinankaupunki-naytti-1950-luvulla\/\">Veli Haavi kertoi siit\u00e4, milt\u00e4 Kristiinankaupunki n\u00e4ytti 1950-luvulla<\/a> <span class=\"date\">18.11. 2024<\/span><\/li><li class=\"listing-item\"><a class=\"title\" href=\"https:\/\/rotary.fi\/kristiinankaupunki\/sv\/ajankohtaiset\/heli-nevala-besokte-i-klubbens-veckomote\/\">Heli Nevala bes\u00f6kte i klubbens veckom\u00f6te.<\/a> <span class=\"date\">7.10. 2024<\/span><\/li><li class=\"listing-item\"><a class=\"title\" href=\"https:\/\/rotary.fi\/kristiinankaupunki\/ajankohtaiset\/heli-nevala-vieraili-klubin-viikkokokouksessa\/\">Heli Nevala vieraili klubin viikkokokouksessa<\/a> <span class=\"date\">7.10. 2024<\/span><\/li><li class=\"listing-item\"><a class=\"title\" href=\"https:\/\/rotary.fi\/kristiinankaupunki\/sv\/ajankohtaiset\/guvernor-besokte-i-klubbmote\/\">Guvern\u00f6r bes\u00f6kte i klubbm\u00f6te<\/a> <span class=\"date\">29.9. 2024<\/span><\/li><li class=\"listing-item\"><a class=\"title\" href=\"https:\/\/rotary.fi\/kristiinankaupunki\/ajankohtaiset\/kuvernoori-vieraili-kokouksessa\/\">Kuvern\u00f6\u00f6ri vieraili kokouksessa<\/a> <span class=\"date\">29.9. 2024<\/span><\/li><li class=\"listing-item\"><a class=\"title\" href=\"https:\/\/rotary.fi\/kristiinankaupunki\/sv\/ajankohtaiset\/klubben-besokte-i-skaftung-hos-tuomo\/\">Klubben bes\u00f6kte i Skaftung hos Tuomo<\/a> <span class=\"date\">15.9. 2024<\/span><\/li><li class=\"listing-item\"><a class=\"title\" href=\"https:\/\/rotary.fi\/kristiinankaupunki\/sv\/ajankohtaiset\/klubben-samlades-i-hotel-kristina\/\">Klubben samlades i Hotel Kristina<\/a> <span class=\"date\">15.9. 2024<\/span><\/li><li class=\"listing-item\"><a class=\"title\" href=\"https:\/\/rotary.fi\/kristiinankaupunki\/ajankohtaiset\/klubi-kokoontui-veli-tapion-luona-skaftungissa\/\">Viikkokokous veli Tuomon luona Skaftungissa<\/a> <span class=\"date\">15.9. 2024<\/span><\/li><li class=\"listing-item\"><a class=\"title\" href=\"https:\/\/rotary.fi\/kristiinankaupunki\/ajankohtaiset\/klubi-kokoontui-20-8-2024-hotelli-kristiinassa\/\">Klubi kokoontui 20.8.2024 Hotelli Kristiinassa<\/a> <span class=\"date\">2.9. 2024<\/span><\/li><li class=\"listing-item\"><a class=\"title\" href=\"https:\/\/rotary.fi\/kristiinankaupunki\/ajankohtaiset\/sven-rosendahl-sai-arvomerkin\/\">Sven Rosendahl sai arvomerkin kiitokseksi k\u00e4\u00e4nn\u00f6sty\u00f6st\u00e4\u00e4n.<\/a> <span class=\"date\">19.5. 2022<\/span><\/li><li class=\"listing-item\"><a class=\"title\" href=\"https:\/\/rotary.fi\/kristiinankaupunki\/sv\/ajankohtaiset\/broder-sven-fick-en-utmarkelse-for-sitt-oversattningsarbete\/\">Broder Sven fick en utm\u00e4rkelse f\u00f6r sitt \u00f6vers\u00e4ttningsarbete.<\/a> <span class=\"date\">18.5. 2022<\/span><\/li><li class=\"listing-item\"><a class=\"title\" href=\"https:\/\/rotary.fi\/kristiinankaupunki\/sv\/ajankohtaiset\/kaido-kotkas-besokte-i-klubbmote-och-berattade-om-sitt-projekt-med-ambulanser-till-ukraina-klubben-har-donerat-pengar-till-detta-andamal\/\">Kaido Kotkas bes\u00f6kte i klubbm\u00f6te och ber\u00e4ttade om sitt projekt med ambulanser till Ukraina. Klubben har donerat pengar till detta \u00e4ndam\u00e5l.<\/a> <span class=\"date\">4.5. 2022<\/span><\/li><li class=\"listing-item\"><a class=\"title\" href=\"https:\/\/rotary.fi\/kristiinankaupunki\/ajankohtaiset\/kaido-kotkas-vieraili-klubimme-kokouksessa-ja-kertoi-ambulanssi-hankkeestaan\/\">Kaido Kotkas vieraili klubimme kokouksessa ja kertoi ambulanssi hankkeestaan.<\/a> <span class=\"date\">4.5. 2022<\/span><\/li><li class=\"listing-item\"><a class=\"title\" href=\"https:\/\/rotary.fi\/kristiinankaupunki\/sv\/ajankohtaiset\/video-klubin-jouluisesta-kokouksesta-15-12-20-jossa-sven-rosendahl-ja-lasse-vilkevuori-musisoivat\/\">Video klubin jouluisesta kokouksesta 15.12.20. Jossa Sven Rosendahl ja Lasse Vilkevuori musisoivat<\/a> <span class=\"date\">17.12. 2020<\/span><\/li><li class=\"listing-item\"><a class=\"title\" href=\"https:\/\/rotary.fi\/kristiinankaupunki\/ajankohtaiset\/video-klubin-jouluisesta-kokouksesta-15-12-20-jossa-sven-rosendahl-ja-lasse-vilkevuori-musisoivat\/\">Video klubin jouluisesta kokouksesta 15.12.20. Jossa Sven Rosendahl ja Lasse Vilkevuori musisoivat<\/a> <span class=\"date\">17.12. 2020<\/span><\/li><li class=\"listing-item\"><a class=\"title\" href=\"https:\/\/rotary.fi\/kristiinankaupunki\/ajankohtaiset\/rotaryklubiimme-liitettiin-uusi-jasen-timo-rissanen\/\">Rotaryklubiimme liitettiin uusi j\u00e4sen Timo Rissanen<\/a> <span class=\"date\">10.3. 2020<\/span><\/li><li class=\"listing-item\"><a class=\"title\" href=\"https:\/\/rotary.fi\/kristiinankaupunki\/ajankohtaiset\/suupohjan-sanomien-uusi-paatoimittaja-lotta-kallio-vierailija-viikkokokouksessa\/\">Suupohjan sanomien uusi p\u00e4\u00e4toimittaja Lotta Kallio vierailija viikkokokouksessa<\/a> <span class=\"date\">10.3. 2020<\/span><\/li><li class=\"listing-item\"><a class=\"title\" href=\"https:\/\/rotary.fi\/kristiinankaupunki\/sv\/ajankohtaiset\/suupohjan-sanomien-uusi-paatoimittaja-lotta-kallio-vierailija-viikkokokouksessa\/\">Suupohjan sanomien uusi p\u00e4\u00e4toimittaja Lotta Kallio vierailija viikkokokouksessa<\/a> <span class=\"date\">10.3. 2020<\/span><\/li><li class=\"listing-item\"><a class=\"title\" href=\"https:\/\/rotary.fi\/kristiinankaupunki\/sv\/ajankohtaiset\/veli-patrikin-esitelma-rotarykokouksessa\/\">Veli Patrikin esitelm\u00e4 Rotarykokouksessa<\/a> <span class=\"date\">10.3. 2020<\/span><\/li><li class=\"listing-item\"><a class=\"title\" href=\"https:\/\/rotary.fi\/kristiinankaupunki\/ajankohtaiset\/veli-patrikin-esitelma-rotarykokouksessa\/\">Veli Patrikin esitelm\u00e4 Rotarykokouksessa<\/a> <span class=\"date\">10.3. 2020<\/span><\/li><li class=\"listing-item\"><a class=\"title\" href=\"https:\/\/rotary.fi\/kristiinankaupunki\/sv\/ajankohtaiset\/veli-kalevin-alustus-rotary-kokouksessa\/\">Veli Kalevin alustus Rotary kokouksessa<\/a> <span class=\"date\">10.3. 2020<\/span><\/li><li class=\"listing-item\"><a class=\"title\" href=\"https:\/\/rotary.fi\/kristiinankaupunki\/ajankohtaiset\/veli-kalevin-alustus-rotary-kokouksessa\/\">Veli Kalevin alustus Rotary kokouksessa<\/a> <span class=\"date\">10.3. 2020<\/span><\/li><li class=\"listing-item\"><a class=\"title\" href=\"https:\/\/rotary.fi\/kristiinankaupunki\/sv\/ajankohtaiset\/pdg-mauri-paunikallios-foredrag-i-rotary-veckomote\/\">PDG Mauri Paunikallios f\u00f6redrag vid Rotary veckom\u00f6te<\/a> <span class=\"date\">13.2. 2020<\/span><\/li><li class=\"listing-item\"><a class=\"title\" href=\"https:\/\/rotary.fi\/kristiinankaupunki\/ajankohtaiset\/1988\/\">PDG Mauri Paunikallion esitelm\u00e4 Rotarykokouksessa 11.02.2020<\/a> <span class=\"date\">11.2. 2020<\/span><\/li><li class=\"listing-item\"><a class=\"title\" href=\"https:\/\/rotary.fi\/kristiinankaupunki\/sv\/ajankohtaiset\/ny-president-borjade\/\">Ny president tilltr\u00e4dde.<\/a> <span class=\"date\">3.10. 2019<\/span><\/li><li class=\"listing-item\"><a class=\"title\" href=\"https:\/\/rotary.fi\/kristiinankaupunki\/sv\/ajankohtaiset\/guvernor-arja-rantanen-besokte\/\">Guvern\u00f6r Arja Rantanen p\u00e5 bes\u00f6k.<\/a> <span class=\"date\">3.10. 2019<\/span><\/li><li class=\"listing-item\"><a class=\"title\" href=\"https:\/\/rotary.fi\/kristiinankaupunki\/sv\/ajankohtaiset\/talkoarbete-i-carlsro\/\">Talkoarbete vid Carlsro<\/a> <span class=\"date\">3.10. 2019<\/span><\/li><li class=\"listing-item\"><a class=\"title\" href=\"https:\/\/rotary.fi\/kristiinankaupunki\/sv\/ajankohtaiset\/stadsdirektor-mila-segerwall-besokte\/\">Stadsdirekt\u00f6r Mila Segerwall p\u00e5 bes\u00f6k.<\/a> <span class=\"date\">3.10. 2019<\/span><\/li><li class=\"listing-item\"><a class=\"title\" href=\"https:\/\/rotary.fi\/kristiinankaupunki\/ajankohtaiset\/kaupunginjohtaja-vieraili-viikkokokouksessa\/\">Kaupunginjohtaja vieraili viikkokokouksessa<\/a> <span class=\"date\">2.10. 2019<\/span><\/li><li class=\"listing-item\"><a class=\"title\" href=\"https:\/\/rotary.fi\/kristiinankaupunki\/ajankohtaiset\/talkoissa-carlrossa\/\">Talkoissa Carlrossa<\/a> <span class=\"date\">30.9. 2019<\/span><\/li><li class=\"listing-item\"><a class=\"title\" href=\"https:\/\/rotary.fi\/kristiinankaupunki\/presidentin_uutiset\/hyvaa-rotarysaation-kuukautta\/\">Hyv\u00e4\u00e4 Rotarys\u00e4\u00e4ti\u00f6n kuukautta!<\/a> <span class=\"date\">30.11. 2018<\/span><\/li><li class=\"listing-item\"><a class=\"title\" href=\"https:\/\/rotary.fi\/kristiinankaupunki\/sv\/presidentin_uutiset\/rotary-foundation-manaden\/\">Rotary Foundation-m\u00e5naden!<\/a> <span class=\"date\">30.11. 2018<\/span><\/li><li class=\"listing-item\"><a class=\"title\" href=\"https:\/\/rotary.fi\/kristiinankaupunki\/presidentin_uutiset\/suomen-rotarypalvelun-tuleva-hallitus-valittu\/\">Suomen Rotarypalvelun tuleva hallitus valittu<\/a> <span class=\"date\">25.11. 2018<\/span><\/li><li class=\"listing-item\"><a class=\"title\" href=\"https:\/\/rotary.fi\/kristiinankaupunki\/sv\/presidentin_uutiset\/den-kommande-styrelsen-for-finlands-rotary-ar-vald\/\">Den kommande styrelsen f\u00f6r Finlands Rotary \u00e4r vald<\/a> <span class=\"date\">25.11. 2018<\/span><\/li><li class=\"listing-item\"><a class=\"title\" href=\"https:\/\/rotary.fi\/kristiinankaupunki\/ajankohtaiset\/ja-viela-yksi-ajankohtainen-juttu\/\">Guvern\u00f6\u00f6ri Arja Rantanen vieraili klubimme kokouksessa<\/a> <span class=\"date\">8.8. 2018<\/span><\/li><li class=\"listing-item\"><a class=\"title\" href=\"https:\/\/rotary.fi\/kristiinankaupunki\/ajankohtaiset\/ajankohtainen-uutinen-vahan-pidemmalla-otsikolla\/\">Intercity kokous Kristiinankaupungissa ja ShelterBoxin esittely lauantaian 28.8.2019<\/a> <span class=\"date\">8.8. 2018<\/span><\/li><li class=\"listing-item\"><a class=\"title\" href=\"https:\/\/rotary.fi\/kristiinankaupunki\/ajankohtaiset\/testiartikkeli-ajankohtaisiin\/\">Hallituksen vaihtokokous oli 25.6.2019 Ravintola Paviksella<\/a> <span class=\"date\">8.8. 2018<\/span><\/li><\/ul>[\/et_pb_code][\/et_pb_column_inner][\/et_pb_row_inner][\/et_pb_column][et_pb_column type=&#8221;1_3&#8243;][et_pb_sidebar _builder_version=&#8221;3.4.1&#8243; area=&#8221;sidebar-1&#8243; module_class=&#8221;sivupalkki_sisalto&#8221; parent_locked=&#8221;on&#8221; \/][\/et_pb_column][\/et_pb_section]<\/p>\n","protected":false},"excerpt":{"rendered":"<p>[et_pb_section bb_built=&#8221;1&#8243; _builder_version=&#8221;3.4.1&#8243; background_image=&#8221;https:\/\/rotary.fi\/wp-content\/uploads\/2018\/02\/paakuva-sisasivu1.jpg&#8221; next_background_color=&#8221;#ffffff&#8221; module_class=&#8221;jumbotron-page&#8221;][et_pb_row][et_pb_column type=&#8221;4_4&#8243;][et_pb_text admin_label=&#8221;P\u00e4\u00e4otsikko&#8221; _builder_version=&#8221;3.4.1&#8243; text_orientation=&#8221;center&#8221; background_layout=&#8221;dark&#8221;] Ajankohtaista [\/et_pb_text][\/et_pb_column][\/et_pb_row][\/et_pb_section][et_pb_section bb_built=&#8221;1&#8243; specialty=&#8221;on&#8221; prev_background_color=&#8221;#000000&#8243; _builder_version=&#8221;3.4.1&#8243; module_class_2=&#8221;sivupalkki&#8221; locked=&#8221;on&#8221;][et_pb_column type=&#8221;2_3&#8243; specialty_columns=&#8221;2&#8243;][et_pb_row_inner admin_label=&#8221;Rivi&#8221; locked=&#8221;on&#8221; parent_locked=&#8221;on&#8221;][et_pb_column_inner type=&#8221;4_4&#8243; saved_specialty_column_type=&#8221;2_3&#8243;][et_pb_text admin_label=&#8221;Otsikko&#8221; _builder_version=&#8221;3.4.1&#8243; text_orientation=&#8221;center&#8221; parent_locked=&#8221;on&#8221;] Ajankohtaista [\/et_pb_text][et_pb_code admin_label=&#8221;Ajankohtaisten listaus&#8221; _builder_version=&#8221;3.17.6&#8243; module_class=&#8221;kaikki_ajankohtaiset&#8221; parent_locked=&#8221;on&#8221;][\/et_pb_code][\/et_pb_column_inner][\/et_pb_row_inner][\/et_pb_column][et_pb_column type=&#8221;1_3&#8243;][et_pb_sidebar _builder_version=&#8221;3.4.1&#8243; area=&#8221;sidebar-1&#8243; module_class=&#8221;sivupalkki_sisalto&#8221; parent_locked=&#8221;on&#8221; \/][\/et_pb_column][\/et_pb_section]<\/p>\n","protected":false},"author":1,"featured_media":0,"parent":0,"menu_order":4,"comment_status":"closed","ping_status":"closed","template":"","meta":{"_acf_changed":false,"_et_pb_use_builder":"on","_et_pb_old_content":"","_et_gb_content_width":"","footnotes":""},"class_list":["post-94","page","type-page","status-publish","hentry"],"acf":[],"yoast_head":"<!-- This site is optimized with the Yoast SEO plugin v27.4 - https:\/\/yoast.com\/product\/yoast-seo-wordpress\/ -->\n<title>Ajankohtaista - Kristinestads Rotaryklubb - Kristiinankaupungin Rotaryklubi<\/title>\n<meta name=\"robots\" content=\"index, follow, max-snippet:-1, max-image-preview:large, max-video-preview:-1\" \/>\n<link rel=\"canonical\" href=\"https:\/\/rotary.fi\/kristiinankaupunki\/ajankohtaista\/\" \/>\n<meta property=\"og:locale\" content=\"fi_FI\" \/>\n<meta property=\"og:type\" content=\"article\" \/>\n<meta property=\"og:title\" content=\"Ajankohtaista - Kristinestads Rotaryklubb - Kristiinankaupungin Rotaryklubi\" \/>\n<meta property=\"og:description\" content=\"[et_pb_section bb_built=&#8221;1&#8243; _builder_version=&#8221;3.4.1&#8243; background_image=&#8221;https:\/\/rotary.fi\/wp-content\/uploads\/2018\/02\/paakuva-sisasivu1.jpg&#8221; next_background_color=&#8221;#ffffff&#8221; module_class=&#8221;jumbotron-page&#8221;][et_pb_row][et_pb_column type=&#8221;4_4&#8243;][et_pb_text admin_label=&#8221;P\u00e4\u00e4otsikko&#8221; _builder_version=&#8221;3.4.1&#8243; text_orientation=&#8221;center&#8221; background_layout=&#8221;dark&#8221;] Ajankohtaista [\/et_pb_text][\/et_pb_column][\/et_pb_row][\/et_pb_section][et_pb_section bb_built=&#8221;1&#8243; specialty=&#8221;on&#8221; prev_background_color=&#8221;#000000&#8243; _builder_version=&#8221;3.4.1&#8243; module_class_2=&#8221;sivupalkki&#8221; locked=&#8221;on&#8221;][et_pb_column type=&#8221;2_3&#8243; specialty_columns=&#8221;2&#8243;][et_pb_row_inner admin_label=&#8221;Rivi&#8221; locked=&#8221;on&#8221; parent_locked=&#8221;on&#8221;][et_pb_column_inner type=&#8221;4_4&#8243; saved_specialty_column_type=&#8221;2_3&#8243;][et_pb_text admin_label=&#8221;Otsikko&#8221; _builder_version=&#8221;3.4.1&#8243; text_orientation=&#8221;center&#8221; parent_locked=&#8221;on&#8221;] Ajankohtaista [\/et_pb_text][et_pb_code admin_label=&#8221;Ajankohtaisten listaus&#8221; _builder_version=&#8221;3.17.6&#8243; module_class=&#8221;kaikki_ajankohtaiset&#8221; parent_locked=&#8221;on&#8221;][\/et_pb_code][\/et_pb_column_inner][\/et_pb_row_inner][\/et_pb_column][et_pb_column type=&#8221;1_3&#8243;][et_pb_sidebar _builder_version=&#8221;3.4.1&#8243; area=&#8221;sidebar-1&#8243; module_class=&#8221;sivupalkki_sisalto&#8221; parent_locked=&#8221;on&#8221; \/][\/et_pb_column][\/et_pb_section]\" \/>\n<meta property=\"og:url\" content=\"https:\/\/rotary.fi\/kristiinankaupunki\/ajankohtaista\/\" \/>\n<meta property=\"og:site_name\" content=\"Kristinestads Rotaryklubb - Kristiinankaupungin Rotaryklubi\" \/>\n<meta property=\"article:modified_time\" content=\"2019-03-19T11:18:27+00:00\" \/>\n<meta name=\"twitter:card\" content=\"summary_large_image\" \/>\n<meta name=\"twitter:label1\" content=\"Arvioitu lukuaika\" \/>\n\t<meta name=\"twitter:data1\" content=\"1 minuutti\" \/>\n<script type=\"application\/ld+json\" class=\"yoast-schema-graph\">{\"@context\":\"https:\\\/\\\/schema.org\",\"@graph\":[{\"@type\":\"WebPage\",\"@id\":\"https:\\\/\\\/rotary.fi\\\/kristiinankaupunki\\\/ajankohtaista\\\/\",\"url\":\"https:\\\/\\\/rotary.fi\\\/kristiinankaupunki\\\/ajankohtaista\\\/\",\"name\":\"Ajankohtaista - Kristinestads Rotaryklubb - Kristiinankaupungin Rotaryklubi\",\"isPartOf\":{\"@id\":\"https:\\\/\\\/rotary.fi\\\/kristiinankaupunki\\\/#website\"},\"datePublished\":\"2018-08-09T12:14:30+00:00\",\"dateModified\":\"2019-03-19T11:18:27+00:00\",\"breadcrumb\":{\"@id\":\"https:\\\/\\\/rotary.fi\\\/kristiinankaupunki\\\/ajankohtaista\\\/#breadcrumb\"},\"inLanguage\":\"fi\",\"potentialAction\":[{\"@type\":\"ReadAction\",\"target\":[\"https:\\\/\\\/rotary.fi\\\/kristiinankaupunki\\\/ajankohtaista\\\/\"]}]},{\"@type\":\"BreadcrumbList\",\"@id\":\"https:\\\/\\\/rotary.fi\\\/kristiinankaupunki\\\/ajankohtaista\\\/#breadcrumb\",\"itemListElement\":[{\"@type\":\"ListItem\",\"position\":1,\"name\":\"Home\",\"item\":\"https:\\\/\\\/rotary.fi\\\/kristiinankaupunki\\\/\"},{\"@type\":\"ListItem\",\"position\":2,\"name\":\"Ajankohtaista\"}]},{\"@type\":\"WebSite\",\"@id\":\"https:\\\/\\\/rotary.fi\\\/kristiinankaupunki\\\/#website\",\"url\":\"https:\\\/\\\/rotary.fi\\\/kristiinankaupunki\\\/\",\"name\":\"Kristinestads Rotaryklubb - Kristiinankaupungin Rotaryklubi\",\"description\":\"Uusi Rotary klubisivusto\",\"potentialAction\":[{\"@type\":\"SearchAction\",\"target\":{\"@type\":\"EntryPoint\",\"urlTemplate\":\"https:\\\/\\\/rotary.fi\\\/kristiinankaupunki\\\/?s={search_term_string}\"},\"query-input\":{\"@type\":\"PropertyValueSpecification\",\"valueRequired\":true,\"valueName\":\"search_term_string\"}}],\"inLanguage\":\"fi\"}]}<\/script>\n<!-- \/ Yoast SEO plugin. -->","yoast_head_json":{"title":"Ajankohtaista - Kristinestads Rotaryklubb - Kristiinankaupungin Rotaryklubi","robots":{"index":"index","follow":"follow","max-snippet":"max-snippet:-1","max-image-preview":"max-image-preview:large","max-video-preview":"max-video-preview:-1"},"canonical":"https:\/\/rotary.fi\/kristiinankaupunki\/ajankohtaista\/","og_locale":"fi_FI","og_type":"article","og_title":"Ajankohtaista - Kristinestads Rotaryklubb - Kristiinankaupungin Rotaryklubi","og_description":"[et_pb_section bb_built=&#8221;1&#8243; _builder_version=&#8221;3.4.1&#8243; background_image=&#8221;https:\/\/rotary.fi\/wp-content\/uploads\/2018\/02\/paakuva-sisasivu1.jpg&#8221; next_background_color=&#8221;#ffffff&#8221; module_class=&#8221;jumbotron-page&#8221;][et_pb_row][et_pb_column type=&#8221;4_4&#8243;][et_pb_text admin_label=&#8221;P\u00e4\u00e4otsikko&#8221; _builder_version=&#8221;3.4.1&#8243; text_orientation=&#8221;center&#8221; background_layout=&#8221;dark&#8221;] Ajankohtaista [\/et_pb_text][\/et_pb_column][\/et_pb_row][\/et_pb_section][et_pb_section bb_built=&#8221;1&#8243; specialty=&#8221;on&#8221; prev_background_color=&#8221;#000000&#8243; _builder_version=&#8221;3.4.1&#8243; module_class_2=&#8221;sivupalkki&#8221; locked=&#8221;on&#8221;][et_pb_column type=&#8221;2_3&#8243; specialty_columns=&#8221;2&#8243;][et_pb_row_inner admin_label=&#8221;Rivi&#8221; locked=&#8221;on&#8221; parent_locked=&#8221;on&#8221;][et_pb_column_inner type=&#8221;4_4&#8243; saved_specialty_column_type=&#8221;2_3&#8243;][et_pb_text admin_label=&#8221;Otsikko&#8221; _builder_version=&#8221;3.4.1&#8243; text_orientation=&#8221;center&#8221; parent_locked=&#8221;on&#8221;] Ajankohtaista [\/et_pb_text][et_pb_code admin_label=&#8221;Ajankohtaisten listaus&#8221; _builder_version=&#8221;3.17.6&#8243; module_class=&#8221;kaikki_ajankohtaiset&#8221; parent_locked=&#8221;on&#8221;][\/et_pb_code][\/et_pb_column_inner][\/et_pb_row_inner][\/et_pb_column][et_pb_column type=&#8221;1_3&#8243;][et_pb_sidebar _builder_version=&#8221;3.4.1&#8243; area=&#8221;sidebar-1&#8243; module_class=&#8221;sivupalkki_sisalto&#8221; parent_locked=&#8221;on&#8221; \/][\/et_pb_column][\/et_pb_section]","og_url":"https:\/\/rotary.fi\/kristiinankaupunki\/ajankohtaista\/","og_site_name":"Kristinestads Rotaryklubb - Kristiinankaupungin Rotaryklubi","article_modified_time":"2019-03-19T11:18:27+00:00","twitter_card":"summary_large_image","twitter_misc":{"Arvioitu lukuaika":"1 minuutti"},"schema":{"@context":"https:\/\/schema.org","@graph":[{"@type":"WebPage","@id":"https:\/\/rotary.fi\/kristiinankaupunki\/ajankohtaista\/","url":"https:\/\/rotary.fi\/kristiinankaupunki\/ajankohtaista\/","name":"Ajankohtaista - Kristinestads Rotaryklubb - Kristiinankaupungin Rotaryklubi","isPartOf":{"@id":"https:\/\/rotary.fi\/kristiinankaupunki\/#website"},"datePublished":"2018-08-09T12:14:30+00:00","dateModified":"2019-03-19T11:18:27+00:00","breadcrumb":{"@id":"https:\/\/rotary.fi\/kristiinankaupunki\/ajankohtaista\/#breadcrumb"},"inLanguage":"fi","potentialAction":[{"@type":"ReadAction","target":["https:\/\/rotary.fi\/kristiinankaupunki\/ajankohtaista\/"]}]},{"@type":"BreadcrumbList","@id":"https:\/\/rotary.fi\/kristiinankaupunki\/ajankohtaista\/#breadcrumb","itemListElement":[{"@type":"ListItem","position":1,"name":"Home","item":"https:\/\/rotary.fi\/kristiinankaupunki\/"},{"@type":"ListItem","position":2,"name":"Ajankohtaista"}]},{"@type":"WebSite","@id":"https:\/\/rotary.fi\/kristiinankaupunki\/#website","url":"https:\/\/rotary.fi\/kristiinankaupunki\/","name":"Kristinestads Rotaryklubb - Kristiinankaupungin Rotaryklubi","description":"Uusi Rotary klubisivusto","potentialAction":[{"@type":"SearchAction","target":{"@type":"EntryPoint","urlTemplate":"https:\/\/rotary.fi\/kristiinankaupunki\/?s={search_term_string}"},"query-input":{"@type":"PropertyValueSpecification","valueRequired":true,"valueName":"search_term_string"}}],"inLanguage":"fi"}]}},"lang":"fi","translations":{"fi":94,"sv":1657},"pll_sync_post":[],"_links":{"self":[{"href":"https:\/\/rotary.fi\/kristiinankaupunki\/wp-json\/wp\/v2\/pages\/94","targetHints":{"allow":["GET"]}}],"collection":[{"href":"https:\/\/rotary.fi\/kristiinankaupunki\/wp-json\/wp\/v2\/pages"}],"about":[{"href":"https:\/\/rotary.fi\/kristiinankaupunki\/wp-json\/wp\/v2\/types\/page"}],"author":[{"embeddable":true,"href":"https:\/\/rotary.fi\/kristiinankaupunki\/wp-json\/wp\/v2\/users\/1"}],"replies":[{"embeddable":true,"href":"https:\/\/rotary.fi\/kristiinankaupunki\/wp-json\/wp\/v2\/comments?post=94"}],"version-history":[{"count":6,"href":"https:\/\/rotary.fi\/kristiinankaupunki\/wp-json\/wp\/v2\/pages\/94\/revisions"}],"predecessor-version":[{"id":1332,"href":"https:\/\/rotary.fi\/kristiinankaupunki\/wp-json\/wp\/v2\/pages\/94\/revisions\/1332"}],"wp:attachment":[{"href":"https:\/\/rotary.fi\/kristiinankaupunki\/wp-json\/wp\/v2\/media?parent=94"}],"curies":[{"name":"wp","href":"https:\/\/api.w.org\/{rel}","templated":true}]}}