{"id":138,"date":"2018-08-10T14:01:44","date_gmt":"2018-08-10T11:01:44","guid":{"rendered":"https:\/\/rotary.fi\/klubi2\/?page_id=138"},"modified":"2025-03-27T08:36:16","modified_gmt":"2025-03-27T06:36:16","slug":"vuositeema","status":"publish","type":"page","link":"https:\/\/rotary.fi\/kotka-langinkoski\/keita-olemme\/vuositeema\/","title":{"rendered":"Vuositeema"},"content":{"rendered":"<p>[et_pb_section fb_built=&#8221;1&#8243; module_class=&#8221;jumbotron-page&#8221; _builder_version=&#8221;4.16&#8243; background_image=&#8221;https:\/\/rotary.fi\/kotkalanginkoski\/wp-content\/uploads\/sites\/146\/2018\/08\/rotary_klubit_alasivu_paakuva_7.jpg&#8221; global_colors_info=&#8221;{}&#8221;][et_pb_row _builder_version=&#8221;4.16&#8243; background_size=&#8221;initial&#8221; background_position=&#8221;top_left&#8221; background_repeat=&#8221;repeat&#8221; global_colors_info=&#8221;{}&#8221;][et_pb_column type=&#8221;4_4&#8243; _builder_version=&#8221;4.16&#8243; custom_padding=&#8221;|||&#8221; global_colors_info=&#8221;{}&#8221; custom_padding__hover=&#8221;|||&#8221;][et_pb_text admin_label=&#8221;P\u00e4\u00e4otsikko&#8221; _builder_version=&#8221;4.16&#8243; text_orientation=&#8221;center&#8221; background_layout=&#8221;dark&#8221; global_colors_info=&#8221;{}&#8221;]<\/p>\n<h1>Vuositeema<\/h1>\n<p>&nbsp;<\/p>\n<p>[\/et_pb_text][\/et_pb_column][\/et_pb_row][\/et_pb_section][et_pb_section fb_built=&#8221;1&#8243; specialty=&#8221;on&#8221; module_class_2=&#8221;sivupalkki&#8221; _builder_version=&#8221;4.16&#8243; global_colors_info=&#8221;{}&#8221;][et_pb_column type=&#8221;2_3&#8243; specialty_columns=&#8221;2&#8243; _builder_version=&#8221;4.16&#8243; custom_padding=&#8221;|||&#8221; global_colors_info=&#8221;{}&#8221; custom_padding__hover=&#8221;|||&#8221;][et_pb_row_inner column_structure=&#8221;1_4,1_4,1_4,1_4&#8243; admin_label=&#8221;Rivi&#8221; _builder_version=&#8221;4.16&#8243; min_height=&#8221;168.4px&#8221; global_colors_info=&#8221;{}&#8221;][et_pb_column_inner type=&#8221;1_4&#8243; saved_specialty_column_type=&#8221;2_3&#8243; _builder_version=&#8221;4.16&#8243; custom_padding=&#8221;|||&#8221; custom_css_main_element=&#8221;width:24%!important;&#8221; global_colors_info=&#8221;{}&#8221; custom_padding__hover=&#8221;|||&#8221;][\/et_pb_column_inner][et_pb_column_inner type=&#8221;1_4&#8243; saved_specialty_column_type=&#8221;2_3&#8243; _builder_version=&#8221;4.16&#8243; custom_padding=&#8221;|||&#8221; custom_css_main_element=&#8221;width:24%!important;&#8221; global_colors_info=&#8221;{}&#8221; custom_padding__hover=&#8221;|||&#8221;][\/et_pb_column_inner][et_pb_column_inner type=&#8221;1_4&#8243; saved_specialty_column_type=&#8221;2_3&#8243; _builder_version=&#8221;4.16&#8243; custom_padding=&#8221;|||&#8221; custom_css_main_element=&#8221;width:24%!important;&#8221; global_colors_info=&#8221;{}&#8221; custom_padding__hover=&#8221;|||&#8221;][\/et_pb_column_inner][et_pb_column_inner type=&#8221;1_4&#8243; saved_specialty_column_type=&#8221;2_3&#8243; _builder_version=&#8221;4.16&#8243; custom_padding=&#8221;|||&#8221; custom_css_main_element=&#8221;display:none;||width:0%!important;&#8221; global_colors_info=&#8221;{}&#8221; custom_padding__hover=&#8221;|||&#8221;][\/et_pb_column_inner][\/et_pb_row_inner][et_pb_row_inner admin_label=&#8221;Rivi&#8221; _builder_version=&#8221;4.16&#8243; global_colors_info=&#8221;{}&#8221;][et_pb_column_inner saved_specialty_column_type=&#8221;2_3&#8243; _builder_version=&#8221;4.16&#8243; custom_padding=&#8221;|||&#8221; global_colors_info=&#8221;{}&#8221; custom_padding__hover=&#8221;|||&#8221;][et_pb_text admin_label=&#8221;Rotary Internationalin vuositeema &#8211; Otsikko&#8221; _builder_version=&#8221;4.16&#8243; text_orientation=&#8221;center&#8221; global_colors_info=&#8221;{}&#8221;][\/et_pb_text][et_pb_text _builder_version=&#8221;4.20.4&#8243; custom_padding=&#8221;||37px|||&#8221; global_colors_info=&#8221;{}&#8221;][\/et_pb_text][\/et_pb_column_inner][\/et_pb_row_inner][et_pb_row_inner admin_label=&#8221;Rivi&#8221; _builder_version=&#8221;4.16&#8243; global_colors_info=&#8221;{}&#8221;][et_pb_column_inner saved_specialty_column_type=&#8221;2_3&#8243; _builder_version=&#8221;4.16&#8243; custom_padding=&#8221;|||&#8221; global_colors_info=&#8221;{}&#8221; custom_padding__hover=&#8221;|||&#8221;][et_pb_text admin_label=&#8221;Klubin vuositeema &#8211; Otsikko&#8221; _builder_version=&#8221;4.16&#8243; text_orientation=&#8221;center&#8221; global_colors_info=&#8221;{}&#8221;]<\/p>\n<h4><\/h4>\n<p>[\/et_pb_text][et_pb_text admin_label=&#8221;Teksti&#8221; _builder_version=&#8221;4.20.4&#8243; min_height=&#8221;179px&#8221; custom_padding=&#8221;||0px|||&#8221; global_colors_info=&#8221;{}&#8221;]<\/p>\n<h5><\/h5>\n<h5><\/h5>\n<h5><img loading=\"lazy\" decoding=\"async\" src=\"https:\/\/rotary.fi\/kuusankoski\/wp-content\/uploads\/sites\/40\/2024\/07\/nayttokuva-2024-07-20-202942-274x300.png\" width=\"222\" height=\"243\" style=\"float: right\" \/>Rotary Internationalin presidentti\u00a0<span>\u00a0<\/span><span>Stephanie Urchick\u00a0<\/span>on valinnut\u00a0 rotaryvuoden 2024-2025 teemaksi<span> t<\/span><strong>he magic of rotary<\/strong><span>\u00a0<\/span>\u2013 Rotaryn taika.\u00a0 H\u00e4n toivoo ett\u00e4 rotarit ty\u00f6skentelev\u00e4t rauhan ja henkisen hyvinvoinnin puolesta ja kehottaa rotareita keskustelemaan\u00a0 n\u00e4ist\u00e4 t\u00e4rkeist\u00e4 asioista tuomaan niit\u00e4 esiin rotaryvuoden aikana.<\/h5>\n<h5><\/h5>\n<h5><\/h5>\n<h5><\/h5>\n<h5><\/h5>\n<p><strong>Rotarin ohjenuorana oikeudenmukaisuus<\/strong><\/p>\n<p>Meit\u00e4 rotareita tarvitaan t\u00e4ss\u00e4 maailmassa ja meit\u00e4 tarvitaan my\u00f6skin lis\u00e4\u00e4, koska meill\u00e4 riitt\u00e4\u00e4 t\u00e4rkeit\u00e4 teht\u00e4vi\u00e4 ja v\u00e4h\u00e4osaisten auttamista. T\u00e4ss\u00e4 ty\u00f6ss\u00e4 rotareiden arvoja ja ohjenuoria ovat monimuotoisuus, oikeudenmukaisuus ja inhimillinen\u00a0 tarve tehd\u00e4 yhteistoimintaa muiden yhteis\u00f6jen kanssa. Olemme onnistuneet maailman laajuisen yhteisty\u00f6n avulla l\u00e4hes h\u00e4vitt\u00e4m\u00e4\u00e4n Polion ja nyt osallistumme ja Ukrainan\u00a0 sodan ja muiden sotien\u00a0 uhrien auttamiseen.\u00a0 Palvelemme my\u00f6s omia paikallisia yhteis\u00f6j\u00e4mme ja elinymp\u00e4rist\u00f6\u00e4mme. Uusin k\u00e4rkiteemamme on luonnon ja ymp\u00e4rist\u00f6n suojeleminen.<\/p>\n<p><img loading=\"lazy\" decoding=\"async\" class=\"wp-image-2864 alignnone size-medium\" src=\"https:\/\/rotary.fi\/kuusankoski\/wp-content\/uploads\/sites\/40\/2022\/07\/imagine-rotary-240x300.png\" alt=\"\" width=\"240\" height=\"300\" style=\"margin-left: auto;margin-right: auto\" \/> <img decoding=\"async\" src=\"https:\/\/rotary.fi\/kuusankoski\/wp-content\/uploads\/sites\/40\/2024\/07\/nayttokuva-2024-07-20-204000-300x191.png\" \/><\/p>\n<h5><\/h5>\n<h5><\/h5>\n<h5><\/h5>\n<p>[\/et_pb_text][\/et_pb_column_inner][\/et_pb_row_inner][\/et_pb_column][et_pb_column type=&#8221;1_3&#8243; _builder_version=&#8221;4.16&#8243; custom_padding=&#8221;|||&#8221; global_colors_info=&#8221;{}&#8221; custom_padding__hover=&#8221;|||&#8221;][et_pb_sidebar area=&#8221;sidebar-1&#8243; module_class=&#8221;sivupalkki_sisalto&#8221; _builder_version=&#8221;4.16&#8243; locked=&#8221;on&#8221; global_colors_info=&#8221;{}&#8221;][\/et_pb_sidebar][\/et_pb_column][\/et_pb_section][et_pb_section fb_built=&#8221;1&#8243; _builder_version=&#8221;4.27.4&#8243; _module_preset=&#8221;default&#8221; global_colors_info=&#8221;{}&#8221;][et_pb_row _builder_version=&#8221;4.27.4&#8243; _module_preset=&#8221;default&#8221; global_colors_info=&#8221;{}&#8221;][et_pb_column type=&#8221;4_4&#8243; _builder_version=&#8221;4.27.4&#8243; _module_preset=&#8221;default&#8221; global_colors_info=&#8221;{}&#8221;][et_pb_image _builder_version=&#8221;4.27.4&#8243; _module_preset=&#8221;default&#8221; global_colors_info=&#8221;{}&#8221;][\/et_pb_image][\/et_pb_column][\/et_pb_row][\/et_pb_section]<\/p>\n","protected":false},"excerpt":{"rendered":"<p>Vuositeema &nbsp; Rotary Internationalin presidentti\u00a0\u00a0Stephanie Urchick\u00a0on valinnut\u00a0 rotaryvuoden 2024-2025 teemaksi the magic of rotary\u00a0\u2013 Rotaryn taika.\u00a0 H\u00e4n toivoo ett\u00e4 rotarit ty\u00f6skentelev\u00e4t rauhan ja henkisen hyvinvoinnin puolesta ja kehottaa rotareita keskustelemaan\u00a0 n\u00e4ist\u00e4 t\u00e4rkeist\u00e4 asioista tuomaan niit\u00e4 esiin rotaryvuoden aikana. Rotarin ohjenuorana oikeudenmukaisuus Meit\u00e4 rotareita tarvitaan t\u00e4ss\u00e4 maailmassa ja meit\u00e4 tarvitaan my\u00f6skin lis\u00e4\u00e4, koska meill\u00e4 riitt\u00e4\u00e4 t\u00e4rkeit\u00e4 [&hellip;]<\/p>\n","protected":false},"author":1,"featured_media":0,"parent":129,"menu_order":0,"comment_status":"closed","ping_status":"closed","template":"","meta":{"_acf_changed":false,"_et_pb_use_builder":"on","_et_pb_old_content":"","_et_gb_content_width":"","footnotes":""},"class_list":["post-138","page","type-page","status-publish","hentry"],"acf":[],"yoast_head":"<!-- This site is optimized with the Yoast SEO plugin v27.0 - https:\/\/yoast.com\/product\/yoast-seo-wordpress\/ -->\n<title>Vuositeema - Kotka-Langinkoski Rotaryklubi ry<\/title>\n<meta name=\"robots\" content=\"index, follow, max-snippet:-1, max-image-preview:large, max-video-preview:-1\" \/>\n<link rel=\"canonical\" href=\"https:\/\/rotary.fi\/kotka-langinkoski\/keita-olemme\/vuositeema\/\" \/>\n<meta property=\"og:locale\" content=\"fi_FI\" \/>\n<meta property=\"og:type\" content=\"article\" \/>\n<meta property=\"og:title\" content=\"Vuositeema - Kotka-Langinkoski Rotaryklubi ry\" \/>\n<meta property=\"og:description\" content=\"Vuositeema &nbsp; Rotary Internationalin presidentti\u00a0\u00a0Stephanie Urchick\u00a0on valinnut\u00a0 rotaryvuoden 2024-2025 teemaksi the magic of rotary\u00a0\u2013 Rotaryn taika.\u00a0 H\u00e4n toivoo ett\u00e4 rotarit ty\u00f6skentelev\u00e4t rauhan ja henkisen hyvinvoinnin puolesta ja kehottaa rotareita keskustelemaan\u00a0 n\u00e4ist\u00e4 t\u00e4rkeist\u00e4 asioista tuomaan niit\u00e4 esiin rotaryvuoden aikana. Rotarin ohjenuorana oikeudenmukaisuus Meit\u00e4 rotareita tarvitaan t\u00e4ss\u00e4 maailmassa ja meit\u00e4 tarvitaan my\u00f6skin lis\u00e4\u00e4, koska meill\u00e4 riitt\u00e4\u00e4 t\u00e4rkeit\u00e4 [&hellip;]\" \/>\n<meta property=\"og:url\" content=\"https:\/\/rotary.fi\/kotka-langinkoski\/keita-olemme\/vuositeema\/\" \/>\n<meta property=\"og:site_name\" content=\"Kotka-Langinkoski Rotaryklubi ry\" \/>\n<meta property=\"article:modified_time\" content=\"2025-03-27T06:36:16+00:00\" \/>\n<meta property=\"og:image\" content=\"https:\/\/rotary.fi\/kuusankoski\/wp-content\/uploads\/sites\/40\/2024\/07\/nayttokuva-2024-07-20-202942-274x300.png\" \/>\n<meta name=\"twitter:card\" content=\"summary_large_image\" \/>\n<meta name=\"twitter:label1\" content=\"Arvioitu lukuaika\" \/>\n\t<meta name=\"twitter:data1\" content=\"3 minuuttia\" \/>\n<script type=\"application\/ld+json\" class=\"yoast-schema-graph\">{\"@context\":\"https:\/\/schema.org\",\"@graph\":[{\"@type\":\"WebPage\",\"@id\":\"https:\/\/rotary.fi\/kotka-langinkoski\/keita-olemme\/vuositeema\/\",\"url\":\"https:\/\/rotary.fi\/kotka-langinkoski\/keita-olemme\/vuositeema\/\",\"name\":\"Vuositeema - Kotka-Langinkoski Rotaryklubi ry\",\"isPartOf\":{\"@id\":\"https:\/\/rotary.fi\/kotka-langinkoski\/#website\"},\"primaryImageOfPage\":{\"@id\":\"https:\/\/rotary.fi\/kotka-langinkoski\/keita-olemme\/vuositeema\/#primaryimage\"},\"image\":{\"@id\":\"https:\/\/rotary.fi\/kotka-langinkoski\/keita-olemme\/vuositeema\/#primaryimage\"},\"thumbnailUrl\":\"https:\/\/rotary.fi\/kuusankoski\/wp-content\/uploads\/sites\/40\/2024\/07\/nayttokuva-2024-07-20-202942-274x300.png\",\"datePublished\":\"2018-08-10T11:01:44+00:00\",\"dateModified\":\"2025-03-27T06:36:16+00:00\",\"breadcrumb\":{\"@id\":\"https:\/\/rotary.fi\/kotka-langinkoski\/keita-olemme\/vuositeema\/#breadcrumb\"},\"inLanguage\":\"fi\",\"potentialAction\":[{\"@type\":\"ReadAction\",\"target\":[\"https:\/\/rotary.fi\/kotka-langinkoski\/keita-olemme\/vuositeema\/\"]}]},{\"@type\":\"ImageObject\",\"inLanguage\":\"fi\",\"@id\":\"https:\/\/rotary.fi\/kotka-langinkoski\/keita-olemme\/vuositeema\/#primaryimage\",\"url\":\"https:\/\/rotary.fi\/kuusankoski\/wp-content\/uploads\/sites\/40\/2024\/07\/nayttokuva-2024-07-20-202942-274x300.png\",\"contentUrl\":\"https:\/\/rotary.fi\/kuusankoski\/wp-content\/uploads\/sites\/40\/2024\/07\/nayttokuva-2024-07-20-202942-274x300.png\"},{\"@type\":\"BreadcrumbList\",\"@id\":\"https:\/\/rotary.fi\/kotka-langinkoski\/keita-olemme\/vuositeema\/#breadcrumb\",\"itemListElement\":[{\"@type\":\"ListItem\",\"position\":1,\"name\":\"Home\",\"item\":\"https:\/\/rotary.fi\/kotka-langinkoski\/\"},{\"@type\":\"ListItem\",\"position\":2,\"name\":\"Keit\u00e4 olemme\",\"item\":\"https:\/\/rotary.fi\/kotka-langinkoski\/keita-olemme\/\"},{\"@type\":\"ListItem\",\"position\":3,\"name\":\"Vuositeema\"}]},{\"@type\":\"WebSite\",\"@id\":\"https:\/\/rotary.fi\/kotka-langinkoski\/#website\",\"url\":\"https:\/\/rotary.fi\/kotka-langinkoski\/\",\"name\":\"Kotka-Langinkoski Rotaryklubi ry\",\"description\":\"Uusi Rotary klubisivusto\",\"potentialAction\":[{\"@type\":\"SearchAction\",\"target\":{\"@type\":\"EntryPoint\",\"urlTemplate\":\"https:\/\/rotary.fi\/kotka-langinkoski\/?s={search_term_string}\"},\"query-input\":{\"@type\":\"PropertyValueSpecification\",\"valueRequired\":true,\"valueName\":\"search_term_string\"}}],\"inLanguage\":\"fi\"}]}<\/script>\n<!-- \/ Yoast SEO plugin. -->","yoast_head_json":{"title":"Vuositeema - Kotka-Langinkoski Rotaryklubi ry","robots":{"index":"index","follow":"follow","max-snippet":"max-snippet:-1","max-image-preview":"max-image-preview:large","max-video-preview":"max-video-preview:-1"},"canonical":"https:\/\/rotary.fi\/kotka-langinkoski\/keita-olemme\/vuositeema\/","og_locale":"fi_FI","og_type":"article","og_title":"Vuositeema - Kotka-Langinkoski Rotaryklubi ry","og_description":"Vuositeema &nbsp; Rotary Internationalin presidentti\u00a0\u00a0Stephanie Urchick\u00a0on valinnut\u00a0 rotaryvuoden 2024-2025 teemaksi the magic of rotary\u00a0\u2013 Rotaryn taika.\u00a0 H\u00e4n toivoo ett\u00e4 rotarit ty\u00f6skentelev\u00e4t rauhan ja henkisen hyvinvoinnin puolesta ja kehottaa rotareita keskustelemaan\u00a0 n\u00e4ist\u00e4 t\u00e4rkeist\u00e4 asioista tuomaan niit\u00e4 esiin rotaryvuoden aikana. Rotarin ohjenuorana oikeudenmukaisuus Meit\u00e4 rotareita tarvitaan t\u00e4ss\u00e4 maailmassa ja meit\u00e4 tarvitaan my\u00f6skin lis\u00e4\u00e4, koska meill\u00e4 riitt\u00e4\u00e4 t\u00e4rkeit\u00e4 [&hellip;]","og_url":"https:\/\/rotary.fi\/kotka-langinkoski\/keita-olemme\/vuositeema\/","og_site_name":"Kotka-Langinkoski Rotaryklubi ry","article_modified_time":"2025-03-27T06:36:16+00:00","og_image":[{"url":"https:\/\/rotary.fi\/kuusankoski\/wp-content\/uploads\/sites\/40\/2024\/07\/nayttokuva-2024-07-20-202942-274x300.png","type":"","width":"","height":""}],"twitter_card":"summary_large_image","twitter_misc":{"Arvioitu lukuaika":"3 minuuttia"},"schema":{"@context":"https:\/\/schema.org","@graph":[{"@type":"WebPage","@id":"https:\/\/rotary.fi\/kotka-langinkoski\/keita-olemme\/vuositeema\/","url":"https:\/\/rotary.fi\/kotka-langinkoski\/keita-olemme\/vuositeema\/","name":"Vuositeema - Kotka-Langinkoski Rotaryklubi ry","isPartOf":{"@id":"https:\/\/rotary.fi\/kotka-langinkoski\/#website"},"primaryImageOfPage":{"@id":"https:\/\/rotary.fi\/kotka-langinkoski\/keita-olemme\/vuositeema\/#primaryimage"},"image":{"@id":"https:\/\/rotary.fi\/kotka-langinkoski\/keita-olemme\/vuositeema\/#primaryimage"},"thumbnailUrl":"https:\/\/rotary.fi\/kuusankoski\/wp-content\/uploads\/sites\/40\/2024\/07\/nayttokuva-2024-07-20-202942-274x300.png","datePublished":"2018-08-10T11:01:44+00:00","dateModified":"2025-03-27T06:36:16+00:00","breadcrumb":{"@id":"https:\/\/rotary.fi\/kotka-langinkoski\/keita-olemme\/vuositeema\/#breadcrumb"},"inLanguage":"fi","potentialAction":[{"@type":"ReadAction","target":["https:\/\/rotary.fi\/kotka-langinkoski\/keita-olemme\/vuositeema\/"]}]},{"@type":"ImageObject","inLanguage":"fi","@id":"https:\/\/rotary.fi\/kotka-langinkoski\/keita-olemme\/vuositeema\/#primaryimage","url":"https:\/\/rotary.fi\/kuusankoski\/wp-content\/uploads\/sites\/40\/2024\/07\/nayttokuva-2024-07-20-202942-274x300.png","contentUrl":"https:\/\/rotary.fi\/kuusankoski\/wp-content\/uploads\/sites\/40\/2024\/07\/nayttokuva-2024-07-20-202942-274x300.png"},{"@type":"BreadcrumbList","@id":"https:\/\/rotary.fi\/kotka-langinkoski\/keita-olemme\/vuositeema\/#breadcrumb","itemListElement":[{"@type":"ListItem","position":1,"name":"Home","item":"https:\/\/rotary.fi\/kotka-langinkoski\/"},{"@type":"ListItem","position":2,"name":"Keit\u00e4 olemme","item":"https:\/\/rotary.fi\/kotka-langinkoski\/keita-olemme\/"},{"@type":"ListItem","position":3,"name":"Vuositeema"}]},{"@type":"WebSite","@id":"https:\/\/rotary.fi\/kotka-langinkoski\/#website","url":"https:\/\/rotary.fi\/kotka-langinkoski\/","name":"Kotka-Langinkoski Rotaryklubi ry","description":"Uusi Rotary klubisivusto","potentialAction":[{"@type":"SearchAction","target":{"@type":"EntryPoint","urlTemplate":"https:\/\/rotary.fi\/kotka-langinkoski\/?s={search_term_string}"},"query-input":{"@type":"PropertyValueSpecification","valueRequired":true,"valueName":"search_term_string"}}],"inLanguage":"fi"}]}},"lang":"fi","translations":{"fi":138,"en":1430},"pll_sync_post":[],"_links":{"self":[{"href":"https:\/\/rotary.fi\/kotka-langinkoski\/wp-json\/wp\/v2\/pages\/138","targetHints":{"allow":["GET"]}}],"collection":[{"href":"https:\/\/rotary.fi\/kotka-langinkoski\/wp-json\/wp\/v2\/pages"}],"about":[{"href":"https:\/\/rotary.fi\/kotka-langinkoski\/wp-json\/wp\/v2\/types\/page"}],"author":[{"embeddable":true,"href":"https:\/\/rotary.fi\/kotka-langinkoski\/wp-json\/wp\/v2\/users\/1"}],"replies":[{"embeddable":true,"href":"https:\/\/rotary.fi\/kotka-langinkoski\/wp-json\/wp\/v2\/comments?post=138"}],"version-history":[{"count":11,"href":"https:\/\/rotary.fi\/kotka-langinkoski\/wp-json\/wp\/v2\/pages\/138\/revisions"}],"predecessor-version":[{"id":2079,"href":"https:\/\/rotary.fi\/kotka-langinkoski\/wp-json\/wp\/v2\/pages\/138\/revisions\/2079"}],"up":[{"embeddable":true,"href":"https:\/\/rotary.fi\/kotka-langinkoski\/wp-json\/wp\/v2\/pages\/129"}],"wp:attachment":[{"href":"https:\/\/rotary.fi\/kotka-langinkoski\/wp-json\/wp\/v2\/media?parent=138"}],"curies":[{"name":"wp","href":"https:\/\/api.w.org\/{rel}","templated":true}]}}