{"id":77,"date":"2018-08-09T14:01:56","date_gmt":"2018-08-09T11:01:56","guid":{"rendered":"https:\/\/rotary.fi\/klubi2\/?page_id=77"},"modified":"2023-10-30T09:46:25","modified_gmt":"2023-10-30T07:46:25","slug":"mika-on-rotary","status":"publish","type":"page","link":"https:\/\/rotary.fi\/kokkola\/mika-on-rotary\/","title":{"rendered":"Mik\u00e4 on Rotary"},"content":{"rendered":"<p>[et_pb_section fb_built=&#8221;1&#8243; module_class=&#8221;jumbotron-page&#8221; _builder_version=&#8221;4.22.1&#8243; background_image=&#8221;https:\/\/rotary.fi\/kokkola\/wp-content\/uploads\/sites\/244\/2018\/12\/paakuva_vaihto-oppilaat.jpg&#8221; global_colors_info=&#8221;{}&#8221;][et_pb_row _builder_version=&#8221;4.16&#8243; background_size=&#8221;initial&#8221; background_position=&#8221;top_left&#8221; background_repeat=&#8221;repeat&#8221; global_colors_info=&#8221;{}&#8221;][et_pb_column type=&#8221;4_4&#8243; _builder_version=&#8221;4.16&#8243; custom_padding=&#8221;|||&#8221; global_colors_info=&#8221;{}&#8221; custom_padding__hover=&#8221;|||&#8221;][et_pb_text admin_label=&#8221;P\u00e4\u00e4otsikko&#8221; _builder_version=&#8221;4.16&#8243; text_orientation=&#8221;center&#8221; background_layout=&#8221;dark&#8221; global_colors_info=&#8221;{}&#8221;]<\/p>\n<h1>Mik\u00e4 on rotary?<\/h1>\n<p>[\/et_pb_text][\/et_pb_column][\/et_pb_row][\/et_pb_section][et_pb_section fb_built=&#8221;1&#8243; specialty=&#8221;on&#8221; module_class_2=&#8221;sivupalkki&#8221; _builder_version=&#8221;4.16&#8243; global_colors_info=&#8221;{}&#8221;][et_pb_column type=&#8221;2_3&#8243; specialty_columns=&#8221;2&#8243; _builder_version=&#8221;4.16&#8243; custom_padding=&#8221;|||&#8221; global_colors_info=&#8221;{}&#8221; custom_padding__hover=&#8221;|||&#8221;][et_pb_row_inner admin_label=&#8221;Rivi&#8221; _builder_version=&#8221;4.16&#8243; custom_padding=&#8221;||0px|||&#8221; global_colors_info=&#8221;{}&#8221;][et_pb_column_inner saved_specialty_column_type=&#8221;2_3&#8243; _builder_version=&#8221;4.16&#8243; custom_padding=&#8221;|||&#8221; global_colors_info=&#8221;{}&#8221; custom_padding__hover=&#8221;|||&#8221;][et_pb_text admin_label=&#8221;Otsikko&#8221; _builder_version=&#8221;4.16&#8243; text_orientation=&#8221;center&#8221; global_colors_info=&#8221;{}&#8221;]<\/p>\n<h1>Mik\u00e4 on rotary?<\/h1>\n<p>[\/et_pb_text][et_pb_text _builder_version=&#8221;4.16&#8243; global_colors_info=&#8221;{}&#8221;]<\/p>\n<p>Rotary on maailmanlaajuinen palveluj\u00e4rjest\u00f6, joka perustuu nelj\u00e4\u00e4n perusperiaatteeseen:<\/p>\n<p><strong style=\"font-size: 16px\">1. Yst\u00e4vyys:<\/strong><span style=\"font-size: 16px\"> Rotary kannustaa ihmisi\u00e4 luomaan pysyvi\u00e4 yst\u00e4vyyssuhteita ja kulttuurista ymm\u00e4rryst\u00e4 eri puolilta maailmaa.<\/span><\/p>\n<p><span style=\"font-size: 16px\"><strong>2. Ammatillinen kehittyminen<\/strong>: J\u00e4rjest\u00f6 pyrkii edist\u00e4m\u00e4\u00e4n ammatillista ja eettist\u00e4 kasvua j\u00e4sentens\u00e4 keskuudessa, mik\u00e4 heijastuu my\u00f6nteisesti ty\u00f6el\u00e4m\u00e4\u00e4n.<\/span><\/p>\n<p><span style=\"font-size: 16px\"><strong>3. Palvelu<\/strong>: Rotaryn keskeinen tavoite on tehd\u00e4 palveluprojekteja paikallisesti ja maailmanlaajuisesti, jotka auttavat ihmisi\u00e4 ja yhteis\u00f6j\u00e4, esimerkiksi terveydenhuollon parantamisessa ja k\u00f6yhyyden torjunnassa.<\/span><\/p>\n<p><span style=\"font-size: 16px\"><strong>4. Kansainv\u00e4lisyys<\/strong>: Rotaryn toiminta ulottuu yli rajojen ja kulttuurierojen, ja se pyrkii edist\u00e4m\u00e4\u00e4n maailmanrauhaa ja ymm\u00e4rryst\u00e4.<\/span><\/p>\n<p>Lis\u00e4ksi Rotary on tunnettu laajalti nuorisovaihto-ohjelmastaan, joka mahdollistaa nuorille mahdollisuuden kokea kulttuurien vaihtoa ja oppia uusia kieli\u00e4.<\/p>\n<p>Rotary Internationalin j\u00e4rjest\u00e4m\u00e4 vaihto-oppilasohjelma antaa nuorille mahdollisuuden viett\u00e4\u00e4 vuoden ulkomailla toisessa kulttuurissa asuen, mik\u00e4 edist\u00e4\u00e4 ymm\u00e4rryst\u00e4 eri maiden v\u00e4lill\u00e4 ja edist\u00e4\u00e4 nuorten henkil\u00f6kohtaista kasvua.<\/p>\n<p><strong>Lis\u00e4tietoa rotarytoiminnasta l\u00f6yd\u00e4t <a href=\"https:\/\/rotary.fi\/\">t\u00e4\u00e4lt\u00e4.<\/a><\/strong><\/p>\n<p>[\/et_pb_text][\/et_pb_column_inner][\/et_pb_row_inner][et_pb_row_inner admin_label=&#8221;Rivi&#8221; _builder_version=&#8221;4.16&#8243; global_colors_info=&#8221;{}&#8221;][et_pb_column_inner saved_specialty_column_type=&#8221;2_3&#8243; _builder_version=&#8221;4.16&#8243; custom_padding=&#8221;|||&#8221; global_colors_info=&#8221;{}&#8221; custom_padding__hover=&#8221;|||&#8221;][et_pb_text admin_label=&#8221;Otsikko&#8221; _builder_version=&#8221;4.16&#8243; text_orientation=&#8221;center&#8221; global_colors_info=&#8221;{}&#8221;]<\/p>\n<h1>Klubit<\/h1>\n<p>[\/et_pb_text][et_pb_text _builder_version=&#8221;4.16&#8243; global_colors_info=&#8221;{}&#8221;]<\/p>\n<p><span style=\"font-size: 16px\">Rotaryklubeja on Suomessa noin 250. Isoissa kaupungeissa saattaa olla useita rotaryklubeja. <\/span><b style=\"font-size: 16px\">Kokkolassa toimii kaksi klubia. Kokkola-Gamlakarlebyn ja Kokkola-Hakalaxin rotaryklubit.<\/b><\/p>\n<div>\n<p><span>\u00a0<\/span><\/p>\n<\/div>\n<div>\n<p><span>Rotaryn keskeisin toimintamuoto on klubikokous, joka pidet\u00e4\u00e4n yleens\u00e4 kerran viikossa samaan aikaan ja samassa paikassa. <\/span><\/p>\n<\/div>\n<div>\n<p><span>\u00a0<\/span><\/p>\n<\/div>\n<div>\n<p><span>Rotarit vierailevat perinteisesti toisissa klubeissa. Matkasi saa uuden ulottuvuuden, kun vierailet paikallisessa klubissa vaikkapa toisella puolen Suomea tai maailmaa. <\/span><\/p>\n<\/div>\n<div>\n<p><span>\u00a0<\/span><\/p>\n<\/div>\n<div>\n<p><span>Voit hakea paikallisia klubeja Suomesta ja maailmanlaajuisesti painamalla <a href=\"https:\/\/my.rotary.org\/en\/club-search\">t\u00e4st\u00e4.<\/a><\/span><\/p>\n<\/div>\n<p>[\/et_pb_text][\/et_pb_column_inner][\/et_pb_row_inner][et_pb_row_inner _builder_version=&#8221;4.22.1&#8243; _module_preset=&#8221;default&#8221; global_colors_info=&#8221;{}&#8221;][et_pb_column_inner saved_specialty_column_type=&#8221;2_3&#8243; _builder_version=&#8221;4.22.1&#8243; _module_preset=&#8221;default&#8221; global_colors_info=&#8221;{}&#8221;][et_pb_heading title=&#8221;Rotarypiiri D1385&#8243; _builder_version=&#8221;4.22.1&#8243; _module_preset=&#8221;default&#8221; title_text_align=&#8221;center&#8221; global_colors_info=&#8221;{}&#8221;][\/et_pb_heading][\/et_pb_column_inner][\/et_pb_row_inner][et_pb_row_inner _builder_version=&#8221;4.22.1&#8243; _module_preset=&#8221;default&#8221; global_colors_info=&#8221;{}&#8221;][et_pb_column_inner saved_specialty_column_type=&#8221;2_3&#8243; _builder_version=&#8221;4.22.1&#8243; _module_preset=&#8221;default&#8221; global_colors_info=&#8221;{}&#8221;][et_pb_text _builder_version=&#8221;4.22.1&#8243; _module_preset=&#8221;default&#8221; global_colors_info=&#8221;{}&#8221;]<\/p>\n<p>Suomessa on viisi rotarypiiri\u00e4, joita jokaista johtaa kuvern\u00f6\u00f6ri tukenaan piirineuvosto, komiteat ja piirin eri alueiden apulaiskuvern\u00f6\u00f6rit.<\/p>\n<p>Kokkolan klubit kuuluvat kuuden maakunnan yhdist\u00e4v\u00e4\u00e4n Pohjanmaan ja Pohjois-Suomen rotarypiirin. Pinta-alaltaan piiri 1385 on Suomen suurin. <span>\u00a0<\/span><\/p>\n<p><strong>L\u00f6yd\u00e4t kattavaa lis\u00e4tietoa piirin 1385 tapahtumista ja toiminnasta <a href=\"https:\/\/rotary.fi\/d1385\/\">t\u00e4\u00e4lt\u00e4.<\/a><\/strong><\/p>\n<p>[\/et_pb_text][\/et_pb_column_inner][\/et_pb_row_inner][et_pb_row_inner _builder_version=&#8221;4.22.1&#8243; _module_preset=&#8221;default&#8221; global_colors_info=&#8221;{}&#8221;][et_pb_column_inner saved_specialty_column_type=&#8221;2_3&#8243; _builder_version=&#8221;4.22.1&#8243; _module_preset=&#8221;default&#8221; global_colors_info=&#8221;{}&#8221;][et_pb_heading title=&#8221;Rotary International&#8221; _builder_version=&#8221;4.22.1&#8243; _module_preset=&#8221;default&#8221; title_text_align=&#8221;center&#8221; global_colors_info=&#8221;{}&#8221;][\/et_pb_heading][\/et_pb_column_inner][\/et_pb_row_inner][et_pb_row_inner _builder_version=&#8221;4.22.1&#8243; _module_preset=&#8221;default&#8221; global_colors_info=&#8221;{}&#8221;][et_pb_column_inner saved_specialty_column_type=&#8221;2_3&#8243; _builder_version=&#8221;4.22.1&#8243; _module_preset=&#8221;default&#8221; global_colors_info=&#8221;{}&#8221;][et_pb_text _builder_version=&#8221;4.22.1&#8243; _module_preset=&#8221;default&#8221; global_colors_info=&#8221;{}&#8221;]<\/p>\n<p>Rotary International tukee ja ohjaa rotareita ja klubeja Rotaryn tavoitteiden toteuttamisessa. Rotary Internationalin ylin p\u00e4\u00e4tt\u00e4v\u00e4 elin on vuosikokous, jonne jokaisella klubilla on oikeus l\u00e4hett\u00e4\u00e4 virallinen edustaja ja jonne jokaisella rotarilla on oikeus osallistua.\u00a0<\/p>\n<p>Ota yhteytt\u00e4 Rotary Internationaliin<span>\u00a0<\/span><a href=\"https:\/\/rotary.fi\/ota-yhteytta\/rotary-international-ri\/\">t\u00e4\u00e4lt\u00e4.<\/a><\/p>\n<p>[\/et_pb_text][\/et_pb_column_inner][\/et_pb_row_inner][\/et_pb_column][et_pb_column type=&#8221;1_3&#8243; _builder_version=&#8221;4.16&#8243; custom_padding=&#8221;|||&#8221; global_colors_info=&#8221;{}&#8221; custom_padding__hover=&#8221;|||&#8221;][et_pb_sidebar area=&#8221;sidebar-1&#8243; module_class=&#8221;sivupalkki_sisalto&#8221; _builder_version=&#8221;4.16&#8243; locked=&#8221;on&#8221; global_colors_info=&#8221;{}&#8221;][\/et_pb_sidebar][\/et_pb_column][\/et_pb_section]<\/p>\n","protected":false},"excerpt":{"rendered":"<p>Mik\u00e4 on rotary?Mik\u00e4 on rotary?Rotary on maailmanlaajuinen palveluj\u00e4rjest\u00f6, joka perustuu nelj\u00e4\u00e4n perusperiaatteeseen: 1. Yst\u00e4vyys: Rotary kannustaa ihmisi\u00e4 luomaan pysyvi\u00e4 yst\u00e4vyyssuhteita ja kulttuurista ymm\u00e4rryst\u00e4 eri puolilta maailmaa. 2. Ammatillinen kehittyminen: J\u00e4rjest\u00f6 pyrkii edist\u00e4m\u00e4\u00e4n ammatillista ja eettist\u00e4 kasvua j\u00e4sentens\u00e4 keskuudessa, mik\u00e4 heijastuu my\u00f6nteisesti ty\u00f6el\u00e4m\u00e4\u00e4n. 3. Palvelu: Rotaryn keskeinen tavoite on tehd\u00e4 palveluprojekteja paikallisesti ja maailmanlaajuisesti, jotka auttavat [&hellip;]<\/p>\n","protected":false},"author":1,"featured_media":0,"parent":0,"menu_order":2,"comment_status":"closed","ping_status":"closed","template":"","meta":{"_acf_changed":false,"_et_pb_use_builder":"on","_et_pb_old_content":"","_et_gb_content_width":"","footnotes":""},"class_list":["post-77","page","type-page","status-publish","hentry"],"acf":[],"yoast_head":"<!-- This site is optimized with the Yoast SEO plugin v27.4 - https:\/\/yoast.com\/product\/yoast-seo-wordpress\/ -->\n<title>Mik\u00e4 on Rotary - Kokkolan Rotaryklubit<\/title>\n<meta name=\"robots\" content=\"index, follow, max-snippet:-1, max-image-preview:large, max-video-preview:-1\" \/>\n<link rel=\"canonical\" href=\"https:\/\/rotary.fi\/kokkola\/mika-on-rotary\/\" \/>\n<meta property=\"og:locale\" content=\"fi_FI\" \/>\n<meta property=\"og:type\" content=\"article\" \/>\n<meta property=\"og:title\" content=\"Mik\u00e4 on Rotary - Kokkolan Rotaryklubit\" \/>\n<meta property=\"og:description\" content=\"Mik\u00e4 on rotary?Mik\u00e4 on rotary?Rotary on maailmanlaajuinen palveluj\u00e4rjest\u00f6, joka perustuu nelj\u00e4\u00e4n perusperiaatteeseen: 1. Yst\u00e4vyys: Rotary kannustaa ihmisi\u00e4 luomaan pysyvi\u00e4 yst\u00e4vyyssuhteita ja kulttuurista ymm\u00e4rryst\u00e4 eri puolilta maailmaa. 2. Ammatillinen kehittyminen: J\u00e4rjest\u00f6 pyrkii edist\u00e4m\u00e4\u00e4n ammatillista ja eettist\u00e4 kasvua j\u00e4sentens\u00e4 keskuudessa, mik\u00e4 heijastuu my\u00f6nteisesti ty\u00f6el\u00e4m\u00e4\u00e4n. 3. Palvelu: Rotaryn keskeinen tavoite on tehd\u00e4 palveluprojekteja paikallisesti ja maailmanlaajuisesti, jotka auttavat [&hellip;]\" \/>\n<meta property=\"og:url\" content=\"https:\/\/rotary.fi\/kokkola\/mika-on-rotary\/\" \/>\n<meta property=\"og:site_name\" content=\"Kokkolan Rotaryklubit\" \/>\n<meta property=\"article:modified_time\" content=\"2023-10-30T07:46:25+00:00\" \/>\n<meta name=\"twitter:card\" content=\"summary_large_image\" \/>\n<meta name=\"twitter:label1\" content=\"Arvioitu lukuaika\" \/>\n\t<meta name=\"twitter:data1\" content=\"1 minuutti\" \/>\n<script type=\"application\/ld+json\" class=\"yoast-schema-graph\">{\"@context\":\"https:\\\/\\\/schema.org\",\"@graph\":[{\"@type\":\"WebPage\",\"@id\":\"https:\\\/\\\/rotary.fi\\\/kokkola\\\/mika-on-rotary\\\/\",\"url\":\"https:\\\/\\\/rotary.fi\\\/kokkola\\\/mika-on-rotary\\\/\",\"name\":\"Mik\u00e4 on Rotary - Kokkolan Rotaryklubit\",\"isPartOf\":{\"@id\":\"https:\\\/\\\/rotary.fi\\\/kokkola\\\/#website\"},\"datePublished\":\"2018-08-09T11:01:56+00:00\",\"dateModified\":\"2023-10-30T07:46:25+00:00\",\"breadcrumb\":{\"@id\":\"https:\\\/\\\/rotary.fi\\\/kokkola\\\/mika-on-rotary\\\/#breadcrumb\"},\"inLanguage\":\"fi\",\"potentialAction\":[{\"@type\":\"ReadAction\",\"target\":[\"https:\\\/\\\/rotary.fi\\\/kokkola\\\/mika-on-rotary\\\/\"]}]},{\"@type\":\"BreadcrumbList\",\"@id\":\"https:\\\/\\\/rotary.fi\\\/kokkola\\\/mika-on-rotary\\\/#breadcrumb\",\"itemListElement\":[{\"@type\":\"ListItem\",\"position\":1,\"name\":\"Home\",\"item\":\"https:\\\/\\\/rotary.fi\\\/kokkola\\\/\"},{\"@type\":\"ListItem\",\"position\":2,\"name\":\"Mik\u00e4 on Rotary\"}]},{\"@type\":\"WebSite\",\"@id\":\"https:\\\/\\\/rotary.fi\\\/kokkola\\\/#website\",\"url\":\"https:\\\/\\\/rotary.fi\\\/kokkola\\\/\",\"name\":\"Kokkolan Rotaryklubit\",\"description\":\"Kokkola-Hakalax\",\"publisher\":{\"@id\":\"https:\\\/\\\/rotary.fi\\\/kokkola\\\/#organization\"},\"potentialAction\":[{\"@type\":\"SearchAction\",\"target\":{\"@type\":\"EntryPoint\",\"urlTemplate\":\"https:\\\/\\\/rotary.fi\\\/kokkola\\\/?s={search_term_string}\"},\"query-input\":{\"@type\":\"PropertyValueSpecification\",\"valueRequired\":true,\"valueName\":\"search_term_string\"}}],\"inLanguage\":\"fi\"},{\"@type\":\"Organization\",\"@id\":\"https:\\\/\\\/rotary.fi\\\/kokkola\\\/#organization\",\"name\":\"Kokkolan Rotaryklubit\",\"url\":\"https:\\\/\\\/rotary.fi\\\/kokkola\\\/\",\"logo\":{\"@type\":\"ImageObject\",\"inLanguage\":\"fi\",\"@id\":\"https:\\\/\\\/rotary.fi\\\/kokkola\\\/#\\\/schema\\\/logo\\\/image\\\/\",\"url\":\"https:\\\/\\\/rotary.fi\\\/kokkolahakalax\\\/wp-content\\\/uploads\\\/sites\\\/244\\\/2018\\\/08\\\/rotary-logo-main-2.png\",\"contentUrl\":\"https:\\\/\\\/rotary.fi\\\/kokkolahakalax\\\/wp-content\\\/uploads\\\/sites\\\/244\\\/2018\\\/08\\\/rotary-logo-main-2.png\",\"width\":135,\"height\":52,\"caption\":\"Kokkolan Rotaryklubit\"},\"image\":{\"@id\":\"https:\\\/\\\/rotary.fi\\\/kokkola\\\/#\\\/schema\\\/logo\\\/image\\\/\"}}]}<\/script>\n<!-- \/ Yoast SEO plugin. -->","yoast_head_json":{"title":"Mik\u00e4 on Rotary - Kokkolan Rotaryklubit","robots":{"index":"index","follow":"follow","max-snippet":"max-snippet:-1","max-image-preview":"max-image-preview:large","max-video-preview":"max-video-preview:-1"},"canonical":"https:\/\/rotary.fi\/kokkola\/mika-on-rotary\/","og_locale":"fi_FI","og_type":"article","og_title":"Mik\u00e4 on Rotary - Kokkolan Rotaryklubit","og_description":"Mik\u00e4 on rotary?Mik\u00e4 on rotary?Rotary on maailmanlaajuinen palveluj\u00e4rjest\u00f6, joka perustuu nelj\u00e4\u00e4n perusperiaatteeseen: 1. Yst\u00e4vyys: Rotary kannustaa ihmisi\u00e4 luomaan pysyvi\u00e4 yst\u00e4vyyssuhteita ja kulttuurista ymm\u00e4rryst\u00e4 eri puolilta maailmaa. 2. Ammatillinen kehittyminen: J\u00e4rjest\u00f6 pyrkii edist\u00e4m\u00e4\u00e4n ammatillista ja eettist\u00e4 kasvua j\u00e4sentens\u00e4 keskuudessa, mik\u00e4 heijastuu my\u00f6nteisesti ty\u00f6el\u00e4m\u00e4\u00e4n. 3. Palvelu: Rotaryn keskeinen tavoite on tehd\u00e4 palveluprojekteja paikallisesti ja maailmanlaajuisesti, jotka auttavat [&hellip;]","og_url":"https:\/\/rotary.fi\/kokkola\/mika-on-rotary\/","og_site_name":"Kokkolan Rotaryklubit","article_modified_time":"2023-10-30T07:46:25+00:00","twitter_card":"summary_large_image","twitter_misc":{"Arvioitu lukuaika":"1 minuutti"},"schema":{"@context":"https:\/\/schema.org","@graph":[{"@type":"WebPage","@id":"https:\/\/rotary.fi\/kokkola\/mika-on-rotary\/","url":"https:\/\/rotary.fi\/kokkola\/mika-on-rotary\/","name":"Mik\u00e4 on Rotary - Kokkolan Rotaryklubit","isPartOf":{"@id":"https:\/\/rotary.fi\/kokkola\/#website"},"datePublished":"2018-08-09T11:01:56+00:00","dateModified":"2023-10-30T07:46:25+00:00","breadcrumb":{"@id":"https:\/\/rotary.fi\/kokkola\/mika-on-rotary\/#breadcrumb"},"inLanguage":"fi","potentialAction":[{"@type":"ReadAction","target":["https:\/\/rotary.fi\/kokkola\/mika-on-rotary\/"]}]},{"@type":"BreadcrumbList","@id":"https:\/\/rotary.fi\/kokkola\/mika-on-rotary\/#breadcrumb","itemListElement":[{"@type":"ListItem","position":1,"name":"Home","item":"https:\/\/rotary.fi\/kokkola\/"},{"@type":"ListItem","position":2,"name":"Mik\u00e4 on Rotary"}]},{"@type":"WebSite","@id":"https:\/\/rotary.fi\/kokkola\/#website","url":"https:\/\/rotary.fi\/kokkola\/","name":"Kokkolan Rotaryklubit","description":"Kokkola-Hakalax","publisher":{"@id":"https:\/\/rotary.fi\/kokkola\/#organization"},"potentialAction":[{"@type":"SearchAction","target":{"@type":"EntryPoint","urlTemplate":"https:\/\/rotary.fi\/kokkola\/?s={search_term_string}"},"query-input":{"@type":"PropertyValueSpecification","valueRequired":true,"valueName":"search_term_string"}}],"inLanguage":"fi"},{"@type":"Organization","@id":"https:\/\/rotary.fi\/kokkola\/#organization","name":"Kokkolan Rotaryklubit","url":"https:\/\/rotary.fi\/kokkola\/","logo":{"@type":"ImageObject","inLanguage":"fi","@id":"https:\/\/rotary.fi\/kokkola\/#\/schema\/logo\/image\/","url":"https:\/\/rotary.fi\/kokkolahakalax\/wp-content\/uploads\/sites\/244\/2018\/08\/rotary-logo-main-2.png","contentUrl":"https:\/\/rotary.fi\/kokkolahakalax\/wp-content\/uploads\/sites\/244\/2018\/08\/rotary-logo-main-2.png","width":135,"height":52,"caption":"Kokkolan Rotaryklubit"},"image":{"@id":"https:\/\/rotary.fi\/kokkola\/#\/schema\/logo\/image\/"}}]}},"lang":"fi","translations":{"fi":77,"en":1447,"sv":1602},"pll_sync_post":[],"_links":{"self":[{"href":"https:\/\/rotary.fi\/kokkola\/wp-json\/wp\/v2\/pages\/77","targetHints":{"allow":["GET"]}}],"collection":[{"href":"https:\/\/rotary.fi\/kokkola\/wp-json\/wp\/v2\/pages"}],"about":[{"href":"https:\/\/rotary.fi\/kokkola\/wp-json\/wp\/v2\/types\/page"}],"author":[{"embeddable":true,"href":"https:\/\/rotary.fi\/kokkola\/wp-json\/wp\/v2\/users\/1"}],"replies":[{"embeddable":true,"href":"https:\/\/rotary.fi\/kokkola\/wp-json\/wp\/v2\/comments?post=77"}],"version-history":[{"count":9,"href":"https:\/\/rotary.fi\/kokkola\/wp-json\/wp\/v2\/pages\/77\/revisions"}],"predecessor-version":[{"id":1976,"href":"https:\/\/rotary.fi\/kokkola\/wp-json\/wp\/v2\/pages\/77\/revisions\/1976"}],"wp:attachment":[{"href":"https:\/\/rotary.fi\/kokkola\/wp-json\/wp\/v2\/media?parent=77"}],"curies":[{"name":"wp","href":"https:\/\/api.w.org\/{rel}","templated":true}]}}