{"id":1647,"date":"2019-03-20T07:40:06","date_gmt":"2019-03-20T05:40:06","guid":{"rendered":"https:\/\/rotary.fi\/kokkolahakalax\/?page_id=1647"},"modified":"2025-06-25T10:33:17","modified_gmt":"2025-06-25T07:33:17","slug":"kom-med","status":"publish","type":"page","link":"https:\/\/rotary.fi\/kokkola\/sv\/kom-med\/","title":{"rendered":"Kom Med"},"content":{"rendered":"<p>[et_pb_section fb_built=&#8221;1&#8243; module_class=&#8221;jumbotron-page&#8221; _builder_version=&#8221;4.22.1&#8243; background_image=&#8221;https:\/\/rotary.fi\/kokkola\/wp-content\/uploads\/sites\/244\/2023\/11\/kokkola-samimutka16-2-6.jpg&#8221; global_colors_info=&#8221;{}&#8221;][et_pb_row _builder_version=&#8221;4.16&#8243; background_size=&#8221;initial&#8221; background_position=&#8221;top_left&#8221; background_repeat=&#8221;repeat&#8221; global_colors_info=&#8221;{}&#8221;][et_pb_column type=&#8221;4_4&#8243; _builder_version=&#8221;4.16&#8243; custom_padding=&#8221;|||&#8221; global_colors_info=&#8221;{}&#8221; custom_padding__hover=&#8221;|||&#8221;][et_pb_text admin_label=&#8221;Main \/\/ Kontaktuppgifter&#8221; _builder_version=&#8221;4.16&#8243; text_orientation=&#8221;center&#8221; background_layout=&#8221;dark&#8221; global_colors_info=&#8221;{}&#8221;]<\/p>\n<h1>Kom med!<\/h1>\n<p>[\/et_pb_text][\/et_pb_column][\/et_pb_row][\/et_pb_section][et_pb_section fb_built=&#8221;1&#8243; specialty=&#8221;on&#8221; module_class_2=&#8221;sivupalkki&#8221; _builder_version=&#8221;4.16&#8243; global_colors_info=&#8221;{}&#8221;][et_pb_column type=&#8221;2_3&#8243; specialty_columns=&#8221;2&#8243; _builder_version=&#8221;4.16&#8243; custom_padding=&#8221;|||&#8221; global_colors_info=&#8221;{}&#8221; custom_padding__hover=&#8221;|||&#8221;][et_pb_row_inner admin_label=&#8221;Rivi&#8221; _builder_version=&#8221;4.16&#8243; global_colors_info=&#8221;{}&#8221;][et_pb_column_inner saved_specialty_column_type=&#8221;2_3&#8243; _builder_version=&#8221;4.16&#8243; custom_padding=&#8221;|||&#8221; global_colors_info=&#8221;{}&#8221; custom_padding__hover=&#8221;|||&#8221;][et_pb_text admin_label=&#8221;Kontaktuppgifter &#8211; rubrik&#8221; _builder_version=&#8221;4.16&#8243; text_orientation=&#8221;center&#8221; global_colors_info=&#8221;{}&#8221;]<\/p>\n<h1>Kontaktuppgifter<\/h1>\n<p>[\/et_pb_text][\/et_pb_column_inner][\/et_pb_row_inner][et_pb_row_inner column_structure=&#8221;1_2,1_2&#8243; admin_label=&#8221;Rivi&#8221; _builder_version=&#8221;4.16&#8243; custom_margin=&#8221;||20px|&#8221; custom_padding=&#8221;||20px|&#8221; border_width_bottom=&#8221;1px&#8221; border_color_bottom=&#8221;#d8d8d8&#8243; global_colors_info=&#8221;{}&#8221;][et_pb_column_inner type=&#8221;1_2&#8243; saved_specialty_column_type=&#8221;2_3&#8243; _builder_version=&#8221;4.16&#8243; custom_padding=&#8221;||20px|&#8221; global_colors_info=&#8221;{}&#8221; custom_padding__hover=&#8221;|||&#8221;][et_pb_text admin_label=&#8221;M\u00f6tesplats&#8221; _builder_version=&#8221;4.16&#8243; global_colors_info=&#8221;{}&#8221;]<\/p>\n<p><strong>M\u00f6tesplats <b>September-Maj<\/b>:<\/strong><br \/><span>S\u00e4llskapsklubben<\/span><br \/><span>Torgatan 27<\/span><br \/><span>67100 Karleby<\/span><\/p>\n<p>[\/et_pb_text][\/et_pb_column_inner][et_pb_column_inner type=&#8221;1_2&#8243; saved_specialty_column_type=&#8221;2_3&#8243; _builder_version=&#8221;4.16&#8243; custom_padding=&#8221;||20px|&#8221; global_colors_info=&#8221;{}&#8221; custom_padding__hover=&#8221;|||&#8221;][et_pb_map address=&#8221;Torikatu 27, 67100 Kokkola, Suomi&#8221; zoom_level=&#8221;17&#8243; address_lat=&#8221;63.8385414&#8243; address_lng=&#8221;23.1344637&#8243; admin_label=&#8221;Identifieringar &#8211; Google Maps&#8221; _builder_version=&#8221;4.22.1&#8243; global_colors_info=&#8221;{}&#8221;][et_pb_map_pin title=&#8221;S\u00e4llskapsklubben&#8221; pin_address=&#8221;Torikatu 27, 67100 Kokkola, Suomi&#8221; zoom_level=&#8221;17&#8243; pin_address_lat=&#8221;63.8385414&#8243; pin_address_lng=&#8221;23.1344637&#8243; _builder_version=&#8221;4.22.1&#8243; _module_preset=&#8221;default&#8221; global_colors_info=&#8221;{}&#8221;][\/et_pb_map_pin][\/et_pb_map][\/et_pb_column_inner][\/et_pb_row_inner][et_pb_row_inner column_structure=&#8221;1_2,1_2&#8243; admin_label=&#8221;Rivi&#8221; _builder_version=&#8221;4.16&#8243; custom_margin=&#8221;||20px|&#8221; custom_padding=&#8221;||20px|&#8221; border_width_bottom=&#8221;1px&#8221; border_color_bottom=&#8221;#d8d8d8&#8243; global_colors_info=&#8221;{}&#8221;][et_pb_column_inner type=&#8221;1_2&#8243; saved_specialty_column_type=&#8221;2_3&#8243; _builder_version=&#8221;4.16&#8243; custom_padding=&#8221;||20px|&#8221; global_colors_info=&#8221;{}&#8221; custom_padding__hover=&#8221;|||&#8221;][et_pb_text admin_label=&#8221;M\u00f6tesplats&#8221; _builder_version=&#8221;4.16&#8243; global_colors_info=&#8221;{}&#8221;]<\/p>\n<p><strong>M\u00f6tesplats <b>Juni och Augusti<\/b>:<\/strong><br \/><span>Sommarrestaurang Mustakari<\/span><br \/><span>Mustakarintie 20<\/span><br \/><span>67300 Karleby<\/span><\/p>\n<p>[\/et_pb_text][\/et_pb_column_inner][et_pb_column_inner type=&#8221;1_2&#8243; saved_specialty_column_type=&#8221;2_3&#8243; _builder_version=&#8221;4.16&#8243; custom_padding=&#8221;||20px|&#8221; global_colors_info=&#8221;{}&#8221; custom_padding__hover=&#8221;|||&#8221;][et_pb_map address=&#8221;Mustakarintie 20, 67300 Kokkola, Suomi&#8221; zoom_level=&#8221;15&#8243; address_lat=&#8221;63.8646529&#8243; address_lng=&#8221;23.1175508&#8243; admin_label=&#8221;Identifieringar &#8211; Google Maps&#8221; _builder_version=&#8221;4.22.1&#8243; global_colors_info=&#8221;{}&#8221;][et_pb_map_pin title=&#8221;Sommarrestaurang Mustakari&#8221; pin_address=&#8221;Mustakarintie 20, 67300 Kokkola, Suomi&#8221; zoom_level=&#8221;15&#8243; pin_address_lat=&#8221;63.8646529&#8243; pin_address_lng=&#8221;23.1175508&#8243; _builder_version=&#8221;4.22.1&#8243; _module_preset=&#8221;default&#8221; global_colors_info=&#8221;{}&#8221;][\/et_pb_map_pin][\/et_pb_map][\/et_pb_column_inner][\/et_pb_row_inner][et_pb_row_inner column_structure=&#8221;1_2,1_2&#8243; admin_label=&#8221;Rivi&#8221; _builder_version=&#8221;4.16&#8243; custom_margin=&#8221;20px||20px|&#8221; custom_padding=&#8221;20px||20px|&#8221; global_colors_info=&#8221;{}&#8221;][et_pb_column_inner type=&#8221;1_2&#8243; saved_specialty_column_type=&#8221;2_3&#8243; _builder_version=&#8221;4.16&#8243; custom_padding=&#8221;||20px|&#8221; global_colors_info=&#8221;{}&#8221; custom_padding__hover=&#8221;|||&#8221;][et_pb_text admin_label=&#8221;President&#8221; _builder_version=&#8221;4.16&#8243; hover_enabled=&#8221;0&#8243; global_colors_info=&#8221;{}&#8221; sticky_enabled=&#8221;0&#8243;]<\/p>\n<h3>Kokkola-Gamlakarleby<\/h3>\n<h3>President 2025-2026<\/h3>\n<p><span>Jarmo Herronen<br \/>tel. <a href=\"tel:+358 40 5582270\">+358 40 5582270<\/a><br \/>jarmoherronen@gmail.com<\/span><\/p>\n<p>[\/et_pb_text][\/et_pb_column_inner][et_pb_column_inner type=&#8221;1_2&#8243; saved_specialty_column_type=&#8221;2_3&#8243; _builder_version=&#8221;4.16&#8243; custom_padding=&#8221;||20px|&#8221; global_colors_info=&#8221;{}&#8221; custom_padding__hover=&#8221;|||&#8221;][\/et_pb_column_inner][\/et_pb_row_inner][\/et_pb_column][et_pb_column type=&#8221;1_3&#8243; _builder_version=&#8221;4.16&#8243; custom_padding=&#8221;|||&#8221; global_colors_info=&#8221;{}&#8221; custom_padding__hover=&#8221;|||&#8221;][et_pb_sidebar area=&#8221;sidebar-1&#8243; admin_label=&#8221;Sidebar&#8221; module_class=&#8221;sivupalkki_sisalto&#8221; _builder_version=&#8221;4.16&#8243; locked=&#8221;on&#8221; global_colors_info=&#8221;{}&#8221;]<\/p>\n<p>&nbsp;<\/p>\n<p>[\/et_pb_sidebar][\/et_pb_column][\/et_pb_section]<\/p>\n","protected":false},"excerpt":{"rendered":"<p>Kom med!Kontaktuppgifter M\u00f6tesplats September-Maj:S\u00e4llskapsklubbenTorgatan 2767100 KarlebyM\u00f6tesplats Juni och Augusti:Sommarrestaurang MustakariMustakarintie 2067300 KarlebyKokkola-Gamlakarleby President 2025-2026 Jarmo Herronentel. +358 40 5582270jarmoherronen@gmail.com&nbsp;<\/p>\n","protected":false},"author":1,"featured_media":0,"parent":0,"menu_order":6,"comment_status":"closed","ping_status":"closed","template":"","meta":{"_acf_changed":false,"_et_pb_use_builder":"on","_et_pb_old_content":"","_et_gb_content_width":"","footnotes":""},"class_list":["post-1647","page","type-page","status-publish","hentry"],"acf":[],"yoast_head":"<!-- This site is optimized with the Yoast SEO plugin v27.4 - https:\/\/yoast.com\/product\/yoast-seo-wordpress\/ -->\n<title>Kom Med - Kokkolan Rotaryklubit<\/title>\n<meta name=\"robots\" content=\"index, follow, max-snippet:-1, max-image-preview:large, max-video-preview:-1\" \/>\n<link rel=\"canonical\" href=\"https:\/\/rotary.fi\/kokkola\/sv\/kom-med\/\" \/>\n<meta property=\"og:locale\" content=\"fi_FI\" \/>\n<meta property=\"og:type\" content=\"article\" \/>\n<meta property=\"og:title\" content=\"Kom Med - Kokkolan Rotaryklubit\" \/>\n<meta property=\"og:description\" content=\"Kom med!Kontaktuppgifter M\u00f6tesplats September-Maj:S\u00e4llskapsklubbenTorgatan 2767100 KarlebyM\u00f6tesplats Juni och Augusti:Sommarrestaurang MustakariMustakarintie 2067300 KarlebyKokkola-Gamlakarleby President 2025-2026 Jarmo Herronentel. +358 40 5582270jarmoherronen@gmail.com&nbsp;\" \/>\n<meta property=\"og:url\" content=\"https:\/\/rotary.fi\/kokkola\/sv\/kom-med\/\" \/>\n<meta property=\"og:site_name\" content=\"Kokkolan Rotaryklubit\" \/>\n<meta property=\"article:modified_time\" content=\"2025-06-25T07:33:17+00:00\" \/>\n<meta name=\"twitter:card\" content=\"summary_large_image\" \/>\n<meta name=\"twitter:label1\" content=\"Arvioitu lukuaika\" \/>\n\t<meta name=\"twitter:data1\" content=\"2 minuuttia\" \/>\n<script type=\"application\/ld+json\" class=\"yoast-schema-graph\">{\"@context\":\"https:\\\/\\\/schema.org\",\"@graph\":[{\"@type\":\"WebPage\",\"@id\":\"https:\\\/\\\/rotary.fi\\\/kokkola\\\/sv\\\/kom-med\\\/\",\"url\":\"https:\\\/\\\/rotary.fi\\\/kokkola\\\/sv\\\/kom-med\\\/\",\"name\":\"Kom Med - Kokkolan Rotaryklubit\",\"isPartOf\":{\"@id\":\"https:\\\/\\\/rotary.fi\\\/kokkola\\\/#website\"},\"datePublished\":\"2019-03-20T05:40:06+00:00\",\"dateModified\":\"2025-06-25T07:33:17+00:00\",\"breadcrumb\":{\"@id\":\"https:\\\/\\\/rotary.fi\\\/kokkola\\\/sv\\\/kom-med\\\/#breadcrumb\"},\"inLanguage\":\"fi\",\"potentialAction\":[{\"@type\":\"ReadAction\",\"target\":[\"https:\\\/\\\/rotary.fi\\\/kokkola\\\/sv\\\/kom-med\\\/\"]}]},{\"@type\":\"BreadcrumbList\",\"@id\":\"https:\\\/\\\/rotary.fi\\\/kokkola\\\/sv\\\/kom-med\\\/#breadcrumb\",\"itemListElement\":[{\"@type\":\"ListItem\",\"position\":1,\"name\":\"Home\",\"item\":\"https:\\\/\\\/rotary.fi\\\/kokkola\\\/\"},{\"@type\":\"ListItem\",\"position\":2,\"name\":\"Kom Med\"}]},{\"@type\":\"WebSite\",\"@id\":\"https:\\\/\\\/rotary.fi\\\/kokkola\\\/#website\",\"url\":\"https:\\\/\\\/rotary.fi\\\/kokkola\\\/\",\"name\":\"Kokkolan Rotaryklubit\",\"description\":\"Kokkola-Hakalax\",\"publisher\":{\"@id\":\"https:\\\/\\\/rotary.fi\\\/kokkola\\\/#organization\"},\"potentialAction\":[{\"@type\":\"SearchAction\",\"target\":{\"@type\":\"EntryPoint\",\"urlTemplate\":\"https:\\\/\\\/rotary.fi\\\/kokkola\\\/?s={search_term_string}\"},\"query-input\":{\"@type\":\"PropertyValueSpecification\",\"valueRequired\":true,\"valueName\":\"search_term_string\"}}],\"inLanguage\":\"fi\"},{\"@type\":\"Organization\",\"@id\":\"https:\\\/\\\/rotary.fi\\\/kokkola\\\/#organization\",\"name\":\"Kokkolan Rotaryklubit\",\"url\":\"https:\\\/\\\/rotary.fi\\\/kokkola\\\/\",\"logo\":{\"@type\":\"ImageObject\",\"inLanguage\":\"fi\",\"@id\":\"https:\\\/\\\/rotary.fi\\\/kokkola\\\/#\\\/schema\\\/logo\\\/image\\\/\",\"url\":\"https:\\\/\\\/rotary.fi\\\/kokkolahakalax\\\/wp-content\\\/uploads\\\/sites\\\/244\\\/2018\\\/08\\\/rotary-logo-main-2.png\",\"contentUrl\":\"https:\\\/\\\/rotary.fi\\\/kokkolahakalax\\\/wp-content\\\/uploads\\\/sites\\\/244\\\/2018\\\/08\\\/rotary-logo-main-2.png\",\"width\":135,\"height\":52,\"caption\":\"Kokkolan Rotaryklubit\"},\"image\":{\"@id\":\"https:\\\/\\\/rotary.fi\\\/kokkola\\\/#\\\/schema\\\/logo\\\/image\\\/\"}}]}<\/script>\n<!-- \/ Yoast SEO plugin. -->","yoast_head_json":{"title":"Kom Med - Kokkolan Rotaryklubit","robots":{"index":"index","follow":"follow","max-snippet":"max-snippet:-1","max-image-preview":"max-image-preview:large","max-video-preview":"max-video-preview:-1"},"canonical":"https:\/\/rotary.fi\/kokkola\/sv\/kom-med\/","og_locale":"fi_FI","og_type":"article","og_title":"Kom Med - Kokkolan Rotaryklubit","og_description":"Kom med!Kontaktuppgifter M\u00f6tesplats September-Maj:S\u00e4llskapsklubbenTorgatan 2767100 KarlebyM\u00f6tesplats Juni och Augusti:Sommarrestaurang MustakariMustakarintie 2067300 KarlebyKokkola-Gamlakarleby President 2025-2026 Jarmo Herronentel. +358 40 5582270jarmoherronen@gmail.com&nbsp;","og_url":"https:\/\/rotary.fi\/kokkola\/sv\/kom-med\/","og_site_name":"Kokkolan Rotaryklubit","article_modified_time":"2025-06-25T07:33:17+00:00","twitter_card":"summary_large_image","twitter_misc":{"Arvioitu lukuaika":"2 minuuttia"},"schema":{"@context":"https:\/\/schema.org","@graph":[{"@type":"WebPage","@id":"https:\/\/rotary.fi\/kokkola\/sv\/kom-med\/","url":"https:\/\/rotary.fi\/kokkola\/sv\/kom-med\/","name":"Kom Med - Kokkolan Rotaryklubit","isPartOf":{"@id":"https:\/\/rotary.fi\/kokkola\/#website"},"datePublished":"2019-03-20T05:40:06+00:00","dateModified":"2025-06-25T07:33:17+00:00","breadcrumb":{"@id":"https:\/\/rotary.fi\/kokkola\/sv\/kom-med\/#breadcrumb"},"inLanguage":"fi","potentialAction":[{"@type":"ReadAction","target":["https:\/\/rotary.fi\/kokkola\/sv\/kom-med\/"]}]},{"@type":"BreadcrumbList","@id":"https:\/\/rotary.fi\/kokkola\/sv\/kom-med\/#breadcrumb","itemListElement":[{"@type":"ListItem","position":1,"name":"Home","item":"https:\/\/rotary.fi\/kokkola\/"},{"@type":"ListItem","position":2,"name":"Kom Med"}]},{"@type":"WebSite","@id":"https:\/\/rotary.fi\/kokkola\/#website","url":"https:\/\/rotary.fi\/kokkola\/","name":"Kokkolan Rotaryklubit","description":"Kokkola-Hakalax","publisher":{"@id":"https:\/\/rotary.fi\/kokkola\/#organization"},"potentialAction":[{"@type":"SearchAction","target":{"@type":"EntryPoint","urlTemplate":"https:\/\/rotary.fi\/kokkola\/?s={search_term_string}"},"query-input":{"@type":"PropertyValueSpecification","valueRequired":true,"valueName":"search_term_string"}}],"inLanguage":"fi"},{"@type":"Organization","@id":"https:\/\/rotary.fi\/kokkola\/#organization","name":"Kokkolan Rotaryklubit","url":"https:\/\/rotary.fi\/kokkola\/","logo":{"@type":"ImageObject","inLanguage":"fi","@id":"https:\/\/rotary.fi\/kokkola\/#\/schema\/logo\/image\/","url":"https:\/\/rotary.fi\/kokkolahakalax\/wp-content\/uploads\/sites\/244\/2018\/08\/rotary-logo-main-2.png","contentUrl":"https:\/\/rotary.fi\/kokkolahakalax\/wp-content\/uploads\/sites\/244\/2018\/08\/rotary-logo-main-2.png","width":135,"height":52,"caption":"Kokkolan Rotaryklubit"},"image":{"@id":"https:\/\/rotary.fi\/kokkola\/#\/schema\/logo\/image\/"}}]}},"lang":"sv","translations":{"sv":1647,"en":1481,"fi":98},"pll_sync_post":[],"_links":{"self":[{"href":"https:\/\/rotary.fi\/kokkola\/wp-json\/wp\/v2\/pages\/1647","targetHints":{"allow":["GET"]}}],"collection":[{"href":"https:\/\/rotary.fi\/kokkola\/wp-json\/wp\/v2\/pages"}],"about":[{"href":"https:\/\/rotary.fi\/kokkola\/wp-json\/wp\/v2\/types\/page"}],"author":[{"embeddable":true,"href":"https:\/\/rotary.fi\/kokkola\/wp-json\/wp\/v2\/users\/1"}],"replies":[{"embeddable":true,"href":"https:\/\/rotary.fi\/kokkola\/wp-json\/wp\/v2\/comments?post=1647"}],"version-history":[{"count":10,"href":"https:\/\/rotary.fi\/kokkola\/wp-json\/wp\/v2\/pages\/1647\/revisions"}],"predecessor-version":[{"id":2094,"href":"https:\/\/rotary.fi\/kokkola\/wp-json\/wp\/v2\/pages\/1647\/revisions\/2094"}],"wp:attachment":[{"href":"https:\/\/rotary.fi\/kokkola\/wp-json\/wp\/v2\/media?parent=1647"}],"curies":[{"name":"wp","href":"https:\/\/api.w.org\/{rel}","templated":true}]}}