{"id":160,"date":"2018-08-13T09:49:16","date_gmt":"2018-08-13T06:49:16","guid":{"rendered":"https:\/\/rotary.fi\/kokemaki\/?page_id=160"},"modified":"2021-11-04T13:22:27","modified_gmt":"2021-11-04T11:22:27","slug":"yhteiset-projektit","status":"publish","type":"page","link":"https:\/\/rotary.fi\/kokemaki\/mita-teemme\/yhteiset-projektit\/","title":{"rendered":"Yhteiset projektit"},"content":{"rendered":"<p>[et_pb_section fb_built=&#8221;1&#8243; module_class=&#8221;jumbotron-page&#8221; _builder_version=&#8221;3.22&#8243; background_image=&#8221;https:\/\/rotary.fi\/kokemaki\/wp-content\/uploads\/sites\/104\/2018\/10\/rotary_klubit_alasivu_paakuva_15.jpg&#8221;][et_pb_row _builder_version=&#8221;3.25&#8243; background_size=&#8221;initial&#8221; background_position=&#8221;top_left&#8221; background_repeat=&#8221;repeat&#8221;][et_pb_column type=&#8221;4_4&#8243; _builder_version=&#8221;3.25&#8243; custom_padding=&#8221;|||&#8221; custom_padding__hover=&#8221;|||&#8221;][et_pb_text admin_label=&#8221;P\u00e4\u00e4otsikko&#8221; _builder_version=&#8221;3.27.4&#8243; text_orientation=&#8221;center&#8221; background_layout=&#8221;dark&#8221;]<\/p>\n<h1>Yhteiset projektit<\/h1>\n<p>[\/et_pb_text][\/et_pb_column][\/et_pb_row][\/et_pb_section][et_pb_section fb_built=&#8221;1&#8243; specialty=&#8221;on&#8221; module_class_2=&#8221;sivupalkki&#8221; _builder_version=&#8221;3.22&#8243;][et_pb_column type=&#8221;2_3&#8243; specialty_columns=&#8221;2&#8243; _builder_version=&#8221;3.25&#8243; custom_padding=&#8221;|||&#8221; custom_padding__hover=&#8221;|||&#8221;][et_pb_row_inner admin_label=&#8221;Rivi&#8221; _builder_version=&#8221;3.25&#8243;][et_pb_column_inner saved_specialty_column_type=&#8221;2_3&#8243; _builder_version=&#8221;3.25&#8243; custom_padding=&#8221;|||&#8221; custom_padding__hover=&#8221;|||&#8221;][et_pb_text admin_label=&#8221;Otsikko&#8221; _builder_version=&#8221;4.9.10&#8243; text_orientation=&#8221;center&#8221;]<\/p>\n<h2 class=\"page-title clear\" style=\"text-align: left\">Vesireppu l\u00e4hivesien tutkintaan<\/h2>\n<p>[\/et_pb_text][\/et_pb_column_inner][\/et_pb_row_inner][et_pb_row_inner admin_label=&#8221;Rivi&#8221; _builder_version=&#8221;3.25&#8243;][et_pb_column_inner saved_specialty_column_type=&#8221;2_3&#8243; _builder_version=&#8221;3.25&#8243; custom_padding=&#8221;|||&#8221; custom_padding__hover=&#8221;|||&#8221;][et_pb_text _builder_version=&#8221;4.9.10&#8243; custom_margin=&#8221;0px||0px||false|false&#8221;]<\/p>\n<p>Vesireppu on Suomen ymp\u00e4rist\u00f6keskuksen (SYKE) ensisijaisesti kouluille kehitt\u00e4m\u00e4. Vesirepun tarkoituksena on saada lapset kiinnostumaan ymp\u00e4rist\u00f6n ja oman l\u00e4hivesist\u00f6n tilasta. Sen avulla koululaiset voivat tutkia omia paikallisvesist\u00f6j\u00e4\u00e4n. Tutkiminen onnistuu helposti ja monipuolisesti vesirepun sis\u00e4lt\u00e4mien v\u00e4lineiden ja ohjeiden avulla. Vesirepun avulla voidaan tutkia veden l\u00e4mp\u00f6tilaa, n\u00e4k\u00f6syvyytt\u00e4, sinilev\u00e4tilannetta, sameutta, happipitoisuutta sek\u00e4 fosfori- ja typpipitoisuutta.<br \/>Vesireppu soveltuu mainiosti my\u00f6s kaikille veden tilan seurannasta kiinnostuneille kansalaisille. Sit\u00e4 voi k\u00e4ytt\u00e4\u00e4 vaikkapa oman m\u00f6kkirannan veden tutkimiseen!<\/p>\n<p>&nbsp;<\/p>\n<p>[\/et_pb_text][\/et_pb_column_inner][\/et_pb_row_inner][et_pb_row_inner admin_label=&#8221;Rivi&#8221; _builder_version=&#8221;3.25&#8243;][et_pb_column_inner saved_specialty_column_type=&#8221;2_3&#8243; _builder_version=&#8221;3.25&#8243; custom_padding=&#8221;|||&#8221; custom_padding__hover=&#8221;|||&#8221;][et_pb_text admin_label=&#8221;Otsikko&#8221; _builder_version=&#8221;4.9.10&#8243; text_orientation=&#8221;center&#8221; custom_margin=&#8221;|||0px|false|false&#8221;]<\/p>\n<h3 style=\"text-align: left\">Oppia ja el\u00e4myksi\u00e4 l\u00e4hivesien \u00e4\u00e4rell\u00e4<\/h3>\n<p>[\/et_pb_text][\/et_pb_column_inner][\/et_pb_row_inner][et_pb_row_inner admin_label=&#8221;Rivi&#8221; _builder_version=&#8221;3.25&#8243;][et_pb_column_inner saved_specialty_column_type=&#8221;2_3&#8243; _builder_version=&#8221;3.25&#8243; custom_padding=&#8221;|||&#8221; custom_padding__hover=&#8221;|||&#8221;][et_pb_text admin_label=&#8221;Teksti&#8221; _builder_version=&#8221;4.9.10&#8243; text_orientation=&#8221;center&#8221; custom_margin=&#8221;||||false|false&#8221;]<\/p>\n<p style=\"text-align: left\">Kokem\u00e4en Rotaryklubi lahjoitti vesireput ja t\u00e4ydennyspaketteineen L\u00e4hteenm\u00e4en, Tuomaala ja Tulkkilan alakouluille. Vesireput luovuttivat klubimme puolesta Presidentti <strong>Jouko Ranta<\/strong> sek\u00e4 <strong>Tuuli Hyyti<\/strong>.<\/p>\n<p>[\/et_pb_text][\/et_pb_column_inner][\/et_pb_row_inner][et_pb_row_inner column_structure=&#8221;1_2,1_2&#8243; admin_label=&#8221;Rivi&#8221; _builder_version=&#8221;3.25&#8243;][et_pb_column_inner type=&#8221;1_2&#8243; saved_specialty_column_type=&#8221;2_3&#8243; _builder_version=&#8221;3.25&#8243; custom_padding=&#8221;|||&#8221; custom_padding__hover=&#8221;|||&#8221;][et_pb_image src=&#8221;https:\/\/rotary.fi\/kokemaki\/wp-content\/uploads\/sites\/104\/2021\/11\/3-tulkkilan-repun-vastaanottajat-1.jpg&#8221; title_text=&#8221;3_Tulkkilan_repun vastaanottajat_1&#8243; _builder_version=&#8221;4.9.10&#8243; _module_preset=&#8221;default&#8221;][\/et_pb_image][et_pb_text _builder_version=&#8221;4.9.10&#8243; custom_margin=&#8221;0px||0px||false|false&#8221;]<\/p>\n<p>Tulkkilan koululle vesireppu luovutettiin Kokem\u00e4enjoen rannassa, museosillan pieless\u00e4. Repun vastaanottajana oli opettaja <strong>Kati Pere <\/strong>oppilaineen.<\/p>\n<p>[\/et_pb_text][\/et_pb_column_inner][et_pb_column_inner type=&#8221;1_2&#8243; saved_specialty_column_type=&#8221;2_3&#8243; _builder_version=&#8221;3.25&#8243; custom_padding=&#8221;|||&#8221; custom_padding__hover=&#8221;|||&#8221;][et_pb_image src=&#8221;https:\/\/rotary.fi\/kokemaki\/wp-content\/uploads\/sites\/104\/2021\/11\/4-kokemaenjoen-veden-lampotila-1.jpg&#8221; title_text=&#8221;4_Kokem\u00e4enjoen veden l\u00e4mp\u00f6tila_1&#8243; _builder_version=&#8221;4.9.10&#8243; _module_preset=&#8221;default&#8221;][\/et_pb_image][et_pb_text _builder_version=&#8221;4.9.10&#8243; custom_margin=&#8221;0px||0px||false|false&#8221;]<\/p>\n<p>Kokem\u00e4enjoen veden l\u00e4mp\u00f6tilan mittaus Tulkkilan kohdalla.<\/p>\n<p>&nbsp;<\/p>\n<p>&nbsp;<\/p>\n<p>&nbsp;<\/p>\n<p>[\/et_pb_text][\/et_pb_column_inner][\/et_pb_row_inner][et_pb_row_inner column_structure=&#8221;1_2,1_2&#8243; admin_label=&#8221;Rivi&#8221; _builder_version=&#8221;3.25&#8243;][et_pb_column_inner type=&#8221;1_2&#8243; saved_specialty_column_type=&#8221;2_3&#8243; _builder_version=&#8221;3.25&#8243; custom_padding=&#8221;|||&#8221; custom_padding__hover=&#8221;|||&#8221;][et_pb_image src=&#8221;https:\/\/rotary.fi\/kokemaki\/wp-content\/uploads\/sites\/104\/2021\/11\/1-lahteenmaki-repun-vastaanottajat-1.jpg&#8221; title_text=&#8221;1_L\u00e4hteenm\u00e4ki_repun vastaanottajat_1&#8243; _builder_version=&#8221;4.9.10&#8243; _module_preset=&#8221;default&#8221;][\/et_pb_image][et_pb_text _builder_version=&#8221;4.9.10&#8243; custom_margin=&#8221;0px||0px||false|false&#8221;]<\/p>\n<p>L\u00e4hteenm\u00e4en koululla repun vastaanottajina olivat koulun rehtori <strong>Elina Kankaanp\u00e4\u00e4<\/strong> sek\u00e4 oppilaat <strong>Petteri Hakuni<\/strong>, <strong>Jesper L\u00e4\u00e4ti<\/strong> ja <strong>Valtteri Vainio<\/strong>.<\/p>\n<p>&nbsp;<\/p>\n<p>&nbsp;<\/p>\n<p>[\/et_pb_text][\/et_pb_column_inner][et_pb_column_inner type=&#8221;1_2&#8243; saved_specialty_column_type=&#8221;2_3&#8243; _builder_version=&#8221;3.25&#8243; custom_padding=&#8221;|||&#8221; custom_padding__hover=&#8221;|||&#8221;][et_pb_image src=&#8221;https:\/\/rotary.fi\/kokemaki\/wp-content\/uploads\/sites\/104\/2021\/11\/2-tuomaala-repun-sisallon-tutkiminen-1.jpg&#8221; title_text=&#8221;2_Tuomaala_repun sis\u00e4ll\u00f6n tutkiminen_1&#8243; _builder_version=&#8221;4.9.10&#8243; _module_preset=&#8221;default&#8221;][\/et_pb_image][et_pb_text _builder_version=&#8221;4.9.10&#8243; custom_margin=&#8221;0px||0px||false|false&#8221;]<\/p>\n<p>Tuomaalan koululla vastaanottajina olivat vararehtori <strong>Petra Kossi<\/strong> sek\u00e4 koulun oppilaskunnan puheenjohtaja <strong>Juulia Sippola<\/strong>. He tutustuivat heti repun sis\u00e4lt\u00f6\u00f6n.<\/p>\n<p>&nbsp;<\/p>\n<p>&nbsp;<\/p>\n<p>&nbsp;<\/p>\n<p>[\/et_pb_text][\/et_pb_column_inner][\/et_pb_row_inner][\/et_pb_column][et_pb_column type=&#8221;1_3&#8243; _builder_version=&#8221;3.25&#8243; custom_padding=&#8221;|||&#8221; custom_padding__hover=&#8221;|||&#8221;][et_pb_sidebar area=&#8221;sidebar-1&#8243; module_class=&#8221;sivupalkki_sisalto&#8221; _builder_version=&#8221;3.4.1&#8243; locked=&#8221;on&#8221;]<br \/>\n[\/et_pb_sidebar][\/et_pb_column][\/et_pb_section]<\/p>\n","protected":false},"excerpt":{"rendered":"<p>Yhteiset projektit Vesireppu l\u00e4hivesien tutkintaanVesireppu on Suomen ymp\u00e4rist\u00f6keskuksen (SYKE) ensisijaisesti kouluille kehitt\u00e4m\u00e4. Vesirepun tarkoituksena on saada lapset kiinnostumaan ymp\u00e4rist\u00f6n ja oman l\u00e4hivesist\u00f6n tilasta. Sen avulla koululaiset voivat tutkia omia paikallisvesist\u00f6j\u00e4\u00e4n. Tutkiminen onnistuu helposti ja monipuolisesti vesirepun sis\u00e4lt\u00e4mien v\u00e4lineiden ja ohjeiden avulla. Vesirepun avulla voidaan tutkia veden l\u00e4mp\u00f6tilaa, n\u00e4k\u00f6syvyytt\u00e4, sinilev\u00e4tilannetta, sameutta, happipitoisuutta sek\u00e4 fosfori- ja typpipitoisuutta.Vesireppu [&hellip;]<\/p>\n","protected":false},"author":1,"featured_media":0,"parent":77,"menu_order":0,"comment_status":"closed","ping_status":"closed","template":"","meta":{"_acf_changed":false,"_et_pb_use_builder":"on","_et_pb_old_content":"","_et_gb_content_width":"","footnotes":""},"class_list":["post-160","page","type-page","status-publish","hentry"],"acf":[],"yoast_head":"<!-- This site is optimized with the Yoast SEO plugin v27.0 - https:\/\/yoast.com\/product\/yoast-seo-wordpress\/ -->\n<title>Yhteiset projektit - Kokem\u00e4en Rotaryklubi<\/title>\n<meta name=\"robots\" content=\"index, follow, max-snippet:-1, max-image-preview:large, max-video-preview:-1\" \/>\n<link rel=\"canonical\" href=\"https:\/\/rotary.fi\/kokemaki\/mita-teemme\/yhteiset-projektit\/\" \/>\n<meta property=\"og:locale\" content=\"fi_FI\" \/>\n<meta property=\"og:type\" content=\"article\" \/>\n<meta property=\"og:title\" content=\"Yhteiset projektit - Kokem\u00e4en Rotaryklubi\" \/>\n<meta property=\"og:description\" content=\"Yhteiset projektit Vesireppu l\u00e4hivesien tutkintaanVesireppu on Suomen ymp\u00e4rist\u00f6keskuksen (SYKE) ensisijaisesti kouluille kehitt\u00e4m\u00e4. Vesirepun tarkoituksena on saada lapset kiinnostumaan ymp\u00e4rist\u00f6n ja oman l\u00e4hivesist\u00f6n tilasta. Sen avulla koululaiset voivat tutkia omia paikallisvesist\u00f6j\u00e4\u00e4n. Tutkiminen onnistuu helposti ja monipuolisesti vesirepun sis\u00e4lt\u00e4mien v\u00e4lineiden ja ohjeiden avulla. Vesirepun avulla voidaan tutkia veden l\u00e4mp\u00f6tilaa, n\u00e4k\u00f6syvyytt\u00e4, sinilev\u00e4tilannetta, sameutta, happipitoisuutta sek\u00e4 fosfori- ja typpipitoisuutta.Vesireppu [&hellip;]\" \/>\n<meta property=\"og:url\" content=\"https:\/\/rotary.fi\/kokemaki\/mita-teemme\/yhteiset-projektit\/\" \/>\n<meta property=\"og:site_name\" content=\"Kokem\u00e4en Rotaryklubi\" \/>\n<meta property=\"article:modified_time\" content=\"2021-11-04T11:22:27+00:00\" \/>\n<meta name=\"twitter:card\" content=\"summary_large_image\" \/>\n<meta name=\"twitter:label1\" content=\"Arvioitu lukuaika\" \/>\n\t<meta name=\"twitter:data1\" content=\"4 minuuttia\" \/>\n<script type=\"application\/ld+json\" class=\"yoast-schema-graph\">{\"@context\":\"https:\/\/schema.org\",\"@graph\":[{\"@type\":\"WebPage\",\"@id\":\"https:\/\/rotary.fi\/kokemaki\/mita-teemme\/yhteiset-projektit\/\",\"url\":\"https:\/\/rotary.fi\/kokemaki\/mita-teemme\/yhteiset-projektit\/\",\"name\":\"Yhteiset projektit - Kokem\u00e4en Rotaryklubi\",\"isPartOf\":{\"@id\":\"https:\/\/rotary.fi\/kokemaki\/#website\"},\"datePublished\":\"2018-08-13T06:49:16+00:00\",\"dateModified\":\"2021-11-04T11:22:27+00:00\",\"breadcrumb\":{\"@id\":\"https:\/\/rotary.fi\/kokemaki\/mita-teemme\/yhteiset-projektit\/#breadcrumb\"},\"inLanguage\":\"fi\",\"potentialAction\":[{\"@type\":\"ReadAction\",\"target\":[\"https:\/\/rotary.fi\/kokemaki\/mita-teemme\/yhteiset-projektit\/\"]}]},{\"@type\":\"BreadcrumbList\",\"@id\":\"https:\/\/rotary.fi\/kokemaki\/mita-teemme\/yhteiset-projektit\/#breadcrumb\",\"itemListElement\":[{\"@type\":\"ListItem\",\"position\":1,\"name\":\"Home\",\"item\":\"https:\/\/rotary.fi\/kokemaki\/\"},{\"@type\":\"ListItem\",\"position\":2,\"name\":\"Mit\u00e4 teemme\",\"item\":\"https:\/\/rotary.fi\/kokemaki\/mita-teemme\/\"},{\"@type\":\"ListItem\",\"position\":3,\"name\":\"Yhteiset projektit\"}]},{\"@type\":\"WebSite\",\"@id\":\"https:\/\/rotary.fi\/kokemaki\/#website\",\"url\":\"https:\/\/rotary.fi\/kokemaki\/\",\"name\":\"Kokem\u00e4en Rotaryklubi\",\"description\":\"Uusi Rotary klubisivusto\",\"potentialAction\":[{\"@type\":\"SearchAction\",\"target\":{\"@type\":\"EntryPoint\",\"urlTemplate\":\"https:\/\/rotary.fi\/kokemaki\/?s={search_term_string}\"},\"query-input\":{\"@type\":\"PropertyValueSpecification\",\"valueRequired\":true,\"valueName\":\"search_term_string\"}}],\"inLanguage\":\"fi\"}]}<\/script>\n<!-- \/ Yoast SEO plugin. -->","yoast_head_json":{"title":"Yhteiset projektit - Kokem\u00e4en Rotaryklubi","robots":{"index":"index","follow":"follow","max-snippet":"max-snippet:-1","max-image-preview":"max-image-preview:large","max-video-preview":"max-video-preview:-1"},"canonical":"https:\/\/rotary.fi\/kokemaki\/mita-teemme\/yhteiset-projektit\/","og_locale":"fi_FI","og_type":"article","og_title":"Yhteiset projektit - Kokem\u00e4en Rotaryklubi","og_description":"Yhteiset projektit Vesireppu l\u00e4hivesien tutkintaanVesireppu on Suomen ymp\u00e4rist\u00f6keskuksen (SYKE) ensisijaisesti kouluille kehitt\u00e4m\u00e4. Vesirepun tarkoituksena on saada lapset kiinnostumaan ymp\u00e4rist\u00f6n ja oman l\u00e4hivesist\u00f6n tilasta. Sen avulla koululaiset voivat tutkia omia paikallisvesist\u00f6j\u00e4\u00e4n. Tutkiminen onnistuu helposti ja monipuolisesti vesirepun sis\u00e4lt\u00e4mien v\u00e4lineiden ja ohjeiden avulla. Vesirepun avulla voidaan tutkia veden l\u00e4mp\u00f6tilaa, n\u00e4k\u00f6syvyytt\u00e4, sinilev\u00e4tilannetta, sameutta, happipitoisuutta sek\u00e4 fosfori- ja typpipitoisuutta.Vesireppu [&hellip;]","og_url":"https:\/\/rotary.fi\/kokemaki\/mita-teemme\/yhteiset-projektit\/","og_site_name":"Kokem\u00e4en Rotaryklubi","article_modified_time":"2021-11-04T11:22:27+00:00","twitter_card":"summary_large_image","twitter_misc":{"Arvioitu lukuaika":"4 minuuttia"},"schema":{"@context":"https:\/\/schema.org","@graph":[{"@type":"WebPage","@id":"https:\/\/rotary.fi\/kokemaki\/mita-teemme\/yhteiset-projektit\/","url":"https:\/\/rotary.fi\/kokemaki\/mita-teemme\/yhteiset-projektit\/","name":"Yhteiset projektit - Kokem\u00e4en Rotaryklubi","isPartOf":{"@id":"https:\/\/rotary.fi\/kokemaki\/#website"},"datePublished":"2018-08-13T06:49:16+00:00","dateModified":"2021-11-04T11:22:27+00:00","breadcrumb":{"@id":"https:\/\/rotary.fi\/kokemaki\/mita-teemme\/yhteiset-projektit\/#breadcrumb"},"inLanguage":"fi","potentialAction":[{"@type":"ReadAction","target":["https:\/\/rotary.fi\/kokemaki\/mita-teemme\/yhteiset-projektit\/"]}]},{"@type":"BreadcrumbList","@id":"https:\/\/rotary.fi\/kokemaki\/mita-teemme\/yhteiset-projektit\/#breadcrumb","itemListElement":[{"@type":"ListItem","position":1,"name":"Home","item":"https:\/\/rotary.fi\/kokemaki\/"},{"@type":"ListItem","position":2,"name":"Mit\u00e4 teemme","item":"https:\/\/rotary.fi\/kokemaki\/mita-teemme\/"},{"@type":"ListItem","position":3,"name":"Yhteiset projektit"}]},{"@type":"WebSite","@id":"https:\/\/rotary.fi\/kokemaki\/#website","url":"https:\/\/rotary.fi\/kokemaki\/","name":"Kokem\u00e4en Rotaryklubi","description":"Uusi Rotary klubisivusto","potentialAction":[{"@type":"SearchAction","target":{"@type":"EntryPoint","urlTemplate":"https:\/\/rotary.fi\/kokemaki\/?s={search_term_string}"},"query-input":{"@type":"PropertyValueSpecification","valueRequired":true,"valueName":"search_term_string"}}],"inLanguage":"fi"}]}},"lang":"fi","translations":{"fi":160},"pll_sync_post":[],"_links":{"self":[{"href":"https:\/\/rotary.fi\/kokemaki\/wp-json\/wp\/v2\/pages\/160","targetHints":{"allow":["GET"]}}],"collection":[{"href":"https:\/\/rotary.fi\/kokemaki\/wp-json\/wp\/v2\/pages"}],"about":[{"href":"https:\/\/rotary.fi\/kokemaki\/wp-json\/wp\/v2\/types\/page"}],"author":[{"embeddable":true,"href":"https:\/\/rotary.fi\/kokemaki\/wp-json\/wp\/v2\/users\/1"}],"replies":[{"embeddable":true,"href":"https:\/\/rotary.fi\/kokemaki\/wp-json\/wp\/v2\/comments?post=160"}],"version-history":[{"count":40,"href":"https:\/\/rotary.fi\/kokemaki\/wp-json\/wp\/v2\/pages\/160\/revisions"}],"predecessor-version":[{"id":5323,"href":"https:\/\/rotary.fi\/kokemaki\/wp-json\/wp\/v2\/pages\/160\/revisions\/5323"}],"up":[{"embeddable":true,"href":"https:\/\/rotary.fi\/kokemaki\/wp-json\/wp\/v2\/pages\/77"}],"wp:attachment":[{"href":"https:\/\/rotary.fi\/kokemaki\/wp-json\/wp\/v2\/media?parent=160"}],"curies":[{"name":"wp","href":"https:\/\/api.w.org\/{rel}","templated":true}]}}