{"id":1853,"date":"2019-04-24T13:25:42","date_gmt":"2019-04-24T10:25:42","guid":{"rendered":"https:\/\/rotary.fi\/klubisivusto\/?page_id=1853"},"modified":"2019-08-21T11:15:58","modified_gmt":"2019-08-21T08:15:58","slug":"koostoo","status":"publish","type":"page","link":"https:\/\/rotary.fi\/klubisivusto\/et\/mida-me-teeme\/koostoo\/","title":{"rendered":"Koost\u00f6\u00f6"},"content":{"rendered":"<p>[et_pb_section fb_built=&#8221;1&#8243; module_class=&#8221;jumbotron-page&#8221; _builder_version=&#8221;3.22.3&#8243; background_image=&#8221;https:\/\/rotary.fi\/klubisivusto\/wp-content\/uploads\/sites\/6\/2018\/08\/rotary_klubit_alasivu_paakuva_6.jpg&#8221;][et_pb_row _builder_version=&#8221;3.25&#8243; background_size=&#8221;initial&#8221; background_position=&#8221;top_left&#8221; background_repeat=&#8221;repeat&#8221;][et_pb_column type=&#8221;4_4&#8243; _builder_version=&#8221;3.25&#8243; custom_padding=&#8221;|||&#8221; custom_padding__hover=&#8221;|||&#8221;][et_pb_text admin_label=&#8221;P\u00e4\u00e4otsikko&#8221; _builder_version=&#8221;3.22.3&#8243; text_orientation=&#8221;center&#8221; background_layout=&#8221;dark&#8221; z_index_tablet=&#8221;500&#8243;]<\/p>\n<h1>Koost\u00f6\u00f6<\/h1>\n<p>[\/et_pb_text][\/et_pb_column][\/et_pb_row][\/et_pb_section][et_pb_section fb_built=&#8221;1&#8243; specialty=&#8221;on&#8221; module_class_2=&#8221;sivupalkki&#8221; _builder_version=&#8221;3.22.3&#8243; inner_max_width=&#8221;none&#8221;][et_pb_column type=&#8221;2_3&#8243; specialty_columns=&#8221;2&#8243; _builder_version=&#8221;3.25&#8243; custom_padding=&#8221;|||&#8221; custom_padding__hover=&#8221;|||&#8221;][et_pb_row_inner admin_label=&#8221;Rivi&#8221; _builder_version=&#8221;3.25&#8243;][et_pb_column_inner saved_specialty_column_type=&#8221;2_3&#8243; _builder_version=&#8221;3.25.3&#8243;][et_pb_text admin_label=&#8221;Koost\u00f6\u00f6 &#8211; Otsikko&#8221; _builder_version=&#8221;3.22.3&#8243; text_orientation=&#8221;center&#8221; z_index_tablet=&#8221;500&#8243;]<\/p>\n<h1>Koost\u00f6\u00f6<\/h1>\n<p>[\/et_pb_text][et_pb_text _builder_version=&#8221;3.22.3&#8243; z_index_tablet=&#8221;500&#8243;]<\/p>\n<p><span style=\"color: #8300e9;\"><strong>NB! Muuda lehe sisu, et see vastaks klubi tegevusele.<\/strong><\/span><\/p>\n<p>Meie klubi tegeleb aktiivselt noorsoovahetuste, teenindus- ja heategevusprojektidega. Paljud meie partnerid on meie t\u00f6\u00f6d toetanud.<\/p>\n<p><strong>Meie klubi noorsoovahetust on toetanud \/ toetavad<\/strong><br \/>Ettev\u00f5te 1 (link nende kodulehele v\u00f5i v\u00e4hemalt puhas logo, ku\u0308si see ettev\u00f5ttelt)<br \/>Ettev\u00f5te 2 ( nagu eespool)<\/p>\n<p><strong>XX teenindusplrojektis on meie t\u00f6\u00f6d toetanud \/ toetab<\/strong><br \/> \u00dbhing 1 ( lingid nende lehek\u00fclgedele )<br \/> Linn 2<br \/>Ettev\u00f5te 3<br \/> Rotary-Klubi 4<\/p>\n<p><strong>T\u00e4name s\u00fcdamest meie tegevuse toetajaid!<\/strong><\/p>\n<p>Kui soovid osaleda rotarite t\u00f6\u00f6s aja v\u00f5i raha annetamisega, v\u00f5ta palun u\u0308hendust klubi presidendiga <span style=\"color: #8300e9;\"><strong>NIMI ja kontaktandmed.<\/strong><\/span><\/p>\n<p>[\/et_pb_text][\/et_pb_column_inner][\/et_pb_row_inner][\/et_pb_column][et_pb_column type=&#8221;1_3&#8243; _builder_version=&#8221;3.25&#8243; custom_padding=&#8221;|||&#8221; custom_padding__hover=&#8221;|||&#8221;][et_pb_sidebar area=&#8221;sidebar-1&#8243; module_class=&#8221;sivupalkki_sisalto&#8221; _builder_version=&#8221;3.4.1&#8243; locked=&#8221;off&#8221;][\/et_pb_sidebar][\/et_pb_column][\/et_pb_section]<\/p>\n","protected":false},"excerpt":{"rendered":"<p>Koost\u00f6\u00f6 Koost\u00f6\u00f6 NB! Muuda lehe sisu, et see vastaks klubi tegevusele. Meie klubi tegeleb aktiivselt noorsoovahetuste, teenindus- ja heategevusprojektidega. Paljud meie partnerid on meie t\u00f6\u00f6d toetanud. Meie klubi noorsoovahetust on toetanud \/ toetavadEttev\u00f5te 1 (link nende kodulehele v\u00f5i v\u00e4hemalt puhas logo, ku\u0308si see ettev\u00f5ttelt)Ettev\u00f5te 2 ( nagu eespool) XX teenindusplrojektis on meie t\u00f6\u00f6d toetanud \/ [&hellip;]<\/p>\n","protected":false},"author":1,"featured_media":0,"parent":1835,"menu_order":7,"comment_status":"closed","ping_status":"closed","template":"","meta":{"_acf_changed":false,"_et_pb_use_builder":"on","_et_pb_old_content":"","_et_gb_content_width":"","footnotes":""},"class_list":["post-1853","page","type-page","status-publish","hentry"],"acf":[],"yoast_head":"<!-- This site is optimized with the Yoast SEO plugin v27.0 - https:\/\/yoast.com\/product\/yoast-seo-wordpress\/ -->\n<title>Koost\u00f6\u00f6 - Klubitason sivustopohja<\/title>\n<meta name=\"robots\" content=\"noindex, follow, max-snippet:-1, max-image-preview:large, max-video-preview:-1\" \/>\n<meta property=\"og:locale\" content=\"fi_FI\" \/>\n<meta property=\"og:type\" content=\"article\" \/>\n<meta property=\"og:title\" content=\"Koost\u00f6\u00f6 - Klubitason sivustopohja\" \/>\n<meta property=\"og:description\" content=\"Koost\u00f6\u00f6 Koost\u00f6\u00f6 NB! Muuda lehe sisu, et see vastaks klubi tegevusele. Meie klubi tegeleb aktiivselt noorsoovahetuste, teenindus- ja heategevusprojektidega. Paljud meie partnerid on meie t\u00f6\u00f6d toetanud. Meie klubi noorsoovahetust on toetanud \/ toetavadEttev\u00f5te 1 (link nende kodulehele v\u00f5i v\u00e4hemalt puhas logo, ku\u0308si see ettev\u00f5ttelt)Ettev\u00f5te 2 ( nagu eespool) XX teenindusplrojektis on meie t\u00f6\u00f6d toetanud \/ [&hellip;]\" \/>\n<meta property=\"og:url\" content=\"https:\/\/rotary.fi\/klubisivusto\/et\/mida-me-teeme\/koostoo\/\" \/>\n<meta property=\"og:site_name\" content=\"Klubitason sivustopohja\" \/>\n<meta property=\"article:modified_time\" content=\"2019-08-21T08:15:58+00:00\" \/>\n<meta name=\"twitter:card\" content=\"summary_large_image\" \/>\n<meta name=\"twitter:label1\" content=\"Arvioitu lukuaika\" \/>\n\t<meta name=\"twitter:data1\" content=\"1 minuutti\" \/>\n<script type=\"application\/ld+json\" class=\"yoast-schema-graph\">{\"@context\":\"https:\/\/schema.org\",\"@graph\":[{\"@type\":\"WebPage\",\"@id\":\"https:\/\/rotary.fi\/klubisivusto\/et\/mida-me-teeme\/koostoo\/\",\"url\":\"https:\/\/rotary.fi\/klubisivusto\/et\/mida-me-teeme\/koostoo\/\",\"name\":\"Koost\u00f6\u00f6 - Klubitason sivustopohja\",\"isPartOf\":{\"@id\":\"https:\/\/rotary.fi\/klubisivusto\/#website\"},\"datePublished\":\"2019-04-24T10:25:42+00:00\",\"dateModified\":\"2019-08-21T08:15:58+00:00\",\"breadcrumb\":{\"@id\":\"https:\/\/rotary.fi\/klubisivusto\/et\/mida-me-teeme\/koostoo\/#breadcrumb\"},\"inLanguage\":\"fi\",\"potentialAction\":[{\"@type\":\"ReadAction\",\"target\":[\"https:\/\/rotary.fi\/klubisivusto\/et\/mida-me-teeme\/koostoo\/\"]}]},{\"@type\":\"BreadcrumbList\",\"@id\":\"https:\/\/rotary.fi\/klubisivusto\/et\/mida-me-teeme\/koostoo\/#breadcrumb\",\"itemListElement\":[{\"@type\":\"ListItem\",\"position\":1,\"name\":\"Home\",\"item\":\"https:\/\/rotary.fi\/klubisivusto\/\"},{\"@type\":\"ListItem\",\"position\":2,\"name\":\"Mida me teeme\",\"item\":\"https:\/\/rotary.fi\/klubisivusto\/et\/mida-me-teeme\/\"},{\"@type\":\"ListItem\",\"position\":3,\"name\":\"Koost\u00f6\u00f6\"}]},{\"@type\":\"WebSite\",\"@id\":\"https:\/\/rotary.fi\/klubisivusto\/#website\",\"url\":\"https:\/\/rotary.fi\/klubisivusto\/\",\"name\":\"Klubitason sivustopohja\",\"description\":\"Uusi Rotary klubisivusto\",\"potentialAction\":[{\"@type\":\"SearchAction\",\"target\":{\"@type\":\"EntryPoint\",\"urlTemplate\":\"https:\/\/rotary.fi\/klubisivusto\/?s={search_term_string}\"},\"query-input\":{\"@type\":\"PropertyValueSpecification\",\"valueRequired\":true,\"valueName\":\"search_term_string\"}}],\"inLanguage\":\"fi\"}]}<\/script>\n<!-- \/ Yoast SEO plugin. -->","yoast_head_json":{"title":"Koost\u00f6\u00f6 - Klubitason sivustopohja","robots":{"index":"noindex","follow":"follow","max-snippet":"max-snippet:-1","max-image-preview":"max-image-preview:large","max-video-preview":"max-video-preview:-1"},"og_locale":"fi_FI","og_type":"article","og_title":"Koost\u00f6\u00f6 - Klubitason sivustopohja","og_description":"Koost\u00f6\u00f6 Koost\u00f6\u00f6 NB! Muuda lehe sisu, et see vastaks klubi tegevusele. Meie klubi tegeleb aktiivselt noorsoovahetuste, teenindus- ja heategevusprojektidega. Paljud meie partnerid on meie t\u00f6\u00f6d toetanud. Meie klubi noorsoovahetust on toetanud \/ toetavadEttev\u00f5te 1 (link nende kodulehele v\u00f5i v\u00e4hemalt puhas logo, ku\u0308si see ettev\u00f5ttelt)Ettev\u00f5te 2 ( nagu eespool) XX teenindusplrojektis on meie t\u00f6\u00f6d toetanud \/ [&hellip;]","og_url":"https:\/\/rotary.fi\/klubisivusto\/et\/mida-me-teeme\/koostoo\/","og_site_name":"Klubitason sivustopohja","article_modified_time":"2019-08-21T08:15:58+00:00","twitter_card":"summary_large_image","twitter_misc":{"Arvioitu lukuaika":"1 minuutti"},"schema":{"@context":"https:\/\/schema.org","@graph":[{"@type":"WebPage","@id":"https:\/\/rotary.fi\/klubisivusto\/et\/mida-me-teeme\/koostoo\/","url":"https:\/\/rotary.fi\/klubisivusto\/et\/mida-me-teeme\/koostoo\/","name":"Koost\u00f6\u00f6 - Klubitason sivustopohja","isPartOf":{"@id":"https:\/\/rotary.fi\/klubisivusto\/#website"},"datePublished":"2019-04-24T10:25:42+00:00","dateModified":"2019-08-21T08:15:58+00:00","breadcrumb":{"@id":"https:\/\/rotary.fi\/klubisivusto\/et\/mida-me-teeme\/koostoo\/#breadcrumb"},"inLanguage":"fi","potentialAction":[{"@type":"ReadAction","target":["https:\/\/rotary.fi\/klubisivusto\/et\/mida-me-teeme\/koostoo\/"]}]},{"@type":"BreadcrumbList","@id":"https:\/\/rotary.fi\/klubisivusto\/et\/mida-me-teeme\/koostoo\/#breadcrumb","itemListElement":[{"@type":"ListItem","position":1,"name":"Home","item":"https:\/\/rotary.fi\/klubisivusto\/"},{"@type":"ListItem","position":2,"name":"Mida me teeme","item":"https:\/\/rotary.fi\/klubisivusto\/et\/mida-me-teeme\/"},{"@type":"ListItem","position":3,"name":"Koost\u00f6\u00f6"}]},{"@type":"WebSite","@id":"https:\/\/rotary.fi\/klubisivusto\/#website","url":"https:\/\/rotary.fi\/klubisivusto\/","name":"Klubitason sivustopohja","description":"Uusi Rotary klubisivusto","potentialAction":[{"@type":"SearchAction","target":{"@type":"EntryPoint","urlTemplate":"https:\/\/rotary.fi\/klubisivusto\/?s={search_term_string}"},"query-input":{"@type":"PropertyValueSpecification","valueRequired":true,"valueName":"search_term_string"}}],"inLanguage":"fi"}]}},"lang":"et","translations":{"et":1853,"en":1462,"fi":165,"sv":1626},"pll_sync_post":[],"_links":{"self":[{"href":"https:\/\/rotary.fi\/klubisivusto\/wp-json\/wp\/v2\/pages\/1853","targetHints":{"allow":["GET"]}}],"collection":[{"href":"https:\/\/rotary.fi\/klubisivusto\/wp-json\/wp\/v2\/pages"}],"about":[{"href":"https:\/\/rotary.fi\/klubisivusto\/wp-json\/wp\/v2\/types\/page"}],"author":[{"embeddable":true,"href":"https:\/\/rotary.fi\/klubisivusto\/wp-json\/wp\/v2\/users\/1"}],"replies":[{"embeddable":true,"href":"https:\/\/rotary.fi\/klubisivusto\/wp-json\/wp\/v2\/comments?post=1853"}],"version-history":[{"count":2,"href":"https:\/\/rotary.fi\/klubisivusto\/wp-json\/wp\/v2\/pages\/1853\/revisions"}],"predecessor-version":[{"id":1987,"href":"https:\/\/rotary.fi\/klubisivusto\/wp-json\/wp\/v2\/pages\/1853\/revisions\/1987"}],"up":[{"embeddable":true,"href":"https:\/\/rotary.fi\/klubisivusto\/wp-json\/wp\/v2\/pages\/1835"}],"wp:attachment":[{"href":"https:\/\/rotary.fi\/klubisivusto\/wp-json\/wp\/v2\/media?parent=1853"}],"curies":[{"name":"wp","href":"https:\/\/api.w.org\/{rel}","templated":true}]}}