{"id":1850,"date":"2019-04-24T13:20:06","date_gmt":"2019-04-24T10:20:06","guid":{"rendered":"https:\/\/rotary.fi\/klubisivusto\/?page_id=1850"},"modified":"2019-10-11T13:48:38","modified_gmt":"2019-10-11T10:48:38","slug":"rotary-doctor-bank-of-finland","status":"publish","type":"page","link":"https:\/\/rotary.fi\/klubisivusto\/et\/mida-me-teeme\/rotary-doctor-bank-of-finland\/","title":{"rendered":"Rotary Doctor Bank of Finland"},"content":{"rendered":"<p>[et_pb_section fb_built=&#8221;1&#8243; module_class=&#8221;jumbotron-page&#8221; _builder_version=&#8221;3.22.3&#8243; background_image=&#8221;https:\/\/rotary.fi\/klubisivusto\/wp-content\/uploads\/sites\/6\/2018\/10\/rotary_klubit_alasivu_paakuva_14.jpg&#8221; fb_built=&#8221;1&#8243; _i=&#8221;0&#8243; _address=&#8221;0&#8243;][et_pb_row _builder_version=&#8221;3.25&#8243; background_size=&#8221;initial&#8221; background_position=&#8221;top_left&#8221; background_repeat=&#8221;repeat&#8221; _i=&#8221;0&#8243; _address=&#8221;0.0&#8243;][et_pb_column type=&#8221;4_4&#8243; _builder_version=&#8221;3.25&#8243; custom_padding=&#8221;|||&#8221; custom_padding__hover=&#8221;|||&#8221; _i=&#8221;0&#8243; _address=&#8221;0.0.0&#8243;][et_pb_text admin_label=&#8221;P\u00e4\u00e4otsikko&#8221; _builder_version=&#8221;3.27.4&#8243; text_orientation=&#8221;center&#8221; background_layout=&#8221;dark&#8221; z_index_tablet=&#8221;500&#8243; hover_enabled=&#8221;0&#8243; _i=&#8221;0&#8243; _address=&#8221;0.0.0.0&#8243;]<\/p>\n<h1>Rotary Doctor Bank of Finland<\/h1>\n<p>[\/et_pb_text][\/et_pb_column][\/et_pb_row][\/et_pb_section][et_pb_section fb_built=&#8221;1&#8243; specialty=&#8221;on&#8221; module_class_2=&#8221;sivupalkki&#8221; _builder_version=&#8221;3.22.3&#8243; inner_max_width=&#8221;none&#8221; fb_built=&#8221;1&#8243; _i=&#8221;1&#8243; _address=&#8221;1&#8243;][et_pb_column type=&#8221;2_3&#8243; specialty_columns=&#8221;2&#8243; _builder_version=&#8221;3.25&#8243; custom_padding=&#8221;|||&#8221; custom_padding__hover=&#8221;|||&#8221; _i=&#8221;0&#8243; _address=&#8221;1.0&#8243;][et_pb_row_inner admin_label=&#8221;Rivi&#8221; _builder_version=&#8221;3.25&#8243; _i=&#8221;0&#8243; _address=&#8221;1.0.0&#8243;][et_pb_column_inner saved_specialty_column_type=&#8221;2_3&#8243; _builder_version=&#8221;3.25&#8243; custom_padding=&#8221;|||&#8221; custom_padding__hover=&#8221;|||&#8221; _i=&#8221;0&#8243; _address=&#8221;1.0.0.0&#8243;][et_pb_text admin_label=&#8221;Rotary Doctor Bank of Finland &#8211; Otsikko&#8221; _builder_version=&#8221;3.27.4&#8243; text_orientation=&#8221;center&#8221; z_index_tablet=&#8221;500&#8243; hover_enabled=&#8221;0&#8243; _i=&#8221;0&#8243; _address=&#8221;1.0.0.0.0&#8243;]<\/p>\n<h1>Rotary Doctor Bank of Finland<\/h1>\n<p>[\/et_pb_text][et_pb_text _builder_version=&#8221;3.27.4&#8243; custom_padding=&#8221;3px|||||&#8221; z_index_tablet=&#8221;500&#8243; hover_enabled=&#8221;0&#8243; _i=&#8221;1&#8243; _address=&#8221;1.0.0.0.1&#8243;]<\/p>\n<p><span style=\"color: #8300e9;\"><strong>NB. Kui teie klubi osaleb aktiivselt Rotary Doctor Bank of Finland tegevuses, lisa teie info sellele lehele.<\/strong><\/span><\/p>\n<p><strong>V\u00f5imaldame arstide saatmise arengumaadesse<\/strong><\/p>\n<p>Soome Rotarypalvelu ry Rotary Doctor Bank of Finland toiminguid rahastavad k\u00f5ik Soome rotarid.<\/p>\n<p>RDBF on Tansaanias tegutsenud alates 2002. aastast Tansaania evangeelse luterliku kiriku haiglates. Vabatahtlikud arstid ja hambaarstid on l\u00e4inud RDBF:i kaudu Tansaaniasse Soome rotary teenistuse rahastamise ja v\u00e4lisministeeriumi projektitoetuse abil.<\/p>\n<p>Igal aastal on saadetud vabatahtlike arste Tansaaniasse kuueks v\u00f5i enamaks n\u00e4dalaks. T\u00f6\u00f6 on tasustamata, kuid arstid saavad hu\u0308vitise reisi, p\u00e4evaraha ja kindlustuse eest. Arstid osalevad haigla t\u00f6\u00f6s olemasolevate vahenditega ja teevad ka \u00f5petust\u00f6\u00f6d. Lisaks humanitaarsest t\u00f6\u00f6st saadud naudingule, on osalejad saanud kogemusi, mida Soomes ei oleks v\u00f5imalik kogeda.<\/p>\n<p>Loe lisaks <a href=\"https:\/\/rotary.fi\/mita-teemme\/laakaripankki\/\" target=\"_blank\" rel=\"noopener noreferrer\">Soome Rotarypavelu Ry Rotary Doctor Bank of Finland:ist.<\/a><\/p>\n<p>[\/et_pb_text][\/et_pb_column_inner][\/et_pb_row_inner][\/et_pb_column][et_pb_column type=&#8221;1_3&#8243; _builder_version=&#8221;3.25&#8243; custom_padding=&#8221;|||&#8221; custom_padding__hover=&#8221;|||&#8221; _i=&#8221;1&#8243; _address=&#8221;1.1&#8243;][et_pb_sidebar area=&#8221;sidebar-1&#8243; module_class=&#8221;sivupalkki_sisalto&#8221; _builder_version=&#8221;3.4.1&#8243; locked=&#8221;on&#8221; _i=&#8221;0&#8243; _address=&#8221;1.1.0&#8243;][\/et_pb_sidebar][\/et_pb_column][\/et_pb_section]<\/p>\n","protected":false},"excerpt":{"rendered":"<p>Rotary Doctor Bank of Finland Rotary Doctor Bank of Finland NB. Kui teie klubi osaleb aktiivselt Rotary Doctor Bank of Finland tegevuses, lisa teie info sellele lehele. V\u00f5imaldame arstide saatmise arengumaadesse Soome Rotarypalvelu ry Rotary Doctor Bank of Finland toiminguid rahastavad k\u00f5ik Soome rotarid. RDBF on Tansaanias tegutsenud alates 2002. aastast Tansaania evangeelse luterliku kiriku [&hellip;]<\/p>\n","protected":false},"author":1,"featured_media":0,"parent":1835,"menu_order":6,"comment_status":"closed","ping_status":"closed","template":"","meta":{"_acf_changed":false,"_et_pb_use_builder":"on","_et_pb_old_content":"","_et_gb_content_width":"","footnotes":""},"class_list":["post-1850","page","type-page","status-publish","hentry"],"acf":[],"yoast_head":"<!-- This site is optimized with the Yoast SEO plugin v27.0 - https:\/\/yoast.com\/product\/yoast-seo-wordpress\/ -->\n<title>Rotary Doctor Bank of Finland - Klubitason sivustopohja<\/title>\n<meta name=\"robots\" content=\"noindex, follow, max-snippet:-1, max-image-preview:large, max-video-preview:-1\" \/>\n<meta property=\"og:locale\" content=\"fi_FI\" \/>\n<meta property=\"og:type\" content=\"article\" \/>\n<meta property=\"og:title\" content=\"Rotary Doctor Bank of Finland - Klubitason sivustopohja\" \/>\n<meta property=\"og:description\" content=\"Rotary Doctor Bank of Finland Rotary Doctor Bank of Finland NB. Kui teie klubi osaleb aktiivselt Rotary Doctor Bank of Finland tegevuses, lisa teie info sellele lehele. V\u00f5imaldame arstide saatmise arengumaadesse Soome Rotarypalvelu ry Rotary Doctor Bank of Finland toiminguid rahastavad k\u00f5ik Soome rotarid. RDBF on Tansaanias tegutsenud alates 2002. aastast Tansaania evangeelse luterliku kiriku [&hellip;]\" \/>\n<meta property=\"og:url\" content=\"https:\/\/rotary.fi\/klubisivusto\/et\/mida-me-teeme\/rotary-doctor-bank-of-finland\/\" \/>\n<meta property=\"og:site_name\" content=\"Klubitason sivustopohja\" \/>\n<meta property=\"article:modified_time\" content=\"2019-10-11T10:48:38+00:00\" \/>\n<meta name=\"twitter:card\" content=\"summary_large_image\" \/>\n<meta name=\"twitter:label1\" content=\"Arvioitu lukuaika\" \/>\n\t<meta name=\"twitter:data1\" content=\"2 minuuttia\" \/>\n<script type=\"application\/ld+json\" class=\"yoast-schema-graph\">{\"@context\":\"https:\/\/schema.org\",\"@graph\":[{\"@type\":\"WebPage\",\"@id\":\"https:\/\/rotary.fi\/klubisivusto\/et\/mida-me-teeme\/rotary-doctor-bank-of-finland\/\",\"url\":\"https:\/\/rotary.fi\/klubisivusto\/et\/mida-me-teeme\/rotary-doctor-bank-of-finland\/\",\"name\":\"Rotary Doctor Bank of Finland - Klubitason sivustopohja\",\"isPartOf\":{\"@id\":\"https:\/\/rotary.fi\/klubisivusto\/#website\"},\"datePublished\":\"2019-04-24T10:20:06+00:00\",\"dateModified\":\"2019-10-11T10:48:38+00:00\",\"breadcrumb\":{\"@id\":\"https:\/\/rotary.fi\/klubisivusto\/et\/mida-me-teeme\/rotary-doctor-bank-of-finland\/#breadcrumb\"},\"inLanguage\":\"fi\",\"potentialAction\":[{\"@type\":\"ReadAction\",\"target\":[\"https:\/\/rotary.fi\/klubisivusto\/et\/mida-me-teeme\/rotary-doctor-bank-of-finland\/\"]}]},{\"@type\":\"BreadcrumbList\",\"@id\":\"https:\/\/rotary.fi\/klubisivusto\/et\/mida-me-teeme\/rotary-doctor-bank-of-finland\/#breadcrumb\",\"itemListElement\":[{\"@type\":\"ListItem\",\"position\":1,\"name\":\"Home\",\"item\":\"https:\/\/rotary.fi\/klubisivusto\/\"},{\"@type\":\"ListItem\",\"position\":2,\"name\":\"Mida me teeme\",\"item\":\"https:\/\/rotary.fi\/klubisivusto\/et\/mida-me-teeme\/\"},{\"@type\":\"ListItem\",\"position\":3,\"name\":\"Rotary Doctor Bank of Finland\"}]},{\"@type\":\"WebSite\",\"@id\":\"https:\/\/rotary.fi\/klubisivusto\/#website\",\"url\":\"https:\/\/rotary.fi\/klubisivusto\/\",\"name\":\"Klubitason sivustopohja\",\"description\":\"Uusi Rotary klubisivusto\",\"potentialAction\":[{\"@type\":\"SearchAction\",\"target\":{\"@type\":\"EntryPoint\",\"urlTemplate\":\"https:\/\/rotary.fi\/klubisivusto\/?s={search_term_string}\"},\"query-input\":{\"@type\":\"PropertyValueSpecification\",\"valueRequired\":true,\"valueName\":\"search_term_string\"}}],\"inLanguage\":\"fi\"}]}<\/script>\n<!-- \/ Yoast SEO plugin. -->","yoast_head_json":{"title":"Rotary Doctor Bank of Finland - Klubitason sivustopohja","robots":{"index":"noindex","follow":"follow","max-snippet":"max-snippet:-1","max-image-preview":"max-image-preview:large","max-video-preview":"max-video-preview:-1"},"og_locale":"fi_FI","og_type":"article","og_title":"Rotary Doctor Bank of Finland - Klubitason sivustopohja","og_description":"Rotary Doctor Bank of Finland Rotary Doctor Bank of Finland NB. Kui teie klubi osaleb aktiivselt Rotary Doctor Bank of Finland tegevuses, lisa teie info sellele lehele. V\u00f5imaldame arstide saatmise arengumaadesse Soome Rotarypalvelu ry Rotary Doctor Bank of Finland toiminguid rahastavad k\u00f5ik Soome rotarid. RDBF on Tansaanias tegutsenud alates 2002. aastast Tansaania evangeelse luterliku kiriku [&hellip;]","og_url":"https:\/\/rotary.fi\/klubisivusto\/et\/mida-me-teeme\/rotary-doctor-bank-of-finland\/","og_site_name":"Klubitason sivustopohja","article_modified_time":"2019-10-11T10:48:38+00:00","twitter_card":"summary_large_image","twitter_misc":{"Arvioitu lukuaika":"2 minuuttia"},"schema":{"@context":"https:\/\/schema.org","@graph":[{"@type":"WebPage","@id":"https:\/\/rotary.fi\/klubisivusto\/et\/mida-me-teeme\/rotary-doctor-bank-of-finland\/","url":"https:\/\/rotary.fi\/klubisivusto\/et\/mida-me-teeme\/rotary-doctor-bank-of-finland\/","name":"Rotary Doctor Bank of Finland - Klubitason sivustopohja","isPartOf":{"@id":"https:\/\/rotary.fi\/klubisivusto\/#website"},"datePublished":"2019-04-24T10:20:06+00:00","dateModified":"2019-10-11T10:48:38+00:00","breadcrumb":{"@id":"https:\/\/rotary.fi\/klubisivusto\/et\/mida-me-teeme\/rotary-doctor-bank-of-finland\/#breadcrumb"},"inLanguage":"fi","potentialAction":[{"@type":"ReadAction","target":["https:\/\/rotary.fi\/klubisivusto\/et\/mida-me-teeme\/rotary-doctor-bank-of-finland\/"]}]},{"@type":"BreadcrumbList","@id":"https:\/\/rotary.fi\/klubisivusto\/et\/mida-me-teeme\/rotary-doctor-bank-of-finland\/#breadcrumb","itemListElement":[{"@type":"ListItem","position":1,"name":"Home","item":"https:\/\/rotary.fi\/klubisivusto\/"},{"@type":"ListItem","position":2,"name":"Mida me teeme","item":"https:\/\/rotary.fi\/klubisivusto\/et\/mida-me-teeme\/"},{"@type":"ListItem","position":3,"name":"Rotary Doctor Bank of Finland"}]},{"@type":"WebSite","@id":"https:\/\/rotary.fi\/klubisivusto\/#website","url":"https:\/\/rotary.fi\/klubisivusto\/","name":"Klubitason sivustopohja","description":"Uusi Rotary klubisivusto","potentialAction":[{"@type":"SearchAction","target":{"@type":"EntryPoint","urlTemplate":"https:\/\/rotary.fi\/klubisivusto\/?s={search_term_string}"},"query-input":{"@type":"PropertyValueSpecification","valueRequired":true,"valueName":"search_term_string"}}],"inLanguage":"fi"}]}},"lang":"et","translations":{"et":1850,"en":1460,"sv":1623},"pll_sync_post":[],"_links":{"self":[{"href":"https:\/\/rotary.fi\/klubisivusto\/wp-json\/wp\/v2\/pages\/1850","targetHints":{"allow":["GET"]}}],"collection":[{"href":"https:\/\/rotary.fi\/klubisivusto\/wp-json\/wp\/v2\/pages"}],"about":[{"href":"https:\/\/rotary.fi\/klubisivusto\/wp-json\/wp\/v2\/types\/page"}],"author":[{"embeddable":true,"href":"https:\/\/rotary.fi\/klubisivusto\/wp-json\/wp\/v2\/users\/1"}],"replies":[{"embeddable":true,"href":"https:\/\/rotary.fi\/klubisivusto\/wp-json\/wp\/v2\/comments?post=1850"}],"version-history":[{"count":3,"href":"https:\/\/rotary.fi\/klubisivusto\/wp-json\/wp\/v2\/pages\/1850\/revisions"}],"predecessor-version":[{"id":2061,"href":"https:\/\/rotary.fi\/klubisivusto\/wp-json\/wp\/v2\/pages\/1850\/revisions\/2061"}],"up":[{"embeddable":true,"href":"https:\/\/rotary.fi\/klubisivusto\/wp-json\/wp\/v2\/pages\/1835"}],"wp:attachment":[{"href":"https:\/\/rotary.fi\/klubisivusto\/wp-json\/wp\/v2\/media?parent=1850"}],"curies":[{"name":"wp","href":"https:\/\/api.w.org\/{rel}","templated":true}]}}