{"id":138,"date":"2018-08-10T14:01:44","date_gmt":"2018-08-10T11:01:44","guid":{"rendered":"https:\/\/rotary.fi\/klubi2\/?page_id=138"},"modified":"2025-08-02T11:45:53","modified_gmt":"2025-08-02T08:45:53","slug":"vuositeema","status":"publish","type":"page","link":"https:\/\/rotary.fi\/kiuruvesi\/keita-olemme\/vuositeema\/","title":{"rendered":"Vuositeema"},"content":{"rendered":"<p>[et_pb_section fb_built=&#8221;1&#8243; module_class=&#8221;jumbotron-page&#8221; _builder_version=&#8221;4.16&#8243; background_image=&#8221;https:\/\/rotary.fi\/kiuruvesi\/wp-content\/uploads\/sites\/105\/2018\/08\/rotary_klubit_alasivu_paakuva_7.jpg&#8221; global_colors_info=&#8221;{}&#8221;][et_pb_row _builder_version=&#8221;4.16&#8243; background_size=&#8221;initial&#8221; background_position=&#8221;top_left&#8221; background_repeat=&#8221;repeat&#8221; global_colors_info=&#8221;{}&#8221;][et_pb_column type=&#8221;4_4&#8243; _builder_version=&#8221;4.16&#8243; custom_padding=&#8221;|||&#8221; global_colors_info=&#8221;{}&#8221; custom_padding__hover=&#8221;|||&#8221;][et_pb_text admin_label=&#8221;P\u00e4\u00e4otsikko&#8221; _builder_version=&#8221;4.27.4&#8243; text_orientation=&#8221;center&#8221; background_layout=&#8221;dark&#8221; global_colors_info=&#8221;{}&#8221;]<\/p>\n<h1>Vuositeema<\/h1>\n<p>&nbsp;<\/p>\n<p>[\/et_pb_text][\/et_pb_column][\/et_pb_row][\/et_pb_section][et_pb_section fb_built=&#8221;1&#8243; specialty=&#8221;on&#8221; module_class_2=&#8221;sivupalkki&#8221; _builder_version=&#8221;4.16&#8243; inner_max_width=&#8221;none&#8221; global_colors_info=&#8221;{}&#8221;][et_pb_column type=&#8221;2_3&#8243; specialty_columns=&#8221;2&#8243; _builder_version=&#8221;4.16&#8243; custom_padding=&#8221;|||&#8221; global_colors_info=&#8221;{}&#8221; custom_padding__hover=&#8221;|||&#8221;][et_pb_row_inner column_structure=&#8221;1_4,1_4,1_4,1_4&#8243; admin_label=&#8221;Rivi&#8221; _builder_version=&#8221;4.16&#8243; collapsed=&#8221;on&#8221; global_colors_info=&#8221;{}&#8221;][et_pb_column_inner type=&#8221;1_4&#8243; saved_specialty_column_type=&#8221;2_3&#8243; _builder_version=&#8221;4.16&#8243; custom_padding=&#8221;|||&#8221; custom_css_main_element=&#8221;width:24%!important;&#8221; global_colors_info=&#8221;{}&#8221; custom_padding__hover=&#8221;|||&#8221;][et_pb_image src=&#8221;https:\/\/rotary.fi\/kiuruvesi\/wp-content\/uploads\/sites\/105\/2024\/06\/17188968751543320630628316386057.png&#8221; title_text=&#8221;17188968751543320630628316386057&#8243; _builder_version=&#8221;4.27.4&#8243; _module_preset=&#8221;default&#8221; global_colors_info=&#8221;{}&#8221;][\/et_pb_image][\/et_pb_column_inner][et_pb_column_inner type=&#8221;1_4&#8243; saved_specialty_column_type=&#8221;2_3&#8243; _builder_version=&#8221;4.16&#8243; custom_padding=&#8221;|||&#8221; custom_css_main_element=&#8221;width:24%!important;&#8221; global_colors_info=&#8221;{}&#8221; custom_padding__hover=&#8221;|||&#8221;][et_pb_image src=&#8221;https:\/\/rotary.fi\/kiuruvesi\/wp-content\/uploads\/sites\/105\/2024\/06\/17188968751543320630628316386057.png&#8221; title_text=&#8221;17188968751543320630628316386057&#8243; _builder_version=&#8221;4.27.4&#8243; _module_preset=&#8221;default&#8221; global_colors_info=&#8221;{}&#8221;][\/et_pb_image][\/et_pb_column_inner][et_pb_column_inner type=&#8221;1_4&#8243; saved_specialty_column_type=&#8221;2_3&#8243; _builder_version=&#8221;4.16&#8243; custom_padding=&#8221;|||&#8221; custom_css_main_element=&#8221;width:24%!important;&#8221; global_colors_info=&#8221;{}&#8221; custom_padding__hover=&#8221;|||&#8221;][et_pb_image src=&#8221;https:\/\/rotary.fi\/kiuruvesi\/wp-content\/uploads\/sites\/105\/2025\/06\/17503535025176543218790148083521.jpg&#8221; title_text=&#8221;17503535025176543218790148083521&#8243; _builder_version=&#8221;4.27.4&#8243; _module_preset=&#8221;default&#8221; global_colors_info=&#8221;{}&#8221;][\/et_pb_image][\/et_pb_column_inner][et_pb_column_inner type=&#8221;1_4&#8243; saved_specialty_column_type=&#8221;2_3&#8243; _builder_version=&#8221;4.16&#8243; custom_padding=&#8221;|||&#8221; custom_css_main_element=&#8221;display:none;||width:0%!important;&#8221; global_colors_info=&#8221;{}&#8221; custom_padding__hover=&#8221;|||&#8221;][et_pb_image src=&#8221;https:\/\/rotary.fi\/kiuruvesi\/wp-content\/uploads\/sites\/105\/2024\/06\/17188968751543320630628316386057.png&#8221; title_text=&#8221;17188968751543320630628316386057&#8243; _builder_version=&#8221;4.25.2&#8243; _module_preset=&#8221;default&#8221; global_colors_info=&#8221;{}&#8221;][\/et_pb_image][\/et_pb_column_inner][\/et_pb_row_inner][et_pb_row_inner admin_label=&#8221;Rivi&#8221; _builder_version=&#8221;4.16&#8243; global_colors_info=&#8221;{}&#8221;][et_pb_column_inner saved_specialty_column_type=&#8221;2_3&#8243; _builder_version=&#8221;4.16&#8243; custom_padding=&#8221;|||&#8221; global_colors_info=&#8221;{}&#8221; custom_padding__hover=&#8221;|||&#8221;][et_pb_text admin_label=&#8221;Rotary Internationalin vuositeema &#8211; Otsikko&#8221; _builder_version=&#8221;4.27.4&#8243; text_orientation=&#8221;center&#8221; global_colors_info=&#8221;{}&#8221;]<\/p>\n<h1>Rotary Internationalin vuositeema<\/h1>\n<p>[\/et_pb_text][et_pb_text admin_label=&#8221;Teksti&#8221; _builder_version=&#8221;4.27.4&#8243; hover_enabled=&#8221;0&#8243; global_colors_info=&#8221;{}&#8221; sticky_enabled=&#8221;0&#8243;]<\/p>\n<div id=\"m#msg-a:r-5881054517070592700\" class=\"mail-message expanded\">\n<div class=\"mail-message-content collapsible zoom-normal mail-show-images \">\n<div class=\"clear\">\n<div dir=\"auto\">\n<div dir=\"auto\">\n<blockquote>\n<p>Francesco Arezzo, Ragusan Rotaryklubin j\u00e4sen Italiassa, on valittu Rotary Internationalin presidentiksi kaudelle 2025\u20132026. Arezzosta tulee presidentti 1. hein\u00e4kuuta 2025.<\/p>\n<p><a href=\"https:\/\/brandcenter.rotary.org\/en-us\/our-brand\/brand-elements\/voice-and-messaging\/annual-ri-presidential-message\" target=\"_blank\" rel=\"noopener noreferrer\" data-saferedirecturl=\"https:\/\/www.google.com\/url?q=https:\/\/brandcenter.rotary.org\/en-us\/our-brand\/brand-elements\/voice-and-messaging\/annual-ri-presidential-message&amp;source=gmail&amp;ust=1753982207724000&amp;usg=AOvVaw0UDqqFbGbcxwQYgeqce9ED\"><span dir=\"auto\"><strong>Vuositeema on Unite For Good (Yhdistyk\u00e4\u00e4 hyv\u00e4n puolesta)<\/strong><\/span><\/a><\/p>\n<\/blockquote>\n<div id=\"m#msg-a:r1630043691141107385\" class=\"mail-message expanded\">\n<div id=\"m#msg-a:r1630043691141107385-content\" class=\"mail-message-content collapsible zoom-normal mail-show-images \">\n<div class=\"clear\">\n<div dir=\"auto\">\n<div dir=\"auto\">\u00a0<\/div>\n<div dir=\"auto\"><span dir=\"auto\">RI:n hallitus piti ylim\u00e4\u00e4r\u00e4isen istunnon\u00a0 8. kes\u00e4kuuta 2025. <\/span><span dir=\"auto\">RI:n s\u00e4\u00e4nn\u00f6st\u00f6n ja k\u00e4yt\u00e4nt\u00f6jen mukaisesti hallitus valitsi uuden presidentin ehdokkaiden joukosta, joita Rotary Internationalin presidentin nimityskomitea k\u00e4sitteli elokuussa 2023.<\/span><\/div>\n<div dir=\"auto\">\u00a0<\/div>\n<blockquote>\n<div dir=\"auto\"><span dir=\"auto\">Vuoden 2025\u20132026 presidentin viesti, joka julkistettiin Rotary Internationalin vuoden 2025 yleiskokouksessa helmikuussa, on\u00a0 <\/span><em><a href=\"https:\/\/brandcenter.rotary.org\/en-us\/our-brand\/brand-elements\/voice-and-messaging\/annual-ri-presidential-message\" target=\"_blank\" rel=\"noopener noreferrer\" data-saferedirecturl=\"https:\/\/www.google.com\/url?q=https:\/\/brandcenter.rotary.org\/en-us\/our-brand\/brand-elements\/voice-and-messaging\/annual-ri-presidential-message&amp;source=gmail&amp;ust=1753982207724000&amp;usg=AOvVaw0UDqqFbGbcxwQYgeqce9ED\"><strong><span dir=\"auto\">Unite For Good (Yhdistyk\u00e4\u00e4 hyv\u00e4n puolesta)<\/span><\/strong><\/a><\/em><span dir=\"auto\">\u00a0, joka kehottaa Rotaryn j\u00e4seni\u00e4 olemaan yhten\u00e4isyyden voima maailmassa, joka on yh\u00e4 jakautuneempi politiikan, maantieteen ja ideologian mukaan. Palveluprojektien kautta Rotary tuo yhteen ihmisi\u00e4 kaikista taustoista \u2013 roduista, uskonnoista ja ammateista \u2013 yhteisess\u00e4 teht\u00e4v\u00e4ss\u00e4 tehd\u00e4 hyv\u00e4\u00e4 yhteis\u00f6iss\u00e4\u00e4n.<\/span><\/div>\n<\/blockquote>\n<div dir=\"auto\">\u00a0<\/div>\n<div dir=\"auto\"><span dir=\"auto\">Arezzo on yksityisvastaanotolla ty\u00f6skentelev\u00e4 oikomishoidon erikoishammasl\u00e4\u00e4k\u00e4ri. H\u00e4n toimii aktiivisesti kansainv\u00e4lisesti Italian, Euroopan ja Amerikan oikomishoidon yhdistysten j\u00e4senen\u00e4. H\u00e4n on Italian hammasl\u00e4\u00e4k\u00e4reiden kansallisen yhdistyksen varapuheenjohtaja Ragusan maakunnassa ja oli Italian kansalliss\u00e4\u00e4ti\u00f6n Ragusan valtuuskunnan perustaja ja johtaja seitsem\u00e4n vuoden ajan. H\u00e4n on Maltan ritarikunnan Kunnian ja Kuuliaisuuden Ritari.<\/span><\/div>\n<div dir=\"auto\">\u00a0<\/div>\n<div dir=\"auto\"><span dir=\"auto\">Arezzo on ollut Rotaryn j\u00e4sen yli 30 vuotta. H\u00e4n on toiminut Rotaryn yhteisen strategisen suunnittelukomitean varapuheenjohtajana sek\u00e4 RI:n johtajana, oppimisen ohjaajana ja piirikonferenssin puheenjohtajan edustajana.<\/span><\/div>\n<\/div>\n<\/div>\n<\/div>\n<div id=\"m#msg-a:r1630043691141107385-footer\" class=\"mail-message-footer spacer collapsible\">\u00a0<\/div>\n<\/div>\n<\/div>\n<\/div>\n<\/div>\n<\/div>\n<\/div>\n<p>[\/et_pb_text][\/et_pb_column_inner][\/et_pb_row_inner][et_pb_row_inner admin_label=&#8221;Rivi&#8221; _builder_version=&#8221;4.16&#8243; global_colors_info=&#8221;{}&#8221;][et_pb_column_inner saved_specialty_column_type=&#8221;2_3&#8243; _builder_version=&#8221;4.16&#8243; custom_padding=&#8221;|||&#8221; global_colors_info=&#8221;{}&#8221; custom_padding__hover=&#8221;|||&#8221;][\/et_pb_column_inner][\/et_pb_row_inner][\/et_pb_column][et_pb_column type=&#8221;1_3&#8243; _builder_version=&#8221;4.16&#8243; custom_padding=&#8221;|||&#8221; global_colors_info=&#8221;{}&#8221; custom_padding__hover=&#8221;|||&#8221;][et_pb_sidebar area=&#8221;sidebar-1&#8243; module_class=&#8221;sivupalkki_sisalto&#8221; _builder_version=&#8221;4.16&#8243; locked=&#8221;on&#8221; global_colors_info=&#8221;{}&#8221;][\/et_pb_sidebar][\/et_pb_column][\/et_pb_section]<\/p>\n","protected":false},"excerpt":{"rendered":"<p>Vuositeema &nbsp;Rotary Internationalin vuositeema Francesco Arezzo, Ragusan Rotaryklubin j\u00e4sen Italiassa, on valittu Rotary Internationalin presidentiksi kaudelle 2025\u20132026. Arezzosta tulee presidentti 1. hein\u00e4kuuta 2025. Vuositeema on Unite For Good (Yhdistyk\u00e4\u00e4 hyv\u00e4n puolesta) \u00a0 RI:n hallitus piti ylim\u00e4\u00e4r\u00e4isen istunnon\u00a0 8. kes\u00e4kuuta 2025. RI:n s\u00e4\u00e4nn\u00f6st\u00f6n ja k\u00e4yt\u00e4nt\u00f6jen mukaisesti hallitus valitsi uuden presidentin ehdokkaiden joukosta, joita Rotary Internationalin presidentin [&hellip;]<\/p>\n","protected":false},"author":1,"featured_media":0,"parent":129,"menu_order":0,"comment_status":"closed","ping_status":"closed","template":"","meta":{"_acf_changed":false,"_et_pb_use_builder":"on","_et_pb_old_content":"","_et_gb_content_width":"","footnotes":""},"class_list":["post-138","page","type-page","status-publish","hentry"],"acf":[],"yoast_head":"<!-- This site is optimized with the Yoast SEO plugin v27.0 - https:\/\/yoast.com\/product\/yoast-seo-wordpress\/ -->\n<title>Vuositeema - Kiuruveden Rotaryklubi<\/title>\n<meta name=\"robots\" content=\"index, follow, max-snippet:-1, max-image-preview:large, max-video-preview:-1\" \/>\n<link rel=\"canonical\" href=\"https:\/\/rotary.fi\/kiuruvesi\/keita-olemme\/vuositeema\/\" \/>\n<meta property=\"og:locale\" content=\"fi_FI\" \/>\n<meta property=\"og:type\" content=\"article\" \/>\n<meta property=\"og:title\" content=\"Vuositeema - Kiuruveden Rotaryklubi\" \/>\n<meta property=\"og:description\" content=\"Vuositeema &nbsp;Rotary Internationalin vuositeema Francesco Arezzo, Ragusan Rotaryklubin j\u00e4sen Italiassa, on valittu Rotary Internationalin presidentiksi kaudelle 2025\u20132026. Arezzosta tulee presidentti 1. hein\u00e4kuuta 2025. Vuositeema on Unite For Good (Yhdistyk\u00e4\u00e4 hyv\u00e4n puolesta) \u00a0 RI:n hallitus piti ylim\u00e4\u00e4r\u00e4isen istunnon\u00a0 8. kes\u00e4kuuta 2025. RI:n s\u00e4\u00e4nn\u00f6st\u00f6n ja k\u00e4yt\u00e4nt\u00f6jen mukaisesti hallitus valitsi uuden presidentin ehdokkaiden joukosta, joita Rotary Internationalin presidentin [&hellip;]\" \/>\n<meta property=\"og:url\" content=\"https:\/\/rotary.fi\/kiuruvesi\/keita-olemme\/vuositeema\/\" \/>\n<meta property=\"og:site_name\" content=\"Kiuruveden Rotaryklubi\" \/>\n<meta property=\"article:modified_time\" content=\"2025-08-02T08:45:53+00:00\" \/>\n<meta name=\"twitter:card\" content=\"summary_large_image\" \/>\n<meta name=\"twitter:label1\" content=\"Arvioitu lukuaika\" \/>\n\t<meta name=\"twitter:data1\" content=\"2 minuuttia\" \/>\n<script type=\"application\/ld+json\" class=\"yoast-schema-graph\">{\"@context\":\"https:\/\/schema.org\",\"@graph\":[{\"@type\":\"WebPage\",\"@id\":\"https:\/\/rotary.fi\/kiuruvesi\/keita-olemme\/vuositeema\/\",\"url\":\"https:\/\/rotary.fi\/kiuruvesi\/keita-olemme\/vuositeema\/\",\"name\":\"Vuositeema - Kiuruveden Rotaryklubi\",\"isPartOf\":{\"@id\":\"https:\/\/rotary.fi\/kiuruvesi\/#website\"},\"datePublished\":\"2018-08-10T11:01:44+00:00\",\"dateModified\":\"2025-08-02T08:45:53+00:00\",\"breadcrumb\":{\"@id\":\"https:\/\/rotary.fi\/kiuruvesi\/keita-olemme\/vuositeema\/#breadcrumb\"},\"inLanguage\":\"fi\",\"potentialAction\":[{\"@type\":\"ReadAction\",\"target\":[\"https:\/\/rotary.fi\/kiuruvesi\/keita-olemme\/vuositeema\/\"]}]},{\"@type\":\"BreadcrumbList\",\"@id\":\"https:\/\/rotary.fi\/kiuruvesi\/keita-olemme\/vuositeema\/#breadcrumb\",\"itemListElement\":[{\"@type\":\"ListItem\",\"position\":1,\"name\":\"Home\",\"item\":\"https:\/\/rotary.fi\/kiuruvesi\/\"},{\"@type\":\"ListItem\",\"position\":2,\"name\":\"Keit\u00e4 olemme\",\"item\":\"https:\/\/rotary.fi\/kiuruvesi\/keita-olemme\/\"},{\"@type\":\"ListItem\",\"position\":3,\"name\":\"Vuositeema\"}]},{\"@type\":\"WebSite\",\"@id\":\"https:\/\/rotary.fi\/kiuruvesi\/#website\",\"url\":\"https:\/\/rotary.fi\/kiuruvesi\/\",\"name\":\"Kiuruveden Rotaryklubi\",\"description\":\"Uusi Rotary klubisivusto\",\"potentialAction\":[{\"@type\":\"SearchAction\",\"target\":{\"@type\":\"EntryPoint\",\"urlTemplate\":\"https:\/\/rotary.fi\/kiuruvesi\/?s={search_term_string}\"},\"query-input\":{\"@type\":\"PropertyValueSpecification\",\"valueRequired\":true,\"valueName\":\"search_term_string\"}}],\"inLanguage\":\"fi\"}]}<\/script>\n<!-- \/ Yoast SEO plugin. -->","yoast_head_json":{"title":"Vuositeema - Kiuruveden Rotaryklubi","robots":{"index":"index","follow":"follow","max-snippet":"max-snippet:-1","max-image-preview":"max-image-preview:large","max-video-preview":"max-video-preview:-1"},"canonical":"https:\/\/rotary.fi\/kiuruvesi\/keita-olemme\/vuositeema\/","og_locale":"fi_FI","og_type":"article","og_title":"Vuositeema - Kiuruveden Rotaryklubi","og_description":"Vuositeema &nbsp;Rotary Internationalin vuositeema Francesco Arezzo, Ragusan Rotaryklubin j\u00e4sen Italiassa, on valittu Rotary Internationalin presidentiksi kaudelle 2025\u20132026. Arezzosta tulee presidentti 1. hein\u00e4kuuta 2025. Vuositeema on Unite For Good (Yhdistyk\u00e4\u00e4 hyv\u00e4n puolesta) \u00a0 RI:n hallitus piti ylim\u00e4\u00e4r\u00e4isen istunnon\u00a0 8. kes\u00e4kuuta 2025. RI:n s\u00e4\u00e4nn\u00f6st\u00f6n ja k\u00e4yt\u00e4nt\u00f6jen mukaisesti hallitus valitsi uuden presidentin ehdokkaiden joukosta, joita Rotary Internationalin presidentin [&hellip;]","og_url":"https:\/\/rotary.fi\/kiuruvesi\/keita-olemme\/vuositeema\/","og_site_name":"Kiuruveden Rotaryklubi","article_modified_time":"2025-08-02T08:45:53+00:00","twitter_card":"summary_large_image","twitter_misc":{"Arvioitu lukuaika":"2 minuuttia"},"schema":{"@context":"https:\/\/schema.org","@graph":[{"@type":"WebPage","@id":"https:\/\/rotary.fi\/kiuruvesi\/keita-olemme\/vuositeema\/","url":"https:\/\/rotary.fi\/kiuruvesi\/keita-olemme\/vuositeema\/","name":"Vuositeema - Kiuruveden Rotaryklubi","isPartOf":{"@id":"https:\/\/rotary.fi\/kiuruvesi\/#website"},"datePublished":"2018-08-10T11:01:44+00:00","dateModified":"2025-08-02T08:45:53+00:00","breadcrumb":{"@id":"https:\/\/rotary.fi\/kiuruvesi\/keita-olemme\/vuositeema\/#breadcrumb"},"inLanguage":"fi","potentialAction":[{"@type":"ReadAction","target":["https:\/\/rotary.fi\/kiuruvesi\/keita-olemme\/vuositeema\/"]}]},{"@type":"BreadcrumbList","@id":"https:\/\/rotary.fi\/kiuruvesi\/keita-olemme\/vuositeema\/#breadcrumb","itemListElement":[{"@type":"ListItem","position":1,"name":"Home","item":"https:\/\/rotary.fi\/kiuruvesi\/"},{"@type":"ListItem","position":2,"name":"Keit\u00e4 olemme","item":"https:\/\/rotary.fi\/kiuruvesi\/keita-olemme\/"},{"@type":"ListItem","position":3,"name":"Vuositeema"}]},{"@type":"WebSite","@id":"https:\/\/rotary.fi\/kiuruvesi\/#website","url":"https:\/\/rotary.fi\/kiuruvesi\/","name":"Kiuruveden Rotaryklubi","description":"Uusi Rotary klubisivusto","potentialAction":[{"@type":"SearchAction","target":{"@type":"EntryPoint","urlTemplate":"https:\/\/rotary.fi\/kiuruvesi\/?s={search_term_string}"},"query-input":{"@type":"PropertyValueSpecification","valueRequired":true,"valueName":"search_term_string"}}],"inLanguage":"fi"}]}},"lang":"fi","translations":{"fi":138},"pll_sync_post":[],"_links":{"self":[{"href":"https:\/\/rotary.fi\/kiuruvesi\/wp-json\/wp\/v2\/pages\/138","targetHints":{"allow":["GET"]}}],"collection":[{"href":"https:\/\/rotary.fi\/kiuruvesi\/wp-json\/wp\/v2\/pages"}],"about":[{"href":"https:\/\/rotary.fi\/kiuruvesi\/wp-json\/wp\/v2\/types\/page"}],"author":[{"embeddable":true,"href":"https:\/\/rotary.fi\/kiuruvesi\/wp-json\/wp\/v2\/users\/1"}],"replies":[{"embeddable":true,"href":"https:\/\/rotary.fi\/kiuruvesi\/wp-json\/wp\/v2\/comments?post=138"}],"version-history":[{"count":11,"href":"https:\/\/rotary.fi\/kiuruvesi\/wp-json\/wp\/v2\/pages\/138\/revisions"}],"predecessor-version":[{"id":2782,"href":"https:\/\/rotary.fi\/kiuruvesi\/wp-json\/wp\/v2\/pages\/138\/revisions\/2782"}],"up":[{"embeddable":true,"href":"https:\/\/rotary.fi\/kiuruvesi\/wp-json\/wp\/v2\/pages\/129"}],"wp:attachment":[{"href":"https:\/\/rotary.fi\/kiuruvesi\/wp-json\/wp\/v2\/media?parent=138"}],"curies":[{"name":"wp","href":"https:\/\/api.w.org\/{rel}","templated":true}]}}