{"id":129,"date":"2018-08-10T13:41:39","date_gmt":"2018-08-10T10:41:39","guid":{"rendered":"https:\/\/rotary.fi\/klubi2\/?page_id=129"},"modified":"2019-05-06T18:32:20","modified_gmt":"2019-05-06T15:32:20","slug":"keita-olemme","status":"publish","type":"page","link":"https:\/\/rotary.fi\/kiuruvesi\/keita-olemme\/","title":{"rendered":"Keit\u00e4 olemme"},"content":{"rendered":"<p>[et_pb_section bb_built=&#8221;1&#8243; _builder_version=&#8221;3.22.3&#8243; background_image=&#8221;https:\/\/rotary.fi\/kiuruvesi\/wp-content\/uploads\/sites\/105\/2019\/05\/59436035_376115116328775_6174714244819320832_n.jpg&#8221; next_background_color=&#8221;#ffffff&#8221; inner_width_tablet=&#8221;50px&#8221; inner_max_width_tablet=&#8221;50px&#8221; z_index_tablet=&#8221;500&#8243;][et_pb_row _builder_version=&#8221;3.22.3&#8243; background_size=&#8221;initial&#8221; background_position=&#8221;top_left&#8221; background_repeat=&#8221;repeat&#8221; width=&#8221;80%&#8221; max_width=&#8221;1080px&#8221;][et_pb_column type=&#8221;4_4&#8243;][et_pb_text admin_label=&#8221;P\u00e4\u00e4otsikko&#8221; _builder_version=&#8221;3.22.3&#8243; text_orientation=&#8221;center&#8221; background_layout=&#8221;dark&#8221;]<\/p>\n<h1>Keit\u00e4 olemme<\/h1>\n<p>[\/et_pb_text][\/et_pb_column][\/et_pb_row][\/et_pb_section][et_pb_section bb_built=&#8221;1&#8243; specialty=&#8221;on&#8221; module_class_2=&#8221;sivupalkki&#8221; _builder_version=&#8221;3.22.3&#8243; prev_background_color=&#8221;#000000&#8243; inner_width=&#8221;auto&#8221; inner_max_width=&#8221;none&#8221;][et_pb_column type=&#8221;2_3&#8243; specialty_columns=&#8221;2&#8243;][et_pb_row_inner admin_label=&#8221;Rivi&#8221; _builder_version=&#8221;3.22.3&#8243;][et_pb_column_inner type=&#8221;4_4&#8243; saved_specialty_column_type=&#8221;2_3&#8243;][et_pb_text admin_label=&#8221;Otsikko&#8221; _builder_version=&#8221;3.22.3&#8243; text_orientation=&#8221;center&#8221; \/][et_pb_text _builder_version=&#8221;3.22.3&#8243; text_text_shadow_vertical_length=&#8221;0.1em&#8221; text_text_shadow_blur_strength=&#8221;0.1em&#8221; text_orientation=&#8221;justified&#8221; header_text_shadow_style=&#8221;preset1&#8243; text_text_shadow_horizontal_length=&#8221;text_text_shadow_style,%91object Object%93&#8243; link_text_shadow_horizontal_length=&#8221;link_text_shadow_style,%91object Object%93&#8243; link_text_shadow_vertical_length=&#8221;link_text_shadow_style,%91object Object%93&#8243; link_text_shadow_blur_strength=&#8221;link_text_shadow_style,%91object Object%93&#8243; ul_text_shadow_horizontal_length=&#8221;ul_text_shadow_style,%91object Object%93&#8243; ul_text_shadow_vertical_length=&#8221;ul_text_shadow_style,%91object Object%93&#8243; ul_text_shadow_blur_strength=&#8221;ul_text_shadow_style,%91object Object%93&#8243; ol_text_shadow_horizontal_length=&#8221;ol_text_shadow_style,%91object Object%93&#8243; ol_text_shadow_vertical_length=&#8221;ol_text_shadow_style,%91object Object%93&#8243; ol_text_shadow_blur_strength=&#8221;ol_text_shadow_style,%91object Object%93&#8243; quote_text_shadow_horizontal_length=&#8221;quote_text_shadow_style,%91object Object%93&#8243; quote_text_shadow_vertical_length=&#8221;quote_text_shadow_style,%91object Object%93&#8243; quote_text_shadow_blur_strength=&#8221;quote_text_shadow_style,%91object Object%93&#8243; header_2_text_shadow_horizontal_length=&#8221;header_2_text_shadow_style,%91object Object%93&#8243; header_2_text_shadow_vertical_length=&#8221;header_2_text_shadow_style,%91object Object%93&#8243; header_2_text_shadow_blur_strength=&#8221;header_2_text_shadow_style,%91object Object%93&#8243; header_3_text_shadow_horizontal_length=&#8221;header_3_text_shadow_style,%91object Object%93&#8243; header_3_text_shadow_vertical_length=&#8221;header_3_text_shadow_style,%91object Object%93&#8243; header_3_text_shadow_blur_strength=&#8221;header_3_text_shadow_style,%91object Object%93&#8243; header_4_text_shadow_horizontal_length=&#8221;header_4_text_shadow_style,%91object Object%93&#8243; header_4_text_shadow_vertical_length=&#8221;header_4_text_shadow_style,%91object Object%93&#8243; header_4_text_shadow_blur_strength=&#8221;header_4_text_shadow_style,%91object Object%93&#8243; header_5_text_shadow_horizontal_length=&#8221;header_5_text_shadow_style,%91object Object%93&#8243; header_5_text_shadow_vertical_length=&#8221;header_5_text_shadow_style,%91object Object%93&#8243; header_5_text_shadow_blur_strength=&#8221;header_5_text_shadow_style,%91object Object%93&#8243; header_6_text_shadow_horizontal_length=&#8221;header_6_text_shadow_style,%91object Object%93&#8243; header_6_text_shadow_vertical_length=&#8221;header_6_text_shadow_style,%91object Object%93&#8243; header_6_text_shadow_blur_strength=&#8221;header_6_text_shadow_style,%91object Object%93&#8243; z_index_tablet=&#8221;500&#8243;]<\/p>\n<p><strong>Kiuruveden Rotaryklubi on perustettu vuonna 1981 yli 30 innokkaan j\u00e4senen yhteis\u00f6n\u00e4. Ensimm\u00e4isen\u00e4 presidenttin\u00e4 oli Matti Pesonen ja kummiklubina toimi Siilinj\u00e4rven Rotaryklubi Kiuruvedell\u00e4 syntyneen kiinteist\u00f6neuvos Antero Pennasen johdolla.<\/strong><\/p>\n<div id=\"attachment_1618\" style=\"width: 1078px\" class=\"wp-caption aligncenter\"><img loading=\"lazy\" decoding=\"async\" aria-describedby=\"caption-attachment-1618\" class=\"wp-image-1618 size-full\" src=\"https:\/\/rotary.fi\/kiuruvesi\/wp-content\/uploads\/sites\/105\/2019\/05\/fp37mgw4qv68y7h9pmepg_thumb_151c.jpg\" alt=\"\" width=\"1068\" height=\"736\" srcset=\"https:\/\/rotary.fi\/kiuruvesi\/wp-content\/uploads\/sites\/105\/2019\/05\/fp37mgw4qv68y7h9pmepg_thumb_151c.jpg 1068w, https:\/\/rotary.fi\/kiuruvesi\/wp-content\/uploads\/sites\/105\/2019\/05\/fp37mgw4qv68y7h9pmepg_thumb_151c-300x207.jpg 300w, https:\/\/rotary.fi\/kiuruvesi\/wp-content\/uploads\/sites\/105\/2019\/05\/fp37mgw4qv68y7h9pmepg_thumb_151c-768x529.jpg 768w, https:\/\/rotary.fi\/kiuruvesi\/wp-content\/uploads\/sites\/105\/2019\/05\/fp37mgw4qv68y7h9pmepg_thumb_151c-1024x706.jpg 1024w\" sizes=\"(max-width: 1068px) 100vw, 1068px\" \/><p id=\"caption-attachment-1618\" class=\"wp-caption-text\">Kiuruveden klubin perustava kokous pidettiin 24.2.1981 21 veljen voimin. Kuva on klubin charter-juhlasta 22.5, jossa puhetta pit\u00e4\u00e4 PG Kim von Weissenberg.<\/p><\/div>\n<h3 style=\"text-align: center\">Monipuolista toimintaa<\/h3>\n<p>Klubimme on vuosien saatossa osallistunut lukuisiin paikallisiin ja kansainv\u00e4lisiin hankkeisiin. Yksi t\u00e4rkeimmist\u00e4 paikallisista projekteista t\u00e4ll\u00e4 hetkell\u00e4 on joulupakettien lahjoittaminen seurakunnan diakoniatoimikunnan suosittelemille v\u00e4h\u00e4varaisille perheille. Kev\u00e4tlukukauden p\u00e4\u00e4ttyess\u00e4 jaamme tunnustuksena stipendej\u00e4 yl\u00e4asteen ja lukion oppilaille. Kev\u00e4\u00e4ll\u00e4 2019 lahjoitimme yhdess\u00e4 Iisalmen Rotaryklubien kanssa Pikkuiset &#8211; siki\u00f6nukkesarjoja perheneuvoloille ja kouluille k\u00e4ytett\u00e4v\u00e4ksi \u00e4itiysneuvonnan ja terveysopetuksen tukena. Olemme pariin otteeseen olleet mukana lahjoittamassa Shelterbox &#8211; telttasarjoja h\u00e4t\u00e4majoitusk\u00e4ytt\u00f6\u00f6n maanj\u00e4ristysalueille. N\u00e4kyvin toimintamuoto kuitenkin Kiuruvedell\u00e4 on ollut kansainv\u00e4linen nuorisovaihto, jonka avulla 14 kiuruvetist\u00e4 nuorta on p\u00e4\u00e4ssyt opiskelemaan kokonaiseksi kouluvuodeksi valitsemaansa ulkomaiseen kohteeseen. Saman verran ulkomaisia nuoria on saapunut vuodeksi opiskelemaan Kiuruveden lukioon. Vuodesta 1985 alkaen olemme Rotarys\u00e4\u00e4ti\u00f6n kautta olleet mukana Polio+ kampanjassa h\u00e4vitt\u00e4m\u00e4ss\u00e4 poliota maailmasta. Poliotapaukset ovat tuona aikana v\u00e4hentyneet 350000:sta alle 10 tapaukseen vuosittain. Poliota tavataan nyky\u00e4\u00e4n vain kahdessa sodan kurimuksessa olevassa kehitysmaassa.<\/p>\n<h3 style=\"text-align: center\">Osana kansainv\u00e4list\u00e4 Rotarya<\/h3>\n<p>Rotary on kansainv\u00e4linen j\u00e4rjest\u00f6, joka muodostuu samalla tavalla ajattelevista ihmisist\u00e4 \u2013 ihmisist\u00e4, jotka haluavat tehd\u00e4 hyv\u00e4\u00e4 omalla paikkakunnallaan ja ymp\u00e4ri maailman. Rotaryklubeja on melkein jokaisessa maassa, Suomessakin l\u00e4hes jokaisella seutukunnalla niin kaupungeissa kuin maalaiskunnissakin. Rotareilla on paikallisia palveluprojekteja ja yhdess\u00e4 toisten klubien kanssa kansainv\u00e4lisi\u00e4 projekteja, joilla halutaan vaikuttaa t\u00e4m\u00e4n p\u00e4iv\u00e4n akuutteihin haasteisiin. Rotarina jokaisella on mahdollisuus toimia ja vaikuttaa. Lis\u00e4ksi saa mahtavan sosiaalisen verkoston ja paljon elinik\u00e4isi\u00e4 yst\u00e4vi\u00e4.<\/p>\n<p>Rotary tekee m\u00e4\u00e4r\u00e4tietoista ty\u00f6t\u00e4, jotta maailmasta tulisi parempi paikka el\u00e4\u00e4. Kehit\u00e4mme kansainv\u00e4lisi\u00e4 suhteita, rakennamme rauhaa, parannamme monin tavoin ihmisten elinolosuhteita auttamalla yhteis\u00f6j\u00e4 torjumaan el\u00e4m\u00e4\u00e4 uhkaavia sairauksia kuten polio, HIV\/AIDS ja malaria. Tuemme niin ik\u00e4\u00e4n hankkeita, joiden avulla ihmiset saavat puhdasta vett\u00e4, paremman sanitaation ja hygienian. Pyrimme parantamaan ihmisten mahdollisuuksia parempaan terveydenhoitoon, jotta \u00e4idit ja lapset voisivat el\u00e4\u00e4 terveemp\u00e4\u00e4 el\u00e4m\u00e4\u00e4 ja kasvaa normaalisti. Tavoitteenamme on my\u00f6s auttaa yhteis\u00f6j\u00e4 huolehtimaan lasten peruskoulutuksesta, v\u00e4hent\u00e4\u00e4 sukupuolten v\u00e4list\u00e4 eriarvoisuutta ja edist\u00e4\u00e4 luku- ja kirjoitustaitoa my\u00f6s aikuisten keskuudessa sek\u00e4 tukea paikallisia talouksia ja yhteis\u00f6j\u00e4 turvaamaan kunnollisen ja tuottavan ty\u00f6n kaikenik\u00e4isille.<\/p>\n<p>Rotaryn tunnuslause on \u201dService Above Self\u201d \u2013 Palvelu itsekkyyden edelle. Palvelu kanavoituu k\u00e4yt\u00e4nn\u00f6n toiminnaksi viiden palveluv\u00e4yl\u00e4n kautta, jotka ovat klubipalvelu, ammattipalvelu, yhteiskuntapalvelu, kansainv\u00e4linen palvelu ja nuorisopalvelu.<\/p>\n<p>Rotary toimii yli 200 maassa ja j\u00e4seni\u00e4 sill\u00e4 on kaikkiaan yli 1,2 miljoonaa. Suomessa ja Virossa on yhteens\u00e4 yli 300 rotaryklubia. Klubit kutsuvat j\u00e4senikseen paikkakuntansa hyv\u00e4maineisia ammattimiehi\u00e4 ja -naisia.<\/p>\n<p>[\/et_pb_text][\/et_pb_column_inner][\/et_pb_row_inner][\/et_pb_column][et_pb_column type=&#8221;1_3&#8243;][et_pb_sidebar area=&#8221;sidebar-1&#8243; module_class=&#8221;sivupalkki_sisalto&#8221; _builder_version=&#8221;3.4.1&#8243; locked=&#8221;on&#8221;]<\/p>\n<p>[\/et_pb_sidebar][\/et_pb_column][\/et_pb_section]<\/p>\n","protected":false},"excerpt":{"rendered":"<p>Keit\u00e4 olemme Kiuruveden Rotaryklubi on perustettu vuonna 1981 yli 30 innokkaan j\u00e4senen yhteis\u00f6n\u00e4. Ensimm\u00e4isen\u00e4 presidenttin\u00e4 oli Matti Pesonen ja kummiklubina toimi Siilinj\u00e4rven Rotaryklubi Kiuruvedell\u00e4 syntyneen kiinteist\u00f6neuvos Antero Pennasen johdolla.Monipuolista toimintaaKlubimme on vuosien saatossa osallistunut lukuisiin paikallisiin ja kansainv\u00e4lisiin hankkeisiin. Yksi t\u00e4rkeimmist\u00e4 paikallisista projekteista t\u00e4ll\u00e4 hetkell\u00e4 on joulupakettien lahjoittaminen seurakunnan diakoniatoimikunnan suosittelemille v\u00e4h\u00e4varaisille perheille. Kev\u00e4tlukukauden p\u00e4\u00e4ttyess\u00e4 [&hellip;]<\/p>\n","protected":false},"author":1,"featured_media":0,"parent":0,"menu_order":0,"comment_status":"closed","ping_status":"closed","template":"","meta":{"_acf_changed":false,"_et_pb_use_builder":"on","_et_pb_old_content":"","_et_gb_content_width":"","footnotes":""},"class_list":["post-129","page","type-page","status-publish","hentry"],"acf":[],"yoast_head":"<!-- This site is optimized with the Yoast SEO plugin v27.4 - https:\/\/yoast.com\/product\/yoast-seo-wordpress\/ -->\n<title>Keit\u00e4 olemme - Kiuruveden Rotaryklubi<\/title>\n<meta name=\"robots\" content=\"index, follow, max-snippet:-1, max-image-preview:large, max-video-preview:-1\" \/>\n<link rel=\"canonical\" href=\"https:\/\/rotary.fi\/kiuruvesi\/keita-olemme\/\" \/>\n<meta property=\"og:locale\" content=\"fi_FI\" \/>\n<meta property=\"og:type\" content=\"article\" \/>\n<meta property=\"og:title\" content=\"Keit\u00e4 olemme - Kiuruveden Rotaryklubi\" \/>\n<meta property=\"og:description\" content=\"Keit\u00e4 olemme Kiuruveden Rotaryklubi on perustettu vuonna 1981 yli 30 innokkaan j\u00e4senen yhteis\u00f6n\u00e4. Ensimm\u00e4isen\u00e4 presidenttin\u00e4 oli Matti Pesonen ja kummiklubina toimi Siilinj\u00e4rven Rotaryklubi Kiuruvedell\u00e4 syntyneen kiinteist\u00f6neuvos Antero Pennasen johdolla.Monipuolista toimintaaKlubimme on vuosien saatossa osallistunut lukuisiin paikallisiin ja kansainv\u00e4lisiin hankkeisiin. Yksi t\u00e4rkeimmist\u00e4 paikallisista projekteista t\u00e4ll\u00e4 hetkell\u00e4 on joulupakettien lahjoittaminen seurakunnan diakoniatoimikunnan suosittelemille v\u00e4h\u00e4varaisille perheille. Kev\u00e4tlukukauden p\u00e4\u00e4ttyess\u00e4 [&hellip;]\" \/>\n<meta property=\"og:url\" content=\"https:\/\/rotary.fi\/kiuruvesi\/keita-olemme\/\" \/>\n<meta property=\"og:site_name\" content=\"Kiuruveden Rotaryklubi\" \/>\n<meta property=\"article:modified_time\" content=\"2019-05-06T15:32:20+00:00\" \/>\n<meta property=\"og:image\" content=\"https:\/\/rotary.fi\/kiuruvesi\/wp-content\/uploads\/sites\/105\/2019\/05\/fp37mgw4qv68y7h9pmepg_thumb_151c.jpg\" \/>\n<meta name=\"twitter:card\" content=\"summary_large_image\" \/>\n<meta name=\"twitter:label1\" content=\"Arvioitu lukuaika\" \/>\n\t<meta name=\"twitter:data1\" content=\"5 minuuttia\" \/>\n<script type=\"application\/ld+json\" class=\"yoast-schema-graph\">{\"@context\":\"https:\\\/\\\/schema.org\",\"@graph\":[{\"@type\":\"WebPage\",\"@id\":\"https:\\\/\\\/rotary.fi\\\/kiuruvesi\\\/keita-olemme\\\/\",\"url\":\"https:\\\/\\\/rotary.fi\\\/kiuruvesi\\\/keita-olemme\\\/\",\"name\":\"Keit\u00e4 olemme - Kiuruveden Rotaryklubi\",\"isPartOf\":{\"@id\":\"https:\\\/\\\/rotary.fi\\\/kiuruvesi\\\/#website\"},\"primaryImageOfPage\":{\"@id\":\"https:\\\/\\\/rotary.fi\\\/kiuruvesi\\\/keita-olemme\\\/#primaryimage\"},\"image\":{\"@id\":\"https:\\\/\\\/rotary.fi\\\/kiuruvesi\\\/keita-olemme\\\/#primaryimage\"},\"thumbnailUrl\":\"https:\\\/\\\/rotary.fi\\\/kiuruvesi\\\/wp-content\\\/uploads\\\/sites\\\/105\\\/2019\\\/05\\\/fp37mgw4qv68y7h9pmepg_thumb_151c.jpg\",\"datePublished\":\"2018-08-10T10:41:39+00:00\",\"dateModified\":\"2019-05-06T15:32:20+00:00\",\"breadcrumb\":{\"@id\":\"https:\\\/\\\/rotary.fi\\\/kiuruvesi\\\/keita-olemme\\\/#breadcrumb\"},\"inLanguage\":\"fi\",\"potentialAction\":[{\"@type\":\"ReadAction\",\"target\":[\"https:\\\/\\\/rotary.fi\\\/kiuruvesi\\\/keita-olemme\\\/\"]}]},{\"@type\":\"ImageObject\",\"inLanguage\":\"fi\",\"@id\":\"https:\\\/\\\/rotary.fi\\\/kiuruvesi\\\/keita-olemme\\\/#primaryimage\",\"url\":\"https:\\\/\\\/rotary.fi\\\/kiuruvesi\\\/wp-content\\\/uploads\\\/sites\\\/105\\\/2019\\\/05\\\/fp37mgw4qv68y7h9pmepg_thumb_151c.jpg\",\"contentUrl\":\"https:\\\/\\\/rotary.fi\\\/kiuruvesi\\\/wp-content\\\/uploads\\\/sites\\\/105\\\/2019\\\/05\\\/fp37mgw4qv68y7h9pmepg_thumb_151c.jpg\",\"width\":1068,\"height\":736},{\"@type\":\"BreadcrumbList\",\"@id\":\"https:\\\/\\\/rotary.fi\\\/kiuruvesi\\\/keita-olemme\\\/#breadcrumb\",\"itemListElement\":[{\"@type\":\"ListItem\",\"position\":1,\"name\":\"Home\",\"item\":\"https:\\\/\\\/rotary.fi\\\/kiuruvesi\\\/\"},{\"@type\":\"ListItem\",\"position\":2,\"name\":\"Keit\u00e4 olemme\"}]},{\"@type\":\"WebSite\",\"@id\":\"https:\\\/\\\/rotary.fi\\\/kiuruvesi\\\/#website\",\"url\":\"https:\\\/\\\/rotary.fi\\\/kiuruvesi\\\/\",\"name\":\"Kiuruveden Rotaryklubi\",\"description\":\"Uusi Rotary klubisivusto\",\"potentialAction\":[{\"@type\":\"SearchAction\",\"target\":{\"@type\":\"EntryPoint\",\"urlTemplate\":\"https:\\\/\\\/rotary.fi\\\/kiuruvesi\\\/?s={search_term_string}\"},\"query-input\":{\"@type\":\"PropertyValueSpecification\",\"valueRequired\":true,\"valueName\":\"search_term_string\"}}],\"inLanguage\":\"fi\"}]}<\/script>\n<!-- \/ Yoast SEO plugin. -->","yoast_head_json":{"title":"Keit\u00e4 olemme - Kiuruveden Rotaryklubi","robots":{"index":"index","follow":"follow","max-snippet":"max-snippet:-1","max-image-preview":"max-image-preview:large","max-video-preview":"max-video-preview:-1"},"canonical":"https:\/\/rotary.fi\/kiuruvesi\/keita-olemme\/","og_locale":"fi_FI","og_type":"article","og_title":"Keit\u00e4 olemme - Kiuruveden Rotaryklubi","og_description":"Keit\u00e4 olemme Kiuruveden Rotaryklubi on perustettu vuonna 1981 yli 30 innokkaan j\u00e4senen yhteis\u00f6n\u00e4. Ensimm\u00e4isen\u00e4 presidenttin\u00e4 oli Matti Pesonen ja kummiklubina toimi Siilinj\u00e4rven Rotaryklubi Kiuruvedell\u00e4 syntyneen kiinteist\u00f6neuvos Antero Pennasen johdolla.Monipuolista toimintaaKlubimme on vuosien saatossa osallistunut lukuisiin paikallisiin ja kansainv\u00e4lisiin hankkeisiin. Yksi t\u00e4rkeimmist\u00e4 paikallisista projekteista t\u00e4ll\u00e4 hetkell\u00e4 on joulupakettien lahjoittaminen seurakunnan diakoniatoimikunnan suosittelemille v\u00e4h\u00e4varaisille perheille. Kev\u00e4tlukukauden p\u00e4\u00e4ttyess\u00e4 [&hellip;]","og_url":"https:\/\/rotary.fi\/kiuruvesi\/keita-olemme\/","og_site_name":"Kiuruveden Rotaryklubi","article_modified_time":"2019-05-06T15:32:20+00:00","og_image":[{"url":"https:\/\/rotary.fi\/kiuruvesi\/wp-content\/uploads\/sites\/105\/2019\/05\/fp37mgw4qv68y7h9pmepg_thumb_151c.jpg","type":"","width":"","height":""}],"twitter_card":"summary_large_image","twitter_misc":{"Arvioitu lukuaika":"5 minuuttia"},"schema":{"@context":"https:\/\/schema.org","@graph":[{"@type":"WebPage","@id":"https:\/\/rotary.fi\/kiuruvesi\/keita-olemme\/","url":"https:\/\/rotary.fi\/kiuruvesi\/keita-olemme\/","name":"Keit\u00e4 olemme - Kiuruveden Rotaryklubi","isPartOf":{"@id":"https:\/\/rotary.fi\/kiuruvesi\/#website"},"primaryImageOfPage":{"@id":"https:\/\/rotary.fi\/kiuruvesi\/keita-olemme\/#primaryimage"},"image":{"@id":"https:\/\/rotary.fi\/kiuruvesi\/keita-olemme\/#primaryimage"},"thumbnailUrl":"https:\/\/rotary.fi\/kiuruvesi\/wp-content\/uploads\/sites\/105\/2019\/05\/fp37mgw4qv68y7h9pmepg_thumb_151c.jpg","datePublished":"2018-08-10T10:41:39+00:00","dateModified":"2019-05-06T15:32:20+00:00","breadcrumb":{"@id":"https:\/\/rotary.fi\/kiuruvesi\/keita-olemme\/#breadcrumb"},"inLanguage":"fi","potentialAction":[{"@type":"ReadAction","target":["https:\/\/rotary.fi\/kiuruvesi\/keita-olemme\/"]}]},{"@type":"ImageObject","inLanguage":"fi","@id":"https:\/\/rotary.fi\/kiuruvesi\/keita-olemme\/#primaryimage","url":"https:\/\/rotary.fi\/kiuruvesi\/wp-content\/uploads\/sites\/105\/2019\/05\/fp37mgw4qv68y7h9pmepg_thumb_151c.jpg","contentUrl":"https:\/\/rotary.fi\/kiuruvesi\/wp-content\/uploads\/sites\/105\/2019\/05\/fp37mgw4qv68y7h9pmepg_thumb_151c.jpg","width":1068,"height":736},{"@type":"BreadcrumbList","@id":"https:\/\/rotary.fi\/kiuruvesi\/keita-olemme\/#breadcrumb","itemListElement":[{"@type":"ListItem","position":1,"name":"Home","item":"https:\/\/rotary.fi\/kiuruvesi\/"},{"@type":"ListItem","position":2,"name":"Keit\u00e4 olemme"}]},{"@type":"WebSite","@id":"https:\/\/rotary.fi\/kiuruvesi\/#website","url":"https:\/\/rotary.fi\/kiuruvesi\/","name":"Kiuruveden Rotaryklubi","description":"Uusi Rotary klubisivusto","potentialAction":[{"@type":"SearchAction","target":{"@type":"EntryPoint","urlTemplate":"https:\/\/rotary.fi\/kiuruvesi\/?s={search_term_string}"},"query-input":{"@type":"PropertyValueSpecification","valueRequired":true,"valueName":"search_term_string"}}],"inLanguage":"fi"}]}},"lang":"fi","translations":{"fi":129},"pll_sync_post":[],"_links":{"self":[{"href":"https:\/\/rotary.fi\/kiuruvesi\/wp-json\/wp\/v2\/pages\/129","targetHints":{"allow":["GET"]}}],"collection":[{"href":"https:\/\/rotary.fi\/kiuruvesi\/wp-json\/wp\/v2\/pages"}],"about":[{"href":"https:\/\/rotary.fi\/kiuruvesi\/wp-json\/wp\/v2\/types\/page"}],"author":[{"embeddable":true,"href":"https:\/\/rotary.fi\/kiuruvesi\/wp-json\/wp\/v2\/users\/1"}],"replies":[{"embeddable":true,"href":"https:\/\/rotary.fi\/kiuruvesi\/wp-json\/wp\/v2\/comments?post=129"}],"version-history":[{"count":27,"href":"https:\/\/rotary.fi\/kiuruvesi\/wp-json\/wp\/v2\/pages\/129\/revisions"}],"predecessor-version":[{"id":2057,"href":"https:\/\/rotary.fi\/kiuruvesi\/wp-json\/wp\/v2\/pages\/129\/revisions\/2057"}],"wp:attachment":[{"href":"https:\/\/rotary.fi\/kiuruvesi\/wp-json\/wp\/v2\/media?parent=129"}],"curies":[{"name":"wp","href":"https:\/\/api.w.org\/{rel}","templated":true}]}}