{"id":3089,"date":"2020-06-16T12:07:18","date_gmt":"2020-06-16T09:07:18","guid":{"rendered":"https:\/\/rotary.fi\/kauhavarc\/?page_id=3089"},"modified":"2020-06-16T12:24:03","modified_gmt":"2020-06-16T09:24:03","slug":"aanilehdet","status":"publish","type":"page","link":"https:\/\/rotary.fi\/kauhavarc\/aanilehdet\/","title":{"rendered":"\u00c4\u00e4nilehdet"},"content":{"rendered":"<p>[et_pb_section fb_built=&#8221;1&#8243; _builder_version=&#8221;3.22&#8243;][et_pb_row _builder_version=&#8221;3.25&#8243; background_size=&#8221;initial&#8221; background_position=&#8221;top_left&#8221; background_repeat=&#8221;repeat&#8221;][et_pb_column type=&#8221;4_4&#8243; _builder_version=&#8221;3.25&#8243; custom_padding=&#8221;|||&#8221; custom_padding__hover=&#8221;|||&#8221;][et_pb_text admin_label=&#8221;Teksti&#8221; _builder_version=&#8221;4.4.8&#8243; background_size=&#8221;initial&#8221; background_position=&#8221;top_left&#8221; background_repeat=&#8221;repeat&#8221; hover_enabled=&#8221;0&#8243;]<\/p>\n<h3 style=\"text-align: center\">Kuvia \u00e4\u00e4nilehti projekteista<\/h3>\n<p>&nbsp;<\/p>\n<p>Klubin Facebookista kopioitua:<\/p>\n<p>&#8221;Veli Matti V\u00e4h\u00e4passin ideoimana klubimme tempaisi alkukuusta lukemalla Kauhavan Joulu 2019 -lehden \u00e4\u00e4nilehdeksi. Kaikkiaan lukemiseen osallistui 12 klubilaista ja heid\u00e4n omaistaan. T\u00e4m\u00e4 \u00e4\u00e4nilehti jaettiin sitten N\u00e4k\u00f6vammaisten Etel\u00e4-pohjanmaan piirin toimesta ja kanavien kautta kaikille heid\u00e4n j\u00e4rjest\u00f6ns\u00e4 Kauhavalaisille j\u00e4senille.&#8221;<\/p>\n<p>&nbsp;<\/p>\n<div class=\"text_exposed_show\">\n<p><img loading=\"lazy\" decoding=\"async\" class=\"wp-image-3092 alignnone size-large\" src=\"https:\/\/rotary.fi\/kauhavarc\/wp-content\/uploads\/sites\/22\/2020\/06\/aanilehti-1-1024x689.jpg\" alt=\"\" width=\"1024\" height=\"689\" srcset=\"https:\/\/rotary.fi\/kauhavarc\/wp-content\/uploads\/sites\/22\/2020\/06\/aanilehti-1-980x659.jpg 980w, https:\/\/rotary.fi\/kauhavarc\/wp-content\/uploads\/sites\/22\/2020\/06\/aanilehti-1-480x323.jpg 480w\" sizes=\"(min-width: 0px) and (max-width: 480px) 480px, (min-width: 481px) and (max-width: 980px) 980px, (min-width: 981px) 1024px, 100vw\" \/><br \/>Veli Matti opettaa Komiat lehdest\u00e4 lainatun MP3-nauhrin k\u00e4ytt\u00f6\u00e4 veli Jaakolle<\/p>\n<p><img loading=\"lazy\" decoding=\"async\" class=\"wp-image-3093 alignnone size-large\" src=\"https:\/\/rotary.fi\/kauhavarc\/wp-content\/uploads\/sites\/22\/2020\/06\/aanilehti-2-706x1024.jpg\" alt=\"\" width=\"706\" height=\"1024\" \/><\/p>\n<p>T\u00e4ss\u00e4 opetteluvuorossa veli Leo<\/p>\n<p><img loading=\"lazy\" decoding=\"async\" class=\"wp-image-3094 alignnone size-large\" src=\"https:\/\/rotary.fi\/kauhavarc\/wp-content\/uploads\/sites\/22\/2020\/06\/aanilehti-3-1024x669.jpg\" alt=\"\" width=\"1024\" height=\"669\" srcset=\"https:\/\/rotary.fi\/kauhavarc\/wp-content\/uploads\/sites\/22\/2020\/06\/aanilehti-3-980x640.jpg 980w, https:\/\/rotary.fi\/kauhavarc\/wp-content\/uploads\/sites\/22\/2020\/06\/aanilehti-3-480x314.jpg 480w\" sizes=\"(min-width: 0px) and (max-width: 480px) 480px, (min-width: 481px) and (max-width: 980px) 980px, (min-width: 981px) 1024px, 100vw\" \/><\/p>\n<p>J-ryhm\u00e4 ty\u00f6n touhussa. Matti J lukee ja Kari J passaa.<\/p>\n<p>&nbsp;<\/p>\n<p>Koska tiedostot olivat meill\u00e4 valmiina ja tallessa, tuli ennen joulua mieleemme, ett\u00e4 my\u00f6s Kauhavalla laitoksissa olevat vanhukset voisivat olla\u00a0<span class=\"text_exposed_show\">kyseisen \u00e4\u00e4nilehden potenttiaalisia tarvitsijoita. <\/span>Joten ei muuta kuin tuumasta toimeen. Kotitietokoneella monistettiin kymmenen 3 CD:n pakettia. Jotka klubin presidentti ja sihteeri sitten viime perjantaina kiersiv\u00e4t lahjoittamassa kanta-Kauhavan vanhusten ja erityisryhmien palveluyksik\u00f6ihin.<\/p>\n<p><img loading=\"lazy\" decoding=\"async\" class=\"wp-image-3095 alignnone size-large\" src=\"https:\/\/rotary.fi\/kauhavarc\/wp-content\/uploads\/sites\/22\/2020\/06\/aanilehti-4-1024x768.jpg\" alt=\"\" width=\"1024\" height=\"768\" srcset=\"https:\/\/rotary.fi\/kauhavarc\/wp-content\/uploads\/sites\/22\/2020\/06\/aanilehti-4-980x735.jpg 980w, https:\/\/rotary.fi\/kauhavarc\/wp-content\/uploads\/sites\/22\/2020\/06\/aanilehti-4-480x360.jpg 480w\" sizes=\"(min-width: 0px) and (max-width: 480px) 480px, (min-width: 481px) and (max-width: 980px) 980px, (min-width: 981px) 1024px, 100vw\" \/><\/p>\n<p>CD- paketteihin tuunattiin viel\u00e4 komeat kannet. Kotitietokoneella voi nyky\u00e4\u00e4n tehd\u00e4 mit\u00e4 vaan.<\/p>\n<p>&nbsp;<\/p>\n<p><img loading=\"lazy\" decoding=\"async\" class=\"wp-image-3096 alignnone size-large\" src=\"https:\/\/rotary.fi\/kauhavarc\/wp-content\/uploads\/sites\/22\/2020\/06\/aanilehti-5-1024x683.jpg\" alt=\"\" width=\"1024\" height=\"683\" srcset=\"https:\/\/rotary.fi\/kauhavarc\/wp-content\/uploads\/sites\/22\/2020\/06\/aanilehti-5-980x653.jpg 980w, https:\/\/rotary.fi\/kauhavarc\/wp-content\/uploads\/sites\/22\/2020\/06\/aanilehti-5-480x320.jpg 480w\" sizes=\"(min-width: 0px) and (max-width: 480px) 480px, (min-width: 481px) and (max-width: 980px) 980px, (min-width: 981px) 1024px, 100vw\" \/><\/p>\n<p><img loading=\"lazy\" decoding=\"async\" class=\"wp-image-3097 alignnone size-large\" src=\"https:\/\/rotary.fi\/kauhavarc\/wp-content\/uploads\/sites\/22\/2020\/06\/aanilehti-6-1024x582.jpg\" alt=\"\" width=\"1024\" height=\"582\" srcset=\"https:\/\/rotary.fi\/kauhavarc\/wp-content\/uploads\/sites\/22\/2020\/06\/aanilehti-6-980x557.jpg 980w, https:\/\/rotary.fi\/kauhavarc\/wp-content\/uploads\/sites\/22\/2020\/06\/aanilehti-6-480x273.jpg 480w\" sizes=\"(min-width: 0px) and (max-width: 480px) 480px, (min-width: 481px) and (max-width: 980px) 980px, (min-width: 981px) 1024px, 100vw\" \/><\/p>\n<p>Presidentti Heikki joulukierroksella. T\u00e4ss\u00e4 vuorossa Matinranta. \u00c4\u00e4nilehden ja kortin lis\u00e4n\u00e4 oli hieman suklaamuotoista joulumielt\u00e4 henkil\u00f6kunnille.<\/p>\n<p>&nbsp;<\/p>\n<p><img loading=\"lazy\" decoding=\"async\" class=\"wp-image-3100 alignnone size-large\" src=\"https:\/\/rotary.fi\/kauhavarc\/wp-content\/uploads\/sites\/22\/2020\/06\/joulukortti-1024x714.jpg\" alt=\"\" width=\"1024\" height=\"714\" srcset=\"https:\/\/rotary.fi\/kauhavarc\/wp-content\/uploads\/sites\/22\/2020\/06\/joulukortti-980x683.jpg 980w, https:\/\/rotary.fi\/kauhavarc\/wp-content\/uploads\/sites\/22\/2020\/06\/joulukortti-480x335.jpg 480w\" sizes=\"(min-width: 0px) and (max-width: 480px) 480px, (min-width: 481px) and (max-width: 980px) 980px, (min-width: 981px) 1024px, 100vw\" \/><\/p>\n<p>Kauhavan Rotaryklubi kiitt\u00e4\u00e4 Kauhava Seuraa hyv\u00e4st\u00e4 yhteisty\u00f6st\u00e4. Ja toivottaa t\u00e4m\u00e4n jouluisen palveluhankkeensa my\u00f6t\u00e4 kaikille seuraajilleen Rauhallista Joulua ja Hyv\u00e4\u00e4 Uutta Vuotta! &#8221;<\/p>\n<p><img loading=\"lazy\" decoding=\"async\" class=\"wp-image-3098 alignnone size-full\" src=\"https:\/\/rotary.fi\/kauhavarc\/wp-content\/uploads\/sites\/22\/2020\/06\/aanilehti-7.jpg\" alt=\"\" width=\"525\" height=\"637\" srcset=\"https:\/\/rotary.fi\/kauhavarc\/wp-content\/uploads\/sites\/22\/2020\/06\/aanilehti-7.jpg 525w, https:\/\/rotary.fi\/kauhavarc\/wp-content\/uploads\/sites\/22\/2020\/06\/aanilehti-7-480x582.jpg 480w\" sizes=\"(min-width: 0px) and (max-width: 480px) 480px, (min-width: 481px) 525px, 100vw\" \/><\/p>\n<p>Talvella 2020 lukeminen jatkui sitten Komiat lehden parissa:<\/p>\n<p>&nbsp;<\/p>\n<\/div>\n<p><img loading=\"lazy\" decoding=\"async\" class=\"wp-image-3099 alignnone size-full\" src=\"https:\/\/rotary.fi\/kauhavarc\/wp-content\/uploads\/sites\/22\/2020\/06\/aanilehti-komiat.jpg\" alt=\"\" width=\"960\" height=\"720\" srcset=\"https:\/\/rotary.fi\/kauhavarc\/wp-content\/uploads\/sites\/22\/2020\/06\/aanilehti-komiat.jpg 960w, https:\/\/rotary.fi\/kauhavarc\/wp-content\/uploads\/sites\/22\/2020\/06\/aanilehti-komiat-480x360.jpg 480w\" sizes=\"(min-width: 0px) and (max-width: 480px) 480px, (min-width: 481px) 960px, 100vw\" \/><\/p>\n<p>[\/et_pb_text][et_pb_button button_url=&#8221;https:\/\/rotary.fi\/kauhavarc\/mita-teemme\/projektit\/&#8221; button_text=&#8221;Takaisin&#8221; button_alignment=&#8221;center&#8221; admin_label=&#8221;Takaisin projekteihin painike&#8221; _builder_version=&#8221;4.4.8&#8243;][\/et_pb_button][\/et_pb_column][\/et_pb_row][\/et_pb_section]<\/p>\n","protected":false},"excerpt":{"rendered":"<p>Kuvia \u00e4\u00e4nilehti projekteista &nbsp; Klubin Facebookista kopioitua: &#8221;Veli Matti V\u00e4h\u00e4passin ideoimana klubimme tempaisi alkukuusta lukemalla Kauhavan Joulu 2019 -lehden \u00e4\u00e4nilehdeksi. Kaikkiaan lukemiseen osallistui 12 klubilaista ja heid\u00e4n omaistaan. T\u00e4m\u00e4 \u00e4\u00e4nilehti jaettiin sitten N\u00e4k\u00f6vammaisten Etel\u00e4-pohjanmaan piirin toimesta ja kanavien kautta kaikille heid\u00e4n j\u00e4rjest\u00f6ns\u00e4 Kauhavalaisille j\u00e4senille.&#8221; &nbsp; Veli Matti opettaa Komiat lehdest\u00e4 lainatun MP3-nauhrin k\u00e4ytt\u00f6\u00e4 veli Jaakolle [&hellip;]<\/p>\n","protected":false},"author":16,"featured_media":0,"parent":0,"menu_order":0,"comment_status":"closed","ping_status":"closed","template":"","meta":{"_acf_changed":false,"_et_pb_use_builder":"on","_et_pb_old_content":"","_et_gb_content_width":"","footnotes":""},"class_list":["post-3089","page","type-page","status-publish","hentry"],"acf":[],"yoast_head":"<!-- This site is optimized with the Yoast SEO plugin v27.4 - https:\/\/yoast.com\/product\/yoast-seo-wordpress\/ -->\n<title>\u00c4\u00e4nilehdet - Kauhavan Rotaryklubi ry<\/title>\n<meta name=\"robots\" content=\"index, follow, max-snippet:-1, max-image-preview:large, max-video-preview:-1\" \/>\n<link rel=\"canonical\" href=\"https:\/\/rotary.fi\/kauhavarc\/aanilehdet\/\" \/>\n<meta property=\"og:locale\" content=\"fi_FI\" \/>\n<meta property=\"og:type\" content=\"article\" \/>\n<meta property=\"og:title\" content=\"\u00c4\u00e4nilehdet - Kauhavan Rotaryklubi ry\" \/>\n<meta property=\"og:description\" content=\"Kuvia \u00e4\u00e4nilehti projekteista &nbsp; Klubin Facebookista kopioitua: &quot;Veli Matti V\u00e4h\u00e4passin ideoimana klubimme tempaisi alkukuusta lukemalla Kauhavan Joulu 2019 -lehden \u00e4\u00e4nilehdeksi. Kaikkiaan lukemiseen osallistui 12 klubilaista ja heid\u00e4n omaistaan. T\u00e4m\u00e4 \u00e4\u00e4nilehti jaettiin sitten N\u00e4k\u00f6vammaisten Etel\u00e4-pohjanmaan piirin toimesta ja kanavien kautta kaikille heid\u00e4n j\u00e4rjest\u00f6ns\u00e4 Kauhavalaisille j\u00e4senille.&quot; &nbsp; Veli Matti opettaa Komiat lehdest\u00e4 lainatun MP3-nauhrin k\u00e4ytt\u00f6\u00e4 veli Jaakolle [&hellip;]\" \/>\n<meta property=\"og:url\" content=\"https:\/\/rotary.fi\/kauhavarc\/aanilehdet\/\" \/>\n<meta property=\"og:site_name\" content=\"Kauhavan Rotaryklubi ry\" \/>\n<meta property=\"article:modified_time\" content=\"2020-06-16T09:24:03+00:00\" \/>\n<meta property=\"og:image\" content=\"https:\/\/rotary.fi\/kauhavarc\/wp-content\/uploads\/sites\/22\/2020\/06\/aanilehti-1-1024x689.jpg\" \/>\n<meta name=\"twitter:card\" content=\"summary_large_image\" \/>\n<meta name=\"twitter:label1\" content=\"Arvioitu lukuaika\" \/>\n\t<meta name=\"twitter:data1\" content=\"1 minuutti\" \/>\n<script type=\"application\/ld+json\" class=\"yoast-schema-graph\">{\"@context\":\"https:\\\/\\\/schema.org\",\"@graph\":[{\"@type\":\"WebPage\",\"@id\":\"https:\\\/\\\/rotary.fi\\\/kauhavarc\\\/aanilehdet\\\/\",\"url\":\"https:\\\/\\\/rotary.fi\\\/kauhavarc\\\/aanilehdet\\\/\",\"name\":\"\u00c4\u00e4nilehdet - Kauhavan Rotaryklubi ry\",\"isPartOf\":{\"@id\":\"https:\\\/\\\/rotary.fi\\\/kauhavarc\\\/#website\"},\"primaryImageOfPage\":{\"@id\":\"https:\\\/\\\/rotary.fi\\\/kauhavarc\\\/aanilehdet\\\/#primaryimage\"},\"image\":{\"@id\":\"https:\\\/\\\/rotary.fi\\\/kauhavarc\\\/aanilehdet\\\/#primaryimage\"},\"thumbnailUrl\":\"https:\\\/\\\/rotary.fi\\\/kauhavarc\\\/wp-content\\\/uploads\\\/sites\\\/22\\\/2020\\\/06\\\/aanilehti-1-1024x689.jpg\",\"datePublished\":\"2020-06-16T09:07:18+00:00\",\"dateModified\":\"2020-06-16T09:24:03+00:00\",\"breadcrumb\":{\"@id\":\"https:\\\/\\\/rotary.fi\\\/kauhavarc\\\/aanilehdet\\\/#breadcrumb\"},\"inLanguage\":\"fi\",\"potentialAction\":[{\"@type\":\"ReadAction\",\"target\":[\"https:\\\/\\\/rotary.fi\\\/kauhavarc\\\/aanilehdet\\\/\"]}]},{\"@type\":\"ImageObject\",\"inLanguage\":\"fi\",\"@id\":\"https:\\\/\\\/rotary.fi\\\/kauhavarc\\\/aanilehdet\\\/#primaryimage\",\"url\":\"https:\\\/\\\/rotary.fi\\\/kauhavarc\\\/wp-content\\\/uploads\\\/sites\\\/22\\\/2020\\\/06\\\/aanilehti-1.jpg\",\"contentUrl\":\"https:\\\/\\\/rotary.fi\\\/kauhavarc\\\/wp-content\\\/uploads\\\/sites\\\/22\\\/2020\\\/06\\\/aanilehti-1.jpg\",\"width\":2048,\"height\":1378},{\"@type\":\"BreadcrumbList\",\"@id\":\"https:\\\/\\\/rotary.fi\\\/kauhavarc\\\/aanilehdet\\\/#breadcrumb\",\"itemListElement\":[{\"@type\":\"ListItem\",\"position\":1,\"name\":\"Home\",\"item\":\"https:\\\/\\\/rotary.fi\\\/kauhavarc\\\/\"},{\"@type\":\"ListItem\",\"position\":2,\"name\":\"\u00c4\u00e4nilehdet\"}]},{\"@type\":\"WebSite\",\"@id\":\"https:\\\/\\\/rotary.fi\\\/kauhavarc\\\/#website\",\"url\":\"https:\\\/\\\/rotary.fi\\\/kauhavarc\\\/\",\"name\":\"Kauhavan Rotaryklubi ry\",\"description\":\"Uusi Rotary klubisivusto\",\"potentialAction\":[{\"@type\":\"SearchAction\",\"target\":{\"@type\":\"EntryPoint\",\"urlTemplate\":\"https:\\\/\\\/rotary.fi\\\/kauhavarc\\\/?s={search_term_string}\"},\"query-input\":{\"@type\":\"PropertyValueSpecification\",\"valueRequired\":true,\"valueName\":\"search_term_string\"}}],\"inLanguage\":\"fi\"}]}<\/script>\n<!-- \/ Yoast SEO plugin. -->","yoast_head_json":{"title":"\u00c4\u00e4nilehdet - Kauhavan Rotaryklubi ry","robots":{"index":"index","follow":"follow","max-snippet":"max-snippet:-1","max-image-preview":"max-image-preview:large","max-video-preview":"max-video-preview:-1"},"canonical":"https:\/\/rotary.fi\/kauhavarc\/aanilehdet\/","og_locale":"fi_FI","og_type":"article","og_title":"\u00c4\u00e4nilehdet - Kauhavan Rotaryklubi ry","og_description":"Kuvia \u00e4\u00e4nilehti projekteista &nbsp; Klubin Facebookista kopioitua: \"Veli Matti V\u00e4h\u00e4passin ideoimana klubimme tempaisi alkukuusta lukemalla Kauhavan Joulu 2019 -lehden \u00e4\u00e4nilehdeksi. Kaikkiaan lukemiseen osallistui 12 klubilaista ja heid\u00e4n omaistaan. T\u00e4m\u00e4 \u00e4\u00e4nilehti jaettiin sitten N\u00e4k\u00f6vammaisten Etel\u00e4-pohjanmaan piirin toimesta ja kanavien kautta kaikille heid\u00e4n j\u00e4rjest\u00f6ns\u00e4 Kauhavalaisille j\u00e4senille.\" &nbsp; Veli Matti opettaa Komiat lehdest\u00e4 lainatun MP3-nauhrin k\u00e4ytt\u00f6\u00e4 veli Jaakolle [&hellip;]","og_url":"https:\/\/rotary.fi\/kauhavarc\/aanilehdet\/","og_site_name":"Kauhavan Rotaryklubi ry","article_modified_time":"2020-06-16T09:24:03+00:00","og_image":[{"url":"https:\/\/rotary.fi\/kauhavarc\/wp-content\/uploads\/sites\/22\/2020\/06\/aanilehti-1-1024x689.jpg","type":"","width":"","height":""}],"twitter_card":"summary_large_image","twitter_misc":{"Arvioitu lukuaika":"1 minuutti"},"schema":{"@context":"https:\/\/schema.org","@graph":[{"@type":"WebPage","@id":"https:\/\/rotary.fi\/kauhavarc\/aanilehdet\/","url":"https:\/\/rotary.fi\/kauhavarc\/aanilehdet\/","name":"\u00c4\u00e4nilehdet - Kauhavan Rotaryklubi ry","isPartOf":{"@id":"https:\/\/rotary.fi\/kauhavarc\/#website"},"primaryImageOfPage":{"@id":"https:\/\/rotary.fi\/kauhavarc\/aanilehdet\/#primaryimage"},"image":{"@id":"https:\/\/rotary.fi\/kauhavarc\/aanilehdet\/#primaryimage"},"thumbnailUrl":"https:\/\/rotary.fi\/kauhavarc\/wp-content\/uploads\/sites\/22\/2020\/06\/aanilehti-1-1024x689.jpg","datePublished":"2020-06-16T09:07:18+00:00","dateModified":"2020-06-16T09:24:03+00:00","breadcrumb":{"@id":"https:\/\/rotary.fi\/kauhavarc\/aanilehdet\/#breadcrumb"},"inLanguage":"fi","potentialAction":[{"@type":"ReadAction","target":["https:\/\/rotary.fi\/kauhavarc\/aanilehdet\/"]}]},{"@type":"ImageObject","inLanguage":"fi","@id":"https:\/\/rotary.fi\/kauhavarc\/aanilehdet\/#primaryimage","url":"https:\/\/rotary.fi\/kauhavarc\/wp-content\/uploads\/sites\/22\/2020\/06\/aanilehti-1.jpg","contentUrl":"https:\/\/rotary.fi\/kauhavarc\/wp-content\/uploads\/sites\/22\/2020\/06\/aanilehti-1.jpg","width":2048,"height":1378},{"@type":"BreadcrumbList","@id":"https:\/\/rotary.fi\/kauhavarc\/aanilehdet\/#breadcrumb","itemListElement":[{"@type":"ListItem","position":1,"name":"Home","item":"https:\/\/rotary.fi\/kauhavarc\/"},{"@type":"ListItem","position":2,"name":"\u00c4\u00e4nilehdet"}]},{"@type":"WebSite","@id":"https:\/\/rotary.fi\/kauhavarc\/#website","url":"https:\/\/rotary.fi\/kauhavarc\/","name":"Kauhavan Rotaryklubi ry","description":"Uusi Rotary klubisivusto","potentialAction":[{"@type":"SearchAction","target":{"@type":"EntryPoint","urlTemplate":"https:\/\/rotary.fi\/kauhavarc\/?s={search_term_string}"},"query-input":{"@type":"PropertyValueSpecification","valueRequired":true,"valueName":"search_term_string"}}],"inLanguage":"fi"}]}},"lang":"fi","translations":{"fi":3089},"pll_sync_post":[],"_links":{"self":[{"href":"https:\/\/rotary.fi\/kauhavarc\/wp-json\/wp\/v2\/pages\/3089","targetHints":{"allow":["GET"]}}],"collection":[{"href":"https:\/\/rotary.fi\/kauhavarc\/wp-json\/wp\/v2\/pages"}],"about":[{"href":"https:\/\/rotary.fi\/kauhavarc\/wp-json\/wp\/v2\/types\/page"}],"author":[{"embeddable":true,"href":"https:\/\/rotary.fi\/kauhavarc\/wp-json\/wp\/v2\/users\/16"}],"replies":[{"embeddable":true,"href":"https:\/\/rotary.fi\/kauhavarc\/wp-json\/wp\/v2\/comments?post=3089"}],"version-history":[{"count":8,"href":"https:\/\/rotary.fi\/kauhavarc\/wp-json\/wp\/v2\/pages\/3089\/revisions"}],"predecessor-version":[{"id":3112,"href":"https:\/\/rotary.fi\/kauhavarc\/wp-json\/wp\/v2\/pages\/3089\/revisions\/3112"}],"wp:attachment":[{"href":"https:\/\/rotary.fi\/kauhavarc\/wp-json\/wp\/v2\/media?parent=3089"}],"curies":[{"name":"wp","href":"https:\/\/api.w.org\/{rel}","templated":true}]}}