{"id":1961,"date":"2018-12-15T16:29:40","date_gmt":"2018-12-15T14:29:40","guid":{"rendered":"https:\/\/rotary.fi\/kauhavarc\/?page_id=1961"},"modified":"2018-12-15T16:50:25","modified_gmt":"2018-12-15T14:50:25","slug":"ruudun-takaa","status":"publish","type":"page","link":"https:\/\/rotary.fi\/kauhavarc\/ruudun-takaa\/","title":{"rendered":"Ruudun takaa"},"content":{"rendered":"<p>[et_pb_section bb_built=&#8221;1&#8243;][et_pb_row][et_pb_column type=&#8221;4_4&#8243;][et_pb_text _builder_version=&#8221;3.17.6&#8243;]<\/p>\n<h3 style=\"text-align: center\">Kauhavan Rotaryklubin ikkunan\u00e4yttelyn valmistelua\u00a0 v.1995<\/h3>\n<p>\u00a0<\/p>\n<p>\u00a0<\/p>\n<p style=\"text-align: center\"><img loading=\"lazy\" decoding=\"async\" class=\"alignnone size-full wp-image-1975\" src=\"https:\/\/rotary.fi\/kauhavarc\/wp-content\/uploads\/sites\/22\/2018\/12\/ruudun-takaa-tekijat1439-1.jpg\" alt=\"\" width=\"1774\" height=\"1039\" srcset=\"https:\/\/rotary.fi\/kauhavarc\/wp-content\/uploads\/sites\/22\/2018\/12\/ruudun-takaa-tekijat1439-1.jpg 1774w, https:\/\/rotary.fi\/kauhavarc\/wp-content\/uploads\/sites\/22\/2018\/12\/ruudun-takaa-tekijat1439-1-300x176.jpg 300w, https:\/\/rotary.fi\/kauhavarc\/wp-content\/uploads\/sites\/22\/2018\/12\/ruudun-takaa-tekijat1439-1-768x450.jpg 768w, https:\/\/rotary.fi\/kauhavarc\/wp-content\/uploads\/sites\/22\/2018\/12\/ruudun-takaa-tekijat1439-1-1024x600.jpg 1024w, https:\/\/rotary.fi\/kauhavarc\/wp-content\/uploads\/sites\/22\/2018\/12\/ruudun-takaa-tekijat1439-1-1080x633.jpg 1080w\" sizes=\"(max-width: 1774px) 100vw, 1774px\" \/><\/p>\n<p>\u00a0<\/p>\n<p><img loading=\"lazy\" decoding=\"async\" class=\"size-full wp-image-1963 aligncenter\" src=\"https:\/\/rotary.fi\/kauhavarc\/wp-content\/uploads\/sites\/22\/2018\/12\/nuorisovaihto.jpg\" alt=\"\" width=\"1024\" height=\"608\" srcset=\"https:\/\/rotary.fi\/kauhavarc\/wp-content\/uploads\/sites\/22\/2018\/12\/nuorisovaihto.jpg 1024w, https:\/\/rotary.fi\/kauhavarc\/wp-content\/uploads\/sites\/22\/2018\/12\/nuorisovaihto-300x178.jpg 300w, https:\/\/rotary.fi\/kauhavarc\/wp-content\/uploads\/sites\/22\/2018\/12\/nuorisovaihto-768x456.jpg 768w\" sizes=\"(max-width: 1024px) 100vw, 1024px\" \/><\/p>\n<p style=\"text-align: center\">Klubin nuorisovaihto oli luonnollisesti hyvin esill\u00e4<\/p>\n<p><img loading=\"lazy\" decoding=\"async\" class=\"alignnone wp-image-1964\" src=\"https:\/\/rotary.fi\/kauhavarc\/wp-content\/uploads\/sites\/22\/2018\/12\/ammatinvalinnan-ohjaus.jpg\" alt=\"\" width=\"1011\" height=\"675\" srcset=\"https:\/\/rotary.fi\/kauhavarc\/wp-content\/uploads\/sites\/22\/2018\/12\/ammatinvalinnan-ohjaus-300x201.jpg 300w, https:\/\/rotary.fi\/kauhavarc\/wp-content\/uploads\/sites\/22\/2018\/12\/ammatinvalinnan-ohjaus-768x514.jpg 768w, https:\/\/rotary.fi\/kauhavarc\/wp-content\/uploads\/sites\/22\/2018\/12\/ammatinvalinnan-ohjaus-1024x685.jpg 1024w\" sizes=\"(max-width: 1011px) 100vw, 1011px\" \/><\/p>\n<p style=\"text-align: center\">My\u00f6s klubimme alkuvuosikymmenten leip\u00e4laji, ammatinvalinnan- ja uranohjaustoiminta sai oman plakaaktinsa<\/p>\n<p><img loading=\"lazy\" decoding=\"async\" class=\"alignnone wp-image-1965\" src=\"https:\/\/rotary.fi\/kauhavarc\/wp-content\/uploads\/sites\/22\/2018\/12\/lentopallo.jpg\" alt=\"\" width=\"1023\" height=\"669\" srcset=\"https:\/\/rotary.fi\/kauhavarc\/wp-content\/uploads\/sites\/22\/2018\/12\/lentopallo.jpg 1708w, https:\/\/rotary.fi\/kauhavarc\/wp-content\/uploads\/sites\/22\/2018\/12\/lentopallo-300x197.jpg 300w, https:\/\/rotary.fi\/kauhavarc\/wp-content\/uploads\/sites\/22\/2018\/12\/lentopallo-768x503.jpg 768w, https:\/\/rotary.fi\/kauhavarc\/wp-content\/uploads\/sites\/22\/2018\/12\/lentopallo-1024x671.jpg 1024w\" sizes=\"(max-width: 1023px) 100vw, 1023px\" \/><\/p>\n<p style=\"text-align: center\">Noihin aikoihin klubillamme oli varsin menestyksek\u00e4s putki Rotarylentopallon vuotuisissa SM-kisoissa.<\/p>\n<p><img loading=\"lazy\" decoding=\"async\" class=\"alignnone size-full wp-image-1966\" src=\"https:\/\/rotary.fi\/kauhavarc\/wp-content\/uploads\/sites\/22\/2018\/12\/ruudun-takaa-tekijat-lehtijuttu.jpg\" alt=\"\" width=\"1024\" height=\"804\" srcset=\"https:\/\/rotary.fi\/kauhavarc\/wp-content\/uploads\/sites\/22\/2018\/12\/ruudun-takaa-tekijat-lehtijuttu.jpg 1024w, https:\/\/rotary.fi\/kauhavarc\/wp-content\/uploads\/sites\/22\/2018\/12\/ruudun-takaa-tekijat-lehtijuttu-300x236.jpg 300w, https:\/\/rotary.fi\/kauhavarc\/wp-content\/uploads\/sites\/22\/2018\/12\/ruudun-takaa-tekijat-lehtijuttu-768x603.jpg 768w\" sizes=\"(max-width: 1024px) 100vw, 1024px\" \/><\/p>\n<p style=\"text-align: center\">Ja sit\u00e4 n\u00e4kyvyytt\u00e4kin tuli. Esimerkiksi t\u00e4ss\u00e4 Kauhava-lehden jutussa niin Rotaryn yleiset periaatteet kuin Kauhavan Rotaryklubin toimintaa k\u00e4yd\u00e4\u00e4n l\u00e4pi varsin perusteellisesti<\/p>\n<p><img loading=\"lazy\" decoding=\"async\" class=\" wp-image-1973 aligncenter\" src=\"https:\/\/rotary.fi\/kauhavarc\/wp-content\/uploads\/sites\/22\/2018\/12\/ruudun-takaa-tekijat438.jpg\" alt=\"\" width=\"542\" height=\"219\" \/><\/p>\n<p>[\/et_pb_text][et_pb_button admin_label=&#8221;Takaisin painike&#8221; _builder_version=&#8221;3.17.6&#8243; button_text=&#8221;Takaisin&#8221; button_url=&#8221;https:\/\/rotary.fi\/kauhavarc\/mita-teemme\/yhteiset-projektit\/&#8221; button_alignment=&#8221;center&#8221; custom_margin=&#8221;40px||40px|&#8221; \/][\/et_pb_column][\/et_pb_row][\/et_pb_section]<\/p>\n","protected":false},"excerpt":{"rendered":"<p><div class=\"et_pb_row et_pb_row_0 et_pb_row_empty\">\n\t\t\t\t\n\t\t\t\t\n\t\t\t\t\n\t\t\t\t\n\t\t\t\t\n\t\t\t<\/div> Kauhavan Rotaryklubin ikkunan\u00e4yttelyn valmistelua\u00a0 v.1995\u00a0\u00a0\u00a0Klubin nuorisovaihto oli luonnollisesti hyvin esill\u00e4My\u00f6s klubimme alkuvuosikymmenten leip\u00e4laji, ammatinvalinnan- ja uranohjaustoiminta sai oman plakaaktinsaNoihin aikoihin klubillamme oli varsin menestyksek\u00e4s putki Rotarylentopallon vuotuisissa SM-kisoissa.Ja sit\u00e4 n\u00e4kyvyytt\u00e4kin tuli. Esimerkiksi t\u00e4ss\u00e4 Kauhava-lehden jutussa niin Rotaryn yleiset periaatteet kuin Kauhavan Rotaryklubin toimintaa k\u00e4yd\u00e4\u00e4n l\u00e4pi varsin perusteellisesti<\/p>\n","protected":false},"author":16,"featured_media":0,"parent":0,"menu_order":0,"comment_status":"closed","ping_status":"closed","template":"","meta":{"_acf_changed":false,"_et_pb_use_builder":"on","_et_pb_old_content":"<p>\u00a0<\/p><p style=\"text-align: center;\"><img class=\"wp-image-1962 aligncenter\" src=\"https:\/\/rotary.fi\/kauhavarc\/wp-content\/uploads\/sites\/22\/2018\/12\/ruudun-takaa-tekijat1439.jpg\" alt=\"\" width=\"1011\" height=\"679\" \/><\/p><p><img class=\"size-full wp-image-1963 aligncenter\" src=\"https:\/\/rotary.fi\/kauhavarc\/wp-content\/uploads\/sites\/22\/2018\/12\/nuorisovaihto.jpg\" alt=\"\" width=\"1024\" height=\"608\" \/><\/p><p>Klubin nuorisovaihto oli luonnollisesti hyvin esill\u00e4<\/p><p><img class=\"alignnone wp-image-1964\" src=\"https:\/\/rotary.fi\/kauhavarc\/wp-content\/uploads\/sites\/22\/2018\/12\/ammatinvalinnan-ohjaus.jpg\" alt=\"\" width=\"1011\" height=\"675\" \/><\/p><p>My\u00f6s klubimme alkuvuosikymmenten leip\u00e4laji, ammatinvalinnan- ja uranohjaustoiminta sai oman plakaaktinsa<\/p><p><img class=\"alignnone wp-image-1965\" src=\"https:\/\/rotary.fi\/kauhavarc\/wp-content\/uploads\/sites\/22\/2018\/12\/lentopallo.jpg\" alt=\"\" width=\"1023\" height=\"669\" \/><\/p><p>Noihin aikoihin klubillamme oli varsin menestyksek\u00e4s putki Rotarylentopallon vuotuisissa SM-kisoissa.<\/p><p style=\"text-align: center;\">Ja sit\u00e4 n\u00e4kyvyytt\u00e4kin tuli. Esimekiksi t\u00e4ss\u00e4 Kauhava-lehden jutussa Rotaryn periaatteet ja klubin toimintaa k\u00e4yd\u00e4\u00e4n l\u00e4pi varsin perusteellisesti:<\/p><p><img class=\"alignnone size-full wp-image-1966\" src=\"https:\/\/rotary.fi\/kauhavarc\/wp-content\/uploads\/sites\/22\/2018\/12\/ruudun-takaa-tekijat-lehtijuttu.jpg\" alt=\"\" width=\"1024\" height=\"804\" \/><\/p>","_et_gb_content_width":"","footnotes":""},"class_list":["post-1961","page","type-page","status-publish","hentry"],"acf":[],"yoast_head":"<!-- This site is optimized with the Yoast SEO plugin v27.0 - https:\/\/yoast.com\/product\/yoast-seo-wordpress\/ -->\n<title>Ruudun takaa - Kauhavan Rotaryklubi ry<\/title>\n<meta name=\"robots\" content=\"index, follow, max-snippet:-1, max-image-preview:large, max-video-preview:-1\" \/>\n<link rel=\"canonical\" href=\"https:\/\/rotary.fi\/kauhavarc\/ruudun-takaa\/\" \/>\n<meta property=\"og:locale\" content=\"fi_FI\" \/>\n<meta property=\"og:type\" content=\"article\" \/>\n<meta property=\"og:title\" content=\"Ruudun takaa - Kauhavan Rotaryklubi ry\" \/>\n<meta property=\"og:description\" content=\"Kauhavan Rotaryklubin ikkunan\u00e4yttelyn valmistelua\u00a0 v.1995\u00a0\u00a0\u00a0Klubin nuorisovaihto oli luonnollisesti hyvin esill\u00e4My\u00f6s klubimme alkuvuosikymmenten leip\u00e4laji, ammatinvalinnan- ja uranohjaustoiminta sai oman plakaaktinsaNoihin aikoihin klubillamme oli varsin menestyksek\u00e4s putki Rotarylentopallon vuotuisissa SM-kisoissa.Ja sit\u00e4 n\u00e4kyvyytt\u00e4kin tuli. Esimerkiksi t\u00e4ss\u00e4 Kauhava-lehden jutussa niin Rotaryn yleiset periaatteet kuin Kauhavan Rotaryklubin toimintaa k\u00e4yd\u00e4\u00e4n l\u00e4pi varsin perusteellisesti\" \/>\n<meta property=\"og:url\" content=\"https:\/\/rotary.fi\/kauhavarc\/ruudun-takaa\/\" \/>\n<meta property=\"og:site_name\" content=\"Kauhavan Rotaryklubi ry\" \/>\n<meta property=\"article:modified_time\" content=\"2018-12-15T14:50:25+00:00\" \/>\n<meta property=\"og:image\" content=\"https:\/\/rotary.fi\/kauhavarc\/wp-content\/uploads\/sites\/22\/2018\/12\/ruudun-takaa-tekijat1439-1.jpg\" \/>\n<meta name=\"twitter:card\" content=\"summary_large_image\" \/>\n<meta name=\"twitter:label1\" content=\"Arvioitu lukuaika\" \/>\n\t<meta name=\"twitter:data1\" content=\"1 minuutti\" \/>\n<script type=\"application\/ld+json\" class=\"yoast-schema-graph\">{\"@context\":\"https:\/\/schema.org\",\"@graph\":[{\"@type\":\"WebPage\",\"@id\":\"https:\/\/rotary.fi\/kauhavarc\/ruudun-takaa\/\",\"url\":\"https:\/\/rotary.fi\/kauhavarc\/ruudun-takaa\/\",\"name\":\"Ruudun takaa - Kauhavan Rotaryklubi ry\",\"isPartOf\":{\"@id\":\"https:\/\/rotary.fi\/kauhavarc\/#website\"},\"primaryImageOfPage\":{\"@id\":\"https:\/\/rotary.fi\/kauhavarc\/ruudun-takaa\/#primaryimage\"},\"image\":{\"@id\":\"https:\/\/rotary.fi\/kauhavarc\/ruudun-takaa\/#primaryimage\"},\"thumbnailUrl\":\"https:\/\/rotary.fi\/kauhavarc\/wp-content\/uploads\/sites\/22\/2018\/12\/ruudun-takaa-tekijat1439-1.jpg\",\"datePublished\":\"2018-12-15T14:29:40+00:00\",\"dateModified\":\"2018-12-15T14:50:25+00:00\",\"breadcrumb\":{\"@id\":\"https:\/\/rotary.fi\/kauhavarc\/ruudun-takaa\/#breadcrumb\"},\"inLanguage\":\"fi\",\"potentialAction\":[{\"@type\":\"ReadAction\",\"target\":[\"https:\/\/rotary.fi\/kauhavarc\/ruudun-takaa\/\"]}]},{\"@type\":\"ImageObject\",\"inLanguage\":\"fi\",\"@id\":\"https:\/\/rotary.fi\/kauhavarc\/ruudun-takaa\/#primaryimage\",\"url\":\"https:\/\/rotary.fi\/kauhavarc\/wp-content\/uploads\/sites\/22\/2018\/12\/ruudun-takaa-tekijat1439-1.jpg\",\"contentUrl\":\"https:\/\/rotary.fi\/kauhavarc\/wp-content\/uploads\/sites\/22\/2018\/12\/ruudun-takaa-tekijat1439-1.jpg\",\"width\":1774,\"height\":1039},{\"@type\":\"BreadcrumbList\",\"@id\":\"https:\/\/rotary.fi\/kauhavarc\/ruudun-takaa\/#breadcrumb\",\"itemListElement\":[{\"@type\":\"ListItem\",\"position\":1,\"name\":\"Home\",\"item\":\"https:\/\/rotary.fi\/kauhavarc\/\"},{\"@type\":\"ListItem\",\"position\":2,\"name\":\"Ruudun takaa\"}]},{\"@type\":\"WebSite\",\"@id\":\"https:\/\/rotary.fi\/kauhavarc\/#website\",\"url\":\"https:\/\/rotary.fi\/kauhavarc\/\",\"name\":\"Kauhavan Rotaryklubi ry\",\"description\":\"Uusi Rotary klubisivusto\",\"potentialAction\":[{\"@type\":\"SearchAction\",\"target\":{\"@type\":\"EntryPoint\",\"urlTemplate\":\"https:\/\/rotary.fi\/kauhavarc\/?s={search_term_string}\"},\"query-input\":{\"@type\":\"PropertyValueSpecification\",\"valueRequired\":true,\"valueName\":\"search_term_string\"}}],\"inLanguage\":\"fi\"}]}<\/script>\n<!-- \/ Yoast SEO plugin. -->","yoast_head_json":{"title":"Ruudun takaa - Kauhavan Rotaryklubi ry","robots":{"index":"index","follow":"follow","max-snippet":"max-snippet:-1","max-image-preview":"max-image-preview:large","max-video-preview":"max-video-preview:-1"},"canonical":"https:\/\/rotary.fi\/kauhavarc\/ruudun-takaa\/","og_locale":"fi_FI","og_type":"article","og_title":"Ruudun takaa - Kauhavan Rotaryklubi ry","og_description":"Kauhavan Rotaryklubin ikkunan\u00e4yttelyn valmistelua\u00a0 v.1995\u00a0\u00a0\u00a0Klubin nuorisovaihto oli luonnollisesti hyvin esill\u00e4My\u00f6s klubimme alkuvuosikymmenten leip\u00e4laji, ammatinvalinnan- ja uranohjaustoiminta sai oman plakaaktinsaNoihin aikoihin klubillamme oli varsin menestyksek\u00e4s putki Rotarylentopallon vuotuisissa SM-kisoissa.Ja sit\u00e4 n\u00e4kyvyytt\u00e4kin tuli. Esimerkiksi t\u00e4ss\u00e4 Kauhava-lehden jutussa niin Rotaryn yleiset periaatteet kuin Kauhavan Rotaryklubin toimintaa k\u00e4yd\u00e4\u00e4n l\u00e4pi varsin perusteellisesti","og_url":"https:\/\/rotary.fi\/kauhavarc\/ruudun-takaa\/","og_site_name":"Kauhavan Rotaryklubi ry","article_modified_time":"2018-12-15T14:50:25+00:00","og_image":[{"url":"https:\/\/rotary.fi\/kauhavarc\/wp-content\/uploads\/sites\/22\/2018\/12\/ruudun-takaa-tekijat1439-1.jpg","type":"","width":"","height":""}],"twitter_card":"summary_large_image","twitter_misc":{"Arvioitu lukuaika":"1 minuutti"},"schema":{"@context":"https:\/\/schema.org","@graph":[{"@type":"WebPage","@id":"https:\/\/rotary.fi\/kauhavarc\/ruudun-takaa\/","url":"https:\/\/rotary.fi\/kauhavarc\/ruudun-takaa\/","name":"Ruudun takaa - Kauhavan Rotaryklubi ry","isPartOf":{"@id":"https:\/\/rotary.fi\/kauhavarc\/#website"},"primaryImageOfPage":{"@id":"https:\/\/rotary.fi\/kauhavarc\/ruudun-takaa\/#primaryimage"},"image":{"@id":"https:\/\/rotary.fi\/kauhavarc\/ruudun-takaa\/#primaryimage"},"thumbnailUrl":"https:\/\/rotary.fi\/kauhavarc\/wp-content\/uploads\/sites\/22\/2018\/12\/ruudun-takaa-tekijat1439-1.jpg","datePublished":"2018-12-15T14:29:40+00:00","dateModified":"2018-12-15T14:50:25+00:00","breadcrumb":{"@id":"https:\/\/rotary.fi\/kauhavarc\/ruudun-takaa\/#breadcrumb"},"inLanguage":"fi","potentialAction":[{"@type":"ReadAction","target":["https:\/\/rotary.fi\/kauhavarc\/ruudun-takaa\/"]}]},{"@type":"ImageObject","inLanguage":"fi","@id":"https:\/\/rotary.fi\/kauhavarc\/ruudun-takaa\/#primaryimage","url":"https:\/\/rotary.fi\/kauhavarc\/wp-content\/uploads\/sites\/22\/2018\/12\/ruudun-takaa-tekijat1439-1.jpg","contentUrl":"https:\/\/rotary.fi\/kauhavarc\/wp-content\/uploads\/sites\/22\/2018\/12\/ruudun-takaa-tekijat1439-1.jpg","width":1774,"height":1039},{"@type":"BreadcrumbList","@id":"https:\/\/rotary.fi\/kauhavarc\/ruudun-takaa\/#breadcrumb","itemListElement":[{"@type":"ListItem","position":1,"name":"Home","item":"https:\/\/rotary.fi\/kauhavarc\/"},{"@type":"ListItem","position":2,"name":"Ruudun takaa"}]},{"@type":"WebSite","@id":"https:\/\/rotary.fi\/kauhavarc\/#website","url":"https:\/\/rotary.fi\/kauhavarc\/","name":"Kauhavan Rotaryklubi ry","description":"Uusi Rotary klubisivusto","potentialAction":[{"@type":"SearchAction","target":{"@type":"EntryPoint","urlTemplate":"https:\/\/rotary.fi\/kauhavarc\/?s={search_term_string}"},"query-input":{"@type":"PropertyValueSpecification","valueRequired":true,"valueName":"search_term_string"}}],"inLanguage":"fi"}]}},"lang":"fi","translations":{"fi":1961},"pll_sync_post":[],"_links":{"self":[{"href":"https:\/\/rotary.fi\/kauhavarc\/wp-json\/wp\/v2\/pages\/1961","targetHints":{"allow":["GET"]}}],"collection":[{"href":"https:\/\/rotary.fi\/kauhavarc\/wp-json\/wp\/v2\/pages"}],"about":[{"href":"https:\/\/rotary.fi\/kauhavarc\/wp-json\/wp\/v2\/types\/page"}],"author":[{"embeddable":true,"href":"https:\/\/rotary.fi\/kauhavarc\/wp-json\/wp\/v2\/users\/16"}],"replies":[{"embeddable":true,"href":"https:\/\/rotary.fi\/kauhavarc\/wp-json\/wp\/v2\/comments?post=1961"}],"version-history":[{"count":9,"href":"https:\/\/rotary.fi\/kauhavarc\/wp-json\/wp\/v2\/pages\/1961\/revisions"}],"predecessor-version":[{"id":1981,"href":"https:\/\/rotary.fi\/kauhavarc\/wp-json\/wp\/v2\/pages\/1961\/revisions\/1981"}],"wp:attachment":[{"href":"https:\/\/rotary.fi\/kauhavarc\/wp-json\/wp\/v2\/media?parent=1961"}],"curies":[{"name":"wp","href":"https:\/\/api.w.org\/{rel}","templated":true}]}}