{"id":1739,"date":"2018-12-13T00:22:17","date_gmt":"2018-12-12T22:22:17","guid":{"rendered":"https:\/\/rotary.fi\/kauhavarc\/?page_id=1739"},"modified":"2018-12-15T15:06:21","modified_gmt":"2018-12-15T13:06:21","slug":"seitsenvuotiaan-muistoja-sayakasta","status":"publish","type":"page","link":"https:\/\/rotary.fi\/kauhavarc\/seitsenvuotiaan-muistoja-sayakasta\/","title":{"rendered":"Seitsenvuotiaan muistoja Sayakasta"},"content":{"rendered":"<p>[et_pb_section bb_built=&#8221;1&#8243;][et_pb_row][et_pb_column type=&#8221;4_4&#8243;][et_pb_text admin_label=&#8221;Kalle Peura Teksti&#8221; _builder_version=&#8221;3.17.6&#8243;]<\/p>\n<h3>Seitsenvuotiaan muistoja japanilaisesta host-siskosta<\/h3>\n<p><span style=\"color: #222222\"><span style=\"font-family: Arial, serif\"><span style=\"font-size: small\"><strong>Kalle Peura<\/strong><\/span><\/span><\/span><\/p>\n<p>Sayaka Koyama tuli meille kun olin seitsenvuotias. Muistan kuinka h\u00e4n oli hyvin ujo ja h\u00e4mill\u00e4\u00e4n todenn\u00e4k\u00f6isesti kielimuurista johtuen. H\u00e4n ei osannut englantia kovin hyvin, mik\u00e4 varmasti kiihdytti suomen oppimista. Pian meille muuttamisen j\u00e4lkeen h\u00e4nen huoneeseensa alkoi ilmesty\u00e4 muistilappuja joihin h\u00e4n oli kirjoittanut esineiden ja asioiden nimi\u00e4. \u201cSein\u00e4\u201d, \u201cs\u00e4nky\u201d, \u201ctuoli\u201d, jne. Hetken p\u00e4\u00e4st\u00e4 lappuja ilmestyi keitti\u00f6\u00f6n. H\u00e4n oppikin kielemme nopeasti ja jo muutaman kuukauden kuluttua puhuimme jo pelkk\u00e4\u00e4 suomea.<\/p>\n<p><img loading=\"lazy\" decoding=\"async\" class=\"alignnone size-full wp-image-1743\" src=\"https:\/\/rotary.fi\/kauhavarc\/wp-content\/uploads\/sites\/22\/2018\/12\/saya-viimeista-iltaa-kylassa-mv.jpg\" alt=\"\" width=\"1024\" height=\"528\" srcset=\"https:\/\/rotary.fi\/kauhavarc\/wp-content\/uploads\/sites\/22\/2018\/12\/saya-viimeista-iltaa-kylassa-mv.jpg 1024w, https:\/\/rotary.fi\/kauhavarc\/wp-content\/uploads\/sites\/22\/2018\/12\/saya-viimeista-iltaa-kylassa-mv-300x155.jpg 300w, https:\/\/rotary.fi\/kauhavarc\/wp-content\/uploads\/sites\/22\/2018\/12\/saya-viimeista-iltaa-kylassa-mv-768x396.jpg 768w\" sizes=\"(max-width: 1024px) 100vw, 1024px\" \/><\/p>\n<p>En ollut ennen ollut tekemisiss\u00e4 n\u00e4in l\u00e4heisesti vieraan kulttuurin edustajan kanssa, joten olin hirve\u00e4n kiinnostunut kaikesta mit\u00e4 h\u00e4n teki. H\u00e4n opetti minut taittelemaan origameja ja laittamaan sushia. Joskus tarkkailin h\u00e4nen opiskeluaan ja l\u00e4ksyjen tekoaan, koska pidin h\u00e4nen kielens\u00e4 merkillisest\u00e4 kirjoitustavasta. H\u00e4n n\u00e4ytti kuinka nuudeleita sy\u00f6dess\u00e4 kuuluu ryyst\u00e4\u00e4 kova\u00e4\u00e4nisesti. Joskus laitoimme ruokaa jonka raaka-aineet h\u00e4nen vanhempansa olivat l\u00e4hett\u00e4neet japanista. Siskoni syntym\u00e4p\u00e4iv\u00e4lahjaksi h\u00e4n oli hommannut yukatan, kimonon kaltaisen juhla-asun japanista.\u00a0<\/p>\n<p>Luonto ja taivas ilahduttivat Sayakaa kovasti. Syntyper\u00e4isen\u00e4 tokiolaisena h\u00e4n ei ollut kokenut sellaista luonnonl\u00e4heisyytt\u00e4 joka on arkip\u00e4iv\u00e4ist\u00e4 t\u00e4\u00e4ll\u00e4. Matka kes\u00e4m\u00f6killemme Posiolle oli varsinainen safari. Ensimm\u00e4isen poron kohdalla pys\u00e4ytimme automme, jotta h\u00e4n saisi otettua tarpeeksi kuvia el\u00e4imest\u00e4. Matkan aikana p\u00e4\u00e4simme my\u00f6s todistamaan mm. t\u00e4hdenlentoja ja revontulia, jotka tekiv\u00e4t h\u00e4neen suuren vaikutuksen. Samoin tekiv\u00e4t j\u00e4nikset, riekot ja poronpapanakasat.\u00a0<\/p>\n<p>En pit\u00e4nyt siit\u00e4, ett\u00e4 h\u00e4nen t\u00e4ytyi s\u00e4\u00e4nt\u00f6jen mukaan vaihtaa perhett\u00e4 kesken h\u00e4nen vierailunsa. H\u00e4n oli muistaakseni luonamme kauemmin kuin oli tarkoitus, joten kiinnyin h\u00e4neen kovasti. L\u00e4hes jokap\u00e4iv\u00e4iset vierailut meid\u00e4n luonamme saivat minut lopulta rauhoittumaan. Olin kateellinen veljelleni ja siskolleni, sill\u00e4 he p\u00e4\u00e4siv\u00e4t n\u00e4kem\u00e4\u00e4n Sayaa joka p\u00e4iv\u00e4 koulussa.<\/p>\n<p>En koskaan unohda Sayakan l\u00e4ht\u00f6\u00e4. Pari p\u00e4iv\u00e4\u00e4 ennen l\u00e4ht\u00f6\u00e4\u00e4n h\u00e4n oli luonamme sy\u00f6m\u00e4ss\u00e4. Illallisen j\u00e4lkeen l\u00e4hdimme viem\u00e4\u00e4n h\u00e4net silloisen perheens\u00e4 luokse ja t\u00e4m\u00e4n automatkan aikana tajusin, etten en\u00e4\u00e4 n\u00e4kisi Sayakaa. Kun Sayaka alkoi itke\u00e4, aloin min\u00e4kin, eik\u00e4 itkullemme tuntunut l\u00f6ytyv\u00e4n loppua. \u00c4iti tarjosi meille nen\u00e4liinat. L\u00e4ht\u00f6ns\u00e4 aamuna h\u00e4n oli k\u00e4ynyt py\u00f6r\u00e4ll\u00e4 meid\u00e4n pihassamme ja kiinnitt\u00e4nyt oveemme kaksi suurta kartonkia, joista toiseen h\u00e4n oli liimannut kuvia meist\u00e4 kaikista ja toiseen h\u00e4n oli kirjoittanut pitk\u00e4n kertomuksen suomeksi siit\u00e4, kuinka h\u00e4n ei koskaan tule unohtamaan aikaansa t\u00e4\u00e4ll\u00e4. Tuskin h\u00e4n unohtaakaan, min\u00e4 en ainakaan.<\/p>\n<p><em>T\u00e4m\u00e4 Kalle Peuran kirjoitus on alunperin julkaistu Kauhavan Rotaryklubin nuorisovaihdon 40-vuotishistoriikissa v. 2016<\/em><\/p>\n<p>[\/et_pb_text][et_pb_button admin_label=&#8221;Takaisin Painike&#8221; _builder_version=&#8221;3.17.6&#8243; button_text=&#8221;Takaisin&#8221; button_url=&#8221;https:\/\/rotary.fi\/kauhavarc\/keita-olemme\/ilo-esitella\/&#8221; button_alignment=&#8221;center&#8221; custom_margin=&#8221;40px||40px|&#8221; \/][\/et_pb_column][\/et_pb_row][\/et_pb_section]<\/p>\n","protected":false},"excerpt":{"rendered":"<p><div class=\"et_pb_row et_pb_row_0 et_pb_row_empty\">\n\t\t\t\t\n\t\t\t\t\n\t\t\t\t\n\t\t\t\t\n\t\t\t\t\n\t\t\t<\/div> Seitsenvuotiaan muistoja japanilaisesta host-siskostaKalle PeuraSayaka Koyama tuli meille kun olin seitsenvuotias. Muistan kuinka h\u00e4n oli hyvin ujo ja h\u00e4mill\u00e4\u00e4n todenn\u00e4k\u00f6isesti kielimuurista johtuen. H\u00e4n ei osannut englantia kovin hyvin, mik\u00e4 varmasti kiihdytti suomen oppimista. Pian meille muuttamisen j\u00e4lkeen h\u00e4nen huoneeseensa alkoi ilmesty\u00e4 muistilappuja joihin h\u00e4n oli kirjoittanut esineiden ja asioiden nimi\u00e4. \u201cSein\u00e4\u201d, \u201cs\u00e4nky\u201d, \u201ctuoli\u201d, jne. [&hellip;]<\/p>\n","protected":false},"author":16,"featured_media":0,"parent":0,"menu_order":0,"comment_status":"closed","ping_status":"closed","template":"","meta":{"_acf_changed":false,"_et_pb_use_builder":"on","_et_pb_old_content":"<p><span style=\"color: #222222;\"><span style=\"font-family: Arial, serif;\"><span style=\"font-size: small;\"><strong>Kalle Peura<\/strong><\/span><\/span><\/span><\/p><p><span style=\"color: #222222;\"><span style=\"font-family: Arial, serif;\"><span style=\"font-size: small;\">Sayaka Koyama tuli meille kun olin seitsenvuotias. Muistan kuinka h\u00e4n oli hyvin ujo ja h\u00e4mill\u00e4\u00e4n todenn\u00e4k\u00f6isesti kielimuurista johtuen. H\u00e4n ei osannut englantia kovin hyvin, mik\u00e4 varmasti kiihdytti suomen oppimista. Pian meille muuttamisen j\u00e4lkeen h\u00e4nen huoneeseensa alkoi ilmesty\u00e4 muistilappuja joihin h\u00e4n oli kirjoittanut esineiden ja asioiden nimi\u00e4. \"Sein\u00e4\", \"s\u00e4nky\", \"tuoli\", jne. Hetken p\u00e4\u00e4st\u00e4 lappuja ilmestyi keitti\u00f6\u00f6n. H\u00e4n oppikin kielemme nopeasti ja jo muutaman kuukauden kuluttua puhuimme jo pelkk\u00e4\u00e4 suomea.\u00a0<\/span><\/span><\/span><\/p><p><img class=\"alignnone size-full wp-image-1743\" src=\"https:\/\/rotary.fi\/kauhavarc\/wp-content\/uploads\/sites\/22\/2018\/12\/saya-viimeista-iltaa-kylassa-mv.jpg\" alt=\"\" width=\"1024\" height=\"528\" \/><\/p><p><span style=\"color: #222222;\"><span style=\"font-family: Arial, serif;\"><span style=\"font-size: small;\">En ollut ennen ollut tekemisiss\u00e4 n\u00e4in l\u00e4heisesti vieraan kulttuurin edustajan kanssa, joten olin hirve\u00e4n kiinnostunut kaikesta mit\u00e4 h\u00e4n teki. H\u00e4n opetti minut taittelemaan origameja ja laittamaan sushia. Joskus tarkkailin h\u00e4nen opiskeluaan ja l\u00e4ksyjen tekoaan, koska pidin h\u00e4nen kielens\u00e4 merkillisest\u00e4 kirjoitustavasta. H\u00e4n n\u00e4ytti kuinka nuudeleita sy\u00f6dess\u00e4 kuuluu ryyst\u00e4\u00e4 kova\u00e4\u00e4nisesti. Joskus laitoimme ruokaa jonka raaka-aineet h\u00e4nen vanhempansa olivat l\u00e4hett\u00e4neet japanista. Siskoni syntym\u00e4p\u00e4iv\u00e4lahjaksi h\u00e4n oli hommannut yukatan, kimonon kaltaisen juhla-asun japanista.\u00a0<\/span><\/span><\/span><\/p><p><span style=\"color: #222222;\"><span style=\"font-family: Arial, serif;\"><span style=\"font-size: small;\">Luonto ja taivas ilahduttivat Sayakaa kovasti. Syntyper\u00e4isen\u00e4 tokiolaisena h\u00e4n ei ollut kokenut sellaista luonnonl\u00e4heisyytt\u00e4 joka on arkip\u00e4iv\u00e4ist\u00e4 t\u00e4\u00e4ll\u00e4. Matka kes\u00e4m\u00f6killemme Posiolle oli varsinainen safari. Ensimm\u00e4isen poron kohdalla pys\u00e4ytimme automme, jotta h\u00e4n saisi otettua tarpeeksi kuvia el\u00e4imest\u00e4. Matkan aikana p\u00e4\u00e4simme my\u00f6s todistamaan mm. t\u00e4hdenlentoja ja revontulia, jotka tekiv\u00e4t h\u00e4neen suuren vaikutuksen. Samoin tekiv\u00e4t j\u00e4nikset, riekot ja poronpapanakasat.\u00a0<\/span><\/span><\/span><\/p><p><span style=\"color: #222222;\"><span style=\"font-family: Arial, serif;\"><span style=\"font-size: small;\">En pit\u00e4nyt siit\u00e4, ett\u00e4 h\u00e4nen t\u00e4ytyi s\u00e4\u00e4nt\u00f6jen mukaan vaihtaa perhett\u00e4 kesken h\u00e4nen vierailunsa. H\u00e4n oli muistaakseni luonamme kauemmin kuin oli tarkoitus, joten kiinnyin h\u00e4neen kovasti. L\u00e4hes jokap\u00e4iv\u00e4iset vierailut meid\u00e4n luonamme saivat minut lopulta rauhoittumaan. Olin kateellinen veljelleni ja siskolleni, sill\u00e4 he p\u00e4\u00e4siv\u00e4t n\u00e4kem\u00e4\u00e4n Sayaa joka p\u00e4iv\u00e4 koulussa.<\/span><\/span><\/span><\/p><p><span style=\"color: #222222;\"><span style=\"font-family: Arial, serif;\"><span style=\"font-size: small;\">En koskaan unohda Sayakan l\u00e4ht\u00f6\u00e4. Pari p\u00e4iv\u00e4\u00e4 ennen l\u00e4ht\u00f6\u00e4\u00e4n h\u00e4n oli luonamme sy\u00f6m\u00e4ss\u00e4. Illallisen j\u00e4lkeen l\u00e4hdimme viem\u00e4\u00e4n h\u00e4net silloisen perheens\u00e4 luokse ja t\u00e4m\u00e4n automatkan aikana tajusin, etten en\u00e4\u00e4 n\u00e4kisi Sayakaa. Kun Sayaka alkoi itke\u00e4, aloin min\u00e4kin, eik\u00e4 itkullemme tuntunut l\u00f6ytyv\u00e4n loppua. \u00c4iti tarjosi meille nen\u00e4liinat. L\u00e4ht\u00f6ns\u00e4 aamuna h\u00e4n oli k\u00e4ynyt py\u00f6r\u00e4ll\u00e4 meid\u00e4n pihassamme ja kiinnitt\u00e4nyt oveemme kaksi suurta kartonkia, joista toiseen h\u00e4n oli liimannut kuvia meist\u00e4 kaikista ja toiseen h\u00e4n oli kirjoittanut pitk\u00e4n kertomuksen suomeksi siit\u00e4, kuinka h\u00e4n ei koskaan tule unohtamaan aikaansa t\u00e4\u00e4ll\u00e4. Tuskin h\u00e4n unohtaakaan, min\u00e4 en ainakaan.<\/span><\/span><\/span><\/p><p><em>T\u00e4m\u00e4 Kalle Peuran kirjoitus on alunperin julkaistu Kauhavan Rotaryklubin nuorisovaihdon 40-vuotishistoriikissa v. 2016<\/em><\/p>","_et_gb_content_width":"","footnotes":""},"class_list":["post-1739","page","type-page","status-publish","hentry"],"acf":[],"yoast_head":"<!-- This site is optimized with the Yoast SEO plugin v27.0 - https:\/\/yoast.com\/product\/yoast-seo-wordpress\/ -->\n<title>Seitsenvuotiaan muistoja Sayakasta - Kauhavan Rotaryklubi ry<\/title>\n<meta name=\"robots\" content=\"index, follow, max-snippet:-1, max-image-preview:large, max-video-preview:-1\" \/>\n<link rel=\"canonical\" href=\"https:\/\/rotary.fi\/kauhavarc\/seitsenvuotiaan-muistoja-sayakasta\/\" \/>\n<meta property=\"og:locale\" content=\"fi_FI\" \/>\n<meta property=\"og:type\" content=\"article\" \/>\n<meta property=\"og:title\" content=\"Seitsenvuotiaan muistoja Sayakasta - Kauhavan Rotaryklubi ry\" \/>\n<meta property=\"og:description\" content=\"Seitsenvuotiaan muistoja japanilaisesta host-siskostaKalle PeuraSayaka Koyama tuli meille kun olin seitsenvuotias. Muistan kuinka h\u00e4n oli hyvin ujo ja h\u00e4mill\u00e4\u00e4n todenn\u00e4k\u00f6isesti kielimuurista johtuen. H\u00e4n ei osannut englantia kovin hyvin, mik\u00e4 varmasti kiihdytti suomen oppimista. Pian meille muuttamisen j\u00e4lkeen h\u00e4nen huoneeseensa alkoi ilmesty\u00e4 muistilappuja joihin h\u00e4n oli kirjoittanut esineiden ja asioiden nimi\u00e4. \u201cSein\u00e4\u201d, \u201cs\u00e4nky\u201d, \u201ctuoli\u201d, jne. [&hellip;]\" \/>\n<meta property=\"og:url\" content=\"https:\/\/rotary.fi\/kauhavarc\/seitsenvuotiaan-muistoja-sayakasta\/\" \/>\n<meta property=\"og:site_name\" content=\"Kauhavan Rotaryklubi ry\" \/>\n<meta property=\"article:modified_time\" content=\"2018-12-15T13:06:21+00:00\" \/>\n<meta property=\"og:image\" content=\"https:\/\/rotary.fi\/kauhavarc\/wp-content\/uploads\/sites\/22\/2018\/12\/saya-viimeista-iltaa-kylassa-mv.jpg\" \/>\n<meta name=\"twitter:card\" content=\"summary_large_image\" \/>\n<meta name=\"twitter:label1\" content=\"Arvioitu lukuaika\" \/>\n\t<meta name=\"twitter:data1\" content=\"3 minuuttia\" \/>\n<script type=\"application\/ld+json\" class=\"yoast-schema-graph\">{\"@context\":\"https:\/\/schema.org\",\"@graph\":[{\"@type\":\"WebPage\",\"@id\":\"https:\/\/rotary.fi\/kauhavarc\/seitsenvuotiaan-muistoja-sayakasta\/\",\"url\":\"https:\/\/rotary.fi\/kauhavarc\/seitsenvuotiaan-muistoja-sayakasta\/\",\"name\":\"Seitsenvuotiaan muistoja Sayakasta - Kauhavan Rotaryklubi ry\",\"isPartOf\":{\"@id\":\"https:\/\/rotary.fi\/kauhavarc\/#website\"},\"primaryImageOfPage\":{\"@id\":\"https:\/\/rotary.fi\/kauhavarc\/seitsenvuotiaan-muistoja-sayakasta\/#primaryimage\"},\"image\":{\"@id\":\"https:\/\/rotary.fi\/kauhavarc\/seitsenvuotiaan-muistoja-sayakasta\/#primaryimage\"},\"thumbnailUrl\":\"https:\/\/rotary.fi\/kauhavarc\/wp-content\/uploads\/sites\/22\/2018\/12\/saya-viimeista-iltaa-kylassa-mv.jpg\",\"datePublished\":\"2018-12-12T22:22:17+00:00\",\"dateModified\":\"2018-12-15T13:06:21+00:00\",\"breadcrumb\":{\"@id\":\"https:\/\/rotary.fi\/kauhavarc\/seitsenvuotiaan-muistoja-sayakasta\/#breadcrumb\"},\"inLanguage\":\"fi\",\"potentialAction\":[{\"@type\":\"ReadAction\",\"target\":[\"https:\/\/rotary.fi\/kauhavarc\/seitsenvuotiaan-muistoja-sayakasta\/\"]}]},{\"@type\":\"ImageObject\",\"inLanguage\":\"fi\",\"@id\":\"https:\/\/rotary.fi\/kauhavarc\/seitsenvuotiaan-muistoja-sayakasta\/#primaryimage\",\"url\":\"https:\/\/rotary.fi\/kauhavarc\/wp-content\/uploads\/sites\/22\/2018\/12\/saya-viimeista-iltaa-kylassa-mv.jpg\",\"contentUrl\":\"https:\/\/rotary.fi\/kauhavarc\/wp-content\/uploads\/sites\/22\/2018\/12\/saya-viimeista-iltaa-kylassa-mv.jpg\",\"width\":1024,\"height\":528},{\"@type\":\"BreadcrumbList\",\"@id\":\"https:\/\/rotary.fi\/kauhavarc\/seitsenvuotiaan-muistoja-sayakasta\/#breadcrumb\",\"itemListElement\":[{\"@type\":\"ListItem\",\"position\":1,\"name\":\"Home\",\"item\":\"https:\/\/rotary.fi\/kauhavarc\/\"},{\"@type\":\"ListItem\",\"position\":2,\"name\":\"Seitsenvuotiaan muistoja Sayakasta\"}]},{\"@type\":\"WebSite\",\"@id\":\"https:\/\/rotary.fi\/kauhavarc\/#website\",\"url\":\"https:\/\/rotary.fi\/kauhavarc\/\",\"name\":\"Kauhavan Rotaryklubi ry\",\"description\":\"Uusi Rotary klubisivusto\",\"potentialAction\":[{\"@type\":\"SearchAction\",\"target\":{\"@type\":\"EntryPoint\",\"urlTemplate\":\"https:\/\/rotary.fi\/kauhavarc\/?s={search_term_string}\"},\"query-input\":{\"@type\":\"PropertyValueSpecification\",\"valueRequired\":true,\"valueName\":\"search_term_string\"}}],\"inLanguage\":\"fi\"}]}<\/script>\n<!-- \/ Yoast SEO plugin. -->","yoast_head_json":{"title":"Seitsenvuotiaan muistoja Sayakasta - Kauhavan Rotaryklubi ry","robots":{"index":"index","follow":"follow","max-snippet":"max-snippet:-1","max-image-preview":"max-image-preview:large","max-video-preview":"max-video-preview:-1"},"canonical":"https:\/\/rotary.fi\/kauhavarc\/seitsenvuotiaan-muistoja-sayakasta\/","og_locale":"fi_FI","og_type":"article","og_title":"Seitsenvuotiaan muistoja Sayakasta - Kauhavan Rotaryklubi ry","og_description":"Seitsenvuotiaan muistoja japanilaisesta host-siskostaKalle PeuraSayaka Koyama tuli meille kun olin seitsenvuotias. Muistan kuinka h\u00e4n oli hyvin ujo ja h\u00e4mill\u00e4\u00e4n todenn\u00e4k\u00f6isesti kielimuurista johtuen. H\u00e4n ei osannut englantia kovin hyvin, mik\u00e4 varmasti kiihdytti suomen oppimista. Pian meille muuttamisen j\u00e4lkeen h\u00e4nen huoneeseensa alkoi ilmesty\u00e4 muistilappuja joihin h\u00e4n oli kirjoittanut esineiden ja asioiden nimi\u00e4. \u201cSein\u00e4\u201d, \u201cs\u00e4nky\u201d, \u201ctuoli\u201d, jne. [&hellip;]","og_url":"https:\/\/rotary.fi\/kauhavarc\/seitsenvuotiaan-muistoja-sayakasta\/","og_site_name":"Kauhavan Rotaryklubi ry","article_modified_time":"2018-12-15T13:06:21+00:00","og_image":[{"url":"https:\/\/rotary.fi\/kauhavarc\/wp-content\/uploads\/sites\/22\/2018\/12\/saya-viimeista-iltaa-kylassa-mv.jpg","type":"","width":"","height":""}],"twitter_card":"summary_large_image","twitter_misc":{"Arvioitu lukuaika":"3 minuuttia"},"schema":{"@context":"https:\/\/schema.org","@graph":[{"@type":"WebPage","@id":"https:\/\/rotary.fi\/kauhavarc\/seitsenvuotiaan-muistoja-sayakasta\/","url":"https:\/\/rotary.fi\/kauhavarc\/seitsenvuotiaan-muistoja-sayakasta\/","name":"Seitsenvuotiaan muistoja Sayakasta - Kauhavan Rotaryklubi ry","isPartOf":{"@id":"https:\/\/rotary.fi\/kauhavarc\/#website"},"primaryImageOfPage":{"@id":"https:\/\/rotary.fi\/kauhavarc\/seitsenvuotiaan-muistoja-sayakasta\/#primaryimage"},"image":{"@id":"https:\/\/rotary.fi\/kauhavarc\/seitsenvuotiaan-muistoja-sayakasta\/#primaryimage"},"thumbnailUrl":"https:\/\/rotary.fi\/kauhavarc\/wp-content\/uploads\/sites\/22\/2018\/12\/saya-viimeista-iltaa-kylassa-mv.jpg","datePublished":"2018-12-12T22:22:17+00:00","dateModified":"2018-12-15T13:06:21+00:00","breadcrumb":{"@id":"https:\/\/rotary.fi\/kauhavarc\/seitsenvuotiaan-muistoja-sayakasta\/#breadcrumb"},"inLanguage":"fi","potentialAction":[{"@type":"ReadAction","target":["https:\/\/rotary.fi\/kauhavarc\/seitsenvuotiaan-muistoja-sayakasta\/"]}]},{"@type":"ImageObject","inLanguage":"fi","@id":"https:\/\/rotary.fi\/kauhavarc\/seitsenvuotiaan-muistoja-sayakasta\/#primaryimage","url":"https:\/\/rotary.fi\/kauhavarc\/wp-content\/uploads\/sites\/22\/2018\/12\/saya-viimeista-iltaa-kylassa-mv.jpg","contentUrl":"https:\/\/rotary.fi\/kauhavarc\/wp-content\/uploads\/sites\/22\/2018\/12\/saya-viimeista-iltaa-kylassa-mv.jpg","width":1024,"height":528},{"@type":"BreadcrumbList","@id":"https:\/\/rotary.fi\/kauhavarc\/seitsenvuotiaan-muistoja-sayakasta\/#breadcrumb","itemListElement":[{"@type":"ListItem","position":1,"name":"Home","item":"https:\/\/rotary.fi\/kauhavarc\/"},{"@type":"ListItem","position":2,"name":"Seitsenvuotiaan muistoja Sayakasta"}]},{"@type":"WebSite","@id":"https:\/\/rotary.fi\/kauhavarc\/#website","url":"https:\/\/rotary.fi\/kauhavarc\/","name":"Kauhavan Rotaryklubi ry","description":"Uusi Rotary klubisivusto","potentialAction":[{"@type":"SearchAction","target":{"@type":"EntryPoint","urlTemplate":"https:\/\/rotary.fi\/kauhavarc\/?s={search_term_string}"},"query-input":{"@type":"PropertyValueSpecification","valueRequired":true,"valueName":"search_term_string"}}],"inLanguage":"fi"}]}},"lang":"fi","translations":{"fi":1739},"pll_sync_post":[],"_links":{"self":[{"href":"https:\/\/rotary.fi\/kauhavarc\/wp-json\/wp\/v2\/pages\/1739","targetHints":{"allow":["GET"]}}],"collection":[{"href":"https:\/\/rotary.fi\/kauhavarc\/wp-json\/wp\/v2\/pages"}],"about":[{"href":"https:\/\/rotary.fi\/kauhavarc\/wp-json\/wp\/v2\/types\/page"}],"author":[{"embeddable":true,"href":"https:\/\/rotary.fi\/kauhavarc\/wp-json\/wp\/v2\/users\/16"}],"replies":[{"embeddable":true,"href":"https:\/\/rotary.fi\/kauhavarc\/wp-json\/wp\/v2\/comments?post=1739"}],"version-history":[{"count":7,"href":"https:\/\/rotary.fi\/kauhavarc\/wp-json\/wp\/v2\/pages\/1739\/revisions"}],"predecessor-version":[{"id":1949,"href":"https:\/\/rotary.fi\/kauhavarc\/wp-json\/wp\/v2\/pages\/1739\/revisions\/1949"}],"wp:attachment":[{"href":"https:\/\/rotary.fi\/kauhavarc\/wp-json\/wp\/v2\/media?parent=1739"}],"curies":[{"name":"wp","href":"https:\/\/api.w.org\/{rel}","templated":true}]}}