{"id":1736,"date":"2018-12-13T00:16:27","date_gmt":"2018-12-12T22:16:27","guid":{"rendered":"https:\/\/rotary.fi\/kauhavarc\/?page_id=1736"},"modified":"2018-12-15T15:04:45","modified_gmt":"2018-12-15T13:04:45","slug":"peljon-perheen-vaihtarit","status":"publish","type":"page","link":"https:\/\/rotary.fi\/kauhavarc\/peljon-perheen-vaihtarit\/","title":{"rendered":"Peljon perheen vaihtarit"},"content":{"rendered":"<p>[et_pb_section bb_built=&#8221;1&#8243; admin_label=&#8221;section&#8221;][et_pb_row admin_label=&#8221;row&#8221; background_position=&#8221;top_left&#8221; background_repeat=&#8221;repeat&#8221; background_size=&#8221;initial&#8221;][et_pb_column type=&#8221;4_4&#8243;][et_pb_text admin_label=&#8221;Peljo teksti&#8221; background_position=&#8221;top_left&#8221; background_repeat=&#8221;repeat&#8221; background_size=&#8221;initial&#8221; _builder_version=&#8221;3.17.6&#8243;]<\/p>\n<h3>Peljon perheen vaihtarit<\/h3>\n<p>\u00a0<\/p>\n<p><strong><span style=\"font-size: small\">Aila ja Yrj\u00f6 Peljo<\/span><\/strong><\/p>\n<p>Otimme mielihyvin vastaan teht\u00e4v\u00e4n muistella vuosikymmenten takaista vaihto-oppilaiden is\u00e4nt\u00e4perheen\u00e4 olemista. Muistaaksemme olimme varmaan ensimm\u00e4isten joukossa ottamassa vastaan n\u00e4it\u00e4 vaihto-oppilaita. Pojistamme Martti oli valmis vastavuoroisesti l\u00e4htem\u00e4\u00e4n Rapakon taakse j\u00e4nnitt\u00e4v\u00e4lle matkalle. H\u00e4n on monesti kertonut kuinka h\u00e4n on saanut t\u00e4lt\u00e4 reissulta itseluottamusta ja rohkeutta, jota on voinut k\u00e4ytt\u00e4\u00e4 my\u00f6hemmin hyv\u00e4kseen ty\u00f6skennelless\u00e4\u00e4n ulkomailla. My\u00f6hemmin h\u00e4n on mm. ylitt\u00e4nyt purjeveneell\u00e4 Atlantin!<\/p>\n<p>Ensimm\u00e4inen vaihto-oppilas oli Patricia Lehtola. H\u00e4n tuli meille Kyllikki ja Veli Pernaan perheest\u00e4 kes\u00e4ll\u00e4 -70 luvun lopulla. Patricia oli innokas, iloinen ja kiinnostunut kaikesta. H\u00e4n oppi nopeasti suomenkielt\u00e4, laittoi mielell\u00e4\u00e4n ruokaa, teki kerran jopa koko juhlap\u00e4iv\u00e4llisen.<\/p>\n<p>Hein\u00e4kuussa, Amerikan kansallisp\u00e4iv\u00e4n\u00e4, h\u00e4n j\u00e4rjesti puutarhassamme koko rotaryklubille avec-bileet. Hyviss\u00e4 ajoin t\u00e4ytyi ruveta leipomaan ja hankkimaan porukalle amerikkalaistyylist\u00e4 purtavaa. Silloin ei ollut viel\u00e4 tarjolla pahviastioita, joten meill\u00e4 on viel\u00e4kin Patrician ostamia lasiastioita tusinakaupalla.<\/p>\n<p><img loading=\"lazy\" decoding=\"async\" class=\" wp-image-1796 aligncenter\" src=\"https:\/\/rotary.fi\/kauhavarc\/wp-content\/uploads\/sites\/22\/2018\/12\/rc-kauhava-patricia-lehtola.jpg\" alt=\"\" width=\"925\" height=\"833\" \/><\/p>\n<p>Nimi Lehtola viittaa suomalaisiin sukujuuriin. Ja Jurvastahan tyt\u00f6n isovanhemmat olivatkin l\u00e4ht\u00f6isin. Tyt\u00f6lleh\u00e4n piti sitten tietysti hankkia Jurvan kansallispuku. Alan ammattilaisena Kyllikki Tuuri hoiti homman kiitett\u00e4v\u00e4sti, ja tytt\u00f6 oli ikionnellinen. Tuskin vanhemmat arvasivat, ett\u00e4 heid\u00e4n tytt\u00e4rens\u00e4 palaa kotiin suvun kotiseudun kansallispuku yll\u00e4\u00e4n. Meid\u00e4n rotaryklubi saa my\u00f6s olla ylpe\u00e4 t\u00e4st\u00e4 kulttuuriteosta.<\/p>\n<p>Patricia oli ihastuksissaan saarimatkoistamme ja veneilyst\u00e4. Saunominen ja uiminen oli juhlaa. Is\u00e4nt\u00e4perheelle h\u00e4n oli helppo vieras, koska h\u00e4n oli aina innostunut n\u00e4kem\u00e4st\u00e4\u00e4n ja kokemastaan. Kauhavalla h\u00e4n sai kokea Ilmasotakoulun upean juhannusjuhlan lenton\u00e4yt\u00f6ksineen . Uskomme, ett\u00e4 h\u00e4n on varmaan ollut tyytyv\u00e4inen t\u00e4\u00e4ll\u00e4 Kauhavalla vietettyyn vuoteen eri is\u00e4nt\u00e4perheiss\u00e4.<\/p>\n<p>Seuraavana vuonna saimme vaihto-oppilaaksi amerikkalaispojan, Bob Weberin. Haimme h\u00e4net elokuussa Karkun kristilliselt\u00e4 kansanopistolta, jossa nuorilla oli viikon perehdytt\u00e4miskurssi. Paluumatkalla poika oli v\u00e4syksiss\u00e4 ja nukkui melkein koko matkan. Juttu ei luistanut, eiv\u00e4tk\u00e4 maisemat kiinnostaneet .Karkussa oli kuulemma riehuttu kaiket y\u00f6t.<\/p>\n<p>Poika oli pitk\u00e4, vaalea ja komea miehenalku. Juttu meilt\u00e4 sujui, h\u00e4n ei todellakaan ollut mik\u00e4\u00e4n \u201dtuppisuu\u201d. Lis\u00e4ksi h\u00e4n oli harvinaisen m\u00e4\u00e4r\u00e4tietoinen. Bob olisi v\u00e4ltt\u00e4m\u00e4tt\u00e4 tahtonut asua erillisess\u00e4 kellarihuoneessa. Kysyess\u00e4mme syyt\u00e4 siihen, h\u00e4nell\u00e4 oli vastaus valmiina, sinne on mukavampi tuoda tytt\u00f6j\u00e4. H\u00e4n sai kuitenkin asua keitti\u00f6n viereisess\u00e4 huoneessa em\u00e4nn\u00e4n valvonnan alaisena, siit\u00e4 ei enemp\u00e4\u00e4 keskusteltu .Bob oli varustettu kotoa l\u00e4htiess\u00e4 hyvin, h\u00e4nell\u00e4 oli omat shampoot ja muut \u201dd\u00f6d\u00f6t\u201d mukana. Kaiken huippu oli \u00e4idin mukaan laittamat reseptit, joilla sijais\u00e4idin piti joskus hemmotella poikaa!<\/p>\n<p>Arki rupesi v\u00e4hitellen sujumaan. Koulun alettua p\u00e4\u00e4stiin normaaliin p\u00e4iv\u00e4j\u00e4rjestykseen. Kouluruoka ei oikein miellytt\u00e4nyt. Poikamme Kari oli Tapiolla kes\u00e4t\u00f6iss\u00e4 ja h\u00e4n tuli kotiin kanssani lounaalle. Bobhan keksi, ett\u00e4 h\u00e4nkin tulee meid\u00e4n kanssamme sy\u00f6m\u00e4\u00e4n. Sin\u00e4 syksyn\u00e4 oli hyv\u00e4 sienisato ja siikaakin saatiin niin, ett\u00e4 meill\u00e4 oli aina graavikalaa. Muutimme menyyn pyttipannusta sieniin ja suolakalaan .Kamalaa, \u201draw fish and mushrooms\u201d, johan kouluruoka rupesi kelpaamaan.<\/p>\n<p>Bob oli hyvin seurallinen. Illat h\u00e4n viihtyi kaverien seurassa, d\u00f6d\u00f6\u00e4 kainaloon ja menoksi. M\u00f6kkireissuista h\u00e4n ei ollut innostunut, purjeveneen kallistuminen pelotti, eik\u00e4 saunakaan maistunut. Mutta suihkussa ja peilin \u00e4\u00e4rell\u00e4 h\u00e4n viihtyi pitk\u00e4\u00e4n.<\/p>\n<p>Vaihto-oppilaat eiv\u00e4t paljoa sairastelleet. Syksyll\u00e4 Bob kuitenkin sairastui kiusalliseen suutulehdukseen. Oksasen Pekka oli silloin minun kollegani Lentosotakoulun sairaalassa, joten otimme potilaan nielusta n\u00e4ytteen. Muutaman p\u00e4iv\u00e4n p\u00e4\u00e4st\u00e4 saimme laboratoriotuloksen. Bobilla oli viruksen aiheuttama vaaraton kis-kis \u201dsuutelutauti\u201d, joka levi\u00e4\u00e4 herk\u00e4sti nuorison keskuudessa. Kauhavan tyt\u00f6t olivat ilmeisesti suosiollisia komealle jenkkipojalle. Bob kertoi avoimesti Ailalle kulloisistakin ihastuksistaan. Me tiesimme tarkalleen kenen tytt\u00e4ret olivat kulloinkin \u201dvaarassa\u201d. Bob oli aikamoinen Don Juan. \u201dIllalla ,kun paistoi kuu, silloin maistui tytt\u00f6in suu\u201d.<\/p>\n<p>Is\u00e4nt\u00e4perheill\u00e4 on valtava vastuu vaihto-oppilaiden, niin fyysisest\u00e4 kuin psyykkisest\u00e4 hyvinvoinnista. Yst\u00e4v\u00e4ni, rotaryveli Oulusta kertoi, ett\u00e4 er\u00e4s poika oli hyp\u00e4nnyt koskeen ja toinen tytt\u00f6 oli karannut ammattikoululaispojan kanssa viikonlopuksi m\u00f6kille! T\u00e4m\u00e4 tarina p\u00e4\u00e4ttyi kuitenkin onnellisesti avioliittoon Australiassa.<\/p>\n<p>Bob oli meill\u00e4 melkein vuoden. H\u00e4n alkoi jo varmaan kyll\u00e4sty\u00e4 meihin. Onneksi oli Rotarypiirin j\u00e4rjest\u00e4mi\u00e4 yhteisi\u00e4 tapaamisia ja matkoja nuorille. Kerran oli vaihto-oppilailla yhteinen tapaaminen Tampereella. Bobille oli ylivoimaista l\u00e4hte\u00e4 junalla sinne. Amerikassa kun joka paikkqan menn\u00e4\u00e4n autolla! Kulttuuri on toinen, heid\u00e4n perheell\u00e4\u00e4n oli kuulemma seitsem\u00e4n autoa. Takamaan Sepolle ja Leenalle olemme kiitollisia. Heid\u00e4n vet\u00e4m\u00e4st\u00e4\u00e4n Lapinmatkasta Bob oli innoissaan. Seppo osaa k\u00e4sitell\u00e4 t\u00e4llaisia miehenalkuja v\u00e4h\u00e4n pilke silm\u00e4kulmassa.<\/p>\n<p><img loading=\"lazy\" decoding=\"async\" class=\"wp-image-1751 aligncenter\" src=\"https:\/\/rotary.fi\/kauhavarc\/wp-content\/uploads\/sites\/22\/2018\/12\/bob-weger033.jpg\" alt=\"\" width=\"493\" height=\"824\" \/><\/p>\n<p>Ehk\u00e4 me molemmat, Bob ja is\u00e4nt\u00e4perhe olisimme saaneet enemm\u00e4n kulttuurinvaihdosta irti, jos vaihto-oppilaalla olisi ollut enemm\u00e4n innostusta suomen kieleen. Meill\u00e4h\u00e4n on hyvi\u00e4 esimerkkej\u00e4 tyt\u00f6ist\u00e4, jotka puolen vuoden per\u00e4st\u00e4 puhuvat t\u00e4ytt\u00e4 \u201dh\u00e4rm\u00e4\u00e4\u201d<\/p>\n<p>Oli antoisaa olla mukana Kauhavan rotaryklubissa, joka maaseutuklubeista ensimm\u00e4isin\u00e4 aloitti t\u00e4m\u00e4n nuorisovaihdon. Se on ihailtavaa, ett\u00e4 innostusta viel\u00e4 riitt\u00e4\u00e4 historian kirjoittamiseen kuluneista 40 vuodesta ja nuorisovaihto jatkuu virke\u00e4n\u00e4.<\/p>\n<p><em>T\u00e4m\u00e4 Aila ja Yrj\u00f6 Peljon kirjoitus on alunperin julkaistu Kauhavan Rotaryklubin nuorisovaihdon 40-vuotishistoriikissa v. 2016<\/em><\/p>\n<p>[\/et_pb_text][et_pb_button admin_label=&#8221;Takaisin Painike&#8221; _builder_version=&#8221;3.17.6&#8243; button_text=&#8221;Takaisin&#8221; button_url=&#8221;https:\/\/rotary.fi\/kauhavarc\/keita-olemme\/ilo-esitella\/&#8221; button_alignment=&#8221;center&#8221; custom_margin=&#8221;40px||40px|&#8221; \/][\/et_pb_column][\/et_pb_row][\/et_pb_section]<\/p>\n","protected":false},"excerpt":{"rendered":"<p>Peljon perheen vaihtarit\u00a0Aila ja Yrj\u00f6 PeljoOtimme mielihyvin vastaan teht\u00e4v\u00e4n muistella vuosikymmenten takaista vaihto-oppilaiden is\u00e4nt\u00e4perheen\u00e4 olemista. Muistaaksemme olimme varmaan ensimm\u00e4isten joukossa ottamassa vastaan n\u00e4it\u00e4 vaihto-oppilaita. Pojistamme Martti oli valmis vastavuoroisesti l\u00e4htem\u00e4\u00e4n Rapakon taakse j\u00e4nnitt\u00e4v\u00e4lle matkalle. H\u00e4n on monesti kertonut kuinka h\u00e4n on saanut t\u00e4lt\u00e4 reissulta itseluottamusta ja rohkeutta, jota on voinut k\u00e4ytt\u00e4\u00e4 my\u00f6hemmin hyv\u00e4kseen ty\u00f6skennelless\u00e4\u00e4n ulkomailla. [&hellip;]<\/p>\n","protected":false},"author":16,"featured_media":0,"parent":0,"menu_order":0,"comment_status":"closed","ping_status":"closed","template":"","meta":{"_acf_changed":false,"_et_pb_use_builder":"on","_et_pb_old_content":"<strong><span style=\"font-size: small\">Aila ja Yrj\u00f6 Peljo<\/span><\/strong>\r\n\r\n<span style=\"font-size: small\">Otimme mielihyvin vastaan teht\u00e4v\u00e4n muistella vuosikymmenten takaista vaihto-oppilaiden is\u00e4nt\u00e4perheen\u00e4 olemista. Muistaaksemme olimme varmaan ensimm\u00e4isten joukossa ottamassa vastaan n\u00e4it\u00e4 vaihto-oppilaita. Pojistamme Martti oli valmis vastavuoroisesti l\u00e4htem\u00e4\u00e4n Rapakon taakse j\u00e4nnitt\u00e4v\u00e4lle matkalle. H\u00e4n on monesti kertonut kuinka h\u00e4n on saanut t\u00e4lt\u00e4 reissulta itseluottamusta ja rohkeutta, jota on voinut k\u00e4ytt\u00e4\u00e4 my\u00f6hemmin hyv\u00e4kseen ty\u00f6skennelless\u00e4\u00e4n ulkomailla. My\u00f6hemmin h\u00e4n on mm. ylitt\u00e4nyt purjeveneell\u00e4 Atlantin!<\/span>\r\n\r\n<span style=\"font-size: small\">Ensimm\u00e4inen vaihto-oppilas oli <\/span><span style=\"font-size: small\"><b>Patricia Lehtola<\/b><\/span><span style=\"font-size: small\">. H\u00e4n tuli meille Kyllikki ja Veli Pernaan perheest\u00e4 kes\u00e4ll\u00e4 -70 luvun lopulla. Patricia oli innokas, iloinen ja kiinnostunut kaikesta. H\u00e4n oppi nopeasti suomenkielt\u00e4, laittoi mielell\u00e4\u00e4n ruokaa, teki kerran jopa koko juhlap\u00e4iv\u00e4llisen.<\/span>\r\n\r\n<span style=\"font-size: small\">Hein\u00e4kuussa, Amerikan kansallisp\u00e4iv\u00e4n\u00e4, h\u00e4n j\u00e4rjesti puutarhassamme koko rotaryklubille avec-bileet. Hyviss\u00e4 ajoin t\u00e4ytyi ruveta leipomaan ja hankkimaan porukalle amerikkalaistyylist\u00e4 purtavaa. Silloin ei ollut viel\u00e4 tarjolla pahviastioita, joten meill\u00e4 on viel\u00e4kin Patrician ostamia lasiastioita tusinakaupalla.\r\n\r\n<img class=\" wp-image-1796 aligncenter\" src=\"https:\/\/rotary.fi\/kauhavarc\/wp-content\/uploads\/sites\/22\/2018\/12\/rc-kauhava-patricia-lehtola.jpg\" alt=\"\" width=\"925\" height=\"833\" \/>\r\n<\/span>\r\n\r\n<span style=\"font-size: small\">Nimi Lehtola viittaa suomalaisiin sukujuuriin. Ja Jurvastahan tyt\u00f6n isovanhemmat olivatkin l\u00e4ht\u00f6isin. Tyt\u00f6lleh\u00e4n piti sitten tietysti hankkia Jurvan kansallispuku. Alan ammattilaisena Kyllikki Tuuri hoiti homman kiitett\u00e4v\u00e4sti, ja tytt\u00f6 oli ikionnellinen. Tuskin vanhemmat arvasivat, ett\u00e4 heid\u00e4n tytt\u00e4rens\u00e4 palaa kotiin suvun kotiseudun kansallispuku yll\u00e4\u00e4n. Meid\u00e4n rotaryklubi saa my\u00f6s olla ylpe\u00e4 t\u00e4st\u00e4 kulttuuriteosta.<\/span>\r\n\r\n<span style=\"font-size: small\">Patricia oli ihastuksissaan saarimatkoistamme ja veneilyst\u00e4. Saunominen ja uiminen oli juhlaa. Is\u00e4nt\u00e4perheelle h\u00e4n oli helppo vieras, koska h\u00e4n oli aina innostunut n\u00e4kem\u00e4st\u00e4\u00e4n ja kokemastaan. Kauhavalla h\u00e4n sai kokea Ilmasotakoulun upean juhannusjuhlan lenton\u00e4yt\u00f6ksineen . Uskomme, ett\u00e4 h\u00e4n on varmaan ollut tyytyv\u00e4inen t\u00e4\u00e4ll\u00e4 Kauhavalla vietettyyn vuoteen eri is\u00e4nt\u00e4perheiss\u00e4.<\/span>\r\n\r\n<span style=\"font-size: small\">Seuraavana vuonna saimme vaihto-oppilaaksi amerikkalaispojan, <\/span><span style=\"font-size: small\"><b>Bob Weberin<\/b><\/span><span style=\"font-size: small\">. Haimme h\u00e4net elokuussa Karkun kristilliselt\u00e4 kansanopistolta, jossa nuorilla oli viikon perehdytt\u00e4miskurssi. Paluumatkalla poika oli v\u00e4syksiss\u00e4 ja nukkui melkein koko matkan. Juttu ei luistanut, eiv\u00e4tk\u00e4 maisemat kiinnostaneet .Karkussa oli kuulemma riehuttu kaiket y\u00f6t.<\/span>\r\n\r\n<span style=\"font-size: small\">Poika oli pitk\u00e4, vaalea ja komea miehenalku. Juttu meilt\u00e4 sujui, h\u00e4n ei todellakaan ollut mik\u00e4\u00e4n \u201dtuppisuu\u201d. Lis\u00e4ksi h\u00e4n oli harvinaisen m\u00e4\u00e4r\u00e4tietoinen. Bob olisi v\u00e4ltt\u00e4m\u00e4tt\u00e4 tahtonut asua erillisess\u00e4 kellarihuoneessa. Kysyess\u00e4mme syyt\u00e4 siihen, h\u00e4nell\u00e4 oli vastaus valmiina, sinne on mukavampi tuoda tytt\u00f6j\u00e4. H\u00e4n sai kuitenkin asua keitti\u00f6n viereisess\u00e4 huoneessa em\u00e4nn\u00e4n valvonnan alaisena, siit\u00e4 ei enemp\u00e4\u00e4 keskusteltu .Bob oli varustettu kotoa l\u00e4htiess\u00e4 hyvin, h\u00e4nell\u00e4 oli omat shampoot ja muut \u201dd\u00f6d\u00f6t\u201d mukana. Kaiken huippu oli \u00e4idin mukaan laittamat reseptit, joilla sijais\u00e4idin piti joskus hemmotella poikaa!<\/span>\r\n\r\n<span style=\"font-size: small\">Arki rupesi v\u00e4hitellen sujumaan. Koulun alettua p\u00e4\u00e4stiin normaaliin p\u00e4iv\u00e4j\u00e4rjestykseen. Kouluruoka ei oikein miellytt\u00e4nyt. Poikamme Kari oli Tapiolla kes\u00e4t\u00f6iss\u00e4 ja h\u00e4n tuli kotiin kanssani lounaalle. Bobhan keksi, ett\u00e4 h\u00e4nkin tulee meid\u00e4n kanssamme sy\u00f6m\u00e4\u00e4n. Sin\u00e4 syksyn\u00e4 oli hyv\u00e4 sienisato ja siikaakin saatiin niin, ett\u00e4 meill\u00e4 oli aina graavikalaa. Muutimme menyyn pyttipannusta sieniin ja suolakalaan .Kamalaa, \u201draw fish and mushrooms\u201d, johan kouluruoka rupesi kelpaamaan.<\/span>\r\n\r\n<span style=\"font-size: small\">Bob oli hyvin seurallinen. Illat h\u00e4n viihtyi kaverien seurassa, d\u00f6d\u00f6\u00e4 kainaloon ja menoksi. M\u00f6kkireissuista h\u00e4n ei ollut innostunut, purjeveneen kallistuminen pelotti, eik\u00e4 saunakaan maistunut. Mutta suihkussa ja peilin \u00e4\u00e4rell\u00e4 h\u00e4n viihtyi pitk\u00e4\u00e4n. <\/span>\r\n\r\n<span style=\"font-size: small\">Vaihto-oppilaat eiv\u00e4t paljoa sairastelleet. Syksyll\u00e4 Bob kuitenkin sairastui kiusalliseen suutulehdukseen. Oksasen Pekka oli silloin minun kollegani Lentosotakoulun sairaalassa, joten otimme potilaan nielusta n\u00e4ytteen. Muutaman p\u00e4iv\u00e4n p\u00e4\u00e4st\u00e4 saimme laboratoriotuloksen. Bobilla oli viruksen aiheuttama vaaraton kis-kis \u201dsuutelutauti\u201d, joka levi\u00e4\u00e4 herk\u00e4sti nuorison keskuudessa. Kauhavan tyt\u00f6t olivat ilmeisesti suosiollisia komealle jenkkipojalle. Bob kertoi avoimesti Ailalle kulloisistakin ihastuksistaan. Me tiesimme tarkalleen kenen tytt\u00e4ret olivat kulloinkin \u201dvaarassa\u201d. Bob oli aikamoinen Don Juan. \u201d<\/span><span style=\"font-size: small\"><i>Illalla ,kun paistoi kuu, silloin maistui tytt\u00f6in suu<\/i><\/span><span style=\"font-size: small\">\u201d.<\/span>\r\n\r\n<span style=\"font-size: small\">Is\u00e4nt\u00e4perheill\u00e4 on valtava vastuu vaihto-oppilaiden, niin fyysisest\u00e4 kuin psyykkisest\u00e4 hyvinvoinnista. Yst\u00e4v\u00e4ni, rotaryveli Oulusta kertoi, ett\u00e4 er\u00e4s poika oli hyp\u00e4nnyt koskeen ja toinen tytt\u00f6 oli karannut ammattikoululaispojan kanssa viikonlopuksi m\u00f6kille! T\u00e4m\u00e4 tarina p\u00e4\u00e4ttyi kuitenkin onnellisesti avioliittoon Australiassa.<\/span>\r\n\r\n<span style=\"font-size: small\">Bob oli meill\u00e4 melkein vuoden. H\u00e4n alkoi jo varmaan kyll\u00e4sty\u00e4 meihin. Onneksi oli Rotarypiirin j\u00e4rjest\u00e4mi\u00e4 yhteisi\u00e4 tapaamisia ja matkoja nuorille. Kerran oli vaihto-oppilailla yhteinen tapaaminen Tampereella. Bobille oli ylivoimaista l\u00e4hte\u00e4 junalla sinne. Amerikassa kun joka paikkqan menn\u00e4\u00e4n autolla! Kulttuuri on toinen, heid\u00e4n perheell\u00e4\u00e4n oli kuulemma seitsem\u00e4n autoa. Takamaan Sepolle ja Leenalle olemme kiitollisia. Heid\u00e4n vet\u00e4m\u00e4st\u00e4\u00e4n Lapinmatkasta Bob oli innoissaan. Seppo osaa k\u00e4sitell\u00e4 t\u00e4llaisia miehenalkuja v\u00e4h\u00e4n pilke silm\u00e4kulmassa.<\/span>\r\n\r\n<img class=\"wp-image-1751 aligncenter\" src=\"https:\/\/rotary.fi\/kauhavarc\/wp-content\/uploads\/sites\/22\/2018\/12\/bob-weger033.jpg\" alt=\"\" width=\"493\" height=\"824\" \/>\r\n\r\n<span style=\"font-size: small\">Ehk\u00e4 me molemmat, Bob ja is\u00e4nt\u00e4perhe olisimme saaneet enemm\u00e4n kulttuurinvaihdosta irti, jos vaihto-oppilaalla olisi ollut enemm\u00e4n innostusta suomen kieleen. Meill\u00e4h\u00e4n on hyvi\u00e4 esimerkkej\u00e4 tyt\u00f6ist\u00e4, jotka puolen vuoden per\u00e4st\u00e4 puhuvat t\u00e4ytt\u00e4 \u201dh\u00e4rm\u00e4\u00e4\u201d<\/span>\r\n\r\n<span style=\"font-size: small\">Oli antoisaa olla mukana Kauhavan rotaryklubissa, joka maaseutuklubeista ensimm\u00e4isin\u00e4 aloitti t\u00e4m\u00e4n nuorisovaihdon. Se on ihailtavaa, ett\u00e4 innostusta viel\u00e4 riitt\u00e4\u00e4 historian kirjoittamiseen kuluneista 40 vuodesta ja nuorisovaihto jatkuu virke\u00e4n\u00e4.<\/span>","_et_gb_content_width":"","footnotes":""},"class_list":["post-1736","page","type-page","status-publish","hentry"],"acf":[],"yoast_head":"<!-- This site is optimized with the Yoast SEO plugin v27.0 - https:\/\/yoast.com\/product\/yoast-seo-wordpress\/ -->\n<title>Peljon perheen vaihtarit - Kauhavan Rotaryklubi ry<\/title>\n<meta name=\"robots\" content=\"index, follow, max-snippet:-1, max-image-preview:large, max-video-preview:-1\" \/>\n<link rel=\"canonical\" href=\"https:\/\/rotary.fi\/kauhavarc\/peljon-perheen-vaihtarit\/\" \/>\n<meta property=\"og:locale\" content=\"fi_FI\" \/>\n<meta property=\"og:type\" content=\"article\" \/>\n<meta property=\"og:title\" content=\"Peljon perheen vaihtarit - Kauhavan Rotaryklubi ry\" \/>\n<meta property=\"og:description\" content=\"Peljon perheen vaihtarit\u00a0Aila ja Yrj\u00f6 PeljoOtimme mielihyvin vastaan teht\u00e4v\u00e4n muistella vuosikymmenten takaista vaihto-oppilaiden is\u00e4nt\u00e4perheen\u00e4 olemista. Muistaaksemme olimme varmaan ensimm\u00e4isten joukossa ottamassa vastaan n\u00e4it\u00e4 vaihto-oppilaita. Pojistamme Martti oli valmis vastavuoroisesti l\u00e4htem\u00e4\u00e4n Rapakon taakse j\u00e4nnitt\u00e4v\u00e4lle matkalle. H\u00e4n on monesti kertonut kuinka h\u00e4n on saanut t\u00e4lt\u00e4 reissulta itseluottamusta ja rohkeutta, jota on voinut k\u00e4ytt\u00e4\u00e4 my\u00f6hemmin hyv\u00e4kseen ty\u00f6skennelless\u00e4\u00e4n ulkomailla. [&hellip;]\" \/>\n<meta property=\"og:url\" content=\"https:\/\/rotary.fi\/kauhavarc\/peljon-perheen-vaihtarit\/\" \/>\n<meta property=\"og:site_name\" content=\"Kauhavan Rotaryklubi ry\" \/>\n<meta property=\"article:modified_time\" content=\"2018-12-15T13:04:45+00:00\" \/>\n<meta property=\"og:image\" content=\"https:\/\/rotary.fi\/kauhavarc\/wp-content\/uploads\/sites\/22\/2018\/12\/rc-kauhava-patricia-lehtola.jpg\" \/>\n<meta name=\"twitter:card\" content=\"summary_large_image\" \/>\n<meta name=\"twitter:label1\" content=\"Arvioitu lukuaika\" \/>\n\t<meta name=\"twitter:data1\" content=\"5 minuuttia\" \/>\n<script type=\"application\/ld+json\" class=\"yoast-schema-graph\">{\"@context\":\"https:\/\/schema.org\",\"@graph\":[{\"@type\":\"WebPage\",\"@id\":\"https:\/\/rotary.fi\/kauhavarc\/peljon-perheen-vaihtarit\/\",\"url\":\"https:\/\/rotary.fi\/kauhavarc\/peljon-perheen-vaihtarit\/\",\"name\":\"Peljon perheen vaihtarit - Kauhavan Rotaryklubi ry\",\"isPartOf\":{\"@id\":\"https:\/\/rotary.fi\/kauhavarc\/#website\"},\"primaryImageOfPage\":{\"@id\":\"https:\/\/rotary.fi\/kauhavarc\/peljon-perheen-vaihtarit\/#primaryimage\"},\"image\":{\"@id\":\"https:\/\/rotary.fi\/kauhavarc\/peljon-perheen-vaihtarit\/#primaryimage\"},\"thumbnailUrl\":\"https:\/\/rotary.fi\/kauhavarc\/wp-content\/uploads\/sites\/22\/2018\/12\/rc-kauhava-patricia-lehtola.jpg\",\"datePublished\":\"2018-12-12T22:16:27+00:00\",\"dateModified\":\"2018-12-15T13:04:45+00:00\",\"breadcrumb\":{\"@id\":\"https:\/\/rotary.fi\/kauhavarc\/peljon-perheen-vaihtarit\/#breadcrumb\"},\"inLanguage\":\"fi\",\"potentialAction\":[{\"@type\":\"ReadAction\",\"target\":[\"https:\/\/rotary.fi\/kauhavarc\/peljon-perheen-vaihtarit\/\"]}]},{\"@type\":\"ImageObject\",\"inLanguage\":\"fi\",\"@id\":\"https:\/\/rotary.fi\/kauhavarc\/peljon-perheen-vaihtarit\/#primaryimage\",\"url\":\"https:\/\/rotary.fi\/kauhavarc\/wp-content\/uploads\/sites\/22\/2018\/12\/rc-kauhava-patricia-lehtola.jpg\",\"contentUrl\":\"https:\/\/rotary.fi\/kauhavarc\/wp-content\/uploads\/sites\/22\/2018\/12\/rc-kauhava-patricia-lehtola.jpg\",\"width\":1161,\"height\":1135},{\"@type\":\"BreadcrumbList\",\"@id\":\"https:\/\/rotary.fi\/kauhavarc\/peljon-perheen-vaihtarit\/#breadcrumb\",\"itemListElement\":[{\"@type\":\"ListItem\",\"position\":1,\"name\":\"Home\",\"item\":\"https:\/\/rotary.fi\/kauhavarc\/\"},{\"@type\":\"ListItem\",\"position\":2,\"name\":\"Peljon perheen vaihtarit\"}]},{\"@type\":\"WebSite\",\"@id\":\"https:\/\/rotary.fi\/kauhavarc\/#website\",\"url\":\"https:\/\/rotary.fi\/kauhavarc\/\",\"name\":\"Kauhavan Rotaryklubi ry\",\"description\":\"Uusi Rotary klubisivusto\",\"potentialAction\":[{\"@type\":\"SearchAction\",\"target\":{\"@type\":\"EntryPoint\",\"urlTemplate\":\"https:\/\/rotary.fi\/kauhavarc\/?s={search_term_string}\"},\"query-input\":{\"@type\":\"PropertyValueSpecification\",\"valueRequired\":true,\"valueName\":\"search_term_string\"}}],\"inLanguage\":\"fi\"}]}<\/script>\n<!-- \/ Yoast SEO plugin. -->","yoast_head_json":{"title":"Peljon perheen vaihtarit - Kauhavan Rotaryklubi ry","robots":{"index":"index","follow":"follow","max-snippet":"max-snippet:-1","max-image-preview":"max-image-preview:large","max-video-preview":"max-video-preview:-1"},"canonical":"https:\/\/rotary.fi\/kauhavarc\/peljon-perheen-vaihtarit\/","og_locale":"fi_FI","og_type":"article","og_title":"Peljon perheen vaihtarit - Kauhavan Rotaryklubi ry","og_description":"Peljon perheen vaihtarit\u00a0Aila ja Yrj\u00f6 PeljoOtimme mielihyvin vastaan teht\u00e4v\u00e4n muistella vuosikymmenten takaista vaihto-oppilaiden is\u00e4nt\u00e4perheen\u00e4 olemista. Muistaaksemme olimme varmaan ensimm\u00e4isten joukossa ottamassa vastaan n\u00e4it\u00e4 vaihto-oppilaita. Pojistamme Martti oli valmis vastavuoroisesti l\u00e4htem\u00e4\u00e4n Rapakon taakse j\u00e4nnitt\u00e4v\u00e4lle matkalle. H\u00e4n on monesti kertonut kuinka h\u00e4n on saanut t\u00e4lt\u00e4 reissulta itseluottamusta ja rohkeutta, jota on voinut k\u00e4ytt\u00e4\u00e4 my\u00f6hemmin hyv\u00e4kseen ty\u00f6skennelless\u00e4\u00e4n ulkomailla. [&hellip;]","og_url":"https:\/\/rotary.fi\/kauhavarc\/peljon-perheen-vaihtarit\/","og_site_name":"Kauhavan Rotaryklubi ry","article_modified_time":"2018-12-15T13:04:45+00:00","og_image":[{"url":"https:\/\/rotary.fi\/kauhavarc\/wp-content\/uploads\/sites\/22\/2018\/12\/rc-kauhava-patricia-lehtola.jpg","type":"","width":"","height":""}],"twitter_card":"summary_large_image","twitter_misc":{"Arvioitu lukuaika":"5 minuuttia"},"schema":{"@context":"https:\/\/schema.org","@graph":[{"@type":"WebPage","@id":"https:\/\/rotary.fi\/kauhavarc\/peljon-perheen-vaihtarit\/","url":"https:\/\/rotary.fi\/kauhavarc\/peljon-perheen-vaihtarit\/","name":"Peljon perheen vaihtarit - Kauhavan Rotaryklubi ry","isPartOf":{"@id":"https:\/\/rotary.fi\/kauhavarc\/#website"},"primaryImageOfPage":{"@id":"https:\/\/rotary.fi\/kauhavarc\/peljon-perheen-vaihtarit\/#primaryimage"},"image":{"@id":"https:\/\/rotary.fi\/kauhavarc\/peljon-perheen-vaihtarit\/#primaryimage"},"thumbnailUrl":"https:\/\/rotary.fi\/kauhavarc\/wp-content\/uploads\/sites\/22\/2018\/12\/rc-kauhava-patricia-lehtola.jpg","datePublished":"2018-12-12T22:16:27+00:00","dateModified":"2018-12-15T13:04:45+00:00","breadcrumb":{"@id":"https:\/\/rotary.fi\/kauhavarc\/peljon-perheen-vaihtarit\/#breadcrumb"},"inLanguage":"fi","potentialAction":[{"@type":"ReadAction","target":["https:\/\/rotary.fi\/kauhavarc\/peljon-perheen-vaihtarit\/"]}]},{"@type":"ImageObject","inLanguage":"fi","@id":"https:\/\/rotary.fi\/kauhavarc\/peljon-perheen-vaihtarit\/#primaryimage","url":"https:\/\/rotary.fi\/kauhavarc\/wp-content\/uploads\/sites\/22\/2018\/12\/rc-kauhava-patricia-lehtola.jpg","contentUrl":"https:\/\/rotary.fi\/kauhavarc\/wp-content\/uploads\/sites\/22\/2018\/12\/rc-kauhava-patricia-lehtola.jpg","width":1161,"height":1135},{"@type":"BreadcrumbList","@id":"https:\/\/rotary.fi\/kauhavarc\/peljon-perheen-vaihtarit\/#breadcrumb","itemListElement":[{"@type":"ListItem","position":1,"name":"Home","item":"https:\/\/rotary.fi\/kauhavarc\/"},{"@type":"ListItem","position":2,"name":"Peljon perheen vaihtarit"}]},{"@type":"WebSite","@id":"https:\/\/rotary.fi\/kauhavarc\/#website","url":"https:\/\/rotary.fi\/kauhavarc\/","name":"Kauhavan Rotaryklubi ry","description":"Uusi Rotary klubisivusto","potentialAction":[{"@type":"SearchAction","target":{"@type":"EntryPoint","urlTemplate":"https:\/\/rotary.fi\/kauhavarc\/?s={search_term_string}"},"query-input":{"@type":"PropertyValueSpecification","valueRequired":true,"valueName":"search_term_string"}}],"inLanguage":"fi"}]}},"lang":"fi","translations":{"fi":1736},"pll_sync_post":[],"_links":{"self":[{"href":"https:\/\/rotary.fi\/kauhavarc\/wp-json\/wp\/v2\/pages\/1736","targetHints":{"allow":["GET"]}}],"collection":[{"href":"https:\/\/rotary.fi\/kauhavarc\/wp-json\/wp\/v2\/pages"}],"about":[{"href":"https:\/\/rotary.fi\/kauhavarc\/wp-json\/wp\/v2\/types\/page"}],"author":[{"embeddable":true,"href":"https:\/\/rotary.fi\/kauhavarc\/wp-json\/wp\/v2\/users\/16"}],"replies":[{"embeddable":true,"href":"https:\/\/rotary.fi\/kauhavarc\/wp-json\/wp\/v2\/comments?post=1736"}],"version-history":[{"count":11,"href":"https:\/\/rotary.fi\/kauhavarc\/wp-json\/wp\/v2\/pages\/1736\/revisions"}],"predecessor-version":[{"id":1948,"href":"https:\/\/rotary.fi\/kauhavarc\/wp-json\/wp\/v2\/pages\/1736\/revisions\/1948"}],"wp:attachment":[{"href":"https:\/\/rotary.fi\/kauhavarc\/wp-json\/wp\/v2\/media?parent=1736"}],"curies":[{"name":"wp","href":"https:\/\/api.w.org\/{rel}","templated":true}]}}