{"id":94,"date":"2018-08-09T15:14:30","date_gmt":"2018-08-09T12:14:30","guid":{"rendered":"https:\/\/rotary.fi\/klubi2\/?page_id=94"},"modified":"2019-06-11T19:17:43","modified_gmt":"2019-06-11T16:17:43","slug":"ajankohtaista","status":"publish","type":"page","link":"https:\/\/rotary.fi\/kauhavaharmat\/ajankohtaista\/","title":{"rendered":"Ajankohtaista"},"content":{"rendered":"<p>[et_pb_section bb_built=&#8221;1&#8243; _builder_version=&#8221;3.22.7&#8243; background_image=&#8221;https:\/\/rotary.fi\/kauhavaharmat\/wp-content\/uploads\/sites\/72\/2019\/06\/ajankohtaista_alkukesa_ylakuva_w.jpg&#8221; next_background_color=&#8221;#ffffff&#8221; inner_width_tablet=&#8221;50px&#8221; inner_max_width_tablet=&#8221;50px&#8221; z_index_tablet=&#8221;500&#8243;][et_pb_row][et_pb_column type=&#8221;4_4&#8243;][et_pb_text admin_label=&#8221;P\u00e4\u00e4otsikko&#8221; _builder_version=&#8221;3.4.1&#8243; text_orientation=&#8221;center&#8221; background_layout=&#8221;dark&#8221;]<\/p>\n<h1>Ajankohtaista<\/h1>\n<p>[\/et_pb_text][\/et_pb_column][\/et_pb_row][\/et_pb_section][et_pb_section bb_built=&#8221;1&#8243; specialty=&#8221;on&#8221; prev_background_color=&#8221;#000000&#8243; _builder_version=&#8221;3.4.1&#8243; module_class_2=&#8221;sivupalkki&#8221; locked=&#8221;on&#8221; inner_width=&#8221;auto&#8221; inner_max_width=&#8221;none&#8221;][et_pb_column type=&#8221;2_3&#8243; specialty_columns=&#8221;2&#8243;][et_pb_row_inner admin_label=&#8221;Rivi&#8221; locked=&#8221;on&#8221; parent_locked=&#8221;on&#8221;][et_pb_column_inner type=&#8221;4_4&#8243; saved_specialty_column_type=&#8221;2_3&#8243;][et_pb_text admin_label=&#8221;Otsikko&#8221; _builder_version=&#8221;3.4.1&#8243; text_orientation=&#8221;center&#8221; parent_locked=&#8221;on&#8221;]<\/p>\n<h1>Ajankohtaista<\/h1>\n<p>[\/et_pb_text][et_pb_code admin_label=&#8221;Ajankohtaisten listaus&#8221; _builder_version=&#8221;3.17.6&#8243; module_class=&#8221;kaikki_ajankohtaiset&#8221; parent_locked=&#8221;on&#8221;]<ul class=\"display-posts-listing\"><li class=\"listing-item\"><a class=\"title\" href=\"https:\/\/rotary.fi\/kauhavaharmat\/ajankohtaiset\/dg-tarmo-kokkolan-vierailu-ja-klubimme-15-vuotisjuhlat\/\">DG Tarmo Kokkolan vierailu ja klubimme 15-vuotisjuhlat<\/a> <span class=\"date\">24.1. 2026<\/span><\/li><li class=\"listing-item\"><a class=\"title\" href=\"https:\/\/rotary.fi\/kauhavaharmat\/ajankohtaiset\/loppuvuonna-2025-tapahtunutta\/\">Loppuvuonna 2025 tapahtunutta<\/a> <span class=\"date\">23.12. 2025<\/span><\/li><li class=\"listing-item\"><a class=\"title\" href=\"https:\/\/rotary.fi\/kauhavaharmat\/ajankohtaiset\/poimintoja-syyskaudelta-2025\/\">Poimintoja syyskaudelta 2025<\/a> <span class=\"date\">19.11. 2025<\/span><\/li><li class=\"listing-item\"><a class=\"title\" href=\"https:\/\/rotary.fi\/kauhavaharmat\/ajankohtaiset\/kauden-paattajaiset-6-6\/\">Kauden p\u00e4\u00e4tt\u00e4j\u00e4iset 6.6.<\/a> <span class=\"date\">6.8. 2025<\/span><\/li><li class=\"listing-item\"><a class=\"title\" href=\"https:\/\/rotary.fi\/kauhavaharmat\/ajankohtaiset\/kauhavan-ja-lapuan-rotaryklubeille-10-000-e-kiusaamisen-vastaiseen-tyohon-kauhavan-ja-lapuan-kouluissa\/\">Kauhavan ja Lapuan Rotaryklubeille 10 000 \u20ac kiusaamisen vastaiseen ty\u00f6h\u00f6n Kauhavan ja Lapuan kouluissa<\/a> <span class=\"date\">6.8. 2025<\/span><\/li><li class=\"listing-item\"><a class=\"title\" href=\"https:\/\/rotary.fi\/kauhavaharmat\/ajankohtaiset\/poimintoja-kevatkaudelta-2025\/\">Poimintoja kev\u00e4tkaudelta 2025<\/a> <span class=\"date\">30.4. 2025<\/span><\/li><li class=\"listing-item\"><a class=\"title\" href=\"https:\/\/rotary.fi\/kauhavaharmat\/ajankohtaiset\/viiden-klubin-yhteinen-joulujuhla-lapualla-13-12\/\">Viiden klubin yhteinen joulujuhla Lapualla 13.12.<\/a> <span class=\"date\">16.1. 2025<\/span><\/li><li class=\"listing-item\"><a class=\"title\" href=\"https:\/\/rotary.fi\/kauhavaharmat\/ajankohtaiset\/joulumarkkinoilla-roadhousessa-7-12\/\">Joulumarkkinoilla RoadHousessa 7.12.<\/a> <span class=\"date\">16.1. 2025<\/span><\/li><li class=\"listing-item\"><a class=\"title\" href=\"https:\/\/rotary.fi\/kauhavaharmat\/ajankohtaiset\/syyskaudella-tapahtunutta\/\">Syyskaudella tapahtunutta<\/a> <span class=\"date\">21.11. 2024<\/span><\/li><li class=\"listing-item\"><a class=\"title\" href=\"https:\/\/rotary.fi\/kauhavaharmat\/ajankohtaiset\/kausi-paattyi-nuijanvaihtoon-5-6-24\/\">Kausi p\u00e4\u00e4ttyi nuijanvaihtoon 5.6.24<\/a> <span class=\"date\">31.7. 2024<\/span><\/li><li class=\"listing-item\"><a class=\"title\" href=\"https:\/\/rotary.fi\/kauhavaharmat\/ajankohtaiset\/neljan-klubin-ic-tapaaminen-lapualla-22-5\/\">Nelj\u00e4n klubin IC-tapaaminen Lapualla 22.5.<\/a> <span class=\"date\">31.7. 2024<\/span><\/li><li class=\"listing-item\"><a class=\"title\" href=\"https:\/\/rotary.fi\/kauhavaharmat\/ajankohtaiset\/tukioppilaiden-koulutukset-alkoivat-vapunaattona\/\">Tukioppilaiden koulutukset alkoivat Vapunaattona<\/a> <span class=\"date\">31.7. 2024<\/span><\/li><li class=\"listing-item\"><a class=\"title\" href=\"https:\/\/rotary.fi\/kauhavaharmat\/ajankohtaiset\/henri-palomaki-neljan-klubin-vieraana-24-4-2024-kuntsarilla\/\">Henri Palom\u00e4ki nelj\u00e4n klubin vieraana 24.4.2024 Kuntsarilla<\/a> <span class=\"date\">25.4. 2024<\/span><\/li><li class=\"listing-item\"><a class=\"title\" href=\"https:\/\/rotary.fi\/kauhavaharmat\/ajankohtaiset\/neljan-klubin-tapaaminen-lankavassa-4-4-2024\/\">Nelj\u00e4n klubin tapaaminen Lankavassa 4.4.2024<\/a> <span class=\"date\">11.4. 2024<\/span><\/li><li class=\"listing-item\"><a class=\"title\" href=\"https:\/\/rotary.fi\/kauhavaharmat\/ajankohtaiset\/kosolan-talossa-14-2-2024\/\">Kosolan talossa 14.2.2024<\/a> <span class=\"date\">28.2. 2024<\/span><\/li><li class=\"listing-item\"><a class=\"title\" href=\"https:\/\/rotary.fi\/kauhavaharmat\/ajankohtaiset\/jouluillallisella-lucianpaivana-13-12-2023\/\">Jouluillallisella Lucianp\u00e4iv\u00e4n\u00e4 13.12.2023<\/a> <span class=\"date\">1.2. 2024<\/span><\/li><li class=\"listing-item\"><a class=\"title\" href=\"https:\/\/rotary.fi\/kauhavaharmat\/ajankohtaiset\/joulumarkkinoilla-2-12-2023-roadhouse-alaharma\/\">Joulumarkkinoilla 2.12.2023, RoadHouse Alah\u00e4rm\u00e4<\/a> <span class=\"date\">1.2. 2024<\/span><\/li><li class=\"listing-item\"><a class=\"title\" href=\"https:\/\/rotary.fi\/kauhavaharmat\/ajankohtaiset\/kuvernoori-petri-kerasen-vierailu-18-8-2023\/\">Kuvern\u00f6\u00f6ri Petri Ker\u00e4sen vierailu 18.8.2023<\/a> <span class=\"date\">11.9. 2023<\/span><\/li><li class=\"listing-item\"><a class=\"title\" href=\"https:\/\/rotary.fi\/kauhavaharmat\/ajankohtaiset\/nuijanvaihtajaiset-alaharmassa-lapuanjoen-rannalla-26-5\/\">Nuijanvaihtajaiset Alah\u00e4rm\u00e4ss\u00e4 Lapuanjoen rannalla 26.5.<\/a> <span class=\"date\">2.8. 2023<\/span><\/li><li class=\"listing-item\"><a class=\"title\" href=\"https:\/\/rotary.fi\/kauhavaharmat\/ajankohtaiset\/kevatkaudella-2023-tapahtunutta\/\">Kev\u00e4tkaudella 2023 tapahtunutta<\/a> <span class=\"date\">2.8. 2023<\/span><\/li><li class=\"listing-item\"><a class=\"title\" href=\"https:\/\/rotary.fi\/kauhavaharmat\/ajankohtaiset\/jouluillallinen-riihessa-7-12-2022\/\">Jouluillallinen Riihess\u00e4 7.12.2022<\/a> <span class=\"date\">12.12. 2022<\/span><\/li><li class=\"listing-item\"><a class=\"title\" href=\"https:\/\/rotary.fi\/kauhavaharmat\/ajankohtaiset\/joulumarkkinoilla-roadhousessa-3-12\/\">Joulumarkkinoilla RoadHousessa 3.12.<\/a> <span class=\"date\">7.12. 2022<\/span><\/li><li class=\"listing-item\"><a class=\"title\" href=\"https:\/\/rotary.fi\/kauhavaharmat\/ajankohtaiset\/puolukkaretkella-14-9\/\">Puolukkaretkell\u00e4 14.9.<\/a> <span class=\"date\">29.9. 2022<\/span><\/li><li class=\"listing-item\"><a class=\"title\" href=\"https:\/\/rotary.fi\/kauhavaharmat\/ajankohtaiset\/dg-arja-saarento-vieraili\/\">DG Arja Saarento vieraili 17.8.<\/a> <span class=\"date\">29.9. 2022<\/span><\/li><li class=\"listing-item\"><a class=\"title\" href=\"https:\/\/rotary.fi\/kauhavaharmat\/ajankohtaiset\/kesakuussa-powercupissa\/\">Kes\u00e4kuussa PowerCupissa<\/a> <span class=\"date\">29.9. 2022<\/span><\/li><li class=\"listing-item\"><a class=\"title\" href=\"https:\/\/rotary.fi\/kauhavaharmat\/ajankohtaiset\/nuijanvaihtajaiset-ja-pizzailta-17-6-2022\/\">Nuijanvaihtajaiset ja pizzailta 17.6.2022<\/a> <span class=\"date\">8.8. 2022<\/span><\/li><li class=\"listing-item\"><a class=\"title\" href=\"https:\/\/rotary.fi\/kauhavaharmat\/ajankohtaiset\/syyskauden-tapahtumia\/\">Syyskauden tapahtumia<\/a> <span class=\"date\">21.12. 2021<\/span><\/li><li class=\"listing-item\"><a class=\"title\" href=\"https:\/\/rotary.fi\/kauhavaharmat\/ajankohtaiset\/mina-en-kiusaa-kampanjalle-yhteistyokumppani\/\">MIN\u00c4 EN KIUSAA -kampanjalle yhteisty\u00f6kumppani<\/a> <span class=\"date\">15.4. 2021<\/span><\/li><li class=\"listing-item\"><a class=\"title\" href=\"https:\/\/rotary.fi\/kauhavaharmat\/ajankohtaiset\/maaliskuun-teema-vesi-ja-saniteettihuolto\/\">Maaliskuun teema: vesi- ja saniteettihuolto<\/a> <span class=\"date\">10.3. 2021<\/span><\/li><li class=\"listing-item\"><a class=\"title\" href=\"https:\/\/rotary.fi\/kauhavaharmat\/ajankohtaiset\/rotaryn-vuoden-2021-22-teema-palvele-muutat-maailmaa\/\">Rotaryn vuoden 2021-22 teema: Palvele &#8211; muutat maailmaa<\/a> <span class=\"date\">14.2. 2021<\/span><\/li><li class=\"listing-item\"><a class=\"title\" href=\"https:\/\/rotary.fi\/kauhavaharmat\/ajankohtaiset\/helmikuun-teema-rauhantutkimus-ja-konfliktien-ehkaisy\/\">Helmikuun teema: Rauhantutkimus ja konfliktien ehk\u00e4isy<\/a> <span class=\"date\">14.2. 2021<\/span><\/li><li class=\"listing-item\"><a class=\"title\" href=\"https:\/\/rotary.fi\/kauhavaharmat\/ajankohtaiset\/mina-en-kiusaa-kampanja-kaynnissa\/\">MIN\u00c4 EN KIUSAA -kampanja k\u00e4ynniss\u00e4!<\/a> <span class=\"date\">3.12. 2020<\/span><\/li><li class=\"listing-item\"><a class=\"title\" href=\"https:\/\/rotary.fi\/kauhavaharmat\/ajankohtaiset\/vierailu-harman-parantolamuseoon\/\">Vierailu H\u00e4rm\u00e4n parantolamuseoon<\/a> <span class=\"date\">12.11. 2020<\/span><\/li><li class=\"listing-item\"><a class=\"title\" href=\"https:\/\/rotary.fi\/kauhavaharmat\/ajankohtaiset\/dg-venanzia-rizzin-vierailu\/\">DG Venanzia Rizzin vierailu<\/a> <span class=\"date\">28.9. 2020<\/span><\/li><li class=\"listing-item\"><a class=\"title\" href=\"https:\/\/rotary.fi\/kauhavaharmat\/ajankohtaiset\/puolukoita-tanakin-syksyna\/\">Puolukoita t\u00e4n\u00e4kin syksyn\u00e4<\/a> <span class=\"date\">28.9. 2020<\/span><\/li><li class=\"listing-item\"><a class=\"title\" href=\"https:\/\/rotary.fi\/kauhavaharmat\/ajankohtaiset\/syyskuu-rotaryn-peruskoulutuksen-seka-luku-ja-kirjoitustaidon-kuukausi-2\/\">Syyskuu: Rotaryn peruskoulutuksen sek\u00e4 luku- ja kirjoitustaidon kuukausi<\/a> <span class=\"date\">3.9. 2020<\/span><\/li><li class=\"listing-item\"><a class=\"title\" href=\"https:\/\/rotary.fi\/kauhavaharmat\/ajankohtaiset\/uusi-piiri-1385-aloitti-toimintansa-ja-avasi-nettisivunsa\/\">Uusi piiri 1385 aloitti toimintansa ja avasi nettisivunsa<\/a> <span class=\"date\">16.8. 2020<\/span><\/li><li class=\"listing-item\"><a class=\"title\" href=\"https:\/\/rotary.fi\/kauhavaharmat\/ajankohtaiset\/koronakevaan-kuulumisia\/\">Koronakev\u00e4\u00e4n kuulumisia<\/a> <span class=\"date\">5.5. 2020<\/span><\/li><li class=\"listing-item\"><a class=\"title\" href=\"https:\/\/rotary.fi\/kauhavaharmat\/ajankohtaiset\/2-1-2020-muistoseurat-3-haaveita-ja-harha-askelia\/\">2.1.2020 Muistoseurat 3: Haaveita ja harha-askelia<\/a> <span class=\"date\">3.1. 2020<\/span><\/li><li class=\"listing-item\"><a class=\"title\" href=\"https:\/\/rotary.fi\/kauhavaharmat\/ajankohtaiset\/kummit-kylassa-4-12\/\">Kummit kyl\u00e4ss\u00e4 4.12.<\/a> <span class=\"date\">18.12. 2019<\/span><\/li><li class=\"listing-item\"><a class=\"title\" href=\"https:\/\/rotary.fi\/kauhavaharmat\/ajankohtaiset\/marraskuu-rotarysaatio-on-maailman-paras\/\">Marraskuu: Rotarys\u00e4\u00e4ti\u00f6 on maailman paras<\/a> <span class=\"date\">19.11. 2019<\/span><\/li><li class=\"listing-item\"><a class=\"title\" href=\"https:\/\/rotary.fi\/kauhavaharmat\/ajankohtaiset\/syyskuu-rotaryn-peruskoulutuksen-seka-luku-ja-kirjoitustaidon-kuukausi\/\">Syyskuu: Rotaryn peruskoulutuksen sek\u00e4 luku- ja kirjoitustaidon kuukausi<\/a> <span class=\"date\">18.9. 2019<\/span><\/li><li class=\"listing-item\"><a class=\"title\" href=\"https:\/\/rotary.fi\/kauhavaharmat\/ajankohtaiset\/kauhavan-hyotykayttoasemalla-11-9\/\">Kauhavan hy\u00f6tyk\u00e4ytt\u00f6asemalla 11.9.<\/a> <span class=\"date\">18.9. 2019<\/span><\/li><li class=\"listing-item\"><a class=\"title\" href=\"https:\/\/rotary.fi\/kauhavaharmat\/ajankohtaiset\/puolukkaprojekti-onnistui-taas-hienosti\/\">Puolukkaprojekti onnistui taas hienosti<\/a> <span class=\"date\">2.9. 2019<\/span><\/li><li class=\"listing-item\"><a class=\"title\" href=\"https:\/\/rotary.fi\/kauhavaharmat\/ajankohtaiset\/elokuu-jaseniston-ja-laajennustyon-kuukausi\/\">Elokuu: J\u00e4senist\u00f6n ja laajennusty\u00f6n kuukausi<\/a> <span class=\"date\">12.8. 2019<\/span><\/li><li class=\"listing-item\"><a class=\"title\" href=\"https:\/\/rotary.fi\/kauhavaharmat\/ajankohtaiset\/huhtikuun-teema-aidin-ja-lapsen-terveyden-kuukausi\/\">Huhtikuun teema: \u00c4idin ja lapsen terveyden kuukausi<\/a> <span class=\"date\">2.5. 2019<\/span><\/li><li class=\"listing-item\"><a class=\"title\" href=\"https:\/\/rotary.fi\/kauhavaharmat\/ajankohtaiset\/toukokuun-teema-nuorisopalvelu\/\">Toukokuun teema: Nuorisopalvelu<\/a> <span class=\"date\">2.5. 2019<\/span><\/li><li class=\"listing-item\"><a class=\"title\" href=\"https:\/\/rotary.fi\/kauhavaharmat\/ajankohtaiset\/rotarykauden-2019-20-teema-on-julkaistu\/\">Rotarykauden 2019-20 teema on julkaistu<\/a> <span class=\"date\">2.5. 2019<\/span><\/li><li class=\"listing-item\"><a class=\"title\" href=\"https:\/\/rotary.fi\/kauhavaharmat\/presidentin_uutiset\/kauhava-harmat-rotaryklubi-julkaisi-uudet-kotisivut\/\">Kauhava H\u00e4rm\u00e4t Rotaryklubi julkaisi uudet kotisivut<\/a> <span class=\"date\">2.5. 2019<\/span><\/li><\/ul>[\/et_pb_code][\/et_pb_column_inner][\/et_pb_row_inner][\/et_pb_column][et_pb_column type=&#8221;1_3&#8243;][et_pb_sidebar _builder_version=&#8221;3.4.1&#8243; area=&#8221;sidebar-1&#8243; module_class=&#8221;sivupalkki_sisalto&#8221; parent_locked=&#8221;on&#8221; \/][\/et_pb_column][\/et_pb_section]<\/p>\n","protected":false},"excerpt":{"rendered":"<p>[et_pb_section bb_built=&#8221;1&#8243; _builder_version=&#8221;3.22.7&#8243; background_image=&#8221;https:\/\/rotary.fi\/kauhavaharmat\/wp-content\/uploads\/sites\/72\/2019\/06\/ajankohtaista_alkukesa_ylakuva_w.jpg&#8221; next_background_color=&#8221;#ffffff&#8221; inner_width_tablet=&#8221;50px&#8221; inner_max_width_tablet=&#8221;50px&#8221; z_index_tablet=&#8221;500&#8243;][et_pb_row][et_pb_column type=&#8221;4_4&#8243;][et_pb_text admin_label=&#8221;P\u00e4\u00e4otsikko&#8221; _builder_version=&#8221;3.4.1&#8243; text_orientation=&#8221;center&#8221; background_layout=&#8221;dark&#8221;] Ajankohtaista [\/et_pb_text][\/et_pb_column][\/et_pb_row][\/et_pb_section][et_pb_section bb_built=&#8221;1&#8243; specialty=&#8221;on&#8221; prev_background_color=&#8221;#000000&#8243; _builder_version=&#8221;3.4.1&#8243; module_class_2=&#8221;sivupalkki&#8221; locked=&#8221;on&#8221; inner_width=&#8221;auto&#8221; inner_max_width=&#8221;none&#8221;][et_pb_column type=&#8221;2_3&#8243; specialty_columns=&#8221;2&#8243;][et_pb_row_inner admin_label=&#8221;Rivi&#8221; locked=&#8221;on&#8221; parent_locked=&#8221;on&#8221;][et_pb_column_inner type=&#8221;4_4&#8243; saved_specialty_column_type=&#8221;2_3&#8243;][et_pb_text admin_label=&#8221;Otsikko&#8221; _builder_version=&#8221;3.4.1&#8243; text_orientation=&#8221;center&#8221; parent_locked=&#8221;on&#8221;] Ajankohtaista [\/et_pb_text][et_pb_code admin_label=&#8221;Ajankohtaisten listaus&#8221; _builder_version=&#8221;3.17.6&#8243; module_class=&#8221;kaikki_ajankohtaiset&#8221; parent_locked=&#8221;on&#8221;][\/et_pb_code][\/et_pb_column_inner][\/et_pb_row_inner][\/et_pb_column][et_pb_column type=&#8221;1_3&#8243;][et_pb_sidebar _builder_version=&#8221;3.4.1&#8243; area=&#8221;sidebar-1&#8243; module_class=&#8221;sivupalkki_sisalto&#8221; parent_locked=&#8221;on&#8221; \/][\/et_pb_column][\/et_pb_section]<\/p>\n","protected":false},"author":1,"featured_media":0,"parent":0,"menu_order":0,"comment_status":"closed","ping_status":"closed","template":"","meta":{"_acf_changed":false,"_et_pb_use_builder":"on","_et_pb_old_content":"","_et_gb_content_width":"","footnotes":""},"class_list":["post-94","page","type-page","status-publish","hentry"],"acf":[],"yoast_head":"<!-- This site is optimized with the Yoast SEO plugin v27.4 - https:\/\/yoast.com\/product\/yoast-seo-wordpress\/ -->\n<title>Ajankohtaista - Kauhava H\u00e4rm\u00e4t Rotaryklubi<\/title>\n<meta name=\"robots\" content=\"index, follow, max-snippet:-1, max-image-preview:large, max-video-preview:-1\" \/>\n<link rel=\"canonical\" href=\"https:\/\/rotary.fi\/kauhavaharmat\/ajankohtaista\/\" \/>\n<meta property=\"og:locale\" content=\"fi_FI\" \/>\n<meta property=\"og:type\" content=\"article\" \/>\n<meta property=\"og:title\" content=\"Ajankohtaista - Kauhava H\u00e4rm\u00e4t Rotaryklubi\" \/>\n<meta property=\"og:description\" content=\"[et_pb_section bb_built=&#8221;1&#8243; _builder_version=&#8221;3.22.7&#8243; background_image=&#8221;https:\/\/rotary.fi\/kauhavaharmat\/wp-content\/uploads\/sites\/72\/2019\/06\/ajankohtaista_alkukesa_ylakuva_w.jpg&#8221; next_background_color=&#8221;#ffffff&#8221; inner_width_tablet=&#8221;50px&#8221; inner_max_width_tablet=&#8221;50px&#8221; z_index_tablet=&#8221;500&#8243;][et_pb_row][et_pb_column type=&#8221;4_4&#8243;][et_pb_text admin_label=&#8221;P\u00e4\u00e4otsikko&#8221; _builder_version=&#8221;3.4.1&#8243; text_orientation=&#8221;center&#8221; background_layout=&#8221;dark&#8221;] Ajankohtaista [\/et_pb_text][\/et_pb_column][\/et_pb_row][\/et_pb_section][et_pb_section bb_built=&#8221;1&#8243; specialty=&#8221;on&#8221; prev_background_color=&#8221;#000000&#8243; _builder_version=&#8221;3.4.1&#8243; module_class_2=&#8221;sivupalkki&#8221; locked=&#8221;on&#8221; inner_width=&#8221;auto&#8221; inner_max_width=&#8221;none&#8221;][et_pb_column type=&#8221;2_3&#8243; specialty_columns=&#8221;2&#8243;][et_pb_row_inner admin_label=&#8221;Rivi&#8221; locked=&#8221;on&#8221; parent_locked=&#8221;on&#8221;][et_pb_column_inner type=&#8221;4_4&#8243; saved_specialty_column_type=&#8221;2_3&#8243;][et_pb_text admin_label=&#8221;Otsikko&#8221; _builder_version=&#8221;3.4.1&#8243; text_orientation=&#8221;center&#8221; parent_locked=&#8221;on&#8221;] Ajankohtaista [\/et_pb_text][et_pb_code admin_label=&#8221;Ajankohtaisten listaus&#8221; _builder_version=&#8221;3.17.6&#8243; module_class=&#8221;kaikki_ajankohtaiset&#8221; parent_locked=&#8221;on&#8221;][\/et_pb_code][\/et_pb_column_inner][\/et_pb_row_inner][\/et_pb_column][et_pb_column type=&#8221;1_3&#8243;][et_pb_sidebar _builder_version=&#8221;3.4.1&#8243; area=&#8221;sidebar-1&#8243; module_class=&#8221;sivupalkki_sisalto&#8221; parent_locked=&#8221;on&#8221; \/][\/et_pb_column][\/et_pb_section]\" \/>\n<meta property=\"og:url\" content=\"https:\/\/rotary.fi\/kauhavaharmat\/ajankohtaista\/\" \/>\n<meta property=\"og:site_name\" content=\"Kauhava H\u00e4rm\u00e4t Rotaryklubi\" \/>\n<meta property=\"article:modified_time\" content=\"2019-06-11T16:17:43+00:00\" \/>\n<meta name=\"twitter:card\" content=\"summary_large_image\" \/>\n<meta name=\"twitter:label1\" content=\"Arvioitu lukuaika\" \/>\n\t<meta name=\"twitter:data1\" content=\"1 minuutti\" \/>\n<script type=\"application\/ld+json\" class=\"yoast-schema-graph\">{\"@context\":\"https:\\\/\\\/schema.org\",\"@graph\":[{\"@type\":\"WebPage\",\"@id\":\"https:\\\/\\\/rotary.fi\\\/kauhavaharmat\\\/ajankohtaista\\\/\",\"url\":\"https:\\\/\\\/rotary.fi\\\/kauhavaharmat\\\/ajankohtaista\\\/\",\"name\":\"Ajankohtaista - Kauhava H\u00e4rm\u00e4t Rotaryklubi\",\"isPartOf\":{\"@id\":\"https:\\\/\\\/rotary.fi\\\/kauhavaharmat\\\/#website\"},\"datePublished\":\"2018-08-09T12:14:30+00:00\",\"dateModified\":\"2019-06-11T16:17:43+00:00\",\"breadcrumb\":{\"@id\":\"https:\\\/\\\/rotary.fi\\\/kauhavaharmat\\\/ajankohtaista\\\/#breadcrumb\"},\"inLanguage\":\"fi\",\"potentialAction\":[{\"@type\":\"ReadAction\",\"target\":[\"https:\\\/\\\/rotary.fi\\\/kauhavaharmat\\\/ajankohtaista\\\/\"]}]},{\"@type\":\"BreadcrumbList\",\"@id\":\"https:\\\/\\\/rotary.fi\\\/kauhavaharmat\\\/ajankohtaista\\\/#breadcrumb\",\"itemListElement\":[{\"@type\":\"ListItem\",\"position\":1,\"name\":\"Home\",\"item\":\"https:\\\/\\\/rotary.fi\\\/kauhavaharmat\\\/\"},{\"@type\":\"ListItem\",\"position\":2,\"name\":\"Ajankohtaista\"}]},{\"@type\":\"WebSite\",\"@id\":\"https:\\\/\\\/rotary.fi\\\/kauhavaharmat\\\/#website\",\"url\":\"https:\\\/\\\/rotary.fi\\\/kauhavaharmat\\\/\",\"name\":\"Kauhava H\u00e4rm\u00e4t Rotaryklubi\",\"description\":\"Uusi Rotary klubisivusto\",\"potentialAction\":[{\"@type\":\"SearchAction\",\"target\":{\"@type\":\"EntryPoint\",\"urlTemplate\":\"https:\\\/\\\/rotary.fi\\\/kauhavaharmat\\\/?s={search_term_string}\"},\"query-input\":{\"@type\":\"PropertyValueSpecification\",\"valueRequired\":true,\"valueName\":\"search_term_string\"}}],\"inLanguage\":\"fi\"}]}<\/script>\n<!-- \/ Yoast SEO plugin. -->","yoast_head_json":{"title":"Ajankohtaista - Kauhava H\u00e4rm\u00e4t Rotaryklubi","robots":{"index":"index","follow":"follow","max-snippet":"max-snippet:-1","max-image-preview":"max-image-preview:large","max-video-preview":"max-video-preview:-1"},"canonical":"https:\/\/rotary.fi\/kauhavaharmat\/ajankohtaista\/","og_locale":"fi_FI","og_type":"article","og_title":"Ajankohtaista - Kauhava H\u00e4rm\u00e4t Rotaryklubi","og_description":"[et_pb_section bb_built=&#8221;1&#8243; _builder_version=&#8221;3.22.7&#8243; background_image=&#8221;https:\/\/rotary.fi\/kauhavaharmat\/wp-content\/uploads\/sites\/72\/2019\/06\/ajankohtaista_alkukesa_ylakuva_w.jpg&#8221; next_background_color=&#8221;#ffffff&#8221; inner_width_tablet=&#8221;50px&#8221; inner_max_width_tablet=&#8221;50px&#8221; z_index_tablet=&#8221;500&#8243;][et_pb_row][et_pb_column type=&#8221;4_4&#8243;][et_pb_text admin_label=&#8221;P\u00e4\u00e4otsikko&#8221; _builder_version=&#8221;3.4.1&#8243; text_orientation=&#8221;center&#8221; background_layout=&#8221;dark&#8221;] Ajankohtaista [\/et_pb_text][\/et_pb_column][\/et_pb_row][\/et_pb_section][et_pb_section bb_built=&#8221;1&#8243; specialty=&#8221;on&#8221; prev_background_color=&#8221;#000000&#8243; _builder_version=&#8221;3.4.1&#8243; module_class_2=&#8221;sivupalkki&#8221; locked=&#8221;on&#8221; inner_width=&#8221;auto&#8221; inner_max_width=&#8221;none&#8221;][et_pb_column type=&#8221;2_3&#8243; specialty_columns=&#8221;2&#8243;][et_pb_row_inner admin_label=&#8221;Rivi&#8221; locked=&#8221;on&#8221; parent_locked=&#8221;on&#8221;][et_pb_column_inner type=&#8221;4_4&#8243; saved_specialty_column_type=&#8221;2_3&#8243;][et_pb_text admin_label=&#8221;Otsikko&#8221; _builder_version=&#8221;3.4.1&#8243; text_orientation=&#8221;center&#8221; parent_locked=&#8221;on&#8221;] Ajankohtaista [\/et_pb_text][et_pb_code admin_label=&#8221;Ajankohtaisten listaus&#8221; _builder_version=&#8221;3.17.6&#8243; module_class=&#8221;kaikki_ajankohtaiset&#8221; parent_locked=&#8221;on&#8221;][\/et_pb_code][\/et_pb_column_inner][\/et_pb_row_inner][\/et_pb_column][et_pb_column type=&#8221;1_3&#8243;][et_pb_sidebar _builder_version=&#8221;3.4.1&#8243; area=&#8221;sidebar-1&#8243; module_class=&#8221;sivupalkki_sisalto&#8221; parent_locked=&#8221;on&#8221; \/][\/et_pb_column][\/et_pb_section]","og_url":"https:\/\/rotary.fi\/kauhavaharmat\/ajankohtaista\/","og_site_name":"Kauhava H\u00e4rm\u00e4t Rotaryklubi","article_modified_time":"2019-06-11T16:17:43+00:00","twitter_card":"summary_large_image","twitter_misc":{"Arvioitu lukuaika":"1 minuutti"},"schema":{"@context":"https:\/\/schema.org","@graph":[{"@type":"WebPage","@id":"https:\/\/rotary.fi\/kauhavaharmat\/ajankohtaista\/","url":"https:\/\/rotary.fi\/kauhavaharmat\/ajankohtaista\/","name":"Ajankohtaista - Kauhava H\u00e4rm\u00e4t Rotaryklubi","isPartOf":{"@id":"https:\/\/rotary.fi\/kauhavaharmat\/#website"},"datePublished":"2018-08-09T12:14:30+00:00","dateModified":"2019-06-11T16:17:43+00:00","breadcrumb":{"@id":"https:\/\/rotary.fi\/kauhavaharmat\/ajankohtaista\/#breadcrumb"},"inLanguage":"fi","potentialAction":[{"@type":"ReadAction","target":["https:\/\/rotary.fi\/kauhavaharmat\/ajankohtaista\/"]}]},{"@type":"BreadcrumbList","@id":"https:\/\/rotary.fi\/kauhavaharmat\/ajankohtaista\/#breadcrumb","itemListElement":[{"@type":"ListItem","position":1,"name":"Home","item":"https:\/\/rotary.fi\/kauhavaharmat\/"},{"@type":"ListItem","position":2,"name":"Ajankohtaista"}]},{"@type":"WebSite","@id":"https:\/\/rotary.fi\/kauhavaharmat\/#website","url":"https:\/\/rotary.fi\/kauhavaharmat\/","name":"Kauhava H\u00e4rm\u00e4t Rotaryklubi","description":"Uusi Rotary klubisivusto","potentialAction":[{"@type":"SearchAction","target":{"@type":"EntryPoint","urlTemplate":"https:\/\/rotary.fi\/kauhavaharmat\/?s={search_term_string}"},"query-input":{"@type":"PropertyValueSpecification","valueRequired":true,"valueName":"search_term_string"}}],"inLanguage":"fi"}]}},"lang":"fi","translations":{"fi":94},"pll_sync_post":[],"_links":{"self":[{"href":"https:\/\/rotary.fi\/kauhavaharmat\/wp-json\/wp\/v2\/pages\/94","targetHints":{"allow":["GET"]}}],"collection":[{"href":"https:\/\/rotary.fi\/kauhavaharmat\/wp-json\/wp\/v2\/pages"}],"about":[{"href":"https:\/\/rotary.fi\/kauhavaharmat\/wp-json\/wp\/v2\/types\/page"}],"author":[{"embeddable":true,"href":"https:\/\/rotary.fi\/kauhavaharmat\/wp-json\/wp\/v2\/users\/1"}],"replies":[{"embeddable":true,"href":"https:\/\/rotary.fi\/kauhavaharmat\/wp-json\/wp\/v2\/comments?post=94"}],"version-history":[{"count":8,"href":"https:\/\/rotary.fi\/kauhavaharmat\/wp-json\/wp\/v2\/pages\/94\/revisions"}],"predecessor-version":[{"id":1629,"href":"https:\/\/rotary.fi\/kauhavaharmat\/wp-json\/wp\/v2\/pages\/94\/revisions\/1629"}],"wp:attachment":[{"href":"https:\/\/rotary.fi\/kauhavaharmat\/wp-json\/wp\/v2\/media?parent=94"}],"curies":[{"name":"wp","href":"https:\/\/api.w.org\/{rel}","templated":true}]}}