{"id":156,"date":"2018-08-13T09:46:59","date_gmt":"2018-08-13T06:46:59","guid":{"rendered":"https:\/\/rotary.fi\/kauhavaharmat\/?page_id=156"},"modified":"2025-08-21T11:16:34","modified_gmt":"2025-08-21T08:16:34","slug":"projektit","status":"publish","type":"page","link":"https:\/\/rotary.fi\/kauhavaharmat\/mita-teemme\/projektit\/","title":{"rendered":"Projektit"},"content":{"rendered":"<p>[et_pb_section fb_built=&#8221;1&#8243; module_class=&#8221;jumbotron-page&#8221; _builder_version=&#8221;4.16&#8243; background_image=&#8221;https:\/\/rotary.fi\/kauhavaharmat\/wp-content\/uploads\/sites\/72\/2019\/02\/projektit_ylakuva_w.jpg&#8221; global_colors_info=&#8221;{}&#8221;][et_pb_row _builder_version=&#8221;4.16&#8243; background_size=&#8221;initial&#8221; background_position=&#8221;top_left&#8221; background_repeat=&#8221;repeat&#8221; global_colors_info=&#8221;{}&#8221;][et_pb_column type=&#8221;4_4&#8243; _builder_version=&#8221;4.16&#8243; custom_padding=&#8221;|||&#8221; global_colors_info=&#8221;{}&#8221; custom_padding__hover=&#8221;|||&#8221;][et_pb_text admin_label=&#8221;P\u00e4\u00e4otsikko&#8221; _builder_version=&#8221;4.16&#8243; text_orientation=&#8221;center&#8221; background_layout=&#8221;dark&#8221; global_colors_info=&#8221;{}&#8221;]<\/p>\n<h1>\u00a0<\/h1>\n<h1>Projektit<\/h1>\n<p>[\/et_pb_text][\/et_pb_column][\/et_pb_row][\/et_pb_section][et_pb_section fb_built=&#8221;1&#8243; specialty=&#8221;on&#8221; module_class_2=&#8221;sivupalkki&#8221; _builder_version=&#8221;4.16&#8243; global_colors_info=&#8221;{}&#8221;][et_pb_column type=&#8221;2_3&#8243; specialty_columns=&#8221;2&#8243; _builder_version=&#8221;4.16&#8243; custom_padding=&#8221;|||&#8221; global_colors_info=&#8221;{}&#8221; custom_padding__hover=&#8221;|||&#8221;][et_pb_row_inner admin_label=&#8221;Rivi&#8221; _builder_version=&#8221;4.27.4&#8243; hover_enabled=&#8221;0&#8243; global_colors_info=&#8221;{}&#8221; sticky_enabled=&#8221;0&#8243;][et_pb_column_inner saved_specialty_column_type=&#8221;2_3&#8243; _builder_version=&#8221;4.16&#8243; custom_padding=&#8221;|||&#8221; global_colors_info=&#8221;{}&#8221; custom_padding__hover=&#8221;|||&#8221;][et_pb_text admin_label=&#8221;Projektit &#8211; Otsikko&#8221; _builder_version=&#8221;4.16&#8243; text_orientation=&#8221;center&#8221; global_colors_info=&#8221;{}&#8221;]<\/p>\n<h1>Projektit<\/h1>\n<p>[\/et_pb_text][et_pb_text _builder_version=&#8221;4.27.4&#8243; hover_enabled=&#8221;0&#8243; global_colors_info=&#8221;{}&#8221; sticky_enabled=&#8221;0&#8243;]<\/p>\n<p>&nbsp;<\/p>\n<p>&nbsp;<\/p>\n<p>Rotary on palveluj\u00e4rjest\u00f6. Toimimme tunnuslauseemme <strong>Palvelu itsekkyyden edelle<\/strong> (<strong>Service above self<\/strong>) mukaisesti paikallisesti ja maailmanlaajuisesti. Kansainv\u00e4linen humanit\u00e4\u00e4rinen palvelumme toteutuu Rotarys\u00e4\u00e4ti\u00f6mme koordinoimana ja hyv\u00e4ksyttyjen kumppaneiden kanssa. Olemme perustamisestamme l\u00e4htien halunneet kehitt\u00e4\u00e4 my\u00f6s omia projekteja, joilla edist\u00e4mme paikkakunnan ihmisten hyvinvointia.<\/p>\n<h3><\/h3>\n<h3>MIN\u00c4 EN KIUSAA -kampanja<\/h3>\n<p>Syksyll\u00e4 2020 aloitimme vuoden teemamme mukaisen kaikenlaista kiusaamista vastustavan kampanjan. Kiusaamisesta puhutaan t\u00e4 n\u00e4 p\u00e4iv\u00e4n\u00e4 paljon. Siit\u00e4 kirjoitetaan paljon. On syntynyt kampanjoita jotka levi\u00e4v\u00e4t somessa kulovalkean tavoin, kaikki kiusaamista vastaan. T\u00e4m\u00e4 on hyv\u00e4 asia.<\/p>\n<p>My\u00f6s me Kauhava H\u00e4rm\u00e4t Rotaryklubissa haluamme osaltamme est\u00e4\u00e4 kiusaamista ja kutsumme kaikki mukaan \u2013 yhdess\u00e4 saamme aikaan enemm\u00e4n!<\/p>\n<p>Klubimme ideoima, suunnittelema ja toteuttama MIN\u00c4 EN KIUSAA -TEEPAITA tuli myyntiin marraskuussa. Myynnist\u00e4 saadut tuotot k\u00e4yt\u00e4mme toiminta-ajatuksemme mukaisesti hyv\u00e4\u00e4n tarkoitukseen \u2013 ja nyt teemanamme on kiusaamisen vastustaminen. Sarjaan kuuluva PIPO valmistui heti per\u00e4\u00e4n ja olikin yll\u00e4tt\u00e4v\u00e4n suosittu. Pipon heijastavat tekstit loistavat hyvin autojen valoissa! Pipossa on vastakkaisilla puolilla teksti suomeksi ja englanniksi.\u00a0<\/p>\n<p>Teepaitaa ja pipoa myymme esim. joulumarkkinoilla, ja niit\u00e4 voi tiedustella my\u00f6s klubimme j\u00e4senilt\u00e4.<\/p>\n<p><span style=\"color: #e02b20\"><strong>\u00a0T\u00e4m\u00e4 projekti jatkuu edelleen!<\/strong><\/span><br \/><img loading=\"lazy\" decoding=\"async\" src=\"https:\/\/rotary.fi\/kauhavaharmat\/wp-content\/uploads\/sites\/72\/2021\/03\/enkiusaa-pressa_5d4a9931_pien.jpg\" alt=\"\" class=\"wp-image-1993 alignleft size-full\" width=\"360\" height=\"353\" \/><\/p>\n<p>&nbsp;<\/p>\n<p>&nbsp;<\/p>\n<p>&nbsp;<\/p>\n<p>&nbsp;<\/p>\n<p>&nbsp;<\/p>\n<p>&nbsp;<\/p>\n<p>&nbsp;<\/p>\n<h3><\/h3>\n<h3><\/h3>\n<h3>Tsemppiryhm\u00e4<\/h3>\n<p>Aivan klubimme alkuvuosina j\u00e4rjestimme <strong>Tsemppiryhm\u00e4n<\/strong>, johon kouluterveydenhoitajan kutsumana koottiin 3\u20136 -luokkalaisia ylih\u00e4rm\u00e4l\u00e4isi\u00e4. Ryhm\u00e4ss\u00e4 pidettiin hauskaa liikkumalla ja touhaamalla, tutustuttiin erilaisiin harrastusvaihtoehtoihin, kokattiin terveellist\u00e4 ruokaa, ts. tehtiin yhdess\u00e4 asioita ja tsempattiin itse\u00e4 ja toisia ryhm\u00e4l\u00e4isi\u00e4 aktiiviseen el\u00e4m\u00e4ntapaan. Ryhm\u00e4\u00e4n koottiin syksyisin uudet j\u00e4senet. Tsemppitoiminta jatkui 3-4 vuotta aktiivisesti ja varojen ker\u00e4\u00e4miseksi klubi j\u00e4rjesti mm. <strong>Tsemppilenkki<\/strong>-juoksutapahtuman ja <strong>Tsemppi Bike Tour<\/strong> -py\u00f6r\u00e4ilytapahtuman, joihin haastettiin yrityksi\u00e4, yhdistyksi\u00e4 ja yksityisi\u00e4.<\/p>\n<p><img loading=\"lazy\" decoding=\"async\" class=\"alignnone wp-image-1497 size-large\" src=\"https:\/\/rotary.fi\/kauhavaharmat\/wp-content\/uploads\/sites\/72\/2019\/02\/tsemppiryhma-1024x342.jpg\" alt=\"\" width=\"1024\" height=\"342\" srcset=\"https:\/\/rotary.fi\/kauhavaharmat\/wp-content\/uploads\/sites\/72\/2019\/02\/tsemppiryhma-1024x342.jpg 1024w, https:\/\/rotary.fi\/kauhavaharmat\/wp-content\/uploads\/sites\/72\/2019\/02\/tsemppiryhma-300x100.jpg 300w, https:\/\/rotary.fi\/kauhavaharmat\/wp-content\/uploads\/sites\/72\/2019\/02\/tsemppiryhma-768x256.jpg 768w, https:\/\/rotary.fi\/kauhavaharmat\/wp-content\/uploads\/sites\/72\/2019\/02\/tsemppiryhma-1080x360.jpg 1080w\" sizes=\"(max-width: 1024px) 100vw, 1024px\" \/><\/p>\n<p>&nbsp;<\/p>\n<h3>MPEAK<\/h3>\n<p>Vuosina 2017-19 j\u00e4rjestimme kev\u00e4isin <strong>MPEAK<\/strong>-tapahtuman Kauhavan lentokent\u00e4n alueella (MPEAK = <strong>moottoripy\u00f6r\u00e4ilij\u00e4n ennakoivan ajon koulutus<\/strong>). Koulutus on tarkoitettu ja tarpeellinen kaikille moottoripy\u00f6r\u00e4n ajoluvan omaaville motoristeille riippumatta henkil\u00f6n ajokokemuksesta ja taidoista. Sis\u00e4lt\u00f6 perustuu Liikenneturvan materiaaleihin ja harjoituksiin sis\u00e4lt\u00e4en sek\u00e4 teoriaa ett\u00e4 runsaasti ajoharjoitteita. Kurssiohjelman ovat laatineet ja koulutuksesta vastaavat kokeneet MPEAK-kouluttajat. Kurssi on j\u00e4rjestetty upealla LSK Business Parkin alueella ja k\u00e4yt\u00f6ss\u00e4 on ollut jopa Kauhavan lentokent\u00e4n kiitorata! Kurssille on osallistunut nelisenkymment\u00e4 motoristia ja kurssilaisilta tullut palaute on ollut erinomaista.<\/p>\n<p><img loading=\"lazy\" decoding=\"async\" class=\"alignnone wp-image-1496 size-large\" src=\"https:\/\/rotary.fi\/kauhavaharmat\/wp-content\/uploads\/sites\/72\/2019\/02\/mpeak-1024x342.jpg\" alt=\"\" width=\"1024\" height=\"342\" srcset=\"https:\/\/rotary.fi\/kauhavaharmat\/wp-content\/uploads\/sites\/72\/2019\/02\/mpeak-1024x342.jpg 1024w, https:\/\/rotary.fi\/kauhavaharmat\/wp-content\/uploads\/sites\/72\/2019\/02\/mpeak-300x100.jpg 300w, https:\/\/rotary.fi\/kauhavaharmat\/wp-content\/uploads\/sites\/72\/2019\/02\/mpeak-768x256.jpg 768w, https:\/\/rotary.fi\/kauhavaharmat\/wp-content\/uploads\/sites\/72\/2019\/02\/mpeak-1080x360.jpg 1080w\" sizes=\"(max-width: 1024px) 100vw, 1024px\" \/><\/p>\n<div id=\"attachment_1516\" style=\"width: 971px\" class=\"wp-caption alignnone\"><img loading=\"lazy\" decoding=\"async\" aria-describedby=\"caption-attachment-1516\" class=\"size-full wp-image-1516\" src=\"https:\/\/rotary.fi\/kauhavaharmat\/wp-content\/uploads\/sites\/72\/2019\/02\/2017-05-18_mpeak-komiat.jpg\" alt=\"\" width=\"961\" height=\"585\" srcset=\"https:\/\/rotary.fi\/kauhavaharmat\/wp-content\/uploads\/sites\/72\/2019\/02\/2017-05-18_mpeak-komiat.jpg 961w, https:\/\/rotary.fi\/kauhavaharmat\/wp-content\/uploads\/sites\/72\/2019\/02\/2017-05-18_mpeak-komiat-300x183.jpg 300w, https:\/\/rotary.fi\/kauhavaharmat\/wp-content\/uploads\/sites\/72\/2019\/02\/2017-05-18_mpeak-komiat-768x468.jpg 768w\" sizes=\"(max-width: 961px) 100vw, 961px\" \/><p id=\"caption-attachment-1516\" class=\"wp-caption-text\">Komiat-lehti 18.5.2017.<\/p><\/div>\n<h3>Puolukoita vanhuksille<\/h3>\n<p>Jo muutamana vuonna syyskuussa kymmenkunta Kauhava H\u00e4rm\u00e4t Rotaryklubin j\u00e4sent\u00e4 on tehnyt puolukkaretken Vallamin mets\u00e4\u00e4n. Kohtuullinen saalis on lahjoitettu vanhusten hoitokoteihin \u2013 joko perattuna tai perkaamattomana, toiveiden mukaan. Jotkut vanhukset nimitt\u00e4in haluavat tehd\u00e4 sellaista ty\u00f6t\u00e4, jota eiv\u00e4t vuosiin ole voineet tehd\u00e4, \u2013 perata puolukoita!<br \/>Rotaryklubit kautta maailman auttavat omilla paikkakunnillaan monin tavoin lapsia, nuoria, vanhuksia ja puutteenalaisia sek\u00e4 parantavat yhteis\u00f6jens\u00e4 viihtyvyytt\u00e4. Rotarien toistaiseksi merkitt\u00e4vin maailmanlaajuinen hanke on polioviruksen juuriminen maailmasta.<br \/>Puolukoiden lahjoittaminen voi yht\u00e4kki\u00e4 tuntua pienenlaiselta hankkeelta jos vertailukohdaksi otetaan polion h\u00e4vitt\u00e4minen maailmasta. T\u00e4ll\u00e4 pienell\u00e4 teolla saattaa kuitenkin olla suuri merkitys liikuntarajoitteiselle tai muistisairaalle vanhukselle: mets\u00e4n tuoksu, kirkkaat v\u00e4rit, kevyt puuhailu ja mahdolliset muistikuvat nuoruuden p\u00e4ivilt\u00e4 toimivat erinomaisena terapiana. <strong>Pienetkin teot ovat t\u00e4rkeit\u00e4.<\/strong> <em>Puolukat on lahjoitettu Leporantaan Alah\u00e4rm\u00e4ss\u00e4, Iltakelloon Kauhavalla, Sointulaan ja Hoivakartanoon Ylih\u00e4rm\u00e4ss\u00e4.<\/em><\/p>\n<p><img loading=\"lazy\" decoding=\"async\" class=\"alignnone wp-image-1495 size-large\" src=\"https:\/\/rotary.fi\/kauhavaharmat\/wp-content\/uploads\/sites\/72\/2019\/02\/puolukkaprojekti-1-1024x342.jpg\" alt=\"\" width=\"1024\" height=\"342\" srcset=\"https:\/\/rotary.fi\/kauhavaharmat\/wp-content\/uploads\/sites\/72\/2019\/02\/puolukkaprojekti-1-1024x342.jpg 1024w, https:\/\/rotary.fi\/kauhavaharmat\/wp-content\/uploads\/sites\/72\/2019\/02\/puolukkaprojekti-1-300x100.jpg 300w, https:\/\/rotary.fi\/kauhavaharmat\/wp-content\/uploads\/sites\/72\/2019\/02\/puolukkaprojekti-1-768x256.jpg 768w, https:\/\/rotary.fi\/kauhavaharmat\/wp-content\/uploads\/sites\/72\/2019\/02\/puolukkaprojekti-1-1080x360.jpg 1080w\" sizes=\"(max-width: 1024px) 100vw, 1024px\" \/><\/p>\n<p>&nbsp;<\/p>\n<h3>End Polio Now<\/h3>\n<p>Pid\u00e4mme arvossa kansainv\u00e4lisen Rotary Internationalin ponnisteluja ja j\u00e4rjest\u00f6n arvokasta ty\u00f6t\u00e4 polion h\u00e4vitt\u00e4miseksi maapallolta. Pelk\u00e4st\u00e4\u00e4n t\u00e4h\u00e4n ty\u00f6h\u00f6n Rotary on suunnannut runsaasti vapaaehtoisvoimaa sek\u00e4 yli 1,2 miljardia US-dollaria. Klubimme osallistuu my\u00f6s t\u00e4h\u00e4n ty\u00f6h\u00f6n vuosittain.<\/p>\n<p><div id=\"attachment_1514\" style=\"width: 310px\" class=\"wp-caption alignnone\"><img loading=\"lazy\" decoding=\"async\" aria-describedby=\"caption-attachment-1514\" class=\"size-medium wp-image-1514\" src=\"https:\/\/rotary.fi\/kauhavaharmat\/wp-content\/uploads\/sites\/72\/2019\/02\/2011-10-15_endpolionow-kerays-300x261.jpg\" alt=\"\" width=\"300\" height=\"261\" srcset=\"https:\/\/rotary.fi\/kauhavaharmat\/wp-content\/uploads\/sites\/72\/2019\/02\/2011-10-15_endpolionow-kerays-300x261.jpg 300w, https:\/\/rotary.fi\/kauhavaharmat\/wp-content\/uploads\/sites\/72\/2019\/02\/2011-10-15_endpolionow-kerays.jpg 717w\" sizes=\"(max-width: 300px) 100vw, 300px\" \/><p id=\"caption-attachment-1514\" class=\"wp-caption-text\">Rotary Riikka Muurim\u00e4ki l\u00e4hd\u00f6ss\u00e4 ker\u00e4yslippaan kanssa matkaan syksyll\u00e4 2011.<\/p><\/div>[\/et_pb_text][\/et_pb_column_inner][\/et_pb_row_inner][\/et_pb_column][et_pb_column type=&#8221;1_3&#8243; _builder_version=&#8221;4.16&#8243; custom_padding=&#8221;|||&#8221; global_colors_info=&#8221;{}&#8221; custom_padding__hover=&#8221;|||&#8221;][et_pb_sidebar area=&#8221;sidebar-1&#8243; module_class=&#8221;sivupalkki_sisalto&#8221; _builder_version=&#8221;4.16&#8243; locked=&#8221;on&#8221; global_colors_info=&#8221;{}&#8221;]<br \/>\n[\/et_pb_sidebar][\/et_pb_column][\/et_pb_section]<\/p>\n","protected":false},"excerpt":{"rendered":"<p>\u00a0 Projektit Projektit &nbsp; &nbsp; Rotary on palveluj\u00e4rjest\u00f6. Toimimme tunnuslauseemme Palvelu itsekkyyden edelle (Service above self) mukaisesti paikallisesti ja maailmanlaajuisesti. Kansainv\u00e4linen humanit\u00e4\u00e4rinen palvelumme toteutuu Rotarys\u00e4\u00e4ti\u00f6mme koordinoimana ja hyv\u00e4ksyttyjen kumppaneiden kanssa. Olemme perustamisestamme l\u00e4htien halunneet kehitt\u00e4\u00e4 my\u00f6s omia projekteja, joilla edist\u00e4mme paikkakunnan ihmisten hyvinvointia. MIN\u00c4 EN KIUSAA -kampanja Syksyll\u00e4 2020 aloitimme vuoden teemamme mukaisen kaikenlaista kiusaamista [&hellip;]<\/p>\n","protected":false},"author":1,"featured_media":1993,"parent":77,"menu_order":0,"comment_status":"closed","ping_status":"closed","template":"","meta":{"_acf_changed":false,"_et_pb_use_builder":"on","_et_pb_old_content":"","_et_gb_content_width":"","footnotes":""},"class_list":["post-156","page","type-page","status-publish","has-post-thumbnail","hentry"],"acf":[],"yoast_head":"<!-- This site is optimized with the Yoast SEO plugin v27.4 - https:\/\/yoast.com\/product\/yoast-seo-wordpress\/ -->\n<title>Projektit - Kauhava H\u00e4rm\u00e4t Rotaryklubi<\/title>\n<meta name=\"robots\" content=\"index, follow, max-snippet:-1, max-image-preview:large, max-video-preview:-1\" \/>\n<link rel=\"canonical\" href=\"https:\/\/rotary.fi\/kauhavaharmat\/mita-teemme\/projektit\/\" \/>\n<meta property=\"og:locale\" content=\"fi_FI\" \/>\n<meta property=\"og:type\" content=\"article\" \/>\n<meta property=\"og:title\" content=\"Projektit - Kauhava H\u00e4rm\u00e4t Rotaryklubi\" \/>\n<meta property=\"og:description\" content=\"\u00a0 Projektit Projektit &nbsp; &nbsp; Rotary on palveluj\u00e4rjest\u00f6. Toimimme tunnuslauseemme Palvelu itsekkyyden edelle (Service above self) mukaisesti paikallisesti ja maailmanlaajuisesti. Kansainv\u00e4linen humanit\u00e4\u00e4rinen palvelumme toteutuu Rotarys\u00e4\u00e4ti\u00f6mme koordinoimana ja hyv\u00e4ksyttyjen kumppaneiden kanssa. Olemme perustamisestamme l\u00e4htien halunneet kehitt\u00e4\u00e4 my\u00f6s omia projekteja, joilla edist\u00e4mme paikkakunnan ihmisten hyvinvointia. MIN\u00c4 EN KIUSAA -kampanja Syksyll\u00e4 2020 aloitimme vuoden teemamme mukaisen kaikenlaista kiusaamista [&hellip;]\" \/>\n<meta property=\"og:url\" content=\"https:\/\/rotary.fi\/kauhavaharmat\/mita-teemme\/projektit\/\" \/>\n<meta property=\"og:site_name\" content=\"Kauhava H\u00e4rm\u00e4t Rotaryklubi\" \/>\n<meta property=\"article:modified_time\" content=\"2025-08-21T08:16:34+00:00\" \/>\n<meta property=\"og:image\" content=\"https:\/\/rotary.fi\/kauhavaharmat\/wp-content\/uploads\/sites\/72\/2021\/03\/enkiusaa-pressa_5d4a9931_pien.jpg\" \/>\n\t<meta property=\"og:image:width\" content=\"700\" \/>\n\t<meta property=\"og:image:height\" content=\"686\" \/>\n\t<meta property=\"og:image:type\" content=\"image\/jpeg\" \/>\n<meta name=\"twitter:card\" content=\"summary_large_image\" \/>\n<meta name=\"twitter:label1\" content=\"Arvioitu lukuaika\" \/>\n\t<meta name=\"twitter:data1\" content=\"4 minuuttia\" \/>\n<script type=\"application\/ld+json\" class=\"yoast-schema-graph\">{\"@context\":\"https:\\\/\\\/schema.org\",\"@graph\":[{\"@type\":\"WebPage\",\"@id\":\"https:\\\/\\\/rotary.fi\\\/kauhavaharmat\\\/mita-teemme\\\/projektit\\\/\",\"url\":\"https:\\\/\\\/rotary.fi\\\/kauhavaharmat\\\/mita-teemme\\\/projektit\\\/\",\"name\":\"Projektit - Kauhava H\u00e4rm\u00e4t Rotaryklubi\",\"isPartOf\":{\"@id\":\"https:\\\/\\\/rotary.fi\\\/kauhavaharmat\\\/#website\"},\"primaryImageOfPage\":{\"@id\":\"https:\\\/\\\/rotary.fi\\\/kauhavaharmat\\\/mita-teemme\\\/projektit\\\/#primaryimage\"},\"image\":{\"@id\":\"https:\\\/\\\/rotary.fi\\\/kauhavaharmat\\\/mita-teemme\\\/projektit\\\/#primaryimage\"},\"thumbnailUrl\":\"https:\\\/\\\/rotary.fi\\\/kauhavaharmat\\\/wp-content\\\/uploads\\\/sites\\\/72\\\/2021\\\/03\\\/enkiusaa-pressa_5d4a9931_pien.jpg\",\"datePublished\":\"2018-08-13T06:46:59+00:00\",\"dateModified\":\"2025-08-21T08:16:34+00:00\",\"breadcrumb\":{\"@id\":\"https:\\\/\\\/rotary.fi\\\/kauhavaharmat\\\/mita-teemme\\\/projektit\\\/#breadcrumb\"},\"inLanguage\":\"fi\",\"potentialAction\":[{\"@type\":\"ReadAction\",\"target\":[\"https:\\\/\\\/rotary.fi\\\/kauhavaharmat\\\/mita-teemme\\\/projektit\\\/\"]}]},{\"@type\":\"ImageObject\",\"inLanguage\":\"fi\",\"@id\":\"https:\\\/\\\/rotary.fi\\\/kauhavaharmat\\\/mita-teemme\\\/projektit\\\/#primaryimage\",\"url\":\"https:\\\/\\\/rotary.fi\\\/kauhavaharmat\\\/wp-content\\\/uploads\\\/sites\\\/72\\\/2021\\\/03\\\/enkiusaa-pressa_5d4a9931_pien.jpg\",\"contentUrl\":\"https:\\\/\\\/rotary.fi\\\/kauhavaharmat\\\/wp-content\\\/uploads\\\/sites\\\/72\\\/2021\\\/03\\\/enkiusaa-pressa_5d4a9931_pien.jpg\",\"width\":700,\"height\":686},{\"@type\":\"BreadcrumbList\",\"@id\":\"https:\\\/\\\/rotary.fi\\\/kauhavaharmat\\\/mita-teemme\\\/projektit\\\/#breadcrumb\",\"itemListElement\":[{\"@type\":\"ListItem\",\"position\":1,\"name\":\"Home\",\"item\":\"https:\\\/\\\/rotary.fi\\\/kauhavaharmat\\\/\"},{\"@type\":\"ListItem\",\"position\":2,\"name\":\"Mit\u00e4 teemme\",\"item\":\"https:\\\/\\\/rotary.fi\\\/kauhavaharmat\\\/mita-teemme\\\/\"},{\"@type\":\"ListItem\",\"position\":3,\"name\":\"Projektit\"}]},{\"@type\":\"WebSite\",\"@id\":\"https:\\\/\\\/rotary.fi\\\/kauhavaharmat\\\/#website\",\"url\":\"https:\\\/\\\/rotary.fi\\\/kauhavaharmat\\\/\",\"name\":\"Kauhava H\u00e4rm\u00e4t Rotaryklubi\",\"description\":\"Uusi Rotary klubisivusto\",\"potentialAction\":[{\"@type\":\"SearchAction\",\"target\":{\"@type\":\"EntryPoint\",\"urlTemplate\":\"https:\\\/\\\/rotary.fi\\\/kauhavaharmat\\\/?s={search_term_string}\"},\"query-input\":{\"@type\":\"PropertyValueSpecification\",\"valueRequired\":true,\"valueName\":\"search_term_string\"}}],\"inLanguage\":\"fi\"}]}<\/script>\n<!-- \/ Yoast SEO plugin. -->","yoast_head_json":{"title":"Projektit - Kauhava H\u00e4rm\u00e4t Rotaryklubi","robots":{"index":"index","follow":"follow","max-snippet":"max-snippet:-1","max-image-preview":"max-image-preview:large","max-video-preview":"max-video-preview:-1"},"canonical":"https:\/\/rotary.fi\/kauhavaharmat\/mita-teemme\/projektit\/","og_locale":"fi_FI","og_type":"article","og_title":"Projektit - Kauhava H\u00e4rm\u00e4t Rotaryklubi","og_description":"\u00a0 Projektit Projektit &nbsp; &nbsp; Rotary on palveluj\u00e4rjest\u00f6. Toimimme tunnuslauseemme Palvelu itsekkyyden edelle (Service above self) mukaisesti paikallisesti ja maailmanlaajuisesti. Kansainv\u00e4linen humanit\u00e4\u00e4rinen palvelumme toteutuu Rotarys\u00e4\u00e4ti\u00f6mme koordinoimana ja hyv\u00e4ksyttyjen kumppaneiden kanssa. Olemme perustamisestamme l\u00e4htien halunneet kehitt\u00e4\u00e4 my\u00f6s omia projekteja, joilla edist\u00e4mme paikkakunnan ihmisten hyvinvointia. MIN\u00c4 EN KIUSAA -kampanja Syksyll\u00e4 2020 aloitimme vuoden teemamme mukaisen kaikenlaista kiusaamista [&hellip;]","og_url":"https:\/\/rotary.fi\/kauhavaharmat\/mita-teemme\/projektit\/","og_site_name":"Kauhava H\u00e4rm\u00e4t Rotaryklubi","article_modified_time":"2025-08-21T08:16:34+00:00","og_image":[{"width":700,"height":686,"url":"https:\/\/rotary.fi\/kauhavaharmat\/wp-content\/uploads\/sites\/72\/2021\/03\/enkiusaa-pressa_5d4a9931_pien.jpg","type":"image\/jpeg"}],"twitter_card":"summary_large_image","twitter_misc":{"Arvioitu lukuaika":"4 minuuttia"},"schema":{"@context":"https:\/\/schema.org","@graph":[{"@type":"WebPage","@id":"https:\/\/rotary.fi\/kauhavaharmat\/mita-teemme\/projektit\/","url":"https:\/\/rotary.fi\/kauhavaharmat\/mita-teemme\/projektit\/","name":"Projektit - Kauhava H\u00e4rm\u00e4t Rotaryklubi","isPartOf":{"@id":"https:\/\/rotary.fi\/kauhavaharmat\/#website"},"primaryImageOfPage":{"@id":"https:\/\/rotary.fi\/kauhavaharmat\/mita-teemme\/projektit\/#primaryimage"},"image":{"@id":"https:\/\/rotary.fi\/kauhavaharmat\/mita-teemme\/projektit\/#primaryimage"},"thumbnailUrl":"https:\/\/rotary.fi\/kauhavaharmat\/wp-content\/uploads\/sites\/72\/2021\/03\/enkiusaa-pressa_5d4a9931_pien.jpg","datePublished":"2018-08-13T06:46:59+00:00","dateModified":"2025-08-21T08:16:34+00:00","breadcrumb":{"@id":"https:\/\/rotary.fi\/kauhavaharmat\/mita-teemme\/projektit\/#breadcrumb"},"inLanguage":"fi","potentialAction":[{"@type":"ReadAction","target":["https:\/\/rotary.fi\/kauhavaharmat\/mita-teemme\/projektit\/"]}]},{"@type":"ImageObject","inLanguage":"fi","@id":"https:\/\/rotary.fi\/kauhavaharmat\/mita-teemme\/projektit\/#primaryimage","url":"https:\/\/rotary.fi\/kauhavaharmat\/wp-content\/uploads\/sites\/72\/2021\/03\/enkiusaa-pressa_5d4a9931_pien.jpg","contentUrl":"https:\/\/rotary.fi\/kauhavaharmat\/wp-content\/uploads\/sites\/72\/2021\/03\/enkiusaa-pressa_5d4a9931_pien.jpg","width":700,"height":686},{"@type":"BreadcrumbList","@id":"https:\/\/rotary.fi\/kauhavaharmat\/mita-teemme\/projektit\/#breadcrumb","itemListElement":[{"@type":"ListItem","position":1,"name":"Home","item":"https:\/\/rotary.fi\/kauhavaharmat\/"},{"@type":"ListItem","position":2,"name":"Mit\u00e4 teemme","item":"https:\/\/rotary.fi\/kauhavaharmat\/mita-teemme\/"},{"@type":"ListItem","position":3,"name":"Projektit"}]},{"@type":"WebSite","@id":"https:\/\/rotary.fi\/kauhavaharmat\/#website","url":"https:\/\/rotary.fi\/kauhavaharmat\/","name":"Kauhava H\u00e4rm\u00e4t Rotaryklubi","description":"Uusi Rotary klubisivusto","potentialAction":[{"@type":"SearchAction","target":{"@type":"EntryPoint","urlTemplate":"https:\/\/rotary.fi\/kauhavaharmat\/?s={search_term_string}"},"query-input":{"@type":"PropertyValueSpecification","valueRequired":true,"valueName":"search_term_string"}}],"inLanguage":"fi"}]}},"lang":"fi","translations":{"fi":156},"pll_sync_post":[],"_links":{"self":[{"href":"https:\/\/rotary.fi\/kauhavaharmat\/wp-json\/wp\/v2\/pages\/156","targetHints":{"allow":["GET"]}}],"collection":[{"href":"https:\/\/rotary.fi\/kauhavaharmat\/wp-json\/wp\/v2\/pages"}],"about":[{"href":"https:\/\/rotary.fi\/kauhavaharmat\/wp-json\/wp\/v2\/types\/page"}],"author":[{"embeddable":true,"href":"https:\/\/rotary.fi\/kauhavaharmat\/wp-json\/wp\/v2\/users\/1"}],"replies":[{"embeddable":true,"href":"https:\/\/rotary.fi\/kauhavaharmat\/wp-json\/wp\/v2\/comments?post=156"}],"version-history":[{"count":9,"href":"https:\/\/rotary.fi\/kauhavaharmat\/wp-json\/wp\/v2\/pages\/156\/revisions"}],"predecessor-version":[{"id":2598,"href":"https:\/\/rotary.fi\/kauhavaharmat\/wp-json\/wp\/v2\/pages\/156\/revisions\/2598"}],"up":[{"embeddable":true,"href":"https:\/\/rotary.fi\/kauhavaharmat\/wp-json\/wp\/v2\/pages\/77"}],"wp:featuredmedia":[{"embeddable":true,"href":"https:\/\/rotary.fi\/kauhavaharmat\/wp-json\/wp\/v2\/media\/1993"}],"wp:attachment":[{"href":"https:\/\/rotary.fi\/kauhavaharmat\/wp-json\/wp\/v2\/media?parent=156"}],"curies":[{"name":"wp","href":"https:\/\/api.w.org\/{rel}","templated":true}]}}