{"id":2171,"date":"2022-03-16T18:31:13","date_gmt":"2022-03-16T16:31:13","guid":{"rendered":"https:\/\/rotary.fi\/karis-karjaa\/?page_id=2171"},"modified":"2022-11-20T15:52:39","modified_gmt":"2022-11-20T13:52:39","slug":"ukraina-projektet","status":"publish","type":"page","link":"https:\/\/rotary.fi\/karis-karjaa\/sv\/vad-gor-vi\/projekt\/ukraina-projektet\/","title":{"rendered":"Projektet Hj\u00e4lp till Ukraina"},"content":{"rendered":"<p><img loading=\"lazy\" decoding=\"async\" class=\"alignright  wp-image-2165\" src=\"https:\/\/rotary.fi\/karis-karjaa\/wp-content\/uploads\/sites\/129\/2022\/03\/rotary-ukraina-crop-300x242.png\" alt=\"\" width=\"424\" height=\"342\" \/><span style=\"font-weight: 400\">Den humanit\u00e4ra krisen i Ukraina har ber\u00f6rt oss alla. Den internationella Rotaryorganisationen, akt\u00f6rer p\u00e5 distriktsniv\u00e5 och enskilda klubbar har ig\u00e5ngsatt s\u00e5v\u00e4l gemensamma som separata aktioner f\u00f6r att bist\u00e5 civila b\u00e5de inom krisomr\u00e5det och efter att de har anl\u00e4nt till tryggheten i Finland.<\/span><\/p>\n<h2><strong>L\u00e4s mer om projektet<\/strong><\/h2>\n<ul>\n<li><a href=\"https:\/\/rotary.fi\/karis-karjaa\/sv\/project\/projekt-slava-ukraini\/\">Projektiraportt<\/a><\/li>\n<\/ul>\n<p>&nbsp;<\/p>\n<h2><strong>Projektet har f\u00e5tt st\u00f6d<\/strong><\/h2>\n<ul>\n<li>Ukrainalaisten Yhdistys Suomessa ry,<\/li>\n<li>Eken\u00e4s Sparbank,<\/li>\n<li>Karis Telefon,<\/li>\n<li>Andelsbanken Raseborg,<\/li>\n<li>SBA Interior, Raseborgs Energi,<\/li>\n<li>Svart\u00e5 Bruk,<\/li>\n<li>N3M,<\/li>\n<li>Oy Ralf Ajalin<\/li>\n<li>Lojo Rotaryklub<\/li>\n<li>Bj\u00f6rn Siggberg<\/li>\n<\/ul>\n","protected":false},"excerpt":{"rendered":"<p>Den humanit\u00e4ra krisen i Ukraina har ber\u00f6rt oss alla. Den internationella Rotaryorganisationen, akt\u00f6rer p\u00e5 distriktsniv\u00e5 och enskilda klubbar har ig\u00e5ngsatt s\u00e5v\u00e4l gemensamma som separata aktioner f\u00f6r att bist\u00e5 civila b\u00e5de inom krisomr\u00e5det och efter att de har anl\u00e4nt till tryggheten i Finland. L\u00e4s mer om projektet Projektiraportt &nbsp; Projektet har f\u00e5tt st\u00f6d Ukrainalaisten Yhdistys Suomessa [&hellip;]<\/p>\n","protected":false},"author":176,"featured_media":2165,"parent":1606,"menu_order":0,"comment_status":"closed","ping_status":"closed","template":"","meta":{"_acf_changed":false,"_et_pb_use_builder":"","_et_pb_old_content":"","_et_gb_content_width":"","footnotes":""},"class_list":["post-2171","page","type-page","status-publish","has-post-thumbnail","hentry"],"acf":[],"yoast_head":"<!-- This site is optimized with the Yoast SEO plugin v27.0 - https:\/\/yoast.com\/product\/yoast-seo-wordpress\/ -->\n<title>Projektet Hj\u00e4lp till Ukraina - Karis - Karjaa Rotaryklubi<\/title>\n<meta name=\"robots\" content=\"index, follow, max-snippet:-1, max-image-preview:large, max-video-preview:-1\" \/>\n<link rel=\"canonical\" href=\"https:\/\/rotary.fi\/karis-karjaa\/sv\/vad-gor-vi\/projekt\/ukraina-projektet\/\" \/>\n<meta property=\"og:locale\" content=\"fi_FI\" \/>\n<meta property=\"og:type\" content=\"article\" \/>\n<meta property=\"og:title\" content=\"Projektet Hj\u00e4lp till Ukraina - Karis - Karjaa Rotaryklubi\" \/>\n<meta property=\"og:description\" content=\"Den humanit\u00e4ra krisen i Ukraina har ber\u00f6rt oss alla. Den internationella Rotaryorganisationen, akt\u00f6rer p\u00e5 distriktsniv\u00e5 och enskilda klubbar har ig\u00e5ngsatt s\u00e5v\u00e4l gemensamma som separata aktioner f\u00f6r att bist\u00e5 civila b\u00e5de inom krisomr\u00e5det och efter att de har anl\u00e4nt till tryggheten i Finland. L\u00e4s mer om projektet Projektiraportt &nbsp; Projektet har f\u00e5tt st\u00f6d Ukrainalaisten Yhdistys Suomessa [&hellip;]\" \/>\n<meta property=\"og:url\" content=\"https:\/\/rotary.fi\/karis-karjaa\/sv\/vad-gor-vi\/projekt\/ukraina-projektet\/\" \/>\n<meta property=\"og:site_name\" content=\"Karis - Karjaa Rotaryklubi\" \/>\n<meta property=\"article:modified_time\" content=\"2022-11-20T13:52:39+00:00\" \/>\n<meta property=\"og:image\" content=\"https:\/\/rotary.fi\/karis-karjaa\/wp-content\/uploads\/sites\/129\/2022\/03\/rotary-ukraina-crop.png\" \/>\n\t<meta property=\"og:image:width\" content=\"1296\" \/>\n\t<meta property=\"og:image:height\" content=\"1044\" \/>\n\t<meta property=\"og:image:type\" content=\"image\/png\" \/>\n<meta name=\"twitter:card\" content=\"summary_large_image\" \/>\n<meta name=\"twitter:label1\" content=\"Arvioitu lukuaika\" \/>\n\t<meta name=\"twitter:data1\" content=\"1 minuutti\" \/>\n<script type=\"application\/ld+json\" class=\"yoast-schema-graph\">{\"@context\":\"https:\/\/schema.org\",\"@graph\":[{\"@type\":\"WebPage\",\"@id\":\"https:\/\/rotary.fi\/karis-karjaa\/sv\/vad-gor-vi\/projekt\/ukraina-projektet\/\",\"url\":\"https:\/\/rotary.fi\/karis-karjaa\/sv\/vad-gor-vi\/projekt\/ukraina-projektet\/\",\"name\":\"Projektet Hj\u00e4lp till Ukraina - Karis - Karjaa Rotaryklubi\",\"isPartOf\":{\"@id\":\"https:\/\/rotary.fi\/karis-karjaa\/#website\"},\"primaryImageOfPage\":{\"@id\":\"https:\/\/rotary.fi\/karis-karjaa\/sv\/vad-gor-vi\/projekt\/ukraina-projektet\/#primaryimage\"},\"image\":{\"@id\":\"https:\/\/rotary.fi\/karis-karjaa\/sv\/vad-gor-vi\/projekt\/ukraina-projektet\/#primaryimage\"},\"thumbnailUrl\":\"https:\/\/rotary.fi\/karis-karjaa\/wp-content\/uploads\/sites\/129\/2022\/03\/rotary-ukraina-crop.png\",\"datePublished\":\"2022-03-16T16:31:13+00:00\",\"dateModified\":\"2022-11-20T13:52:39+00:00\",\"breadcrumb\":{\"@id\":\"https:\/\/rotary.fi\/karis-karjaa\/sv\/vad-gor-vi\/projekt\/ukraina-projektet\/#breadcrumb\"},\"inLanguage\":\"fi\",\"potentialAction\":[{\"@type\":\"ReadAction\",\"target\":[\"https:\/\/rotary.fi\/karis-karjaa\/sv\/vad-gor-vi\/projekt\/ukraina-projektet\/\"]}]},{\"@type\":\"ImageObject\",\"inLanguage\":\"fi\",\"@id\":\"https:\/\/rotary.fi\/karis-karjaa\/sv\/vad-gor-vi\/projekt\/ukraina-projektet\/#primaryimage\",\"url\":\"https:\/\/rotary.fi\/karis-karjaa\/wp-content\/uploads\/sites\/129\/2022\/03\/rotary-ukraina-crop.png\",\"contentUrl\":\"https:\/\/rotary.fi\/karis-karjaa\/wp-content\/uploads\/sites\/129\/2022\/03\/rotary-ukraina-crop.png\",\"width\":1296,\"height\":1044},{\"@type\":\"BreadcrumbList\",\"@id\":\"https:\/\/rotary.fi\/karis-karjaa\/sv\/vad-gor-vi\/projekt\/ukraina-projektet\/#breadcrumb\",\"itemListElement\":[{\"@type\":\"ListItem\",\"position\":1,\"name\":\"Home\",\"item\":\"https:\/\/rotary.fi\/karis-karjaa\/\"},{\"@type\":\"ListItem\",\"position\":2,\"name\":\"Vad g\u00f6r vi\",\"item\":\"https:\/\/rotary.fi\/karis-karjaa\/sv\/vad-gor-vi\/\"},{\"@type\":\"ListItem\",\"position\":3,\"name\":\"Projekt\",\"item\":\"https:\/\/rotary.fi\/karis-karjaa\/sv\/vad-gor-vi\/projekt\/\"},{\"@type\":\"ListItem\",\"position\":4,\"name\":\"Projektet Hj\u00e4lp till Ukraina\"}]},{\"@type\":\"WebSite\",\"@id\":\"https:\/\/rotary.fi\/karis-karjaa\/#website\",\"url\":\"https:\/\/rotary.fi\/karis-karjaa\/\",\"name\":\"Karis - Karjaa Rotaryklubi\",\"description\":\"Uusi Rotary klubisivusto\",\"potentialAction\":[{\"@type\":\"SearchAction\",\"target\":{\"@type\":\"EntryPoint\",\"urlTemplate\":\"https:\/\/rotary.fi\/karis-karjaa\/?s={search_term_string}\"},\"query-input\":{\"@type\":\"PropertyValueSpecification\",\"valueRequired\":true,\"valueName\":\"search_term_string\"}}],\"inLanguage\":\"fi\"}]}<\/script>\n<!-- \/ Yoast SEO plugin. -->","yoast_head_json":{"title":"Projektet Hj\u00e4lp till Ukraina - Karis - Karjaa Rotaryklubi","robots":{"index":"index","follow":"follow","max-snippet":"max-snippet:-1","max-image-preview":"max-image-preview:large","max-video-preview":"max-video-preview:-1"},"canonical":"https:\/\/rotary.fi\/karis-karjaa\/sv\/vad-gor-vi\/projekt\/ukraina-projektet\/","og_locale":"fi_FI","og_type":"article","og_title":"Projektet Hj\u00e4lp till Ukraina - Karis - Karjaa Rotaryklubi","og_description":"Den humanit\u00e4ra krisen i Ukraina har ber\u00f6rt oss alla. Den internationella Rotaryorganisationen, akt\u00f6rer p\u00e5 distriktsniv\u00e5 och enskilda klubbar har ig\u00e5ngsatt s\u00e5v\u00e4l gemensamma som separata aktioner f\u00f6r att bist\u00e5 civila b\u00e5de inom krisomr\u00e5det och efter att de har anl\u00e4nt till tryggheten i Finland. L\u00e4s mer om projektet Projektiraportt &nbsp; Projektet har f\u00e5tt st\u00f6d Ukrainalaisten Yhdistys Suomessa [&hellip;]","og_url":"https:\/\/rotary.fi\/karis-karjaa\/sv\/vad-gor-vi\/projekt\/ukraina-projektet\/","og_site_name":"Karis - Karjaa Rotaryklubi","article_modified_time":"2022-11-20T13:52:39+00:00","og_image":[{"width":1296,"height":1044,"url":"https:\/\/rotary.fi\/karis-karjaa\/wp-content\/uploads\/sites\/129\/2022\/03\/rotary-ukraina-crop.png","type":"image\/png"}],"twitter_card":"summary_large_image","twitter_misc":{"Arvioitu lukuaika":"1 minuutti"},"schema":{"@context":"https:\/\/schema.org","@graph":[{"@type":"WebPage","@id":"https:\/\/rotary.fi\/karis-karjaa\/sv\/vad-gor-vi\/projekt\/ukraina-projektet\/","url":"https:\/\/rotary.fi\/karis-karjaa\/sv\/vad-gor-vi\/projekt\/ukraina-projektet\/","name":"Projektet Hj\u00e4lp till Ukraina - Karis - Karjaa Rotaryklubi","isPartOf":{"@id":"https:\/\/rotary.fi\/karis-karjaa\/#website"},"primaryImageOfPage":{"@id":"https:\/\/rotary.fi\/karis-karjaa\/sv\/vad-gor-vi\/projekt\/ukraina-projektet\/#primaryimage"},"image":{"@id":"https:\/\/rotary.fi\/karis-karjaa\/sv\/vad-gor-vi\/projekt\/ukraina-projektet\/#primaryimage"},"thumbnailUrl":"https:\/\/rotary.fi\/karis-karjaa\/wp-content\/uploads\/sites\/129\/2022\/03\/rotary-ukraina-crop.png","datePublished":"2022-03-16T16:31:13+00:00","dateModified":"2022-11-20T13:52:39+00:00","breadcrumb":{"@id":"https:\/\/rotary.fi\/karis-karjaa\/sv\/vad-gor-vi\/projekt\/ukraina-projektet\/#breadcrumb"},"inLanguage":"fi","potentialAction":[{"@type":"ReadAction","target":["https:\/\/rotary.fi\/karis-karjaa\/sv\/vad-gor-vi\/projekt\/ukraina-projektet\/"]}]},{"@type":"ImageObject","inLanguage":"fi","@id":"https:\/\/rotary.fi\/karis-karjaa\/sv\/vad-gor-vi\/projekt\/ukraina-projektet\/#primaryimage","url":"https:\/\/rotary.fi\/karis-karjaa\/wp-content\/uploads\/sites\/129\/2022\/03\/rotary-ukraina-crop.png","contentUrl":"https:\/\/rotary.fi\/karis-karjaa\/wp-content\/uploads\/sites\/129\/2022\/03\/rotary-ukraina-crop.png","width":1296,"height":1044},{"@type":"BreadcrumbList","@id":"https:\/\/rotary.fi\/karis-karjaa\/sv\/vad-gor-vi\/projekt\/ukraina-projektet\/#breadcrumb","itemListElement":[{"@type":"ListItem","position":1,"name":"Home","item":"https:\/\/rotary.fi\/karis-karjaa\/"},{"@type":"ListItem","position":2,"name":"Vad g\u00f6r vi","item":"https:\/\/rotary.fi\/karis-karjaa\/sv\/vad-gor-vi\/"},{"@type":"ListItem","position":3,"name":"Projekt","item":"https:\/\/rotary.fi\/karis-karjaa\/sv\/vad-gor-vi\/projekt\/"},{"@type":"ListItem","position":4,"name":"Projektet Hj\u00e4lp till Ukraina"}]},{"@type":"WebSite","@id":"https:\/\/rotary.fi\/karis-karjaa\/#website","url":"https:\/\/rotary.fi\/karis-karjaa\/","name":"Karis - Karjaa Rotaryklubi","description":"Uusi Rotary klubisivusto","potentialAction":[{"@type":"SearchAction","target":{"@type":"EntryPoint","urlTemplate":"https:\/\/rotary.fi\/karis-karjaa\/?s={search_term_string}"},"query-input":{"@type":"PropertyValueSpecification","valueRequired":true,"valueName":"search_term_string"}}],"inLanguage":"fi"}]}},"lang":"sv","translations":{"sv":2171,"fi":2158},"pll_sync_post":[],"_links":{"self":[{"href":"https:\/\/rotary.fi\/karis-karjaa\/wp-json\/wp\/v2\/pages\/2171","targetHints":{"allow":["GET"]}}],"collection":[{"href":"https:\/\/rotary.fi\/karis-karjaa\/wp-json\/wp\/v2\/pages"}],"about":[{"href":"https:\/\/rotary.fi\/karis-karjaa\/wp-json\/wp\/v2\/types\/page"}],"author":[{"embeddable":true,"href":"https:\/\/rotary.fi\/karis-karjaa\/wp-json\/wp\/v2\/users\/176"}],"replies":[{"embeddable":true,"href":"https:\/\/rotary.fi\/karis-karjaa\/wp-json\/wp\/v2\/comments?post=2171"}],"version-history":[{"count":10,"href":"https:\/\/rotary.fi\/karis-karjaa\/wp-json\/wp\/v2\/pages\/2171\/revisions"}],"predecessor-version":[{"id":2294,"href":"https:\/\/rotary.fi\/karis-karjaa\/wp-json\/wp\/v2\/pages\/2171\/revisions\/2294"}],"up":[{"embeddable":true,"href":"https:\/\/rotary.fi\/karis-karjaa\/wp-json\/wp\/v2\/pages\/1606"}],"wp:featuredmedia":[{"embeddable":true,"href":"https:\/\/rotary.fi\/karis-karjaa\/wp-json\/wp\/v2\/media\/2165"}],"wp:attachment":[{"href":"https:\/\/rotary.fi\/karis-karjaa\/wp-json\/wp\/v2\/media?parent=2171"}],"curies":[{"name":"wp","href":"https:\/\/api.w.org\/{rel}","templated":true}]}}