{"id":1606,"date":"2019-03-19T15:28:00","date_gmt":"2019-03-19T13:28:00","guid":{"rendered":"https:\/\/rotary.fi\/kariskarjaa\/?page_id=1606"},"modified":"2022-11-20T19:19:55","modified_gmt":"2022-11-20T17:19:55","slug":"projekt","status":"publish","type":"page","link":"https:\/\/rotary.fi\/karis-karjaa\/sv\/vad-gor-vi\/projekt\/","title":{"rendered":"Projekt"},"content":{"rendered":"<p>Rotary \u00e4r en serviceorganisation. Vi verkar lokalt och globalt.\u00a0V\u00e5r internationella humanit\u00e4ra service samordnas av v\u00e5r Rotary Foundation och med godk\u00e4nda partners.<\/p>\n<h2><strong>Ukraina-projekt<\/strong><\/h2>\n<p>V\u00e5ren 2022 initierade Karis Karjaa Rotary Klubb ett projekt f\u00f6r att manisfestera sin solidaritet med det Ukrainska folket efter Rysslands kriminella invasion av den suver\u00e4na nationen Ukraina. M\u00e5ls\u00e4ttningen f\u00f6r projektet var att i st\u00e4llet f\u00f6r att sk\u00e4nka en summa pengar till hj\u00e4lp f\u00f6r den ukrainska befolkningen g\u00f6ra n\u00e5got handfast och s\u00e4nda iv\u00e4g en buss f\u00f6r att ta hem en liten del av den stora flyktingstr\u00f6m av kvinnor och barn som v\u00e4llde \u00f6ver gr\u00e4nsen till Polen.<\/p>\n<ul>\n<li><a href=\"https:\/\/rotary.fi\/karis-karjaa\/sv\/project\/projekt-slava-ukraini\/\">Project raport<\/a><\/li>\n<li>Yle V\u00e4stra Nyland,\u00a0<a href=\"https:\/\/svenska.yle.fi\/a\/7-10014638\">Karisbuss h\u00e4mtar flyktingar fr\u00e5n polsk-ukrainska gr\u00e4nsen<\/a><\/li>\n<\/ul>\n<p>&nbsp;<\/p>\n<p>&nbsp;<\/p>\n","protected":false},"excerpt":{"rendered":"<p>Rotary \u00e4r en serviceorganisation. Vi verkar lokalt och globalt.\u00a0V\u00e5r internationella humanit\u00e4ra service samordnas av v\u00e5r Rotary Foundation och med godk\u00e4nda partners. Ukraina-projekt V\u00e5ren 2022 initierade Karis Karjaa Rotary Klubb ett projekt f\u00f6r att manisfestera sin solidaritet med det Ukrainska folket efter Rysslands kriminella invasion av den suver\u00e4na nationen Ukraina. M\u00e5ls\u00e4ttningen f\u00f6r projektet var att i [&hellip;]<\/p>\n","protected":false},"author":1,"featured_media":0,"parent":1602,"menu_order":2,"comment_status":"closed","ping_status":"closed","template":"","meta":{"_acf_changed":false,"_et_pb_use_builder":"off","_et_pb_old_content":"","_et_gb_content_width":"","footnotes":""},"class_list":["post-1606","page","type-page","status-publish","hentry"],"acf":[],"yoast_head":"<!-- This site is optimized with the Yoast SEO plugin v27.0 - https:\/\/yoast.com\/product\/yoast-seo-wordpress\/ -->\n<title>Projekt - Karis - Karjaa Rotaryklubi<\/title>\n<meta name=\"robots\" content=\"index, follow, max-snippet:-1, max-image-preview:large, max-video-preview:-1\" \/>\n<link rel=\"canonical\" href=\"https:\/\/rotary.fi\/karis-karjaa\/sv\/vad-gor-vi\/projekt\/\" \/>\n<meta property=\"og:locale\" content=\"fi_FI\" \/>\n<meta property=\"og:type\" content=\"article\" \/>\n<meta property=\"og:title\" content=\"Projekt - Karis - Karjaa Rotaryklubi\" \/>\n<meta property=\"og:description\" content=\"Rotary \u00e4r en serviceorganisation. Vi verkar lokalt och globalt.\u00a0V\u00e5r internationella humanit\u00e4ra service samordnas av v\u00e5r Rotary Foundation och med godk\u00e4nda partners. Ukraina-projekt V\u00e5ren 2022 initierade Karis Karjaa Rotary Klubb ett projekt f\u00f6r att manisfestera sin solidaritet med det Ukrainska folket efter Rysslands kriminella invasion av den suver\u00e4na nationen Ukraina. M\u00e5ls\u00e4ttningen f\u00f6r projektet var att i [&hellip;]\" \/>\n<meta property=\"og:url\" content=\"https:\/\/rotary.fi\/karis-karjaa\/sv\/vad-gor-vi\/projekt\/\" \/>\n<meta property=\"og:site_name\" content=\"Karis - Karjaa Rotaryklubi\" \/>\n<meta property=\"article:modified_time\" content=\"2022-11-20T17:19:55+00:00\" \/>\n<meta name=\"twitter:card\" content=\"summary_large_image\" \/>\n<meta name=\"twitter:label1\" content=\"Arvioitu lukuaika\" \/>\n\t<meta name=\"twitter:data1\" content=\"1 minuutti\" \/>\n<script type=\"application\/ld+json\" class=\"yoast-schema-graph\">{\"@context\":\"https:\/\/schema.org\",\"@graph\":[{\"@type\":\"WebPage\",\"@id\":\"https:\/\/rotary.fi\/karis-karjaa\/sv\/vad-gor-vi\/projekt\/\",\"url\":\"https:\/\/rotary.fi\/karis-karjaa\/sv\/vad-gor-vi\/projekt\/\",\"name\":\"Projekt - Karis - Karjaa Rotaryklubi\",\"isPartOf\":{\"@id\":\"https:\/\/rotary.fi\/karis-karjaa\/#website\"},\"datePublished\":\"2019-03-19T13:28:00+00:00\",\"dateModified\":\"2022-11-20T17:19:55+00:00\",\"breadcrumb\":{\"@id\":\"https:\/\/rotary.fi\/karis-karjaa\/sv\/vad-gor-vi\/projekt\/#breadcrumb\"},\"inLanguage\":\"fi\",\"potentialAction\":[{\"@type\":\"ReadAction\",\"target\":[\"https:\/\/rotary.fi\/karis-karjaa\/sv\/vad-gor-vi\/projekt\/\"]}]},{\"@type\":\"BreadcrumbList\",\"@id\":\"https:\/\/rotary.fi\/karis-karjaa\/sv\/vad-gor-vi\/projekt\/#breadcrumb\",\"itemListElement\":[{\"@type\":\"ListItem\",\"position\":1,\"name\":\"Home\",\"item\":\"https:\/\/rotary.fi\/karis-karjaa\/\"},{\"@type\":\"ListItem\",\"position\":2,\"name\":\"Vad g\u00f6r vi\",\"item\":\"https:\/\/rotary.fi\/karis-karjaa\/sv\/vad-gor-vi\/\"},{\"@type\":\"ListItem\",\"position\":3,\"name\":\"Projekt\"}]},{\"@type\":\"WebSite\",\"@id\":\"https:\/\/rotary.fi\/karis-karjaa\/#website\",\"url\":\"https:\/\/rotary.fi\/karis-karjaa\/\",\"name\":\"Karis - Karjaa Rotaryklubi\",\"description\":\"Uusi Rotary klubisivusto\",\"potentialAction\":[{\"@type\":\"SearchAction\",\"target\":{\"@type\":\"EntryPoint\",\"urlTemplate\":\"https:\/\/rotary.fi\/karis-karjaa\/?s={search_term_string}\"},\"query-input\":{\"@type\":\"PropertyValueSpecification\",\"valueRequired\":true,\"valueName\":\"search_term_string\"}}],\"inLanguage\":\"fi\"}]}<\/script>\n<!-- \/ Yoast SEO plugin. -->","yoast_head_json":{"title":"Projekt - Karis - Karjaa Rotaryklubi","robots":{"index":"index","follow":"follow","max-snippet":"max-snippet:-1","max-image-preview":"max-image-preview:large","max-video-preview":"max-video-preview:-1"},"canonical":"https:\/\/rotary.fi\/karis-karjaa\/sv\/vad-gor-vi\/projekt\/","og_locale":"fi_FI","og_type":"article","og_title":"Projekt - Karis - Karjaa Rotaryklubi","og_description":"Rotary \u00e4r en serviceorganisation. Vi verkar lokalt och globalt.\u00a0V\u00e5r internationella humanit\u00e4ra service samordnas av v\u00e5r Rotary Foundation och med godk\u00e4nda partners. Ukraina-projekt V\u00e5ren 2022 initierade Karis Karjaa Rotary Klubb ett projekt f\u00f6r att manisfestera sin solidaritet med det Ukrainska folket efter Rysslands kriminella invasion av den suver\u00e4na nationen Ukraina. M\u00e5ls\u00e4ttningen f\u00f6r projektet var att i [&hellip;]","og_url":"https:\/\/rotary.fi\/karis-karjaa\/sv\/vad-gor-vi\/projekt\/","og_site_name":"Karis - Karjaa Rotaryklubi","article_modified_time":"2022-11-20T17:19:55+00:00","twitter_card":"summary_large_image","twitter_misc":{"Arvioitu lukuaika":"1 minuutti"},"schema":{"@context":"https:\/\/schema.org","@graph":[{"@type":"WebPage","@id":"https:\/\/rotary.fi\/karis-karjaa\/sv\/vad-gor-vi\/projekt\/","url":"https:\/\/rotary.fi\/karis-karjaa\/sv\/vad-gor-vi\/projekt\/","name":"Projekt - Karis - Karjaa Rotaryklubi","isPartOf":{"@id":"https:\/\/rotary.fi\/karis-karjaa\/#website"},"datePublished":"2019-03-19T13:28:00+00:00","dateModified":"2022-11-20T17:19:55+00:00","breadcrumb":{"@id":"https:\/\/rotary.fi\/karis-karjaa\/sv\/vad-gor-vi\/projekt\/#breadcrumb"},"inLanguage":"fi","potentialAction":[{"@type":"ReadAction","target":["https:\/\/rotary.fi\/karis-karjaa\/sv\/vad-gor-vi\/projekt\/"]}]},{"@type":"BreadcrumbList","@id":"https:\/\/rotary.fi\/karis-karjaa\/sv\/vad-gor-vi\/projekt\/#breadcrumb","itemListElement":[{"@type":"ListItem","position":1,"name":"Home","item":"https:\/\/rotary.fi\/karis-karjaa\/"},{"@type":"ListItem","position":2,"name":"Vad g\u00f6r vi","item":"https:\/\/rotary.fi\/karis-karjaa\/sv\/vad-gor-vi\/"},{"@type":"ListItem","position":3,"name":"Projekt"}]},{"@type":"WebSite","@id":"https:\/\/rotary.fi\/karis-karjaa\/#website","url":"https:\/\/rotary.fi\/karis-karjaa\/","name":"Karis - Karjaa Rotaryklubi","description":"Uusi Rotary klubisivusto","potentialAction":[{"@type":"SearchAction","target":{"@type":"EntryPoint","urlTemplate":"https:\/\/rotary.fi\/karis-karjaa\/?s={search_term_string}"},"query-input":{"@type":"PropertyValueSpecification","valueRequired":true,"valueName":"search_term_string"}}],"inLanguage":"fi"}]}},"lang":"sv","translations":{"sv":1606,"fi":156},"pll_sync_post":[],"_links":{"self":[{"href":"https:\/\/rotary.fi\/karis-karjaa\/wp-json\/wp\/v2\/pages\/1606","targetHints":{"allow":["GET"]}}],"collection":[{"href":"https:\/\/rotary.fi\/karis-karjaa\/wp-json\/wp\/v2\/pages"}],"about":[{"href":"https:\/\/rotary.fi\/karis-karjaa\/wp-json\/wp\/v2\/types\/page"}],"author":[{"embeddable":true,"href":"https:\/\/rotary.fi\/karis-karjaa\/wp-json\/wp\/v2\/users\/1"}],"replies":[{"embeddable":true,"href":"https:\/\/rotary.fi\/karis-karjaa\/wp-json\/wp\/v2\/comments?post=1606"}],"version-history":[{"count":10,"href":"https:\/\/rotary.fi\/karis-karjaa\/wp-json\/wp\/v2\/pages\/1606\/revisions"}],"predecessor-version":[{"id":2297,"href":"https:\/\/rotary.fi\/karis-karjaa\/wp-json\/wp\/v2\/pages\/1606\/revisions\/2297"}],"up":[{"embeddable":true,"href":"https:\/\/rotary.fi\/karis-karjaa\/wp-json\/wp\/v2\/pages\/1602"}],"wp:attachment":[{"href":"https:\/\/rotary.fi\/karis-karjaa\/wp-json\/wp\/v2\/media?parent=1606"}],"curies":[{"name":"wp","href":"https:\/\/api.w.org\/{rel}","templated":true}]}}