{"id":186,"date":"2018-08-13T11:06:59","date_gmt":"2018-08-13T08:06:59","guid":{"rendered":"https:\/\/rotary.fi\/jyvaskylalaajavuori\/?page_id=186"},"modified":"2026-03-25T08:50:23","modified_gmt":"2026-03-25T06:50:23","slug":"tapahtumakalenteri","status":"publish","type":"page","link":"https:\/\/rotary.fi\/jyvaskylalaajavuori\/ajankohtaista\/tapahtumakalenteri\/","title":{"rendered":"Tapahtumakalenteri"},"content":{"rendered":"<p>[et_pb_section fb_built=&#8221;1&#8243; _builder_version=&#8221;4.25.2&#8243; _module_preset=&#8221;default&#8221; global_colors_info=&#8221;{}&#8221;][\/et_pb_section][et_pb_section fb_built=&#8221;1&#8243; _builder_version=&#8221;4.25.2&#8243; _module_preset=&#8221;default&#8221; global_colors_info=&#8221;{}&#8221;][et_pb_row _builder_version=&#8221;4.22.0&#8243; _module_preset=&#8221;default&#8221; custom_margin=&#8221;|auto||4px||&#8221; global_colors_info=&#8221;{}&#8221;][et_pb_column type=&#8221;4_4&#8243; _builder_version=&#8221;4.22.0&#8243; _module_preset=&#8221;default&#8221; global_colors_info=&#8221;{}&#8221;][et_pb_heading title=&#8221;JYV\u00c4SKYL\u00c4 \u2013 LAAJAVUORI RY:N TOIMINTAVUODEN 2025-2026 OHJELMA&#8221; _builder_version=&#8221;4.22.0&#8243; _module_preset=&#8221;default&#8221; global_colors_info=&#8221;{}&#8221;][\/et_pb_heading][et_pb_text _builder_version=&#8221;4.27.4&#8243; _module_preset=&#8221;default&#8221; custom_padding=&#8221;147px|||||&#8221; border_width_all=&#8221;1px&#8221; global_colors_info=&#8221;{}&#8221;]<\/p>\n<p><strong style=\"font-size: 16px\">)Kokoukset hotelli Albassa, ellei toisin mainita.<\/strong><strong><\/strong><\/p>\n<p>&nbsp;<\/p>\n<p><u>TAMMIKUU 2026<\/u><\/p>\n<p>7.1. 2026 VIIKKOKOKOUS\/VIERAILU &#8211; Vierailu: Panimokierros Panimo X:ss\u00e4 (klo 12.30-)<\/p>\n<p>14.1. 2026 VIIKKOKOKOUS klo 16\/17 &#8211; Jyv\u00e4skyl\u00e4n ymp\u00e4rist\u00f6johtaja P\u00e4ivi Pietarinen: Ajatuksia Jyv\u00e4skyl\u00e4n resurssiviisaudesta<\/p>\n<p>21.1. 2026 VIIKKOKOKOUS &#8211; <span style=\"color: #e02b20\">Jari Nyk\u00e4nen: S\u00e4\u00e4 (<em>Anssi Kuoppala: Teko\u00e4lyst\u00e4 apua,\u00a0 siirtyy 27.5.<\/em>)<\/span><\/p>\n<p>28.1. 2026 VIIKKOKOKOUS &#8211; Liiketoimintajohtaja Jouni Flyktman: Ajankohtaista kyberturvallisuudesta<\/p>\n<p><u>HELMIKUU 2026<\/u><\/p>\n<p>4.2. 2026 VIIKKOKOKOUS &#8211; Ammattij\u00e4rjest\u00e4j\u00e4 Sirpa P\u00f6ll\u00e4nen: \u201dIhanaa olla kotona \u2013 vai onko?\u201d Tavaroiden-, tiedon- ja ajanhallinnan ammattilainen kertoo, kuinka p\u00e4\u00e4see eroon turhasta tavarasta.<\/p>\n<p>11.2. 2026 VIIKKOKOKOUS &#8211; Jyv\u00e4skyl\u00e4n kaupunkirakennelautakunnan puheenjohtaja Moona Sepp\u00e4: Yleiskaavasta yms.<\/p>\n<p>18.2. 2026 VIIKKOKOKOUS\u00a0 &#8211; <span style=\"color: #e02b20\">MTK mets\u00e4valtuuskunnan pj Mikko Tiirola, Vihre\u00e4 siirtym\u00e4 Keski-Suomessa<\/span> (peruttu: Osastop\u00e4\u00e4llikk\u00f6 Caius Forsberg, Keski-Suomen elinvoimakeskus; esitelm\u00e4 siirtyy my\u00f6hemmin ilmoitettavaan ajankohtaan)<\/p>\n<p>Vko 9 Talviloma<\/p>\n<p><u>MAALISKUU 2026<\/u><\/p>\n<p>4.3. 2026 VIIKKOKOKOUS &#8211; Rehtori Vesa Saarikoski: Mik\u00e4 muuttuu ammattikorkeakoulussa?<\/p>\n<p>11.3. 2026 VIIKKOKOKOUS &#8211; <span style=\"color: #e02b20\">Markku K\u00f6nkk\u00f6l\u00e4: Viek\u00f6 kamera miest\u00e4 vai mies kameraa &#8211; kuusi teemaa\u00a0<\/span><\/p>\n<p>18.3. 2026 VIIKKOKOKOUS &#8211; <span style=\"color: #e02b20\">Jorma Paananen: Vety<\/span><\/p>\n<p>25.3. 2026 VIIKKOKOKOUS &#8211; Professori Jutta Viinikainen: Terveystalous, alan tutkimuksesta ja yliopistourasta<\/p>\n<p><u>HUHTIKUU 2026<\/u><\/p>\n<p>1.4. 2026 VIERAILU &#8211; Vierailu Teeleidiin, yritt\u00e4j\u00e4 Anne Savela kertoo Teeleidin toiminnasta<\/p>\n<p>8.4. 2026 p\u00e4\u00e4si\u00e4islounas (p\u00e4\u00e4si\u00e4isen j\u00e4lkeinen keskiviikko)<\/p>\n<p>15.4. 2026 VIIKKOKOKOUS\/VIERAILU &#8211; Vierailu KIHUlle klo 12-13. Vierailun is\u00e4nt\u00e4n\u00e4 KIHUn toimitusjohtaja Arto Kuusisto.<\/p>\n<p>22.4. 2026 VIIKKOKOKOUS &#8211; Johtaja (yhteiskuntasuhteet) Joonas K\u00f6ntt\u00e4, Viestint\u00e4toimisto Kreab: Vaikuttamistoiminta Suomessa<\/p>\n<p>29.4.2026 VIIKKOKOKOUS &#8211; Matti Heikkinen<\/p>\n<p><u>TOUKOKUU 2026<\/u><\/p>\n<p>6.5.2026 Kev\u00e4tkokous<\/p>\n<p>13.5.2026 VIIKKOKOKOUS &#8211; Heikki Savolainen (Mets\u00e4hallitus): Mets\u00e4talouden suunta<\/p>\n<p>20.5.2026 VIIKKOKOKOUS &#8211; Museonjohtaja Jukka Savolainen: Alvar Aalto -museon n\u00e4kym\u00e4t<\/p>\n<p>27.5.2026 VIIKKOKOKOUS &#8211; toimitusjohtaja Anssi Kuoppala, Midare Oy: Teko\u00e4lyst\u00e4<\/p>\n<p><u>KES\u00c4KUU 2026<\/u><\/p>\n<p>3.6.2026 K\u00e4\u00e4tyjen vaihto (mahdollisesti seudun klubien yhteiskokous &#8211; p\u00e4iv\u00e4 voi muuttua)<\/p>\n<p>&#8212;&#8212;-<\/p>\n<p><u>SYYSKUU 2025<\/u><\/p>\n<p>3.9.2025 KAUDEN ALOITUSKOKOUS &#8211; PRESIDENTIN JA HALLITUKSEN TILANNEKATSAUS KAUDEN OHJELMASTA<\/p>\n<p>10.9.2025 VIIKKOKOKOUS &#8211; Jyv\u00e4skyl\u00e4n museotoimenjohtaja Hanna-Kaisa Melaranta: Jyv\u00e4skyl\u00e4n museoiden tulevaisuuden n\u00e4kymi\u00e4<\/p>\n<p>17.9.2024 VIIKKOKOKOUS &#8211; Piirikuvern\u00f6\u00f6rin vierailu<\/p>\n<p>24.9.2024 VIIKKOKOKOUS &#8211; Suomen Ilmavoimamuseon johtaja Kai Mecklin<\/p>\n<p><u>LOKAKUU 2025<\/u><\/p>\n<p>1.10.2025 VIIKKOKOKOUS &#8211; Aluekehitysjohtaja Pirjo Per\u00e4aho: Aluekehitys Keski-Suomessa<\/p>\n<p>8.10.2025 VIIKKOKOKOUS &#8211; <a href=\"https:\/\/www.jyu.fi\/fi\/uutinen\/jyvaskylan-yliopiston-kiihdytinlaboratoriossa-loydetty-uudenlainen-atomiydin-kuuluu-harvinaisimmalle\">V\u00e4it\u00f6skirjatutkija Henna Kokkonen<\/a>: Matkani ydinfyysikoksi<\/p>\n<p>Vko 42 Syysloma<\/p>\n<p>22.10.2025 SYYSKOKOUS<\/p>\n<p>29.10. 2025 VIIKKOKOKOUS &#8211; Operatiivinen johtaja Mika Suoja: Harvian kuulumisia.<\/p>\n<p><u>MARRASKUU 2025<\/u><\/p>\n<p>5.11.2025 VIIKKOKOKOUS &#8211; Kev\u00e4\u00e4n ohjelman suunnittelu<\/p>\n<p>12.11.2025 VIIKKOKOKOUS &#8211; Toimitusjohtaja Esko Martikainen: Mustankorkean ja j\u00e4tehuollon kuulumisia<\/p>\n<p>19.11.2025 VIIKKOKOKOUS\/VIERAILU &#8211; Vierailu Sonja Vectomovin n\u00e4yttelyyn Galleria Beckeriin (lounas Albassa klo 11.30-12, josta yhdess\u00e4 siirtyminen Beckeriin)<\/p>\n<p>26.11.2025 VIIKKOKOKOUS &#8211; Markku Ahila: \u00c4ij\u00e4l\u00e4 projekti<\/p>\n<p><u>JOULUKUU 2025<\/u><\/p>\n<p>3.12.2025 VIIKKOKOKOUS &#8211; VT Vesa Lensu: Kiinteist\u00f6liiton toiminta<\/p>\n<p>10.12.2025 VIIKKOKOKOUS &#8211; Jyv\u00e4skyl\u00e4n kaupunginvaltuuston puheenjohtaja Mauri Pekkarinen: Jyv\u00e4skyl\u00e4n strategiasta<\/p>\n<p>17.12.2025 JOULULOUNAS (avec) ALBASSA klo 12<\/p>\n<p>La 20.12.2025 KAUNEIMMAT JOULULAULUT TAULUM\u00c4EN KIRKOSSA klo 18<\/p>\n<p>&#8211;<\/p>\n<p>&nbsp;<\/p>\n<p>&nbsp;<\/p>\n<p>&nbsp;<\/p>\n<p>[\/et_pb_text][et_pb_heading title=&#8221;JYV\u00c4SKYL\u00c4 \u2013 LAAJAVUORI RY:N TOIMINTAVUODEN 2024-2025 OHJELMA&#8221; _builder_version=&#8221;4.22.0&#8243; _module_preset=&#8221;default&#8221; global_colors_info=&#8221;{}&#8221;][\/et_pb_heading][et_pb_text _builder_version=&#8221;4.22.0&#8243; _module_preset=&#8221;default&#8221; custom_padding=&#8221;114px|||||&#8221; global_colors_info=&#8221;{}&#8221;]<\/p>\n<p><strong>&#8221;Kokoukset hotelli Albassa, ellei toisin mainita.<\/strong><u><\/u><\/p>\n<p><u>SYYSKUU 2024<\/u><\/p>\n<p>11.9.2024 KAUDEN ALOITUSKOKOUS &#8211; PRESIDENTIN JA HALLITUKSEN TILANNEKATSAUS KAUDEN OHJELMASTA<\/p>\n<p>18.9.2024 VIIKKOKOKOUS &#8211; Maria Hoikkanen: Kokemuksia RYLAsta<\/p>\n<p>25.9.2024 VIIKKOKOKOUS &#8211; <span>Palvelujohtaja (nuorisotoimi) Katariina Soanj\u00e4rvi: Nuoret ja nuorisoty\u00f6 Jyv\u00e4skyl\u00e4ss\u00e4<\/span><\/p>\n<p><u>LOKAKUU 2024<\/u><\/p>\n<p>2.10.2024 VIIKKOKOKOUS &#8211; <span>Kirjansitojamestari Tomi Lappalainen: Kirjansidonta ennen ja nyt<\/span><\/p>\n<p>9.10.2024 VIIKKOKOKOUS &#8211; HUOM PAIKKANA <a href=\"https:\/\/aijalantalo.fi\/\">\u00c4IJ\u00c4L\u00c4N TALO<\/a>\u00a0klo 12-13. Tarjolla on kahvia, pient\u00e4 suolaista ja ehk\u00e4 makeaakin 12 euron kannatushintaan. Ideoidaan mahdollista hyv\u00e4ntekev\u00e4isyyskohdetta heid\u00e4n toiminnastaan.<\/p>\n<p>Vko 42 Syysloma<\/p>\n<p>23.10.2024 Syyskokous<\/p>\n<p>30.10. 2024 VIIKKOKOKOUS &#8211; <span>\u00a0Pelastusjohtaja Ville Mensala: Pelastustoimenpalvelut Keski-Suomessa <span style=\"color: #e02b20\">(HUOM! Kokouspaikkana Ahlmanin Messi-kabinetti, Ahlmaninkatu 2; ruokailu ennen kokousta Albassa. Ahlmaniin k\u00e4vell\u00e4\u00e4n Albasta pihan\/parkkipaikan yli.)<\/span><\/span><\/p>\n<p><u>MARRASKUU 2024<\/u><\/p>\n<p>6.11.2024 VIIKKOKOKOUS &#8211; <span>Viestint\u00e4valmentaja Anna-Maija Manninen: Vaikuttava henkil\u00f6kohtainen viestint\u00e4.<\/span><\/p>\n<p>13.11.2024 VIIKKOKOKOUS &#8211; Rotaryn sivustojen ja tietoj\u00e4rjestelmien kertausta ja harjoittelua, mm. My Rotary, j\u00e4sentietoj\u00e4rjestelm\u00e4. OTA KANNETTAVA TIETOKONE MUKAAN, JOS MAHDOLLISTA.<\/p>\n<p>20.11.2024 VIIKKOKOKOUS &#8211; <a href=\"https:\/\/www.uudenkaupunginsanomat.fi\/2024\/08\/meidan-juttu-yhteisollisyytta-saaristossa-lyperton-puupursiseura-jarjesti-kesajuhlat-katanpaassa\/\">Lypert\u00f6n puupursiseura<\/a>n perustajaj\u00e4sen Risto Sarvilinna: <a href=\"https:\/\/stnikolaus.net\/veneet\/\">Storb\u00e5t<span style=\"color: #000000\">illa<\/span><\/a> <a href=\"https:\/\/fi.wikipedia.org\/wiki\/Alastalon_salissa\">Alastalon<\/a> vesill\u00e4. HUOM MUUTOS<\/p>\n<p>27.11.2024 VIIKKOKOKOUS &#8211; <a href=\"https:\/\/rotary.fi\/d1390\/rotarypiiri1390\/kuvernoori\/\">Rotarypiirin 1390 kuvern\u00f6\u00f6ri Anssi Kuoppala<\/a> HUOM MUUTOS<\/p>\n<p><u>JOULUKUU 2024<\/u><\/p>\n<p>4.12.2024 VIIKKOKOKOUS &#8211; <span>Yritt\u00e4j\u00e4 Jose Ayala: Henkil\u00f6tarina yritt\u00e4jyydest\u00e4 <span style=\"color: #e02b20\">HUOM PAIKKA Ahlmanin Messi-kabinetti<\/span><\/span><\/p>\n<p>11.12. <a href=\"https:\/\/www.hotellialba.fi\/tarjoukset\/alban-joululounas-jyvasjarven-kauneimmissa-maisemissa\">Joululounas Albassa<\/a> &#8211; <a href=\"https:\/\/forms.gle\/vMHj7RxSxHDxNR6t6\">ILMOITTAUDU<\/a> 3.12. MENNESS\u00c4<\/p>\n<p>14.12. <strong>klo 16:45 talkoolaisten kokoontuminen<\/strong>\u00a0 (tilaisuus alkaa klo 18) <a href=\"https:\/\/www.jyvaskylanseurakunta.fi\/tapahtumat\/2024-12-14\/kauneimmat-joululaulut-yhteislaulutilaisuus\">Kauneimmat joululaulut Taulum\u00e4en kirkossa<\/a> <span style=\"color: #e02b20\"><strong>HUOM LAUANTAI<\/strong><\/span><\/p>\n<p><u>TAMMIKUU 2025<\/u><\/p>\n<p>8.1. 2025 VIIKKOKOKOUS &#8211; keskustelua kev\u00e4\u00e4n toiminnasta, erityisesti j\u00e4senten omista puheenvuoroista.<\/p>\n<p>15.1. 2025 VIIKKOKOKOUS &#8211; <span>Saunamestari Heikki K. Lyytinen: Saunan hyv\u00e4l\u00f6ylyisyys ja terveellinen saunominen<\/span><\/p>\n<p>22.1. 2025 VIIKKOKOKOUS &#8211; Vararehtori, res.kapt. Mika Antola: <span data-teams=\"true\">Reservin koulutuspolku ja vapaaehtoinen maanpuolustus<\/span><\/p>\n<p>29.1. 2025 VIIKKOKOKOUS &#8211; toimintavuoden 2025-2026 ideointia: mit\u00e4 toiminnalta toivotaan ja ketk\u00e4 toimivat<\/p>\n<p><u>HELMIKUU 2025<\/u><\/p>\n<p>5.2. 2025 VIIKKOKOKOUS &#8211;<a href=\"https:\/\/maanpuolustusnaistenliitto.fi\/keskisuomenpiiri\/jyvaskylan-maanpuolustusnaiset-ry\/\"> Jyv\u00e4skyl\u00e4n maanpuolustusnaiset ry<\/a>:n sihteeri Taina H\u00e4m\u00e4l\u00e4inen: <a href=\"https:\/\/naistenvalmiusliitto.fi\/\">Naisten valmiusliitto<\/a> osana naisten vapaaehtoista maanpuolustusty\u00f6t\u00e4<\/p>\n<p><strong>10.2. IC-kokous<\/strong> (Jyv\u00e4skyl\u00e4): Jyv\u00e4skyl\u00e4n yliopiston rehtori Jari Ojala. <strong>Klo 11.45-13.00 (Kirkkopuiston Bistro). HUOM. Hyvin rajallisen tilan vuoksi ennakkoilmoittautuminen presidentille viikkokokouksessa 5.2.<\/strong><\/p>\n<p>12.2. 2025 VIIKKOKOKOUS &#8211; toimintavuoden 2025-2026 ideointia OSA2: toiminnan ja toimihenkil\u00f6iden tarkennus<\/p>\n<p>19.2. 2025 VIIKKOKOKOUS &#8211; <span>Evp. ylikonstaapeli (huumekytt\u00e4 ja kentt\u00e4poliisi) Timo Lehtonen alias Vanhamyrkky: Omakohtaiset poliisikokemukset ja niiden siirtyminen kirjan kansien v\u00e4liin.<\/span><\/p>\n<p>Vko 9 Talviloma<\/p>\n<p><u>MAALISKUU 2025<\/u><\/p>\n<p>5.3. 2025 VIIKKOKOKOUS &#8211; Projektip\u00e4\u00e4llikk\u00f6 Esa Kannisto: Korkeakoulujen ja niiden kampusalueiden trendej\u00e4 tilastojen valossa<\/p>\n<p>12.3. 2025 VIIKKOKOKOUS &#8211; <span>Liiketoimintap\u00e4\u00e4llikk\u00f6 Linda Rastela: Sokos-hotelliketju nyt ja tulevaisuudessa. <strong>HUOM ALBIS-KABINETISSA<\/strong><\/span><\/p>\n<p>19.3. 2025 VIIKKOKOKOUS &#8211; <span>Yritt\u00e4j\u00e4, ravintola- ja henkil\u00f6st\u00f6p\u00e4\u00e4llikk\u00f6 Anna Kylm\u00e4l\u00e4: Vastuullisuus on t\u00e4rke\u00e4\u00e4, mutta miten toteuttaa sit\u00e4 pienen tai isommankin yrityksen talousn\u00e4k\u00f6kulmasta? \u00a0<strong>HUOM ALBIS-KABINETISSA<\/strong><\/span><\/p>\n<p>26.3. 2025 VIIKKOKOKOUS &#8211;\u00a0prof. emeritus Juhani Rautopuro: koulujen arviointi esim. PISA<\/p>\n<p><u>HUHTIKUU 2025<\/u><\/p>\n<p>2.4. 2025 VIIKKOKOKOUS &#8211; merkkip\u00e4iv\u00e4esitelm\u00e4 j\u00e4sen Heikki Rusko &#8211; kysy mit\u00e4 ikin\u00e4 haluat tiet\u00e4\u00e4 Heikist\u00e4!<\/p>\n<p>9.4. 2025 VIIKKOKOKOUS &#8211; <span style=\"color: #e02b20\">keskustelua ajankohtaisista aiheista ja toiminnasta omalla porukalla<\/span><\/p>\n<p>16.4. 2025 p\u00e4\u00e4si\u00e4islounas (<span style=\"font-family: 'Open Sans',sans-serif;color: red\">HUOM! Tarjoilun mitoittamiseksi<u> ilmoittautuminen 9.4<\/u>. kokouksessa tai viestill\u00e4 presidentille. Lounaan hinta normaali.)<\/span><span style=\"font-family: 'Open Sans',sans-serif\"><\/span><\/p>\n<p>23.4. 2025 VIIKKOKOKOUS &#8211;<span style=\"color: #e02b20\"> Nuorisoty\u00f6nohjaaja Pasi Bom: Uudistuva Lehtisaaren kes\u00e4koti<\/span><\/p>\n<p>30.4.2025 VIIKKOKOKOUS &#8211; <span style=\"color: #e02b20\">MyRotary ja muut Rotarien tietoj\u00e4rjestelm\u00e4t &#8211; L\u00c4PP\u00c4RIT MUKAAN<\/span><\/p>\n<p>&nbsp;<\/p>\n<p><u>TOUKOKUU 2025<\/u><\/p>\n<p>7.5.2025 Kev\u00e4tkokous<\/p>\n<p><strong>8.5. IC-kokous<\/strong> (Jyv\u00e4skyl\u00e4-P\u00e4ij\u00e4nne): Jyv\u00e4skyl\u00e4n kaupungin elinkeino- ja ty\u00f6llisyysjohtaja Ari Tolonen. <strong>16.30-18.00 (Alba)<\/strong><\/p>\n<p>14.5.2025 ILTATAPAHTUMA &#8211; Petri Kilpinen: Mets\u00e4k\u00e4vely 14.05.25 klo 17, paikka Klubin aiempien istuspaikkojen (9<br \/>vuotta sitten) tarkastus ja ajatusten vaihto mets\u00e4nhoidosta.<\/p>\n<p>21.5.2025 VIIKKOKOKOUS &#8211; <a href=\"https:\/\/tiimiakatemia.com\/asiantuntijat\/heikki-toivanen\/\">Toimitusjohtaja Heikki Toivanen<\/a>: Tiimistymisen taito &#8211; hierarkiasta tiimioppivaksi yhteis\u00f6ksi<\/p>\n<p>28.5.2025 VIIKKOKOKOUS &#8211; Yliopistotutkija <a href=\"https:\/\/www.jyu.fi\/fi\/henkilot\/jenni-kotila\">Jenni Kotila<\/a> (Koulutuksen tutkimuslaitos): &#8221;Koulutuksen ja tieteen yhteinen matka: Vertailevat oppimistulosten arviointitutkimukset teoreettisen ydinfyysikon n\u00e4k\u00f6kulmasta&#8221;<\/p>\n<p><u>KES\u00c4KUU 2025<\/u><\/p>\n<p>4.6.2025 klo 18 K\u00c4\u00c4TYJEN VAIHTO &#8211;\u00a0<span>Rotary JKL-Laajavuoren presidenttien k\u00e4\u00e4tyjenvaihtotilaisuus j\u00e4rjestet\u00e4\u00e4n <strong><a href=\"https:\/\/www.paijanne-risteilythilden.fi\/risteilyt\/kesaillan-risteily-jyvaskylasta\">Suomi-laivan P\u00e4ij\u00e4nne -risteilyll\u00e4<\/a> 4.6.2025 klo 18. HUOM <span style=\"text-decoration: underline\">etuk\u00e4teisilmoittautuminen<\/span>\u00a0p\u00f6yt\u00e4varauksen ja laskutuksen vuoksi.<\/strong><\/span><\/p>\n<div>\n<div>\u00a0 Tilaisuus on avec.\u00a0<\/div>\n<div>\u00a0 Risteilyn hinta illallisineen on 57 \u20ac \/ hl\u00f6.\u00a0<\/div>\n<div>\u00a0 J\u00e4senen omavastuuhinta on 20 \u20ac (klubi maksaa loput). Avec maksaa koko hinnan 57 \u20ac.<\/div>\n<\/div>\n<p>&nbsp;<\/p>\n<p>&nbsp;<\/p>\n<p>[\/et_pb_text][\/et_pb_column][\/et_pb_row][et_pb_row _builder_version=&#8221;4.22.0&#8243; _module_preset=&#8221;default&#8221; global_colors_info=&#8221;{}&#8221;][et_pb_column type=&#8221;4_4&#8243; _builder_version=&#8221;4.22.0&#8243; _module_preset=&#8221;default&#8221; global_colors_info=&#8221;{}&#8221;][et_pb_heading _builder_version=&#8221;4.25.2&#8243; _module_preset=&#8221;default&#8221; global_colors_info=&#8221;{}&#8221;][\/et_pb_heading][et_pb_text _builder_version=&#8221;4.22.0&#8243; _module_preset=&#8221;default&#8221; global_colors_info=&#8221;{}&#8221;]<\/p>\n<p>&nbsp;<\/p>\n<p>&nbsp;<\/p>\n<p>&nbsp;<\/p>\n<p>[\/et_pb_text][\/et_pb_column][\/et_pb_row][\/et_pb_section]<\/p>\n","protected":false},"excerpt":{"rendered":"<p>)Kokoukset hotelli Albassa, ellei toisin mainita. &nbsp; TAMMIKUU 2026 7.1. 2026 VIIKKOKOKOUS\/VIERAILU &#8211; Vierailu: Panimokierros Panimo X:ss\u00e4 (klo 12.30-) 14.1. 2026 VIIKKOKOKOUS klo 16\/17 &#8211; Jyv\u00e4skyl\u00e4n ymp\u00e4rist\u00f6johtaja P\u00e4ivi Pietarinen: Ajatuksia Jyv\u00e4skyl\u00e4n resurssiviisaudesta 21.1. 2026 VIIKKOKOKOUS &#8211; Jari Nyk\u00e4nen: S\u00e4\u00e4 (Anssi Kuoppala: Teko\u00e4lyst\u00e4 apua,\u00a0 siirtyy 27.5.) 28.1. 2026 VIIKKOKOKOUS &#8211; Liiketoimintajohtaja Jouni Flyktman: Ajankohtaista kyberturvallisuudesta HELMIKUU [&hellip;]<\/p>\n","protected":false},"author":1,"featured_media":0,"parent":94,"menu_order":1,"comment_status":"closed","ping_status":"closed","template":"","meta":{"_acf_changed":false,"_et_pb_use_builder":"on","_et_pb_old_content":"","_et_gb_content_width":"","footnotes":""},"class_list":["post-186","page","type-page","status-publish","hentry"],"acf":[],"yoast_head":"<!-- This site is optimized with the Yoast SEO plugin v27.4 - https:\/\/yoast.com\/product\/yoast-seo-wordpress\/ -->\n<title>Tapahtumakalenteri - Jyv\u00e4skyl\u00e4-Laajavuori<\/title>\n<meta name=\"description\" content=\"Jyv\u00e4skyl\u00e4-Laajavuori Rotaryklubi, Jyv\u00e4skyl\u00e4. Klubimme tavoitteina ovat mm. rotarytoiminnan vahvistaminen ja yst\u00e4vyyden sek\u00e4 toveruuden edist\u00e4minen.\" \/>\n<meta name=\"robots\" content=\"index, follow, max-snippet:-1, max-image-preview:large, max-video-preview:-1\" \/>\n<link rel=\"canonical\" href=\"https:\/\/rotary.fi\/jyvaskylalaajavuori\/ajankohtaista\/tapahtumakalenteri\/\" \/>\n<meta property=\"og:locale\" content=\"fi_FI\" \/>\n<meta property=\"og:type\" content=\"article\" \/>\n<meta property=\"og:title\" content=\"Tapahtumakalenteri - Jyv\u00e4skyl\u00e4-Laajavuori\" \/>\n<meta property=\"og:description\" content=\"Jyv\u00e4skyl\u00e4-Laajavuori Rotaryklubi, Jyv\u00e4skyl\u00e4. Klubimme tavoitteina ovat mm. rotarytoiminnan vahvistaminen ja yst\u00e4vyyden sek\u00e4 toveruuden edist\u00e4minen.\" \/>\n<meta property=\"og:url\" content=\"https:\/\/rotary.fi\/jyvaskylalaajavuori\/ajankohtaista\/tapahtumakalenteri\/\" \/>\n<meta property=\"og:site_name\" content=\"Jyv\u00e4skyl\u00e4-Laajavuori\" \/>\n<meta property=\"article:publisher\" content=\"https:\/\/www.facebook.com\/profile.php?id=100088839516485\" \/>\n<meta property=\"article:modified_time\" content=\"2026-03-25T06:50:23+00:00\" \/>\n<meta name=\"twitter:card\" content=\"summary_large_image\" \/>\n<meta name=\"twitter:label1\" content=\"Arvioitu lukuaika\" \/>\n\t<meta name=\"twitter:data1\" content=\"5 minuuttia\" \/>\n<script type=\"application\/ld+json\" class=\"yoast-schema-graph\">{\"@context\":\"https:\\\/\\\/schema.org\",\"@graph\":[{\"@type\":\"WebPage\",\"@id\":\"https:\\\/\\\/rotary.fi\\\/jyvaskylalaajavuori\\\/ajankohtaista\\\/tapahtumakalenteri\\\/\",\"url\":\"https:\\\/\\\/rotary.fi\\\/jyvaskylalaajavuori\\\/ajankohtaista\\\/tapahtumakalenteri\\\/\",\"name\":\"Tapahtumakalenteri - Jyv\u00e4skyl\u00e4-Laajavuori\",\"isPartOf\":{\"@id\":\"https:\\\/\\\/rotary.fi\\\/jyvaskylalaajavuori\\\/#website\"},\"datePublished\":\"2018-08-13T08:06:59+00:00\",\"dateModified\":\"2026-03-25T06:50:23+00:00\",\"description\":\"Jyv\u00e4skyl\u00e4-Laajavuori Rotaryklubi, Jyv\u00e4skyl\u00e4. Klubimme tavoitteina ovat mm. rotarytoiminnan vahvistaminen ja yst\u00e4vyyden sek\u00e4 toveruuden edist\u00e4minen.\",\"breadcrumb\":{\"@id\":\"https:\\\/\\\/rotary.fi\\\/jyvaskylalaajavuori\\\/ajankohtaista\\\/tapahtumakalenteri\\\/#breadcrumb\"},\"inLanguage\":\"fi\",\"potentialAction\":[{\"@type\":\"ReadAction\",\"target\":[\"https:\\\/\\\/rotary.fi\\\/jyvaskylalaajavuori\\\/ajankohtaista\\\/tapahtumakalenteri\\\/\"]}]},{\"@type\":\"BreadcrumbList\",\"@id\":\"https:\\\/\\\/rotary.fi\\\/jyvaskylalaajavuori\\\/ajankohtaista\\\/tapahtumakalenteri\\\/#breadcrumb\",\"itemListElement\":[{\"@type\":\"ListItem\",\"position\":1,\"name\":\"Home\",\"item\":\"https:\\\/\\\/rotary.fi\\\/jyvaskylalaajavuori\\\/\"},{\"@type\":\"ListItem\",\"position\":2,\"name\":\"Ajankohtaista\",\"item\":\"https:\\\/\\\/rotary.fi\\\/jyvaskylalaajavuori\\\/ajankohtaista\\\/\"},{\"@type\":\"ListItem\",\"position\":3,\"name\":\"Tapahtumakalenteri\"}]},{\"@type\":\"WebSite\",\"@id\":\"https:\\\/\\\/rotary.fi\\\/jyvaskylalaajavuori\\\/#website\",\"url\":\"https:\\\/\\\/rotary.fi\\\/jyvaskylalaajavuori\\\/\",\"name\":\"Jyv\u00e4skyl\u00e4-Laajavuori\",\"description\":\"Uusi Rotary klubisivusto\",\"publisher\":{\"@id\":\"https:\\\/\\\/rotary.fi\\\/jyvaskylalaajavuori\\\/#organization\"},\"alternateName\":\"Jyv\u00e4skyl\u00e4-Laajavuori Rotaryklubi\",\"potentialAction\":[{\"@type\":\"SearchAction\",\"target\":{\"@type\":\"EntryPoint\",\"urlTemplate\":\"https:\\\/\\\/rotary.fi\\\/jyvaskylalaajavuori\\\/?s={search_term_string}\"},\"query-input\":{\"@type\":\"PropertyValueSpecification\",\"valueRequired\":true,\"valueName\":\"search_term_string\"}}],\"inLanguage\":\"fi\"},{\"@type\":\"Organization\",\"@id\":\"https:\\\/\\\/rotary.fi\\\/jyvaskylalaajavuori\\\/#organization\",\"name\":\"Jyv\u00e4skyl\u00e4-Laajavuori Rotaryklubi\",\"url\":\"https:\\\/\\\/rotary.fi\\\/jyvaskylalaajavuori\\\/\",\"logo\":{\"@type\":\"ImageObject\",\"inLanguage\":\"fi\",\"@id\":\"https:\\\/\\\/rotary.fi\\\/jyvaskylalaajavuori\\\/#\\\/schema\\\/logo\\\/image\\\/\",\"url\":\"https:\\\/\\\/rotary.fi\\\/jyvaskylalaajavuori\\\/wp-content\\\/uploads\\\/sites\\\/234\\\/2018\\\/08\\\/rotary-logo-main-2.png\",\"contentUrl\":\"https:\\\/\\\/rotary.fi\\\/jyvaskylalaajavuori\\\/wp-content\\\/uploads\\\/sites\\\/234\\\/2018\\\/08\\\/rotary-logo-main-2.png\",\"width\":135,\"height\":52,\"caption\":\"Jyv\u00e4skyl\u00e4-Laajavuori Rotaryklubi\"},\"image\":{\"@id\":\"https:\\\/\\\/rotary.fi\\\/jyvaskylalaajavuori\\\/#\\\/schema\\\/logo\\\/image\\\/\"},\"sameAs\":[\"https:\\\/\\\/www.facebook.com\\\/profile.php?id=100088839516485\"]}]}<\/script>\n<!-- \/ Yoast SEO plugin. -->","yoast_head_json":{"title":"Tapahtumakalenteri - Jyv\u00e4skyl\u00e4-Laajavuori","description":"Jyv\u00e4skyl\u00e4-Laajavuori Rotaryklubi, Jyv\u00e4skyl\u00e4. Klubimme tavoitteina ovat mm. rotarytoiminnan vahvistaminen ja yst\u00e4vyyden sek\u00e4 toveruuden edist\u00e4minen.","robots":{"index":"index","follow":"follow","max-snippet":"max-snippet:-1","max-image-preview":"max-image-preview:large","max-video-preview":"max-video-preview:-1"},"canonical":"https:\/\/rotary.fi\/jyvaskylalaajavuori\/ajankohtaista\/tapahtumakalenteri\/","og_locale":"fi_FI","og_type":"article","og_title":"Tapahtumakalenteri - Jyv\u00e4skyl\u00e4-Laajavuori","og_description":"Jyv\u00e4skyl\u00e4-Laajavuori Rotaryklubi, Jyv\u00e4skyl\u00e4. Klubimme tavoitteina ovat mm. rotarytoiminnan vahvistaminen ja yst\u00e4vyyden sek\u00e4 toveruuden edist\u00e4minen.","og_url":"https:\/\/rotary.fi\/jyvaskylalaajavuori\/ajankohtaista\/tapahtumakalenteri\/","og_site_name":"Jyv\u00e4skyl\u00e4-Laajavuori","article_publisher":"https:\/\/www.facebook.com\/profile.php?id=100088839516485","article_modified_time":"2026-03-25T06:50:23+00:00","twitter_card":"summary_large_image","twitter_misc":{"Arvioitu lukuaika":"5 minuuttia"},"schema":{"@context":"https:\/\/schema.org","@graph":[{"@type":"WebPage","@id":"https:\/\/rotary.fi\/jyvaskylalaajavuori\/ajankohtaista\/tapahtumakalenteri\/","url":"https:\/\/rotary.fi\/jyvaskylalaajavuori\/ajankohtaista\/tapahtumakalenteri\/","name":"Tapahtumakalenteri - Jyv\u00e4skyl\u00e4-Laajavuori","isPartOf":{"@id":"https:\/\/rotary.fi\/jyvaskylalaajavuori\/#website"},"datePublished":"2018-08-13T08:06:59+00:00","dateModified":"2026-03-25T06:50:23+00:00","description":"Jyv\u00e4skyl\u00e4-Laajavuori Rotaryklubi, Jyv\u00e4skyl\u00e4. Klubimme tavoitteina ovat mm. rotarytoiminnan vahvistaminen ja yst\u00e4vyyden sek\u00e4 toveruuden edist\u00e4minen.","breadcrumb":{"@id":"https:\/\/rotary.fi\/jyvaskylalaajavuori\/ajankohtaista\/tapahtumakalenteri\/#breadcrumb"},"inLanguage":"fi","potentialAction":[{"@type":"ReadAction","target":["https:\/\/rotary.fi\/jyvaskylalaajavuori\/ajankohtaista\/tapahtumakalenteri\/"]}]},{"@type":"BreadcrumbList","@id":"https:\/\/rotary.fi\/jyvaskylalaajavuori\/ajankohtaista\/tapahtumakalenteri\/#breadcrumb","itemListElement":[{"@type":"ListItem","position":1,"name":"Home","item":"https:\/\/rotary.fi\/jyvaskylalaajavuori\/"},{"@type":"ListItem","position":2,"name":"Ajankohtaista","item":"https:\/\/rotary.fi\/jyvaskylalaajavuori\/ajankohtaista\/"},{"@type":"ListItem","position":3,"name":"Tapahtumakalenteri"}]},{"@type":"WebSite","@id":"https:\/\/rotary.fi\/jyvaskylalaajavuori\/#website","url":"https:\/\/rotary.fi\/jyvaskylalaajavuori\/","name":"Jyv\u00e4skyl\u00e4-Laajavuori","description":"Uusi Rotary klubisivusto","publisher":{"@id":"https:\/\/rotary.fi\/jyvaskylalaajavuori\/#organization"},"alternateName":"Jyv\u00e4skyl\u00e4-Laajavuori Rotaryklubi","potentialAction":[{"@type":"SearchAction","target":{"@type":"EntryPoint","urlTemplate":"https:\/\/rotary.fi\/jyvaskylalaajavuori\/?s={search_term_string}"},"query-input":{"@type":"PropertyValueSpecification","valueRequired":true,"valueName":"search_term_string"}}],"inLanguage":"fi"},{"@type":"Organization","@id":"https:\/\/rotary.fi\/jyvaskylalaajavuori\/#organization","name":"Jyv\u00e4skyl\u00e4-Laajavuori Rotaryklubi","url":"https:\/\/rotary.fi\/jyvaskylalaajavuori\/","logo":{"@type":"ImageObject","inLanguage":"fi","@id":"https:\/\/rotary.fi\/jyvaskylalaajavuori\/#\/schema\/logo\/image\/","url":"https:\/\/rotary.fi\/jyvaskylalaajavuori\/wp-content\/uploads\/sites\/234\/2018\/08\/rotary-logo-main-2.png","contentUrl":"https:\/\/rotary.fi\/jyvaskylalaajavuori\/wp-content\/uploads\/sites\/234\/2018\/08\/rotary-logo-main-2.png","width":135,"height":52,"caption":"Jyv\u00e4skyl\u00e4-Laajavuori Rotaryklubi"},"image":{"@id":"https:\/\/rotary.fi\/jyvaskylalaajavuori\/#\/schema\/logo\/image\/"},"sameAs":["https:\/\/www.facebook.com\/profile.php?id=100088839516485"]}]}},"lang":"fi","translations":{"fi":186,"en":1496,"sv":1662},"pll_sync_post":[],"_links":{"self":[{"href":"https:\/\/rotary.fi\/jyvaskylalaajavuori\/wp-json\/wp\/v2\/pages\/186","targetHints":{"allow":["GET"]}}],"collection":[{"href":"https:\/\/rotary.fi\/jyvaskylalaajavuori\/wp-json\/wp\/v2\/pages"}],"about":[{"href":"https:\/\/rotary.fi\/jyvaskylalaajavuori\/wp-json\/wp\/v2\/types\/page"}],"author":[{"embeddable":true,"href":"https:\/\/rotary.fi\/jyvaskylalaajavuori\/wp-json\/wp\/v2\/users\/1"}],"replies":[{"embeddable":true,"href":"https:\/\/rotary.fi\/jyvaskylalaajavuori\/wp-json\/wp\/v2\/comments?post=186"}],"version-history":[{"count":12,"href":"https:\/\/rotary.fi\/jyvaskylalaajavuori\/wp-json\/wp\/v2\/pages\/186\/revisions"}],"predecessor-version":[{"id":2678,"href":"https:\/\/rotary.fi\/jyvaskylalaajavuori\/wp-json\/wp\/v2\/pages\/186\/revisions\/2678"}],"up":[{"embeddable":true,"href":"https:\/\/rotary.fi\/jyvaskylalaajavuori\/wp-json\/wp\/v2\/pages\/94"}],"wp:attachment":[{"href":"https:\/\/rotary.fi\/jyvaskylalaajavuori\/wp-json\/wp\/v2\/media?parent=186"}],"curies":[{"name":"wp","href":"https:\/\/api.w.org\/{rel}","templated":true}]}}