{"version":"1.0","provider_name":"Jyv\u00e4skyl\u00e4-Laajavuori","provider_url":"https:\/\/rotary.fi\/jyvaskylalaajavuori","author_name":"valkonenaleksi","author_url":"https:\/\/rotary.fi\/jyvaskylalaajavuori\/author\/valkonenaleksi\/","title":"Aaltomuseovierailu 6.9.2023 - Jyv\u00e4skyl\u00e4-Laajavuori","type":"rich","width":600,"height":338,"html":"<blockquote class=\"wp-embedded-content\" data-secret=\"PlPyeHuL04\"><a href=\"https:\/\/rotary.fi\/jyvaskylalaajavuori\/ajankohtaiset\/aaltomuseovierailu-6-9-2023\/\">Aaltomuseovierailu 6.9.2023<\/a><\/blockquote><iframe sandbox=\"allow-scripts\" security=\"restricted\" src=\"https:\/\/rotary.fi\/jyvaskylalaajavuori\/ajankohtaiset\/aaltomuseovierailu-6-9-2023\/embed\/#?secret=PlPyeHuL04\" width=\"600\" height=\"338\" title=\"&#8221;Aaltomuseovierailu 6.9.2023&#8221; &#8212; Jyv\u00e4skyl\u00e4-Laajavuori\" data-secret=\"PlPyeHuL04\" frameborder=\"0\" marginwidth=\"0\" marginheight=\"0\" scrolling=\"no\" class=\"wp-embedded-content\"><\/iframe><script type=\"text\/javascript\">\n\/* <![CDATA[ *\/\n\/*! This file is auto-generated *\/\n!function(d,l){\"use strict\";l.querySelector&&d.addEventListener&&\"undefined\"!=typeof URL&&(d.wp=d.wp||{},d.wp.receiveEmbedMessage||(d.wp.receiveEmbedMessage=function(e){var t=e.data;if((t||t.secret||t.message||t.value)&&!\/[^a-zA-Z0-9]\/.test(t.secret)){for(var s,r,n,a=l.querySelectorAll('iframe[data-secret=\"'+t.secret+'\"]'),o=l.querySelectorAll('blockquote[data-secret=\"'+t.secret+'\"]'),c=new RegExp(\"^https?:$\",\"i\"),i=0;i<o.length;i++)o[i].style.display=\"none\";for(i=0;i<a.length;i++)s=a[i],e.source===s.contentWindow&&(s.removeAttribute(\"style\"),\"height\"===t.message?(1e3<(r=parseInt(t.value,10))?r=1e3:~~r<200&&(r=200),s.height=r):\"link\"===t.message&&(r=new URL(s.getAttribute(\"src\")),n=new URL(t.value),c.test(n.protocol))&&n.host===r.host&&l.activeElement===s&&(d.top.location.href=t.value))}},d.addEventListener(\"message\",d.wp.receiveEmbedMessage,!1),l.addEventListener(\"DOMContentLoaded\",function(){for(var e,t,s=l.querySelectorAll(\"iframe.wp-embedded-content\"),r=0;r<s.length;r++)(t=(e=s[r]).getAttribute(\"data-secret\"))||(t=Math.random().toString(36).substring(2,12),e.src+=\"#?secret=\"+t,e.setAttribute(\"data-secret\",t)),e.contentWindow.postMessage({message:\"ready\",secret:t},\"*\")},!1)))}(window,document);\n\/\/# sourceURL=https:\/\/rotary.fi\/jyvaskylalaajavuori\/wp-includes\/js\/wp-embed.min.js\n\/* ]]> *\/\n<\/script>\n","description":"Rotarit avec, \u00a021 henkil\u00f6\u00e4, vieraili Alvar Aallon arkkitehtuurin j\u00e4ljill\u00e4 1920 -1970 -luvulle Aaltomuseolla 6.9.2023. Erinomaisena oppaana toimi Heli Ylikoski, kiitos! Aallon h\u00e4\u00e4matka Ainon kanssa suuntautui Italiaan 20-luvulla. J\u00e4lki n\u00e4kyy Jyv\u00e4skyl\u00e4n ty\u00f6v\u00e4en talon arkkitehtuurissa 20-luvulla. Aallon perhe muutti suureen Turkuun ja tyyli muuttui Turun maalaisten talossa, Paimion parantolassa sek\u00e4 Viipurin kirjastossa 30-luvulla. Artek tuli mukaan 1935 [&hellip;]","thumbnail_url":"https:\/\/rotary.fi\/jyvaskylalaajavuori\/wp-content\/uploads\/sites\/234\/2023\/09\/dsc-4629-300x200.jpg"}

Jyväskylä-Laajavuori

Aaltomuseovierailu 6.9.2023 - Jyväskylä-Laajavuori

<blockquote class="wp-embedded-content" data-secret="PlPyeHuL04"><a href="https://rotary.fi/jyvaskylalaajavuori/ajankohtaiset/aaltomuseovierailu-6-9-2023/">Aaltomuseovierailu 6.9.2023</a></blockquote><iframe sandbox="allow-scripts" security="restricted" src="https://rotary.fi/jyvaskylalaajavuori/ajankohtaiset/aaltomuseovierailu-6-9-2023/embed/#?secret=PlPyeHuL04" width="600" height="338" title="&#8221;Aaltomuseovierailu 6.9.2023&#8221; &#8212; Jyväskylä-Laajavuori" data-secret="PlPyeHuL04" frameborder="0" marginwidth="0" marginheight="0" scrolling="no" class="wp-embedded-content"></iframe><script type="text/javascript">
/* <![CDATA[ */
/*! This file is auto-generated */
!function(d,l){"use strict";l.querySelector&&d.addEventListener&&"undefined"!=typeof URL&&(d.wp=d.wp||{},d.wp.receiveEmbedMessage||(d.wp.receiveEmbedMessage=function(e){var t=e.data;if((t||t.secret||t.message||t.value)&&!/[^a-zA-Z0-9]/.test(t.secret)){for(var s,r,n,a=l.querySelectorAll('iframe[data-secret="'+t.secret+'"]'),o=l.querySelectorAll('blockquote[data-secret="'+t.secret+'"]'),c=new RegExp("^https?:$","i"),i=0;i<o.length;i++)o[i].style.display="none";for(i=0;i<a.length;i++)s=a[i],e.source===s.contentWindow&&(s.removeAttribute("style"),"height"===t.message?(1e3<(r=parseInt(t.value,10))?r=1e3:~~r<200&&(r=200),s.height=r):"link"===t.message&&(r=new URL(s.getAttribute("src")),n=new URL(t.value),c.test(n.protocol))&&n.host===r.host&&l.activeElement===s&&(d.top.location.href=t.value))}},d.addEventListener("message",d.wp.receiveEmbedMessage,!1),l.addEventListener("DOMContentLoaded",function(){for(var e,t,s=l.querySelectorAll("iframe.wp-embedded-content"),r=0;r<s.length;r++)(t=(e=s[r]).getAttribute("data-secret"))||(t=Math.random().toString(36).substring(2,12),e.src+="#?secret="+t,e.setAttribute("data-secret",t)),e.contentWindow.postMessage({message:"ready",secret:t},"*")},!1)))}(window,document);
//# sourceURL=https://rotary.fi/jyvaskylalaajavuori/wp-includes/js/wp-embed.min.js
/* ]]> */
</script>

Rotarit avec,  21 henkilöä, vieraili Alvar Aallon arkkitehtuurin jäljillä 1920 -1970 -luvulle Aaltomuseolla 6.9.2023. Erinomaisena oppaana toimi Heli Ylikoski, kiitos! Aallon häämatka Ainon kanssa suuntautui Italiaan 20-luvulla. Jälki näkyy Jyväskylän työväen talon arkkitehtuurissa 20-luvulla. Aallon perhe muutti suureen Turkuun ja tyyli muuttui Turun maalaisten talossa, Paimion parantolassa sekä Viipurin kirjastossa 30-luvulla. Artek tuli mukaan 1935 [&hellip;]
