{"version":"1.0","provider_name":"Jyv\u00e4skyl\u00e4-Laajavuori","provider_url":"https:\/\/rotary.fi\/jyvaskylalaajavuori","author_name":"timosalminen","author_url":"https:\/\/rotary.fi\/jyvaskylalaajavuori\/author\/timosalminen\/","title":"3.9.2025 Kauden aloituskokous, syksyn ohjelma - Jyv\u00e4skyl\u00e4-Laajavuori","type":"rich","width":600,"height":338,"html":"<blockquote class=\"wp-embedded-content\" data-secret=\"8wrN5uHfnu\"><a href=\"https:\/\/rotary.fi\/jyvaskylalaajavuori\/ajankohtaiset\/3-9-2025\/\">3.9.2025 Kauden aloituskokous, syksyn ohjelma<\/a><\/blockquote><iframe sandbox=\"allow-scripts\" security=\"restricted\" src=\"https:\/\/rotary.fi\/jyvaskylalaajavuori\/ajankohtaiset\/3-9-2025\/embed\/#?secret=8wrN5uHfnu\" width=\"600\" height=\"338\" title=\"&#8221;3.9.2025 Kauden aloituskokous, syksyn ohjelma&#8221; &#8212; Jyv\u00e4skyl\u00e4-Laajavuori\" data-secret=\"8wrN5uHfnu\" frameborder=\"0\" marginwidth=\"0\" marginheight=\"0\" scrolling=\"no\" class=\"wp-embedded-content\"><\/iframe><script type=\"text\/javascript\">\n\/* <![CDATA[ *\/\n\/*! This file is auto-generated *\/\n!function(d,l){\"use strict\";l.querySelector&&d.addEventListener&&\"undefined\"!=typeof URL&&(d.wp=d.wp||{},d.wp.receiveEmbedMessage||(d.wp.receiveEmbedMessage=function(e){var t=e.data;if((t||t.secret||t.message||t.value)&&!\/[^a-zA-Z0-9]\/.test(t.secret)){for(var s,r,n,a=l.querySelectorAll('iframe[data-secret=\"'+t.secret+'\"]'),o=l.querySelectorAll('blockquote[data-secret=\"'+t.secret+'\"]'),c=new RegExp(\"^https?:$\",\"i\"),i=0;i<o.length;i++)o[i].style.display=\"none\";for(i=0;i<a.length;i++)s=a[i],e.source===s.contentWindow&&(s.removeAttribute(\"style\"),\"height\"===t.message?(1e3<(r=parseInt(t.value,10))?r=1e3:~~r<200&&(r=200),s.height=r):\"link\"===t.message&&(r=new URL(s.getAttribute(\"src\")),n=new URL(t.value),c.test(n.protocol))&&n.host===r.host&&l.activeElement===s&&(d.top.location.href=t.value))}},d.addEventListener(\"message\",d.wp.receiveEmbedMessage,!1),l.addEventListener(\"DOMContentLoaded\",function(){for(var e,t,s=l.querySelectorAll(\"iframe.wp-embedded-content\"),r=0;r<s.length;r++)(t=(e=s[r]).getAttribute(\"data-secret\"))||(t=Math.random().toString(36).substring(2,12),e.src+=\"#?secret=\"+t,e.setAttribute(\"data-secret\",t)),e.contentWindow.postMessage({message:\"ready\",secret:t},\"*\")},!1)))}(window,document);\n\/\/# sourceURL=https:\/\/rotary.fi\/jyvaskylalaajavuori\/wp-includes\/js\/wp-embed.min.js\n\/* ]]> *\/\n<\/script>\n","description":"Kauden 2025 &#8211; 2026 ensimm\u00e4inen viikkokokous pidettiin keskiviikkona 3.9. Hotelli Albassa presidentti Tahvo Anttilan johdolla. Kokouksessa suunniteltiin rotareiden vuositeeman United for Good mukaisesti yhdess\u00e4olon merkityst\u00e4, monipuolista ohjelmaa rentouden ja viihtyisyyden ilmapiiriss\u00e4 unohtamatta tarvittavaa j\u00e4senhankintaa. Syksyn ohjelma onkin jo valmis. Esille nousi my\u00f6s mahdolliset vierailut ja kokouksien eri alkamisaikojen mahdollisuudet sek\u00e4 kokouksen pituus. N\u00e4iden lis\u00e4ksi korostettiin [&hellip;]","thumbnail_url":"https:\/\/rotary.fi\/jyvaskylalaajavuori\/wp-content\/uploads\/sites\/234\/2025\/09\/unite-for-good-pm2526-bc-webbanner-gold-400x400-en-us.png","thumbnail_width":400,"thumbnail_height":400}

Jyväskylä-Laajavuori

3.9.2025 Kauden aloituskokous, syksyn ohjelma - Jyväskylä-Laajavuori

<blockquote class="wp-embedded-content" data-secret="8wrN5uHfnu"><a href="https://rotary.fi/jyvaskylalaajavuori/ajankohtaiset/3-9-2025/">3.9.2025 Kauden aloituskokous, syksyn ohjelma</a></blockquote><iframe sandbox="allow-scripts" security="restricted" src="https://rotary.fi/jyvaskylalaajavuori/ajankohtaiset/3-9-2025/embed/#?secret=8wrN5uHfnu" width="600" height="338" title="&#8221;3.9.2025 Kauden aloituskokous, syksyn ohjelma&#8221; &#8212; Jyväskylä-Laajavuori" data-secret="8wrN5uHfnu" frameborder="0" marginwidth="0" marginheight="0" scrolling="no" class="wp-embedded-content"></iframe><script type="text/javascript">
/* <![CDATA[ */
/*! This file is auto-generated */
!function(d,l){"use strict";l.querySelector&&d.addEventListener&&"undefined"!=typeof URL&&(d.wp=d.wp||{},d.wp.receiveEmbedMessage||(d.wp.receiveEmbedMessage=function(e){var t=e.data;if((t||t.secret||t.message||t.value)&&!/[^a-zA-Z0-9]/.test(t.secret)){for(var s,r,n,a=l.querySelectorAll('iframe[data-secret="'+t.secret+'"]'),o=l.querySelectorAll('blockquote[data-secret="'+t.secret+'"]'),c=new RegExp("^https?:$","i"),i=0;i<o.length;i++)o[i].style.display="none";for(i=0;i<a.length;i++)s=a[i],e.source===s.contentWindow&&(s.removeAttribute("style"),"height"===t.message?(1e3<(r=parseInt(t.value,10))?r=1e3:~~r<200&&(r=200),s.height=r):"link"===t.message&&(r=new URL(s.getAttribute("src")),n=new URL(t.value),c.test(n.protocol))&&n.host===r.host&&l.activeElement===s&&(d.top.location.href=t.value))}},d.addEventListener("message",d.wp.receiveEmbedMessage,!1),l.addEventListener("DOMContentLoaded",function(){for(var e,t,s=l.querySelectorAll("iframe.wp-embedded-content"),r=0;r<s.length;r++)(t=(e=s[r]).getAttribute("data-secret"))||(t=Math.random().toString(36).substring(2,12),e.src+="#?secret="+t,e.setAttribute("data-secret",t)),e.contentWindow.postMessage({message:"ready",secret:t},"*")},!1)))}(window,document);
//# sourceURL=https://rotary.fi/jyvaskylalaajavuori/wp-includes/js/wp-embed.min.js
/* ]]> */
</script>

Kauden 2025 &#8211; 2026 ensimmäinen viikkokokous pidettiin keskiviikkona 3.9. Hotelli Albassa presidentti Tahvo Anttilan johdolla. Kokouksessa suunniteltiin rotareiden vuositeeman United for Good mukaisesti yhdessäolon merkitystä, monipuolista ohjelmaa rentouden ja viihtyisyyden ilmapiirissä unohtamatta tarvittavaa jäsenhankintaa. Syksyn ohjelma onkin jo valmis. Esille nousi myös mahdolliset vierailut ja kokouksien eri alkamisaikojen mahdollisuudet sekä kokouksen pituus. Näiden lisäksi korostettiin [&hellip;]
