{"id":154,"date":"2018-08-13T09:35:27","date_gmt":"2018-08-13T06:35:27","guid":{"rendered":"https:\/\/rotary.fi\/jyvaskyla-paijanne\/?page_id=154"},"modified":"2025-10-20T19:35:20","modified_gmt":"2025-10-20T16:35:20","slug":"nuorisovaihto","status":"publish","type":"page","link":"https:\/\/rotary.fi\/jyvaskyla-paijanne\/mita-teemme\/nuorisovaihto\/","title":{"rendered":"Nuorisovaihto"},"content":{"rendered":"<p>[et_pb_section fb_built=&#8221;1&#8243; module_class=&#8221;jumbotron-page&#8221; _builder_version=&#8221;4.27.4&#8243; background_image=&#8221;https:\/\/rotary.fi\/jyvaskyla-paijanne\/wp-content\/uploads\/sites\/265\/2025\/09\/tikkakoski-mig21-web.jpg&#8221; background_position=&#8221;top_center&#8221; background_vertical_offset=&#8221;35%&#8221; global_colors_info=&#8221;{}&#8221;][et_pb_row _builder_version=&#8221;4.27.4&#8243; background_size=&#8221;initial&#8221; background_position=&#8221;top_left&#8221; background_repeat=&#8221;repeat&#8221; global_colors_info=&#8221;{}&#8221;][et_pb_column type=&#8221;4_4&#8243; _builder_version=&#8221;4.16&#8243; custom_padding=&#8221;|||&#8221; global_colors_info=&#8221;{}&#8221; custom_padding__hover=&#8221;|||&#8221;][et_pb_text admin_label=&#8221;P\u00e4\u00e4otsikko&#8221; _builder_version=&#8221;4.27.4&#8243; text_orientation=&#8221;center&#8221; background_layout=&#8221;dark&#8221; global_colors_info=&#8221;{}&#8221;]<\/p>\n<h1>Nuorisovaihto<\/h1>\n<p>[\/et_pb_text][\/et_pb_column][\/et_pb_row][\/et_pb_section][et_pb_section fb_built=&#8221;1&#8243; specialty=&#8221;on&#8221; module_class_2=&#8221;sivupalkki&#8221; _builder_version=&#8221;4.16&#8243; global_colors_info=&#8221;{}&#8221;][et_pb_column type=&#8221;2_3&#8243; specialty_columns=&#8221;2&#8243; _builder_version=&#8221;4.16&#8243; custom_padding=&#8221;|||&#8221; global_colors_info=&#8221;{}&#8221; parallax__hover=&#8221;off&#8221; parallax_method__hover=&#8221;on&#8221; custom_padding__hover=&#8221;|||&#8221;][et_pb_row_inner admin_label=&#8221;Rivi&#8221; _builder_version=&#8221;4.16&#8243; global_colors_info=&#8221;{}&#8221;][et_pb_column_inner saved_specialty_column_type=&#8221;2_3&#8243; _builder_version=&#8221;4.16&#8243; custom_padding=&#8221;|||&#8221; global_colors_info=&#8221;{}&#8221; parallax__hover=&#8221;off&#8221; parallax_method__hover=&#8221;on&#8221; custom_padding__hover=&#8221;|||&#8221;][et_pb_text _builder_version=&#8221;4.27.4&#8243; hover_enabled=&#8221;0&#8243; global_colors_info=&#8221;{}&#8221; sticky_enabled=&#8221;0&#8243;]<\/p>\n<h5>Vaihtoon ulkomaille<\/h5>\n<p>Rotaryn nuorisovaihto on turvallinen ja usein varsin edullinen tapa p\u00e4\u00e4st\u00e4 ulkomaille vaihto-oppilaaksi.\u00a0Rotaryn nuorisovaihto on sertifioitua ja valvottua. Vaihdon aikana nuori edustaa rotaryj\u00e4rjest\u00f6\u00e4 ja h\u00e4nt\u00e4 sitovat rotaryn s\u00e4\u00e4nn\u00f6t, mik\u00e4 on olennainen osa vaihdon turvallisuutta. Nuori ja h\u00e4nen perheens\u00e4 koulutetaan vaihtovuoden vaatimuksiin ennen nuoren l\u00e4ht\u00f6\u00e4.<\/p>\n<p>[\/et_pb_text][et_pb_image src=&#8221;https:\/\/rotary.fi\/jyvaskyla-paijanne\/wp-content\/uploads\/sites\/265\/2025\/09\/nuorisov2.jpg&#8221; title_text=&#8221;Nuorisov2&#8243; align=&#8221;center&#8221; _builder_version=&#8221;4.27.4&#8243; _module_preset=&#8221;default&#8221; global_colors_info=&#8221;{}&#8221;][\/et_pb_image][et_pb_text _builder_version=&#8221;4.27.4&#8243; hover_enabled=&#8221;0&#8243; global_colors_info=&#8221;{}&#8221; sticky_enabled=&#8221;0&#8243;]<\/p>\n<div class=\"et_pb_module et_pb_text et_pb_text_2  et_pb_text_align_left et_pb_bg_layout_light\">\n<div class=\"et_pb_text_inner\">\n<div class=\"et_pb_module et_pb_text et_pb_text_2  et_pb_text_align_left et_pb_bg_layout_light\">\n<div class=\"et_pb_text_inner\">\u00a0<\/div>\n<\/div>\n<p>Kun rotaryklubimme ottaa vastaan ulkomaisen vaihto-oppilaan, se tarkoittaa, ett\u00e4 meid\u00e4n kauttamme p\u00e4\u00e4see samalla vastavuoroisesti nuori ulkomaille vaihtoon. Ulkomailla koulunk\u00e4ynti ei suinkaan aina ole oppilaalle ilmaista, mutta kohdemaassa nuoren vastaanottava rotaryklubi vastaa n\u00e4ist\u00e4kin kustannuksista. Ulkomaille l\u00e4htev\u00e4 nuori saa samat edut ja huolenpidon kuin maahamme saapuva nuori. Nuori saa my\u00f6s pient\u00e4 kuukausirahaa rotaryklubiltaan.<\/p>\n<h5>Is\u00e4nt\u00e4perheet<\/h5>\n<p>Vastaanottava rotaryklubi huolehtii vaihto-oppilaan koulukustannuksista ja j\u00e4rjest\u00e4\u00e4 vaihtoon saapuvalle nuorelle is\u00e4nt\u00e4perheen. Is\u00e4nt\u00e4perhe ottaa nuoren perheenj\u00e4senekseen. Is\u00e4nt\u00e4perhe ei saa rahallista korvausta nuoren yll\u00e4pidosta.<\/p>\n<p>Rotarit tarvitsevatkin saapuville vaihto-oppilaille is\u00e4nt\u00e4perheit\u00e4. Nuori on vaihtovuoden aikana useammassa is\u00e4nt\u00e4perheess\u00e4. Meid\u00e4n klubiimme vuodeksi saapuvalla vaihto-oppilalla on ollut nelj\u00e4 is\u00e4nt\u00e4perhett\u00e4, jolloin yhden perheen is\u00e4nn\u00f6im\u00e4 jakso on alle kolme kuukautta.<\/p>\n<p>Kun haluat tarjota turvallisen kodin Suomeen saapuvalle nuorelle, ota yhteytt\u00e4 klubimme nuorisovaihtoasiamieheen. Is\u00e4nt\u00e4perheet koulutetaan ennen nuoren saapumista. Is\u00e4nt\u00e4klubi, klubin nuorisovaihtotiimi ja rotarypiiri kouluttavat is\u00e4nt\u00e4perheet,\u00a0 huolehtivat oppilaasta vaihtovuoden ajan ja ovat apuna aina tarvittaessa.<\/p>\n<h5>Kiinnostuitko?<\/h5>\n<p>Rotaryn kautta voit hakea vuosivaihtoon, kes\u00e4vaihtoon tai leirivaihtoon. N\u00e4ist\u00e4 eri vaihtomuodoista voit lukea lis\u00e4\u00e4 Suomen Rotaryn\u00a0<a href=\"https:\/\/rotary.fi\/mita-teemme\/nuorisopalvelut\/nuorisovaihto\/\">nuorisovaihdon sivuilta<\/a>. Hakuaika seuraavan vuoden vaihtoihin on hakuvuotta edelt\u00e4v\u00e4n\u00e4 syksyn\u00e4, elo-syyskuussa.<\/p>\n<p>Useimmat vuosivaihtoon hakevat aloittavat haun aikaan lukion 1. vuoden ja vaihto-oppilasvuosi alkaa mukaan valituille vuoden kuluttua elokuussa 2. lukiovuoden alussa. Jos kiinnostuit, ota yhteytt\u00e4 klubimme nuorisoasiamieheen\u00a0<a href=\"https:\/\/rotary.fi\/jyvaskyla-paijanne\/keita-olemme\/hallitus-ja-toimihenkilot\/\">s\u00e4hk\u00f6postilla<\/a>\u00a0ja kysy tarkemmin hakuprosessista ja sen etenemisest\u00e4.<\/p>\n<p>Jyv\u00e4skyl\u00e4n alueen klubien nuorisovaihtoasiamiehet k\u00e4sittelev\u00e4t yhdess\u00e4 vastaanotetut hakemukset, haastattelevat hakijat ja tekev\u00e4t valinnat. Sen j\u00e4lkeen rotarypiiri haastattelee valitut nuoret ja tekee lopulliset valintap\u00e4\u00e4t\u00f6kset. Klubimme nuorisovaihto toteutetaan yhdess\u00e4 Jyv\u00e4skyl\u00e4-Laajavuoren Rotaryklubin kanssa.<\/p>\n<\/div>\n<\/div>\n<p>[\/et_pb_text][et_pb_gallery gallery_ids=&#8221;1716,1715,1712&#8243; posts_number=&#8221;3&#8243; show_title_and_caption=&#8221;off&#8221; show_pagination=&#8221;off&#8221; _builder_version=&#8221;4.27.4&#8243; _module_preset=&#8221;default&#8221; global_colors_info=&#8221;{}&#8221;][\/et_pb_gallery][\/et_pb_column_inner][\/et_pb_row_inner][\/et_pb_column][et_pb_column type=&#8221;1_3&#8243; module_class=&#8221;sivupalkki&#8221; _builder_version=&#8221;4.16&#8243; custom_padding=&#8221;|||&#8221; global_colors_info=&#8221;{}&#8221; parallax__hover=&#8221;off&#8221; parallax_method__hover=&#8221;on&#8221; module_class__hover=&#8221;sivupalkki&#8221; custom_padding__hover=&#8221;|||&#8221;][et_pb_sidebar area=&#8221;sidebar-1&#8243; module_class=&#8221;sivupalkki_sisalto&#8221; _builder_version=&#8221;4.16&#8243; locked=&#8221;on&#8221; global_colors_info=&#8221;{}&#8221;][\/et_pb_sidebar][\/et_pb_column][\/et_pb_section]<\/p>\n","protected":false},"excerpt":{"rendered":"<p>NuorisovaihtoVaihtoon ulkomaille Rotaryn nuorisovaihto on turvallinen ja usein varsin edullinen tapa p\u00e4\u00e4st\u00e4 ulkomaille vaihto-oppilaaksi.\u00a0Rotaryn nuorisovaihto on sertifioitua ja valvottua. Vaihdon aikana nuori edustaa rotaryj\u00e4rjest\u00f6\u00e4 ja h\u00e4nt\u00e4 sitovat rotaryn s\u00e4\u00e4nn\u00f6t, mik\u00e4 on olennainen osa vaihdon turvallisuutta. Nuori ja h\u00e4nen perheens\u00e4 koulutetaan vaihtovuoden vaatimuksiin ennen nuoren l\u00e4ht\u00f6\u00e4. \u00a0 Kun rotaryklubimme ottaa vastaan ulkomaisen vaihto-oppilaan, se tarkoittaa, ett\u00e4 [&hellip;]<\/p>\n","protected":false},"author":1,"featured_media":0,"parent":77,"menu_order":0,"comment_status":"closed","ping_status":"closed","template":"","meta":{"_acf_changed":false,"_et_pb_use_builder":"on","_et_pb_old_content":"","_et_gb_content_width":"","footnotes":""},"class_list":["post-154","page","type-page","status-publish","hentry"],"acf":[],"yoast_head":"<!-- This site is optimized with the Yoast SEO plugin v27.0 - https:\/\/yoast.com\/product\/yoast-seo-wordpress\/ -->\n<title>Nuorisovaihto - Jyv\u00e4skyl\u00e4-P\u00e4ij\u00e4nne Rotaryklubi<\/title>\n<meta name=\"robots\" content=\"index, follow, max-snippet:-1, max-image-preview:large, max-video-preview:-1\" \/>\n<link rel=\"canonical\" href=\"https:\/\/rotary.fi\/jyvaskyla-paijanne\/mita-teemme\/nuorisovaihto\/\" \/>\n<meta property=\"og:locale\" content=\"fi_FI\" \/>\n<meta property=\"og:type\" content=\"article\" \/>\n<meta property=\"og:title\" content=\"Nuorisovaihto - Jyv\u00e4skyl\u00e4-P\u00e4ij\u00e4nne Rotaryklubi\" \/>\n<meta property=\"og:description\" content=\"NuorisovaihtoVaihtoon ulkomaille Rotaryn nuorisovaihto on turvallinen ja usein varsin edullinen tapa p\u00e4\u00e4st\u00e4 ulkomaille vaihto-oppilaaksi.\u00a0Rotaryn nuorisovaihto on sertifioitua ja valvottua. Vaihdon aikana nuori edustaa rotaryj\u00e4rjest\u00f6\u00e4 ja h\u00e4nt\u00e4 sitovat rotaryn s\u00e4\u00e4nn\u00f6t, mik\u00e4 on olennainen osa vaihdon turvallisuutta. Nuori ja h\u00e4nen perheens\u00e4 koulutetaan vaihtovuoden vaatimuksiin ennen nuoren l\u00e4ht\u00f6\u00e4. \u00a0 Kun rotaryklubimme ottaa vastaan ulkomaisen vaihto-oppilaan, se tarkoittaa, ett\u00e4 [&hellip;]\" \/>\n<meta property=\"og:url\" content=\"https:\/\/rotary.fi\/jyvaskyla-paijanne\/mita-teemme\/nuorisovaihto\/\" \/>\n<meta property=\"og:site_name\" content=\"Jyv\u00e4skyl\u00e4-P\u00e4ij\u00e4nne Rotaryklubi\" \/>\n<meta property=\"article:modified_time\" content=\"2025-10-20T16:35:20+00:00\" \/>\n<meta name=\"twitter:card\" content=\"summary_large_image\" \/>\n<meta name=\"twitter:label1\" content=\"Arvioitu lukuaika\" \/>\n\t<meta name=\"twitter:data1\" content=\"4 minuuttia\" \/>\n<script type=\"application\/ld+json\" class=\"yoast-schema-graph\">{\"@context\":\"https:\/\/schema.org\",\"@graph\":[{\"@type\":\"WebPage\",\"@id\":\"https:\/\/rotary.fi\/jyvaskyla-paijanne\/mita-teemme\/nuorisovaihto\/\",\"url\":\"https:\/\/rotary.fi\/jyvaskyla-paijanne\/mita-teemme\/nuorisovaihto\/\",\"name\":\"Nuorisovaihto - Jyv\u00e4skyl\u00e4-P\u00e4ij\u00e4nne Rotaryklubi\",\"isPartOf\":{\"@id\":\"https:\/\/rotary.fi\/jyvaskyla-paijanne\/#website\"},\"datePublished\":\"2018-08-13T06:35:27+00:00\",\"dateModified\":\"2025-10-20T16:35:20+00:00\",\"breadcrumb\":{\"@id\":\"https:\/\/rotary.fi\/jyvaskyla-paijanne\/mita-teemme\/nuorisovaihto\/#breadcrumb\"},\"inLanguage\":\"fi\",\"potentialAction\":[{\"@type\":\"ReadAction\",\"target\":[\"https:\/\/rotary.fi\/jyvaskyla-paijanne\/mita-teemme\/nuorisovaihto\/\"]}]},{\"@type\":\"BreadcrumbList\",\"@id\":\"https:\/\/rotary.fi\/jyvaskyla-paijanne\/mita-teemme\/nuorisovaihto\/#breadcrumb\",\"itemListElement\":[{\"@type\":\"ListItem\",\"position\":1,\"name\":\"Home\",\"item\":\"https:\/\/rotary.fi\/jyvaskyla-paijanne\/\"},{\"@type\":\"ListItem\",\"position\":2,\"name\":\"Mit\u00e4 teemme\",\"item\":\"https:\/\/rotary.fi\/jyvaskyla-paijanne\/mita-teemme\/\"},{\"@type\":\"ListItem\",\"position\":3,\"name\":\"Nuorisovaihto\"}]},{\"@type\":\"WebSite\",\"@id\":\"https:\/\/rotary.fi\/jyvaskyla-paijanne\/#website\",\"url\":\"https:\/\/rotary.fi\/jyvaskyla-paijanne\/\",\"name\":\"Jyv\u00e4skyl\u00e4-P\u00e4ij\u00e4nne Rotaryklubi\",\"description\":\"Uusi Rotary klubisivusto\",\"potentialAction\":[{\"@type\":\"SearchAction\",\"target\":{\"@type\":\"EntryPoint\",\"urlTemplate\":\"https:\/\/rotary.fi\/jyvaskyla-paijanne\/?s={search_term_string}\"},\"query-input\":{\"@type\":\"PropertyValueSpecification\",\"valueRequired\":true,\"valueName\":\"search_term_string\"}}],\"inLanguage\":\"fi\"}]}<\/script>\n<!-- \/ Yoast SEO plugin. -->","yoast_head_json":{"title":"Nuorisovaihto - Jyv\u00e4skyl\u00e4-P\u00e4ij\u00e4nne Rotaryklubi","robots":{"index":"index","follow":"follow","max-snippet":"max-snippet:-1","max-image-preview":"max-image-preview:large","max-video-preview":"max-video-preview:-1"},"canonical":"https:\/\/rotary.fi\/jyvaskyla-paijanne\/mita-teemme\/nuorisovaihto\/","og_locale":"fi_FI","og_type":"article","og_title":"Nuorisovaihto - Jyv\u00e4skyl\u00e4-P\u00e4ij\u00e4nne Rotaryklubi","og_description":"NuorisovaihtoVaihtoon ulkomaille Rotaryn nuorisovaihto on turvallinen ja usein varsin edullinen tapa p\u00e4\u00e4st\u00e4 ulkomaille vaihto-oppilaaksi.\u00a0Rotaryn nuorisovaihto on sertifioitua ja valvottua. Vaihdon aikana nuori edustaa rotaryj\u00e4rjest\u00f6\u00e4 ja h\u00e4nt\u00e4 sitovat rotaryn s\u00e4\u00e4nn\u00f6t, mik\u00e4 on olennainen osa vaihdon turvallisuutta. Nuori ja h\u00e4nen perheens\u00e4 koulutetaan vaihtovuoden vaatimuksiin ennen nuoren l\u00e4ht\u00f6\u00e4. \u00a0 Kun rotaryklubimme ottaa vastaan ulkomaisen vaihto-oppilaan, se tarkoittaa, ett\u00e4 [&hellip;]","og_url":"https:\/\/rotary.fi\/jyvaskyla-paijanne\/mita-teemme\/nuorisovaihto\/","og_site_name":"Jyv\u00e4skyl\u00e4-P\u00e4ij\u00e4nne Rotaryklubi","article_modified_time":"2025-10-20T16:35:20+00:00","twitter_card":"summary_large_image","twitter_misc":{"Arvioitu lukuaika":"4 minuuttia"},"schema":{"@context":"https:\/\/schema.org","@graph":[{"@type":"WebPage","@id":"https:\/\/rotary.fi\/jyvaskyla-paijanne\/mita-teemme\/nuorisovaihto\/","url":"https:\/\/rotary.fi\/jyvaskyla-paijanne\/mita-teemme\/nuorisovaihto\/","name":"Nuorisovaihto - Jyv\u00e4skyl\u00e4-P\u00e4ij\u00e4nne Rotaryklubi","isPartOf":{"@id":"https:\/\/rotary.fi\/jyvaskyla-paijanne\/#website"},"datePublished":"2018-08-13T06:35:27+00:00","dateModified":"2025-10-20T16:35:20+00:00","breadcrumb":{"@id":"https:\/\/rotary.fi\/jyvaskyla-paijanne\/mita-teemme\/nuorisovaihto\/#breadcrumb"},"inLanguage":"fi","potentialAction":[{"@type":"ReadAction","target":["https:\/\/rotary.fi\/jyvaskyla-paijanne\/mita-teemme\/nuorisovaihto\/"]}]},{"@type":"BreadcrumbList","@id":"https:\/\/rotary.fi\/jyvaskyla-paijanne\/mita-teemme\/nuorisovaihto\/#breadcrumb","itemListElement":[{"@type":"ListItem","position":1,"name":"Home","item":"https:\/\/rotary.fi\/jyvaskyla-paijanne\/"},{"@type":"ListItem","position":2,"name":"Mit\u00e4 teemme","item":"https:\/\/rotary.fi\/jyvaskyla-paijanne\/mita-teemme\/"},{"@type":"ListItem","position":3,"name":"Nuorisovaihto"}]},{"@type":"WebSite","@id":"https:\/\/rotary.fi\/jyvaskyla-paijanne\/#website","url":"https:\/\/rotary.fi\/jyvaskyla-paijanne\/","name":"Jyv\u00e4skyl\u00e4-P\u00e4ij\u00e4nne Rotaryklubi","description":"Uusi Rotary klubisivusto","potentialAction":[{"@type":"SearchAction","target":{"@type":"EntryPoint","urlTemplate":"https:\/\/rotary.fi\/jyvaskyla-paijanne\/?s={search_term_string}"},"query-input":{"@type":"PropertyValueSpecification","valueRequired":true,"valueName":"search_term_string"}}],"inLanguage":"fi"}]}},"lang":"fi","translations":{"fi":154},"pll_sync_post":[],"_links":{"self":[{"href":"https:\/\/rotary.fi\/jyvaskyla-paijanne\/wp-json\/wp\/v2\/pages\/154","targetHints":{"allow":["GET"]}}],"collection":[{"href":"https:\/\/rotary.fi\/jyvaskyla-paijanne\/wp-json\/wp\/v2\/pages"}],"about":[{"href":"https:\/\/rotary.fi\/jyvaskyla-paijanne\/wp-json\/wp\/v2\/types\/page"}],"author":[{"embeddable":true,"href":"https:\/\/rotary.fi\/jyvaskyla-paijanne\/wp-json\/wp\/v2\/users\/1"}],"replies":[{"embeddable":true,"href":"https:\/\/rotary.fi\/jyvaskyla-paijanne\/wp-json\/wp\/v2\/comments?post=154"}],"version-history":[{"count":10,"href":"https:\/\/rotary.fi\/jyvaskyla-paijanne\/wp-json\/wp\/v2\/pages\/154\/revisions"}],"predecessor-version":[{"id":2028,"href":"https:\/\/rotary.fi\/jyvaskyla-paijanne\/wp-json\/wp\/v2\/pages\/154\/revisions\/2028"}],"up":[{"embeddable":true,"href":"https:\/\/rotary.fi\/jyvaskyla-paijanne\/wp-json\/wp\/v2\/pages\/77"}],"wp:attachment":[{"href":"https:\/\/rotary.fi\/jyvaskyla-paijanne\/wp-json\/wp\/v2\/media?parent=154"}],"curies":[{"name":"wp","href":"https:\/\/api.w.org\/{rel}","templated":true}]}}