{"id":186,"date":"2018-08-13T11:06:59","date_gmt":"2018-08-13T08:06:59","guid":{"rendered":"https:\/\/rotary.fi\/jurva\/?page_id=186"},"modified":"2026-04-04T10:28:24","modified_gmt":"2026-04-04T07:28:24","slug":"tapahtumakalenteri","status":"publish","type":"page","link":"https:\/\/rotary.fi\/jurva\/ajankohtaista\/tapahtumakalenteri\/","title":{"rendered":"Tapahtumakalenteri"},"content":{"rendered":"<p>[et_pb_section fb_built=&#8221;1&#8243; _builder_version=&#8221;4.19.0&#8243; _module_preset=&#8221;default&#8221; global_colors_info=&#8221;{}&#8221;][et_pb_row _builder_version=&#8221;4.19.0&#8243; _module_preset=&#8221;default&#8221; global_colors_info=&#8221;{}&#8221;][et_pb_column type=&#8221;4_4&#8243; _builder_version=&#8221;4.19.0&#8243; _module_preset=&#8221;default&#8221; global_colors_info=&#8221;{}&#8221;][et_pb_text _builder_version=&#8221;4.27.4&#8243; _module_preset=&#8221;default&#8221; hover_enabled=&#8221;0&#8243; global_colors_info=&#8221;{}&#8221; sticky_enabled=&#8221;0&#8243;]<\/p>\n<p>&nbsp;<\/p>\n<table style=\"height: 1541px\" border=\"0\" width=\"700\" bgcolor=\"#FFFFFF\">\n<tbody>\n<tr style=\"height: 23px\" bgcolor=\"#66FFFF\">\n<td style=\"height: 23px;width: 75.8906px\">P\u00e4iv\u00e4ys<\/td>\n<td style=\"height: 23px;width: 449.25px\">Ohjelma \/ Esitelm\u00e4n pit\u00e4j\u00e4<\/td>\n<td style=\"height: 23px;width: 152.859px\">Paikka<\/td>\n<\/tr>\n<tr style=\"height: 23px\" bgcolor=\"#66FFFF\">\n<td style=\"height: 23px;width: 75.8906px\">Hein\u00e4kuu<\/td>\n<td style=\"height: 23px;width: 449.25px\">\u00a0<\/td>\n<td style=\"height: 23px;width: 152.859px\">\u00a0<\/td>\n<\/tr>\n<tr style=\"height: 23px\">\n<td style=\"height: 23px;width: 75.8906px\">02.07.2025<\/td>\n<td style=\"height: 23px;width: 449.25px\">Vitjojen vaihto<\/td>\n<td style=\"height: 23px;width: 152.859px\">S\u00e4llin kota<\/td>\n<\/tr>\n<tr style=\"height: 23px\">\n<td style=\"height: 23px;width: 75.8906px\">09.07.2025<\/td>\n<td style=\"height: 23px;width: 449.25px\">Ohjelman suunnittelua<\/td>\n<td style=\"height: 23px;width: 152.859px\">Kokoustila<\/td>\n<\/tr>\n<tr style=\"height: 23px\">\n<td style=\"height: 23px;width: 75.8906px\">16.07.2025<\/td>\n<td style=\"height: 23px;width: 449.25px\">Ampumahiihtostadioniin tutustuminen<\/td>\n<td style=\"height: 23px;width: 152.859px\">Ampumahiihtostadion<\/td>\n<\/tr>\n<tr style=\"height: 23px\">\n<td style=\"width: 75.8906px;height: 23px\">23.07.2025<\/td>\n<td style=\"width: 449.25px;height: 23px\">Pekka Koskinen alustus ja Timo Laiteenm\u00e4ki tiliasiat<\/td>\n<td style=\"width: 152.859px;height: 23px\">Kokoustila<\/td>\n<\/tr>\n<tr style=\"height: 23px\">\n<td style=\"height: 23px;width: 75.8906px\">30.07.2025<\/td>\n<td style=\"height: 23px;width: 449.25px\">Sauna<\/td>\n<td style=\"height: 23px;width: 152.859px\">Kokoustila<\/td>\n<\/tr>\n<tr style=\"height: 23px\" bgcolor=\"#66FFFF\">\n<td style=\"height: 23px;width: 75.8906px\">Elokuu<\/td>\n<td style=\"height: 23px;width: 449.25px\">\u00a0<\/td>\n<td style=\"height: 23px;width: 152.859px\">\u00a0<\/td>\n<\/tr>\n<tr style=\"height: 23px\">\n<td style=\"height: 23px;width: 75.8906px\">06.08.2025<\/td>\n<td style=\"height: 23px;width: 449.25px\">Esi-olympialaiset<\/td>\n<td style=\"height: 23px;width: 152.859px\">Kokoustila<\/td>\n<\/tr>\n<tr style=\"height: 23px\">\n<td style=\"width: 75.8906px;height: 23px\">13.08.2025<\/td>\n<td style=\"width: 449.25px;height: 23px\">Haapikarin lintutorni\/ klubi<\/td>\n<td style=\"width: 152.859px;height: 23px\">Kokoustila<\/td>\n<\/tr>\n<tr style=\"height: 23px\">\n<td style=\"height: 23px;width: 75.8906px\">14.08.2025<\/td>\n<td style=\"height: 23px;width: 449.25px\">Rotary Olympialaiset<\/td>\n<td style=\"height: 23px;width: 152.859px\">Ilmajoki<\/td>\n<\/tr>\n<tr style=\"height: 23px\">\n<td style=\"height: 23px;width: 75.8906px\">20.08.2025<\/td>\n<td style=\"height: 23px;width: 449.25px\">Talkoot Pekka Heikkil\u00e4n ty\u00f6maalla<\/td>\n<td style=\"height: 23px;width: 152.859px\">Maunonraitti 11<\/td>\n<\/tr>\n<tr style=\"height: 23px\">\n<td style=\"height: 23px;width: 75.8906px\">27.08.2025<\/td>\n<td style=\"height: 23px;width: 449.25px\">Sauna partiomajalla<\/td>\n<td style=\"height: 23px;width: 152.859px\">Kokoustila\/partiomaja<\/td>\n<\/tr>\n<tr style=\"height: 23px\" bgcolor=\"#66FFFF\">\n<td style=\"height: 23px;width: 75.8906px\">Syyskuu<\/td>\n<td style=\"height: 23px;width: 449.25px\">\u00a0<\/td>\n<td style=\"height: 23px;width: 152.859px\">\u00a0<\/td>\n<\/tr>\n<tr style=\"height: 23px\">\n<td style=\"height: 23px;width: 75.8906px\">03.09.2025<\/td>\n<td style=\"height: 23px;width: 449.25px\">Timo Laiteenm\u00e4ki<\/td>\n<td style=\"height: 23px;width: 152.859px\">Kokoustila<\/td>\n<\/tr>\n<tr style=\"height: 23px\">\n<td style=\"height: 23px;width: 75.8906px\">10.09.2025<\/td>\n<td style=\"height: 23px;width: 449.25px\">Henkka Liukku<\/td>\n<td style=\"height: 23px;width: 152.859px\">Kokoustila<\/td>\n<\/tr>\n<tr style=\"height: 23px\">\n<td style=\"height: 23px;width: 75.8906px\">17.09.2025<\/td>\n<td style=\"height: 23px;width: 449.25px\">W\u00e4rtsil\u00e4 vierailu<\/td>\n<td style=\"height: 23px;width: 152.859px\">Vaasa<\/td>\n<\/tr>\n<tr style=\"height: 23px\">\n<td style=\"height: 23px;width: 75.8906px\">24.09.2025<\/td>\n<td style=\"height: 23px;width: 449.25px\">Sauna<\/td>\n<td style=\"height: 23px;width: 152.859px\">Kokoustila<\/td>\n<\/tr>\n<tr style=\"height: 23px\" bgcolor=\"#66FFFF\">\n<td style=\"height: 23px;width: 75.8906px\">Lokakuu<\/td>\n<td style=\"height: 23px;width: 449.25px\">\u00a0<\/td>\n<td style=\"height: 23px;width: 152.859px\">\u00a0<\/td>\n<\/tr>\n<tr style=\"height: 23px\">\n<td style=\"height: 23px;width: 75.8906px\">01.10.2025<\/td>\n<td style=\"height: 23px;width: 449.25px\">Juhani M\u00e4ki, Klubin historiaa<\/td>\n<td style=\"height: 23px;width: 152.859px\">Kokoustila<\/td>\n<\/tr>\n<tr style=\"height: 23px\">\n<td style=\"height: 23px;width: 75.8906px\">08.10.2025<\/td>\n<td style=\"height: 23px;width: 449.25px\">Pekka Koskinen, Ydinvoimalaitoksen toiminnasta<\/td>\n<td style=\"height: 23px;width: 152.859px\">Kokoustila<\/td>\n<\/tr>\n<tr style=\"height: 23px\">\n<td style=\"height: 23px;width: 75.8906px\">15.10.2025<\/td>\n<td style=\"height: 23px;width: 449.25px\">Jaakko Liinamaa<\/td>\n<td style=\"height: 23px;width: 152.859px\">Kokoustila<\/td>\n<\/tr>\n<tr style=\"height: 23px\">\n<td style=\"width: 75.8906px;height: 23px\">22.10.2025<\/td>\n<td style=\"width: 449.25px;height: 23px\">Juhani M\u00e4ki<\/td>\n<td style=\"width: 152.859px;height: 23px\">Kokoustila<\/td>\n<\/tr>\n<tr style=\"height: 23px\">\n<td style=\"height: 23px;width: 75.8906px\">29.10.2025<\/td>\n<td style=\"height: 23px;width: 449.25px\">Sauna<\/td>\n<td style=\"height: 23px;width: 152.859px\">Kokoustila<\/td>\n<\/tr>\n<tr style=\"height: 23px\" bgcolor=\"#66FFFF\">\n<td style=\"height: 23px;width: 75.8906px\">Marraskuu<\/td>\n<td style=\"height: 23px;width: 449.25px\">\u00a0<\/td>\n<td style=\"height: 23px;width: 152.859px\">\u00a0<\/td>\n<\/tr>\n<tr style=\"height: 23px\">\n<td style=\"height: 23px;width: 75.8906px\">05.11.2025<\/td>\n<td style=\"height: 23px;width: 449.25px\">Markku Antila<\/td>\n<td style=\"height: 23px;width: 152.859px\">Kokoustila<\/td>\n<\/tr>\n<tr style=\"height: 23px\">\n<td style=\"height: 23px;width: 75.8906px\">12.11.2025<\/td>\n<td style=\"height: 23px;width: 449.25px\">Keilaus<\/td>\n<td style=\"height: 23px;width: 152.859px\">Keilahalli<\/td>\n<\/tr>\n<tr style=\"height: 23px\">\n<td style=\"height: 23px;width: 75.8906px\">19.11.2025<\/td>\n<td style=\"height: 23px;width: 449.25px\">Leena Nyysti, Jurvan Sanomat<\/td>\n<td style=\"height: 23px;width: 152.859px\">Kokoustila<\/td>\n<\/tr>\n<tr style=\"height: 23px\">\n<td style=\"height: 23px;width: 75.8906px\">26.11.2025<\/td>\n<td style=\"height: 23px;width: 449.25px\">Sauna<\/td>\n<td style=\"height: 23px;width: 152.859px\">Kokoustila<\/td>\n<\/tr>\n<tr style=\"height: 23px\" bgcolor=\"#66FFFF\">\n<td style=\"height: 23px;width: 75.8906px\">Joulukuu<\/td>\n<td style=\"height: 23px;width: 449.25px\">\u00a0<\/td>\n<td style=\"height: 23px;width: 152.859px\">\u00a0<\/td>\n<\/tr>\n<tr style=\"height: 23px\">\n<td style=\"height: 23px;width: 75.8906px\">03.12.2025<\/td>\n<td style=\"height: 23px;width: 449.25px\">Kuvern\u00f6\u00f6rin vierailu<\/td>\n<td style=\"height: 23px;width: 152.859px\">Kokoustila<\/td>\n<\/tr>\n<tr style=\"height: 23px\">\n<td style=\"height: 23px;width: 75.8906px\">05.12.2025<\/td>\n<td style=\"height: 23px;width: 449.25px\">Vuosijuhla<\/td>\n<td style=\"height: 23px;width: 152.859px\">Kotoosa<\/td>\n<\/tr>\n<tr style=\"height: 23px\">\n<td style=\"height: 23px;width: 75.8906px\">10.12.2025<\/td>\n<td style=\"height: 23px;width: 449.25px\">Juha Pukkala,\u00a0 N\u00e4rvijoen kyl\u00e4yhdistys<\/td>\n<td style=\"height: 23px;width: 152.859px\">Kokoustila<\/td>\n<\/tr>\n<tr style=\"height: 23px\">\n<td style=\"height: 23px;width: 75.8906px\">17.12.2025<\/td>\n<td style=\"height: 23px;width: 449.25px\">Timo Laiteenm\u00e4ki<\/td>\n<td style=\"height: 23px;width: 152.859px\">Kokoustila<\/td>\n<\/tr>\n<tr style=\"height: 23px\">\n<td style=\"height: 23px;width: 75.8906px\">24.12.2025<\/td>\n<td style=\"height: 23px;width: 449.25px\">Jouluaatto, ei kokousta<\/td>\n<td style=\"height: 23px;width: 152.859px\">\u00a0<\/td>\n<\/tr>\n<tr style=\"height: 23px\" bgcolor=\"#66FFFF\">\n<td style=\"height: 23px;width: 75.8906px\">Tammikuu<\/td>\n<td style=\"height: 23px;width: 449.25px\">\u00a0<\/td>\n<td style=\"height: 23px;width: 152.859px\">\u00a0<\/td>\n<\/tr>\n<tr style=\"height: 23px\">\n<td style=\"height: 23px;width: 75.8906px\">\u00a0<\/td>\n<td style=\"height: 23px;width: 449.25px\">\u00a0<\/td>\n<td style=\"height: 23px;width: 152.859px\">\u00a0<\/td>\n<\/tr>\n<tr style=\"height: 23px\">\n<td style=\"height: 23px;width: 75.8906px\">07.01.2026<\/td>\n<td style=\"height: 23px;width: 449.25px\">Vierailija Pentti Kananoja alustus<\/td>\n<td style=\"height: 23px;width: 152.859px\">Kokoustila<\/td>\n<\/tr>\n<tr style=\"height: 23px\">\n<td style=\"height: 23px;width: 75.8906px\">14.01.2026<\/td>\n<td style=\"height: 23px;width: 449.25px\">Ohjelmansuunnittelua<\/td>\n<td style=\"height: 23px;width: 152.859px\">Kokoustila<\/td>\n<\/tr>\n<tr style=\"height: 23px\">\n<td style=\"height: 23px;width: 75.8906px\">21.01.2026<\/td>\n<td style=\"height: 23px;width: 449.25px\">Vierailu Nammo Lapua klo 10.30 l\u00e4ht\u00f6 kokoustilan edest\u00e4<\/td>\n<td style=\"height: 23px;width: 152.859px\">Lapua<\/td>\n<\/tr>\n<tr style=\"height: 23px\">\n<td style=\"width: 75.8906px;height: 23px\">28.01.2026<\/td>\n<td style=\"width: 449.25px;height: 23px\">Sauna<\/td>\n<td style=\"width: 152.859px;height: 23px\">Kokoustila<\/td>\n<\/tr>\n<tr style=\"height: 23px\" bgcolor=\"#66FFFF\">\n<td style=\"height: 23px;width: 75.8906px\">Helmikuu<\/td>\n<td style=\"height: 23px;width: 449.25px\">\u00a0<\/td>\n<td style=\"height: 23px;width: 152.859px\">\u00a0<\/td>\n<\/tr>\n<tr style=\"height: 23px\">\n<td style=\"height: 23px;width: 75.8906px\">04.02.2026<\/td>\n<td style=\"height: 23px;width: 449.25px\">Markku Antila<\/td>\n<td style=\"height: 23px;width: 152.859px\">Kokoustila<\/td>\n<\/tr>\n<tr style=\"height: 23px\">\n<td style=\"height: 23px;width: 75.8906px\">11.02.2026<\/td>\n<td style=\"height: 23px;width: 449.25px\">Ajankohtaiset asiat<\/td>\n<td style=\"height: 23px;width: 152.859px\">Kokoustila<\/td>\n<\/tr>\n<tr style=\"height: 23px\">\n<td style=\"height: 23px;width: 75.8906px\">18.02.2026<\/td>\n<td style=\"height: 23px;width: 449.25px\">Muistelot<\/td>\n<td style=\"height: 23px;width: 152.859px\">Kokoustila<\/td>\n<\/tr>\n<tr style=\"height: 23px\">\n<td style=\"height: 23px;width: 75.8906px\">25.02.2026<\/td>\n<td style=\"height: 23px;width: 449.25px\">Sauna<\/td>\n<td style=\"height: 23px;width: 152.859px\">Kokoustila<\/td>\n<\/tr>\n<tr style=\"height: 23px\" bgcolor=\"#66FFFF\">\n<td style=\"height: 23px;width: 75.8906px\">Maaliskuu<\/td>\n<td style=\"height: 23px;width: 449.25px\">\u00a0<\/td>\n<td style=\"height: 23px;width: 152.859px\">\u00a0<\/td>\n<\/tr>\n<tr style=\"height: 23px\">\n<td style=\"height: 23px;width: 75.8906px\">04.03.2026<\/td>\n<td style=\"height: 23px;width: 449.25px\">Jurvan Liekki esitt\u00e4ytyy Katri Rientamo ja Jussi M\u00e4enp\u00e4\u00e4<\/td>\n<td style=\"height: 23px;width: 152.859px\">Kokoustila<\/td>\n<\/tr>\n<tr style=\"height: 23px\">\n<td style=\"height: 23px;width: 75.8906px\">11.03.2026<\/td>\n<td style=\"height: 23px;width: 449.25px\">Esko Pietil\u00e4<\/td>\n<td style=\"height: 23px;width: 152.859px\">Kokoustila<\/td>\n<\/tr>\n<tr style=\"height: 23px\">\n<td style=\"height: 23px;width: 75.8906px\">18.03.2026<\/td>\n<td style=\"height: 23px;width: 449.25px\">Marko Latva-Kyyny<\/td>\n<td style=\"height: 23px;width: 152.859px\">Kokoustila<\/td>\n<\/tr>\n<tr style=\"height: 23px\">\n<td style=\"height: 23px;width: 75.8906px\">25.03.2026<\/td>\n<td style=\"height: 23px;width: 449.25px\">Sauna<\/td>\n<td style=\"height: 23px;width: 152.859px\">Kokoustila<\/td>\n<\/tr>\n<tr style=\"height: 23px\" bgcolor=\"#66FFFF\">\n<td style=\"height: 23px;width: 75.8906px\">Huhtikuu<\/td>\n<td style=\"height: 23px;width: 449.25px\">\u00a0<\/td>\n<td style=\"height: 23px;width: 152.859px\">\u00a0<\/td>\n<\/tr>\n<tr style=\"height: 23px\">\n<td style=\"height: 23px;width: 75.8906px\">01.04.2026<\/td>\n<td style=\"height: 23px;width: 449.25px\">Vierailija Pia Laiteenm\u00e4ki \/ rakennustarkastus<\/td>\n<td style=\"height: 23px;width: 152.859px\">Kokoustila<\/td>\n<\/tr>\n<tr style=\"height: 23px\">\n<td style=\"height: 23px;width: 75.8906px\">08.04.2026<\/td>\n<td style=\"height: 23px;width: 449.25px\">\u00a0<\/td>\n<td style=\"height: 23px;width: 152.859px\">Kokoustila<\/td>\n<\/tr>\n<tr>\n<td style=\"width: 75.8906px\">09.04.2026<\/td>\n<td style=\"width: 449.25px\">Vierailu Parolassa \/ Botnia Klubin kanssa<\/td>\n<td style=\"width: 152.859px\">Parola<\/td>\n<\/tr>\n<tr style=\"height: 23px\">\n<td style=\"height: 23px;width: 75.8906px\">15.04.2026<\/td>\n<td style=\"height: 23px;width: 449.25px\">\u00a0<\/td>\n<td style=\"height: 23px;width: 152.859px\">kokoustila<\/td>\n<\/tr>\n<tr style=\"height: 23px\">\n<td style=\"width: 75.8906px;height: 23px\">22,04,2026<\/td>\n<td style=\"width: 449.25px;height: 23px\">\u00a0<\/td>\n<td style=\"width: 152.859px;height: 23px\">Kokoustila<\/td>\n<\/tr>\n<tr style=\"height: 23px\">\n<td style=\"height: 23px;width: 75.8906px\">29.04.2026<\/td>\n<td style=\"height: 23px;width: 449.25px\">\u00a0Sauna<\/td>\n<td style=\"height: 23px;width: 152.859px\">Kokoustila<\/td>\n<\/tr>\n<tr style=\"height: 23px\" bgcolor=\"#66FFFF\">\n<td style=\"height: 23px;width: 75.8906px\">Toukokuu<\/td>\n<td style=\"height: 23px;width: 449.25px\">\u00a0<\/td>\n<td style=\"height: 23px;width: 152.859px\">\u00a0<\/td>\n<\/tr>\n<tr style=\"height: 23px\">\n<td style=\"height: 23px;width: 75.8906px\">06.05.2026<\/td>\n<td style=\"height: 23px;width: 449.25px\">\u00a0<\/td>\n<td style=\"height: 23px;width: 152.859px\">Kokoustila<\/td>\n<\/tr>\n<tr style=\"height: 23px\">\n<td style=\"height: 23px;width: 75.8906px\">13.05.2026<\/td>\n<td style=\"height: 23px;width: 449.25px\">\u00a0<\/td>\n<td style=\"height: 23px;width: 152.859px\">Kokoustila<\/td>\n<\/tr>\n<tr style=\"height: 23px\">\n<td style=\"height: 23px;width: 75.8906px\">20.05.2026<\/td>\n<td style=\"height: 23px;width: 449.25px\">\u00a0<\/td>\n<td style=\"height: 23px;width: 152.859px\">Kokoustila<\/td>\n<\/tr>\n<tr style=\"height: 23px\">\n<td style=\"height: 23px;width: 75.8906px\">27.05.2026<\/td>\n<td style=\"height: 23px;width: 449.25px\">Sauna<\/td>\n<td style=\"height: 23px;width: 152.859px\">Kokoustila<\/td>\n<\/tr>\n<tr style=\"height: 23px\" bgcolor=\"#66FFFF\">\n<td style=\"height: 23px;width: 75.8906px\">Kes\u00e4kuu<\/td>\n<td style=\"height: 23px;width: 449.25px\">\u00a0<\/td>\n<td style=\"height: 23px;width: 152.859px\">\u00a0<\/td>\n<\/tr>\n<tr style=\"height: 23px\">\n<td style=\"height: 23px;width: 75.8906px\">03.06.2026<\/td>\n<td style=\"height: 23px;width: 449.25px\">\u00a0<\/td>\n<td style=\"height: 23px;width: 152.859px\">Kokoustila<\/td>\n<\/tr>\n<tr style=\"height: 23px\">\n<td style=\"width: 75.8906px;height: 23px\">10.06.2026<\/td>\n<td style=\"width: 449.25px;height: 23px\">\u00a0<\/td>\n<td style=\"width: 152.859px;height: 23px\">Kokoustila<\/td>\n<\/tr>\n<tr style=\"height: 23px\">\n<td style=\"height: 23px;width: 75.8906px\">17.06.2026<\/td>\n<td style=\"height: 23px;width: 449.25px\">\u00a0<\/td>\n<td style=\"height: 23px;width: 152.859px\">Kokoustila<\/td>\n<\/tr>\n<tr style=\"height: 23px\">\n<td style=\"height: 23px;width: 75.8906px\">24.06.2026<\/td>\n<td style=\"height: 23px;width: 449.25px\">Sauna<\/td>\n<td style=\"height: 23px;width: 152.859px\">Kokoustila<\/td>\n<\/tr>\n<\/tbody>\n<\/table>\n<p>&nbsp;<\/p>\n<p>[\/et_pb_text][\/et_pb_column][\/et_pb_row][\/et_pb_section]<\/p>\n","protected":false},"excerpt":{"rendered":"<p>&nbsp; P\u00e4iv\u00e4ys Ohjelma \/ Esitelm\u00e4n pit\u00e4j\u00e4 Paikka Hein\u00e4kuu \u00a0 \u00a0 02.07.2025 Vitjojen vaihto S\u00e4llin kota 09.07.2025 Ohjelman suunnittelua Kokoustila 16.07.2025 Ampumahiihtostadioniin tutustuminen Ampumahiihtostadion 23.07.2025 Pekka Koskinen alustus ja Timo Laiteenm\u00e4ki tiliasiat Kokoustila 30.07.2025 Sauna Kokoustila Elokuu \u00a0 \u00a0 06.08.2025 Esi-olympialaiset Kokoustila 13.08.2025 Haapikarin lintutorni\/ klubi Kokoustila 14.08.2025 Rotary Olympialaiset Ilmajoki 20.08.2025 Talkoot Pekka Heikkil\u00e4n ty\u00f6maalla [&hellip;]<\/p>\n","protected":false},"author":1,"featured_media":0,"parent":94,"menu_order":0,"comment_status":"closed","ping_status":"closed","template":"","meta":{"_acf_changed":false,"_et_pb_use_builder":"on","_et_pb_old_content":"","_et_gb_content_width":"","footnotes":""},"class_list":["post-186","page","type-page","status-publish","hentry"],"acf":[],"yoast_head":"<!-- This site is optimized with the Yoast SEO plugin v27.0 - https:\/\/yoast.com\/product\/yoast-seo-wordpress\/ -->\n<title>Tapahtumakalenteri - Jurvan Rotaryklubi<\/title>\n<meta name=\"robots\" content=\"index, follow, max-snippet:-1, max-image-preview:large, max-video-preview:-1\" \/>\n<link rel=\"canonical\" href=\"https:\/\/rotary.fi\/jurva\/ajankohtaista\/tapahtumakalenteri\/\" \/>\n<meta property=\"og:locale\" content=\"fi_FI\" \/>\n<meta property=\"og:type\" content=\"article\" \/>\n<meta property=\"og:title\" content=\"Tapahtumakalenteri - Jurvan Rotaryklubi\" \/>\n<meta property=\"og:description\" content=\"&nbsp; P\u00e4iv\u00e4ys Ohjelma \/ Esitelm\u00e4n pit\u00e4j\u00e4 Paikka Hein\u00e4kuu \u00a0 \u00a0 02.07.2025 Vitjojen vaihto S\u00e4llin kota 09.07.2025 Ohjelman suunnittelua Kokoustila 16.07.2025 Ampumahiihtostadioniin tutustuminen Ampumahiihtostadion 23.07.2025 Pekka Koskinen alustus ja Timo Laiteenm\u00e4ki tiliasiat Kokoustila 30.07.2025 Sauna Kokoustila Elokuu \u00a0 \u00a0 06.08.2025 Esi-olympialaiset Kokoustila 13.08.2025 Haapikarin lintutorni\/ klubi Kokoustila 14.08.2025 Rotary Olympialaiset Ilmajoki 20.08.2025 Talkoot Pekka Heikkil\u00e4n ty\u00f6maalla [&hellip;]\" \/>\n<meta property=\"og:url\" content=\"https:\/\/rotary.fi\/jurva\/ajankohtaista\/tapahtumakalenteri\/\" \/>\n<meta property=\"og:site_name\" content=\"Jurvan Rotaryklubi\" \/>\n<meta property=\"article:modified_time\" content=\"2026-04-04T07:28:24+00:00\" \/>\n<meta name=\"twitter:card\" content=\"summary_large_image\" \/>\n<meta name=\"twitter:label1\" content=\"Arvioitu lukuaika\" \/>\n\t<meta name=\"twitter:data1\" content=\"2 minuuttia\" \/>\n<script type=\"application\/ld+json\" class=\"yoast-schema-graph\">{\"@context\":\"https:\/\/schema.org\",\"@graph\":[{\"@type\":\"WebPage\",\"@id\":\"https:\/\/rotary.fi\/jurva\/ajankohtaista\/tapahtumakalenteri\/\",\"url\":\"https:\/\/rotary.fi\/jurva\/ajankohtaista\/tapahtumakalenteri\/\",\"name\":\"Tapahtumakalenteri - Jurvan Rotaryklubi\",\"isPartOf\":{\"@id\":\"https:\/\/rotary.fi\/jurva\/#website\"},\"datePublished\":\"2018-08-13T08:06:59+00:00\",\"dateModified\":\"2026-04-04T07:28:24+00:00\",\"breadcrumb\":{\"@id\":\"https:\/\/rotary.fi\/jurva\/ajankohtaista\/tapahtumakalenteri\/#breadcrumb\"},\"inLanguage\":\"fi\",\"potentialAction\":[{\"@type\":\"ReadAction\",\"target\":[\"https:\/\/rotary.fi\/jurva\/ajankohtaista\/tapahtumakalenteri\/\"]}]},{\"@type\":\"BreadcrumbList\",\"@id\":\"https:\/\/rotary.fi\/jurva\/ajankohtaista\/tapahtumakalenteri\/#breadcrumb\",\"itemListElement\":[{\"@type\":\"ListItem\",\"position\":1,\"name\":\"Home\",\"item\":\"https:\/\/rotary.fi\/jurva\/\"},{\"@type\":\"ListItem\",\"position\":2,\"name\":\"Ajankohtaista\",\"item\":\"https:\/\/rotary.fi\/jurva\/ajankohtaista\/\"},{\"@type\":\"ListItem\",\"position\":3,\"name\":\"Tapahtumakalenteri\"}]},{\"@type\":\"WebSite\",\"@id\":\"https:\/\/rotary.fi\/jurva\/#website\",\"url\":\"https:\/\/rotary.fi\/jurva\/\",\"name\":\"Jurvan Rotaryklubi\",\"description\":\"Uusi Rotary klubisivusto\",\"potentialAction\":[{\"@type\":\"SearchAction\",\"target\":{\"@type\":\"EntryPoint\",\"urlTemplate\":\"https:\/\/rotary.fi\/jurva\/?s={search_term_string}\"},\"query-input\":{\"@type\":\"PropertyValueSpecification\",\"valueRequired\":true,\"valueName\":\"search_term_string\"}}],\"inLanguage\":\"fi\"}]}<\/script>\n<!-- \/ Yoast SEO plugin. -->","yoast_head_json":{"title":"Tapahtumakalenteri - Jurvan Rotaryklubi","robots":{"index":"index","follow":"follow","max-snippet":"max-snippet:-1","max-image-preview":"max-image-preview:large","max-video-preview":"max-video-preview:-1"},"canonical":"https:\/\/rotary.fi\/jurva\/ajankohtaista\/tapahtumakalenteri\/","og_locale":"fi_FI","og_type":"article","og_title":"Tapahtumakalenteri - Jurvan Rotaryklubi","og_description":"&nbsp; P\u00e4iv\u00e4ys Ohjelma \/ Esitelm\u00e4n pit\u00e4j\u00e4 Paikka Hein\u00e4kuu \u00a0 \u00a0 02.07.2025 Vitjojen vaihto S\u00e4llin kota 09.07.2025 Ohjelman suunnittelua Kokoustila 16.07.2025 Ampumahiihtostadioniin tutustuminen Ampumahiihtostadion 23.07.2025 Pekka Koskinen alustus ja Timo Laiteenm\u00e4ki tiliasiat Kokoustila 30.07.2025 Sauna Kokoustila Elokuu \u00a0 \u00a0 06.08.2025 Esi-olympialaiset Kokoustila 13.08.2025 Haapikarin lintutorni\/ klubi Kokoustila 14.08.2025 Rotary Olympialaiset Ilmajoki 20.08.2025 Talkoot Pekka Heikkil\u00e4n ty\u00f6maalla [&hellip;]","og_url":"https:\/\/rotary.fi\/jurva\/ajankohtaista\/tapahtumakalenteri\/","og_site_name":"Jurvan Rotaryklubi","article_modified_time":"2026-04-04T07:28:24+00:00","twitter_card":"summary_large_image","twitter_misc":{"Arvioitu lukuaika":"2 minuuttia"},"schema":{"@context":"https:\/\/schema.org","@graph":[{"@type":"WebPage","@id":"https:\/\/rotary.fi\/jurva\/ajankohtaista\/tapahtumakalenteri\/","url":"https:\/\/rotary.fi\/jurva\/ajankohtaista\/tapahtumakalenteri\/","name":"Tapahtumakalenteri - Jurvan Rotaryklubi","isPartOf":{"@id":"https:\/\/rotary.fi\/jurva\/#website"},"datePublished":"2018-08-13T08:06:59+00:00","dateModified":"2026-04-04T07:28:24+00:00","breadcrumb":{"@id":"https:\/\/rotary.fi\/jurva\/ajankohtaista\/tapahtumakalenteri\/#breadcrumb"},"inLanguage":"fi","potentialAction":[{"@type":"ReadAction","target":["https:\/\/rotary.fi\/jurva\/ajankohtaista\/tapahtumakalenteri\/"]}]},{"@type":"BreadcrumbList","@id":"https:\/\/rotary.fi\/jurva\/ajankohtaista\/tapahtumakalenteri\/#breadcrumb","itemListElement":[{"@type":"ListItem","position":1,"name":"Home","item":"https:\/\/rotary.fi\/jurva\/"},{"@type":"ListItem","position":2,"name":"Ajankohtaista","item":"https:\/\/rotary.fi\/jurva\/ajankohtaista\/"},{"@type":"ListItem","position":3,"name":"Tapahtumakalenteri"}]},{"@type":"WebSite","@id":"https:\/\/rotary.fi\/jurva\/#website","url":"https:\/\/rotary.fi\/jurva\/","name":"Jurvan Rotaryklubi","description":"Uusi Rotary klubisivusto","potentialAction":[{"@type":"SearchAction","target":{"@type":"EntryPoint","urlTemplate":"https:\/\/rotary.fi\/jurva\/?s={search_term_string}"},"query-input":{"@type":"PropertyValueSpecification","valueRequired":true,"valueName":"search_term_string"}}],"inLanguage":"fi"}]}},"lang":"fi","translations":{"fi":186},"pll_sync_post":[],"_links":{"self":[{"href":"https:\/\/rotary.fi\/jurva\/wp-json\/wp\/v2\/pages\/186","targetHints":{"allow":["GET"]}}],"collection":[{"href":"https:\/\/rotary.fi\/jurva\/wp-json\/wp\/v2\/pages"}],"about":[{"href":"https:\/\/rotary.fi\/jurva\/wp-json\/wp\/v2\/types\/page"}],"author":[{"embeddable":true,"href":"https:\/\/rotary.fi\/jurva\/wp-json\/wp\/v2\/users\/1"}],"replies":[{"embeddable":true,"href":"https:\/\/rotary.fi\/jurva\/wp-json\/wp\/v2\/comments?post=186"}],"version-history":[{"count":11,"href":"https:\/\/rotary.fi\/jurva\/wp-json\/wp\/v2\/pages\/186\/revisions"}],"predecessor-version":[{"id":2096,"href":"https:\/\/rotary.fi\/jurva\/wp-json\/wp\/v2\/pages\/186\/revisions\/2096"}],"up":[{"embeddable":true,"href":"https:\/\/rotary.fi\/jurva\/wp-json\/wp\/v2\/pages\/94"}],"wp:attachment":[{"href":"https:\/\/rotary.fi\/jurva\/wp-json\/wp\/v2\/media?parent=186"}],"curies":[{"name":"wp","href":"https:\/\/api.w.org\/{rel}","templated":true}]}}