{"id":1875,"date":"2023-08-11T07:19:49","date_gmt":"2023-08-11T04:19:49","guid":{"rendered":"https:\/\/rotary.fi\/jarvenpaa\/?page_id=1875"},"modified":"2023-08-18T05:58:49","modified_gmt":"2023-08-18T02:58:49","slug":"itameri-foorumi","status":"publish","type":"page","link":"https:\/\/rotary.fi\/jarvenpaa\/mita-teemme\/itameri-foorumi\/","title":{"rendered":"It\u00e4meri-foorumi"},"content":{"rendered":"<p>Ymp\u00e4rist\u00f6asiat ovat t\u00e4rkeit\u00e4 koko Rotary -liikkeelle ja niin my\u00f6s J\u00e4rvenp\u00e4\u00e4n rotaryklubille. Klubimme on mukana Rotary -piirimme It\u00e4meri-foorumin ty\u00f6ss\u00e4; olemmehan kaikki samaa It\u00e4meren valuma-aluetta. Rotarien tekem\u00e4 ty\u00f6 It\u00e4meren suojelemiseksi ei rajoitu Suomeen vaan rotarit tekev\u00e4t yhteist\u00e4 suojeluty\u00f6t\u00e4 koko It\u00e4meren altaan alueella (BASRAN eli Baltic Sea Action Network) yhteisty\u00f6ss\u00e4 monien muiden toimijoiden kanssa.<\/p>\n<p>J\u00e4rvenp\u00e4\u00e4n rotaryklubi on valinnut yhdeksi toimintatamuodokseen yhteisty\u00f6n J\u00e4rvenp\u00e4\u00e4n koulujen kanssa: klubimme on lahjoittanut ja tulee lahjoittamaan Vesireppuja koulujen opetuksen k\u00e4ytt\u00f6\u00f6n. Vesireppu on tuotettu yhteisty\u00f6ss\u00e4 SYKEn kanssa ja se sis\u00e4lt\u00e4\u00e4 v\u00e4lineist\u00f6\u00e4 vesist\u00f6havaintojen tekoa varten. Lis\u00e4ksi olemme ker\u00e4nneet roskia Tuusulanj\u00e4rven rannalta Vanhankyl\u00e4nniemest\u00e4 yhteisty\u00f6ss\u00e4 J\u00e4rvenp\u00e4\u00e4n kaupungin kanssa.<\/p>\n<p>Ks. tarkemmin <a href=\"https:\/\/rotary.fi\/jarvenpaa\/wp-content\/uploads\/sites\/188\/2023\/08\/Itameri-foorumi_Uutiskirje_2022_2023_final.pdf\" target=\"_blank\" rel=\"noopener\">It\u00e4meri-foorumin uutiskirje.<\/a><\/p>\n","protected":false},"excerpt":{"rendered":"<p>Ymp\u00e4rist\u00f6asiat ovat t\u00e4rkeit\u00e4 koko Rotary -liikkeelle ja niin my\u00f6s J\u00e4rvenp\u00e4\u00e4n rotaryklubille. Klubimme on mukana Rotary -piirimme It\u00e4meri-foorumin ty\u00f6ss\u00e4; olemmehan kaikki samaa It\u00e4meren valuma-aluetta. Rotarien tekem\u00e4 ty\u00f6 It\u00e4meren suojelemiseksi ei rajoitu Suomeen vaan rotarit tekev\u00e4t yhteist\u00e4 suojeluty\u00f6t\u00e4 koko It\u00e4meren altaan alueella (BASRAN eli Baltic Sea Action Network) yhteisty\u00f6ss\u00e4 monien muiden toimijoiden kanssa. J\u00e4rvenp\u00e4\u00e4n rotaryklubi on valinnut [&hellip;]<\/p>\n","protected":false},"author":368,"featured_media":0,"parent":77,"menu_order":3,"comment_status":"closed","ping_status":"closed","template":"","meta":{"_acf_changed":false,"_et_pb_use_builder":"","_et_pb_old_content":"","_et_gb_content_width":"","footnotes":""},"class_list":["post-1875","page","type-page","status-publish","hentry"],"acf":[],"yoast_head":"<!-- This site is optimized with the Yoast SEO plugin v27.4 - https:\/\/yoast.com\/product\/yoast-seo-wordpress\/ -->\n<title>It\u00e4meri-foorumi - J\u00e4rvenp\u00e4\u00e4n Rotaryklubi Ry<\/title>\n<meta name=\"robots\" content=\"index, follow, max-snippet:-1, max-image-preview:large, max-video-preview:-1\" \/>\n<link rel=\"canonical\" href=\"https:\/\/rotary.fi\/jarvenpaa\/mita-teemme\/itameri-foorumi\/\" \/>\n<meta property=\"og:locale\" content=\"fi_FI\" \/>\n<meta property=\"og:type\" content=\"article\" \/>\n<meta property=\"og:title\" content=\"It\u00e4meri-foorumi - J\u00e4rvenp\u00e4\u00e4n Rotaryklubi Ry\" \/>\n<meta property=\"og:description\" content=\"Ymp\u00e4rist\u00f6asiat ovat t\u00e4rkeit\u00e4 koko Rotary -liikkeelle ja niin my\u00f6s J\u00e4rvenp\u00e4\u00e4n rotaryklubille. Klubimme on mukana Rotary -piirimme It\u00e4meri-foorumin ty\u00f6ss\u00e4; olemmehan kaikki samaa It\u00e4meren valuma-aluetta. Rotarien tekem\u00e4 ty\u00f6 It\u00e4meren suojelemiseksi ei rajoitu Suomeen vaan rotarit tekev\u00e4t yhteist\u00e4 suojeluty\u00f6t\u00e4 koko It\u00e4meren altaan alueella (BASRAN eli Baltic Sea Action Network) yhteisty\u00f6ss\u00e4 monien muiden toimijoiden kanssa. J\u00e4rvenp\u00e4\u00e4n rotaryklubi on valinnut [&hellip;]\" \/>\n<meta property=\"og:url\" content=\"https:\/\/rotary.fi\/jarvenpaa\/mita-teemme\/itameri-foorumi\/\" \/>\n<meta property=\"og:site_name\" content=\"J\u00e4rvenp\u00e4\u00e4n Rotaryklubi Ry\" \/>\n<meta property=\"article:modified_time\" content=\"2023-08-18T02:58:49+00:00\" \/>\n<meta name=\"twitter:card\" content=\"summary_large_image\" \/>\n<meta name=\"twitter:label1\" content=\"Arvioitu lukuaika\" \/>\n\t<meta name=\"twitter:data1\" content=\"1 minuutti\" \/>\n<script type=\"application\/ld+json\" class=\"yoast-schema-graph\">{\"@context\":\"https:\\\/\\\/schema.org\",\"@graph\":[{\"@type\":\"WebPage\",\"@id\":\"https:\\\/\\\/rotary.fi\\\/jarvenpaa\\\/mita-teemme\\\/itameri-foorumi\\\/\",\"url\":\"https:\\\/\\\/rotary.fi\\\/jarvenpaa\\\/mita-teemme\\\/itameri-foorumi\\\/\",\"name\":\"It\u00e4meri-foorumi - J\u00e4rvenp\u00e4\u00e4n Rotaryklubi Ry\",\"isPartOf\":{\"@id\":\"https:\\\/\\\/rotary.fi\\\/jarvenpaa\\\/#website\"},\"datePublished\":\"2023-08-11T04:19:49+00:00\",\"dateModified\":\"2023-08-18T02:58:49+00:00\",\"breadcrumb\":{\"@id\":\"https:\\\/\\\/rotary.fi\\\/jarvenpaa\\\/mita-teemme\\\/itameri-foorumi\\\/#breadcrumb\"},\"inLanguage\":\"fi\",\"potentialAction\":[{\"@type\":\"ReadAction\",\"target\":[\"https:\\\/\\\/rotary.fi\\\/jarvenpaa\\\/mita-teemme\\\/itameri-foorumi\\\/\"]}]},{\"@type\":\"BreadcrumbList\",\"@id\":\"https:\\\/\\\/rotary.fi\\\/jarvenpaa\\\/mita-teemme\\\/itameri-foorumi\\\/#breadcrumb\",\"itemListElement\":[{\"@type\":\"ListItem\",\"position\":1,\"name\":\"Home\",\"item\":\"https:\\\/\\\/rotary.fi\\\/jarvenpaa\\\/\"},{\"@type\":\"ListItem\",\"position\":2,\"name\":\"Mit\u00e4 teemme\",\"item\":\"https:\\\/\\\/rotary.fi\\\/jarvenpaa\\\/mita-teemme\\\/\"},{\"@type\":\"ListItem\",\"position\":3,\"name\":\"It\u00e4meri-foorumi\"}]},{\"@type\":\"WebSite\",\"@id\":\"https:\\\/\\\/rotary.fi\\\/jarvenpaa\\\/#website\",\"url\":\"https:\\\/\\\/rotary.fi\\\/jarvenpaa\\\/\",\"name\":\"J\u00e4rvenp\u00e4\u00e4n Rotaryklubi Ry\",\"description\":\"Uusi Rotary klubisivusto\",\"potentialAction\":[{\"@type\":\"SearchAction\",\"target\":{\"@type\":\"EntryPoint\",\"urlTemplate\":\"https:\\\/\\\/rotary.fi\\\/jarvenpaa\\\/?s={search_term_string}\"},\"query-input\":{\"@type\":\"PropertyValueSpecification\",\"valueRequired\":true,\"valueName\":\"search_term_string\"}}],\"inLanguage\":\"fi\"}]}<\/script>\n<!-- \/ Yoast SEO plugin. -->","yoast_head_json":{"title":"It\u00e4meri-foorumi - J\u00e4rvenp\u00e4\u00e4n Rotaryklubi Ry","robots":{"index":"index","follow":"follow","max-snippet":"max-snippet:-1","max-image-preview":"max-image-preview:large","max-video-preview":"max-video-preview:-1"},"canonical":"https:\/\/rotary.fi\/jarvenpaa\/mita-teemme\/itameri-foorumi\/","og_locale":"fi_FI","og_type":"article","og_title":"It\u00e4meri-foorumi - J\u00e4rvenp\u00e4\u00e4n Rotaryklubi Ry","og_description":"Ymp\u00e4rist\u00f6asiat ovat t\u00e4rkeit\u00e4 koko Rotary -liikkeelle ja niin my\u00f6s J\u00e4rvenp\u00e4\u00e4n rotaryklubille. Klubimme on mukana Rotary -piirimme It\u00e4meri-foorumin ty\u00f6ss\u00e4; olemmehan kaikki samaa It\u00e4meren valuma-aluetta. Rotarien tekem\u00e4 ty\u00f6 It\u00e4meren suojelemiseksi ei rajoitu Suomeen vaan rotarit tekev\u00e4t yhteist\u00e4 suojeluty\u00f6t\u00e4 koko It\u00e4meren altaan alueella (BASRAN eli Baltic Sea Action Network) yhteisty\u00f6ss\u00e4 monien muiden toimijoiden kanssa. J\u00e4rvenp\u00e4\u00e4n rotaryklubi on valinnut [&hellip;]","og_url":"https:\/\/rotary.fi\/jarvenpaa\/mita-teemme\/itameri-foorumi\/","og_site_name":"J\u00e4rvenp\u00e4\u00e4n Rotaryklubi Ry","article_modified_time":"2023-08-18T02:58:49+00:00","twitter_card":"summary_large_image","twitter_misc":{"Arvioitu lukuaika":"1 minuutti"},"schema":{"@context":"https:\/\/schema.org","@graph":[{"@type":"WebPage","@id":"https:\/\/rotary.fi\/jarvenpaa\/mita-teemme\/itameri-foorumi\/","url":"https:\/\/rotary.fi\/jarvenpaa\/mita-teemme\/itameri-foorumi\/","name":"It\u00e4meri-foorumi - J\u00e4rvenp\u00e4\u00e4n Rotaryklubi Ry","isPartOf":{"@id":"https:\/\/rotary.fi\/jarvenpaa\/#website"},"datePublished":"2023-08-11T04:19:49+00:00","dateModified":"2023-08-18T02:58:49+00:00","breadcrumb":{"@id":"https:\/\/rotary.fi\/jarvenpaa\/mita-teemme\/itameri-foorumi\/#breadcrumb"},"inLanguage":"fi","potentialAction":[{"@type":"ReadAction","target":["https:\/\/rotary.fi\/jarvenpaa\/mita-teemme\/itameri-foorumi\/"]}]},{"@type":"BreadcrumbList","@id":"https:\/\/rotary.fi\/jarvenpaa\/mita-teemme\/itameri-foorumi\/#breadcrumb","itemListElement":[{"@type":"ListItem","position":1,"name":"Home","item":"https:\/\/rotary.fi\/jarvenpaa\/"},{"@type":"ListItem","position":2,"name":"Mit\u00e4 teemme","item":"https:\/\/rotary.fi\/jarvenpaa\/mita-teemme\/"},{"@type":"ListItem","position":3,"name":"It\u00e4meri-foorumi"}]},{"@type":"WebSite","@id":"https:\/\/rotary.fi\/jarvenpaa\/#website","url":"https:\/\/rotary.fi\/jarvenpaa\/","name":"J\u00e4rvenp\u00e4\u00e4n Rotaryklubi Ry","description":"Uusi Rotary klubisivusto","potentialAction":[{"@type":"SearchAction","target":{"@type":"EntryPoint","urlTemplate":"https:\/\/rotary.fi\/jarvenpaa\/?s={search_term_string}"},"query-input":{"@type":"PropertyValueSpecification","valueRequired":true,"valueName":"search_term_string"}}],"inLanguage":"fi"}]}},"lang":"fi","translations":{"fi":1875},"pll_sync_post":[],"_links":{"self":[{"href":"https:\/\/rotary.fi\/jarvenpaa\/wp-json\/wp\/v2\/pages\/1875","targetHints":{"allow":["GET"]}}],"collection":[{"href":"https:\/\/rotary.fi\/jarvenpaa\/wp-json\/wp\/v2\/pages"}],"about":[{"href":"https:\/\/rotary.fi\/jarvenpaa\/wp-json\/wp\/v2\/types\/page"}],"author":[{"embeddable":true,"href":"https:\/\/rotary.fi\/jarvenpaa\/wp-json\/wp\/v2\/users\/368"}],"replies":[{"embeddable":true,"href":"https:\/\/rotary.fi\/jarvenpaa\/wp-json\/wp\/v2\/comments?post=1875"}],"version-history":[{"count":3,"href":"https:\/\/rotary.fi\/jarvenpaa\/wp-json\/wp\/v2\/pages\/1875\/revisions"}],"predecessor-version":[{"id":1884,"href":"https:\/\/rotary.fi\/jarvenpaa\/wp-json\/wp\/v2\/pages\/1875\/revisions\/1884"}],"up":[{"embeddable":true,"href":"https:\/\/rotary.fi\/jarvenpaa\/wp-json\/wp\/v2\/pages\/77"}],"wp:attachment":[{"href":"https:\/\/rotary.fi\/jarvenpaa\/wp-json\/wp\/v2\/media?parent=1875"}],"curies":[{"name":"wp","href":"https:\/\/api.w.org\/{rel}","templated":true}]}}