{"id":94,"date":"2018-08-09T15:14:30","date_gmt":"2018-08-09T12:14:30","guid":{"rendered":"https:\/\/rotary.fi\/klubi2\/?page_id=94"},"modified":"2025-12-23T15:50:17","modified_gmt":"2025-12-23T13:50:17","slug":"ajankohtaista","status":"publish","type":"page","link":"https:\/\/rotary.fi\/huittinen\/ajankohtaista\/","title":{"rendered":"Ajankohtaista"},"content":{"rendered":"<p>[et_pb_section fb_built=&#8221;1&#8243; module_class=&#8221;jumbotron-page&#8221; _builder_version=&#8221;4.16&#8243; background_image=&#8221;https:\/\/rotary.fi\/wp-content\/uploads\/2018\/02\/paakuva-sisasivu1.jpg&#8221; global_colors_info=&#8221;{}&#8221;][et_pb_row _builder_version=&#8221;4.16&#8243; background_size=&#8221;initial&#8221; background_position=&#8221;top_left&#8221; background_repeat=&#8221;repeat&#8221; global_colors_info=&#8221;{}&#8221;][et_pb_column type=&#8221;4_4&#8243; _builder_version=&#8221;4.16&#8243; custom_padding=&#8221;|||&#8221; global_colors_info=&#8221;{}&#8221; custom_padding__hover=&#8221;|||&#8221;][et_pb_text admin_label=&#8221;P\u00e4\u00e4otsikko&#8221; _builder_version=&#8221;4.16&#8243; text_orientation=&#8221;center&#8221; background_layout=&#8221;dark&#8221; global_colors_info=&#8221;{}&#8221;]<\/p>\n<h1>Ajankohtaista<\/h1>\n<p>[\/et_pb_text][\/et_pb_column][\/et_pb_row][\/et_pb_section][et_pb_section fb_built=&#8221;1&#8243; specialty=&#8221;on&#8221; module_class_2=&#8221;sivupalkki&#8221; _builder_version=&#8221;4.16&#8243; locked=&#8221;off&#8221; global_colors_info=&#8221;{}&#8221;][et_pb_column type=&#8221;2_3&#8243; specialty_columns=&#8221;2&#8243; _builder_version=&#8221;4.16&#8243; custom_padding=&#8221;|||&#8221; global_colors_info=&#8221;{}&#8221; custom_padding__hover=&#8221;|||&#8221;][et_pb_row_inner admin_label=&#8221;Rivi&#8221; _builder_version=&#8221;4.16&#8243; locked=&#8221;off&#8221; global_colors_info=&#8221;{}&#8221;][et_pb_column_inner saved_specialty_column_type=&#8221;2_3&#8243; _builder_version=&#8221;4.16&#8243; custom_padding=&#8221;|||&#8221; global_colors_info=&#8221;{}&#8221; custom_padding__hover=&#8221;|||&#8221;][et_pb_text admin_label=&#8221;Otsikko&#8221; _builder_version=&#8221;4.16&#8243; text_orientation=&#8221;center&#8221; global_colors_info=&#8221;{}&#8221;]<\/p>\n<h1>Ajankohtaista<\/h1>\n<p>[\/et_pb_text][et_pb_code admin_label=&#8221;Ajankohtaisten listaus&#8221; module_class=&#8221;kaikki_ajankohtaiset&#8221; _builder_version=&#8221;4.27.0&#8243; locked=&#8221;off&#8221; global_colors_info=&#8221;{}&#8221;]<ul class=\"display-posts-listing\"><li class=\"listing-item\"><a class=\"title\" href=\"https:\/\/rotary.fi\/huittinen\/ajankohtaiset\/klubin-dartsin-mestaruuskisat-26-3-2026\/\">Klubin Dartsin mestaruuskisat 26.3.2026<\/a> <span class=\"date\">27.3. 2026<\/span><\/li><li class=\"listing-item\"><a class=\"title\" href=\"https:\/\/rotary.fi\/huittinen\/ajankohtaiset\/%e2%80%a0-veli-juhanille\/\">\u2020 Veli Juhanille<\/a> <span class=\"date\">23.3. 2026<\/span><\/li><li class=\"listing-item\"><a class=\"title\" href=\"https:\/\/rotary.fi\/huittinen\/ajankohtaiset\/rakennuspalvelu-puttonen-19-3-2026\/\">Rakennuspalvelu Puttonen 19.3.2026<\/a> <span class=\"date\">23.3. 2026<\/span><\/li><li class=\"listing-item\"><a class=\"title\" href=\"https:\/\/rotary.fi\/huittinen\/ajankohtaiset\/elokuvaohjaaja-kasikirjoittaja-ja-tuottaja-pekka-ollula-vieraili-5-3-2026-huittisten-rotaryklubilla\/\">Elokuvaohjaaja, -k\u00e4sikirjoittaja ja -tuottaja Pekka Ollula vieraili 5.3.2026 Huittisten Rotaryklubilla<\/a> <span class=\"date\">7.3. 2026<\/span><\/li><li class=\"listing-item\"><a class=\"title\" href=\"https:\/\/rotary.fi\/huittinen\/ajankohtaiset\/assat-vs-hifk-28-2-2026\/\">\u00c4ss\u00e4t vs Hifk 28.2.2026<\/a> <span class=\"date\">1.3. 2026<\/span><\/li><li class=\"listing-item\"><a class=\"title\" href=\"https:\/\/rotary.fi\/huittinen\/ajankohtaiset\/tarvo-metsamaki-esitteli-lantmannen-agroa-19-2\/\">Tarvo Mets\u00e4m\u00e4ki esitteli Lantm\u00e4nnen Agroa 19.2<\/a> <span class=\"date\">1.3. 2026<\/span><\/li><li class=\"listing-item\"><a class=\"title\" href=\"https:\/\/rotary.fi\/huittinen\/ajankohtaiset\/viikkokokouksessa-5-2-vieraana-vaihto-opiskelija-australiasta\/\">Viikkokokouksessa 5.2 vieraana vaihto-opiskelija Australiasta<\/a> <span class=\"date\">6.2. 2026<\/span><\/li><li class=\"listing-item\"><a class=\"title\" href=\"https:\/\/rotary.fi\/huittinen\/ajankohtaiset\/huittisten-rotaryklubi-mukana-paihdevalistus-projektissa-26-1-2026\/\">Huittisten Rotaryklubi mukana p\u00e4ihdevalistus projektissa 26.1.2026<\/a> <span class=\"date\">28.1. 2026<\/span><\/li><li class=\"listing-item\"><a class=\"title\" href=\"https:\/\/rotary.fi\/huittinen\/ajankohtaiset\/gdansk-matkan-suunnittelu\/\">Gdansk matkan suunnittelu 22.1.2026 klo 19.20 alkaen Brewen kabinetissa<\/a> <span class=\"date\">21.1. 2026<\/span><\/li><li class=\"listing-item\"><a class=\"title\" href=\"https:\/\/rotary.fi\/huittinen\/ajankohtaiset\/avec-kehonhuolto-spiraalilla-su-25-1-klo-17-30-18-30\/\">Avec kehonhuolto Spiraalilla su 25.1 klo 17.30-18.30.<\/a> <span class=\"date\">21.1. 2026<\/span><\/li><li class=\"listing-item\"><a class=\"title\" href=\"https:\/\/rotary.fi\/huittinen\/ajankohtaiset\/kevatkauden-viikko-ohjelma-2026\/\">Kev\u00e4tkauden viikko- ohjelma 2026<\/a> <span class=\"date\">8.1. 2026<\/span><\/li><\/ul>[\/et_pb_code][\/et_pb_column_inner][\/et_pb_row_inner][\/et_pb_column][et_pb_column type=&#8221;1_3&#8243; _builder_version=&#8221;4.16&#8243; custom_padding=&#8221;|||&#8221; global_colors_info=&#8221;{}&#8221; custom_padding__hover=&#8221;|||&#8221;][et_pb_sidebar area=&#8221;sidebar-1&#8243; module_class=&#8221;sivupalkki_sisalto&#8221; _builder_version=&#8221;4.16&#8243; global_colors_info=&#8221;{}&#8221;][\/et_pb_sidebar][\/et_pb_column][\/et_pb_section]<\/p>\n","protected":false},"excerpt":{"rendered":"<p>[et_pb_section fb_built=&#8221;1&#8243; module_class=&#8221;jumbotron-page&#8221; _builder_version=&#8221;4.16&#8243; background_image=&#8221;https:\/\/rotary.fi\/wp-content\/uploads\/2018\/02\/paakuva-sisasivu1.jpg&#8221; global_colors_info=&#8221;{}&#8221;][et_pb_row _builder_version=&#8221;4.16&#8243; background_size=&#8221;initial&#8221; background_position=&#8221;top_left&#8221; background_repeat=&#8221;repeat&#8221; global_colors_info=&#8221;{}&#8221;][et_pb_column type=&#8221;4_4&#8243; _builder_version=&#8221;4.16&#8243; custom_padding=&#8221;|||&#8221; global_colors_info=&#8221;{}&#8221; custom_padding__hover=&#8221;|||&#8221;][et_pb_text admin_label=&#8221;P\u00e4\u00e4otsikko&#8221; _builder_version=&#8221;4.16&#8243; text_orientation=&#8221;center&#8221; background_layout=&#8221;dark&#8221; global_colors_info=&#8221;{}&#8221;] Ajankohtaista [\/et_pb_text][\/et_pb_column][\/et_pb_row][\/et_pb_section][et_pb_section fb_built=&#8221;1&#8243; specialty=&#8221;on&#8221; module_class_2=&#8221;sivupalkki&#8221; _builder_version=&#8221;4.16&#8243; locked=&#8221;off&#8221; global_colors_info=&#8221;{}&#8221;][et_pb_column type=&#8221;2_3&#8243; specialty_columns=&#8221;2&#8243; _builder_version=&#8221;4.16&#8243; custom_padding=&#8221;|||&#8221; global_colors_info=&#8221;{}&#8221; custom_padding__hover=&#8221;|||&#8221;][et_pb_row_inner admin_label=&#8221;Rivi&#8221; _builder_version=&#8221;4.16&#8243; locked=&#8221;off&#8221; global_colors_info=&#8221;{}&#8221;][et_pb_column_inner saved_specialty_column_type=&#8221;2_3&#8243; _builder_version=&#8221;4.16&#8243; custom_padding=&#8221;|||&#8221; global_colors_info=&#8221;{}&#8221; custom_padding__hover=&#8221;|||&#8221;][et_pb_text admin_label=&#8221;Otsikko&#8221; _builder_version=&#8221;4.16&#8243; text_orientation=&#8221;center&#8221; global_colors_info=&#8221;{}&#8221;] Ajankohtaista [\/et_pb_text][et_pb_code admin_label=&#8221;Ajankohtaisten listaus&#8221; module_class=&#8221;kaikki_ajankohtaiset&#8221; _builder_version=&#8221;4.27.0&#8243; locked=&#8221;off&#8221; [&hellip;]<\/p>\n","protected":false},"author":1,"featured_media":0,"parent":0,"menu_order":0,"comment_status":"closed","ping_status":"closed","template":"","meta":{"_acf_changed":false,"_et_pb_use_builder":"on","_et_pb_old_content":"<p>[et_pb_section bb_built=\"1\" _builder_version=\"3.4.1\" background_image=\"https:\/\/rotary.fi\/wp-content\/uploads\/2018\/02\/paakuva-sisasivu1.jpg\" next_background_color=\"#ffffff\" module_class=\"jumbotron-page\"][et_pb_row][et_pb_column type=\"4_4\"][et_pb_text admin_label=\"P\u00e4\u00e4otsikko\" _builder_version=\"3.4.1\" text_orientation=\"center\" background_layout=\"dark\"]<\/p><h1>Ajankohtaista<\/h1><p>[\/et_pb_text][\/et_pb_column][\/et_pb_row][\/et_pb_section][et_pb_section bb_built=\"1\" specialty=\"on\" prev_background_color=\"#000000\" _builder_version=\"3.4.1\" module_class_2=\"sivupalkki\" locked=\"on\"][et_pb_column type=\"2_3\" specialty_columns=\"2\"][et_pb_row_inner admin_label=\"Rivi\" locked=\"on\" parent_locked=\"on\"][et_pb_column_inner type=\"4_4\" saved_specialty_column_type=\"2_3\"][et_pb_text admin_label=\"Otsikko\" _builder_version=\"3.4.1\" text_orientation=\"center\" parent_locked=\"on\"]<\/p><h1>Ajankohtaista<\/h1><p>[\/et_pb_text][et_pb_code admin_label=\"Ajankohtaisten listaus\" _builder_version=\"3.17.6\" module_class=\"kaikki_ajankohtaiset\" parent_locked=\"on\"][display-posts post_type=\"ajankohtaiset, presidentin_uutiset\" include_date=\"true\" date_format=\"j.n. Y\" posts_per_page=\"99\"][\/et_pb_code][\/et_pb_column_inner][\/et_pb_row_inner][\/et_pb_column][et_pb_column type=\"1_3\"][et_pb_sidebar _builder_version=\"3.4.1\" area=\"sidebar-1\" module_class=\"sivupalkki_sisalto\" parent_locked=\"on\" \/][\/et_pb_column][\/et_pb_section]<\/p>","_et_gb_content_width":"","footnotes":""},"class_list":["post-94","page","type-page","status-publish","hentry"],"acf":[],"yoast_head":"<!-- This site is optimized with the Yoast SEO plugin v27.0 - https:\/\/yoast.com\/product\/yoast-seo-wordpress\/ -->\n<title>Ajankohtaista - Huittisten Rotaryklubi<\/title>\n<meta name=\"description\" content=\"Hyv\u00e4\u00e4 Joulua ja Onnellista Uutta Vuotta toivottaa Huittisten Rotaryt!\" \/>\n<meta name=\"robots\" content=\"index, follow, max-snippet:-1, max-image-preview:large, max-video-preview:-1\" \/>\n<link rel=\"canonical\" href=\"https:\/\/rotary.fi\/huittinen\/ajankohtaista\/\" \/>\n<meta property=\"og:locale\" content=\"fi_FI\" \/>\n<meta property=\"og:type\" content=\"article\" \/>\n<meta property=\"og:title\" content=\"Ajankohtaista - Huittisten Rotaryklubi\" \/>\n<meta property=\"og:description\" content=\"Hyv\u00e4\u00e4 Joulua ja Onnellista Uutta Vuotta toivottaa Huittisten Rotaryt!\" \/>\n<meta property=\"og:url\" content=\"https:\/\/rotary.fi\/huittinen\/ajankohtaista\/\" \/>\n<meta property=\"og:site_name\" content=\"Huittisten Rotaryklubi\" \/>\n<meta property=\"article:modified_time\" content=\"2025-12-23T13:50:17+00:00\" \/>\n<meta name=\"twitter:card\" content=\"summary_large_image\" \/>\n<meta name=\"twitter:label1\" content=\"Arvioitu lukuaika\" \/>\n\t<meta name=\"twitter:data1\" content=\"1 minuutti\" \/>\n<script type=\"application\/ld+json\" class=\"yoast-schema-graph\">{\"@context\":\"https:\/\/schema.org\",\"@graph\":[{\"@type\":\"WebPage\",\"@id\":\"https:\/\/rotary.fi\/huittinen\/ajankohtaista\/\",\"url\":\"https:\/\/rotary.fi\/huittinen\/ajankohtaista\/\",\"name\":\"Ajankohtaista - Huittisten Rotaryklubi\",\"isPartOf\":{\"@id\":\"https:\/\/rotary.fi\/huittinen\/#website\"},\"datePublished\":\"2018-08-09T12:14:30+00:00\",\"dateModified\":\"2025-12-23T13:50:17+00:00\",\"description\":\"Hyv\u00e4\u00e4 Joulua ja Onnellista Uutta Vuotta toivottaa Huittisten Rotaryt!\",\"breadcrumb\":{\"@id\":\"https:\/\/rotary.fi\/huittinen\/ajankohtaista\/#breadcrumb\"},\"inLanguage\":\"fi\",\"potentialAction\":[{\"@type\":\"ReadAction\",\"target\":[\"https:\/\/rotary.fi\/huittinen\/ajankohtaista\/\"]}]},{\"@type\":\"BreadcrumbList\",\"@id\":\"https:\/\/rotary.fi\/huittinen\/ajankohtaista\/#breadcrumb\",\"itemListElement\":[{\"@type\":\"ListItem\",\"position\":1,\"name\":\"Home\",\"item\":\"https:\/\/rotary.fi\/huittinen\/\"},{\"@type\":\"ListItem\",\"position\":2,\"name\":\"Ajankohtaista\"}]},{\"@type\":\"WebSite\",\"@id\":\"https:\/\/rotary.fi\/huittinen\/#website\",\"url\":\"https:\/\/rotary.fi\/huittinen\/\",\"name\":\"Huittisten Rotaryklubi\",\"description\":\"Uusi Rotary klubisivusto\",\"potentialAction\":[{\"@type\":\"SearchAction\",\"target\":{\"@type\":\"EntryPoint\",\"urlTemplate\":\"https:\/\/rotary.fi\/huittinen\/?s={search_term_string}\"},\"query-input\":{\"@type\":\"PropertyValueSpecification\",\"valueRequired\":true,\"valueName\":\"search_term_string\"}}],\"inLanguage\":\"fi\"}]}<\/script>\n<!-- \/ Yoast SEO plugin. -->","yoast_head_json":{"title":"Ajankohtaista - Huittisten Rotaryklubi","description":"Hyv\u00e4\u00e4 Joulua ja Onnellista Uutta Vuotta toivottaa Huittisten Rotaryt!","robots":{"index":"index","follow":"follow","max-snippet":"max-snippet:-1","max-image-preview":"max-image-preview:large","max-video-preview":"max-video-preview:-1"},"canonical":"https:\/\/rotary.fi\/huittinen\/ajankohtaista\/","og_locale":"fi_FI","og_type":"article","og_title":"Ajankohtaista - Huittisten Rotaryklubi","og_description":"Hyv\u00e4\u00e4 Joulua ja Onnellista Uutta Vuotta toivottaa Huittisten Rotaryt!","og_url":"https:\/\/rotary.fi\/huittinen\/ajankohtaista\/","og_site_name":"Huittisten Rotaryklubi","article_modified_time":"2025-12-23T13:50:17+00:00","twitter_card":"summary_large_image","twitter_misc":{"Arvioitu lukuaika":"1 minuutti"},"schema":{"@context":"https:\/\/schema.org","@graph":[{"@type":"WebPage","@id":"https:\/\/rotary.fi\/huittinen\/ajankohtaista\/","url":"https:\/\/rotary.fi\/huittinen\/ajankohtaista\/","name":"Ajankohtaista - Huittisten Rotaryklubi","isPartOf":{"@id":"https:\/\/rotary.fi\/huittinen\/#website"},"datePublished":"2018-08-09T12:14:30+00:00","dateModified":"2025-12-23T13:50:17+00:00","description":"Hyv\u00e4\u00e4 Joulua ja Onnellista Uutta Vuotta toivottaa Huittisten Rotaryt!","breadcrumb":{"@id":"https:\/\/rotary.fi\/huittinen\/ajankohtaista\/#breadcrumb"},"inLanguage":"fi","potentialAction":[{"@type":"ReadAction","target":["https:\/\/rotary.fi\/huittinen\/ajankohtaista\/"]}]},{"@type":"BreadcrumbList","@id":"https:\/\/rotary.fi\/huittinen\/ajankohtaista\/#breadcrumb","itemListElement":[{"@type":"ListItem","position":1,"name":"Home","item":"https:\/\/rotary.fi\/huittinen\/"},{"@type":"ListItem","position":2,"name":"Ajankohtaista"}]},{"@type":"WebSite","@id":"https:\/\/rotary.fi\/huittinen\/#website","url":"https:\/\/rotary.fi\/huittinen\/","name":"Huittisten Rotaryklubi","description":"Uusi Rotary klubisivusto","potentialAction":[{"@type":"SearchAction","target":{"@type":"EntryPoint","urlTemplate":"https:\/\/rotary.fi\/huittinen\/?s={search_term_string}"},"query-input":{"@type":"PropertyValueSpecification","valueRequired":true,"valueName":"search_term_string"}}],"inLanguage":"fi"}]}},"lang":"fi","translations":{"fi":94},"pll_sync_post":[],"_links":{"self":[{"href":"https:\/\/rotary.fi\/huittinen\/wp-json\/wp\/v2\/pages\/94","targetHints":{"allow":["GET"]}}],"collection":[{"href":"https:\/\/rotary.fi\/huittinen\/wp-json\/wp\/v2\/pages"}],"about":[{"href":"https:\/\/rotary.fi\/huittinen\/wp-json\/wp\/v2\/types\/page"}],"author":[{"embeddable":true,"href":"https:\/\/rotary.fi\/huittinen\/wp-json\/wp\/v2\/users\/1"}],"replies":[{"embeddable":true,"href":"https:\/\/rotary.fi\/huittinen\/wp-json\/wp\/v2\/comments?post=94"}],"version-history":[{"count":10,"href":"https:\/\/rotary.fi\/huittinen\/wp-json\/wp\/v2\/pages\/94\/revisions"}],"predecessor-version":[{"id":2190,"href":"https:\/\/rotary.fi\/huittinen\/wp-json\/wp\/v2\/pages\/94\/revisions\/2190"}],"wp:attachment":[{"href":"https:\/\/rotary.fi\/huittinen\/wp-json\/wp\/v2\/media?parent=94"}],"curies":[{"name":"wp","href":"https:\/\/api.w.org\/{rel}","templated":true}]}}