{"id":138,"date":"2018-08-10T14:01:44","date_gmt":"2018-08-10T11:01:44","guid":{"rendered":"https:\/\/rotary.fi\/klubi2\/?page_id=138"},"modified":"2026-01-01T14:08:22","modified_gmt":"2026-01-01T12:08:22","slug":"vuositeema","status":"publish","type":"page","link":"https:\/\/rotary.fi\/hollola-salpakangas\/keita-olemme\/vuositeema\/","title":{"rendered":"Vuositeema"},"content":{"rendered":"<p>[et_pb_section fb_built=&#8221;1&#8243; admin_label=&#8221;section&#8221; _builder_version=&#8221;4.16&#8243; global_colors_info=&#8221;{}&#8221;][et_pb_row admin_label=&#8221;row&#8221; _builder_version=&#8221;4.27.4&#8243; background_size=&#8221;initial&#8221; background_position=&#8221;top_left&#8221; background_repeat=&#8221;repeat&#8221; min_height=&#8221;288.4px&#8221; custom_padding=&#8221;0px||0px||true|false&#8221; hover_enabled=&#8221;0&#8243; global_colors_info=&#8221;{}&#8221; custom_margin=&#8221;0px|auto||auto|false|false&#8221; max_height=&#8221;471px&#8221; sticky_enabled=&#8221;0&#8243;][et_pb_column type=&#8221;4_4&#8243; _builder_version=&#8221;4.16&#8243; custom_padding=&#8221;|||&#8221; global_colors_info=&#8221;{}&#8221; custom_padding__hover=&#8221;|||&#8221;][et_pb_heading title=&#8221;Vuositeema 2025-2026&#8243; _builder_version=&#8221;4.27.4&#8243; _module_preset=&#8221;default&#8221; min_height=&#8221;28.6px&#8221; custom_margin=&#8221;20px||||false|false&#8221; custom_padding=&#8221;0px||||false|false&#8221; hover_enabled=&#8221;0&#8243; global_colors_info=&#8221;{}&#8221; sticky_enabled=&#8221;0&#8243; height=&#8221;104px&#8221; max_height=&#8221;100px&#8221; title_level=&#8221;h2&#8243;][\/et_pb_heading][et_pb_text admin_label=&#8221;Text&#8221; _builder_version=&#8221;4.27.4&#8243; background_size=&#8221;initial&#8221; background_position=&#8221;top_left&#8221; background_repeat=&#8221;repeat&#8221; min_height=&#8221;0px&#8221; custom_margin=&#8221;0px||||false|false&#8221; custom_padding=&#8221;0px||||false|false&#8221; hover_enabled=&#8221;0&#8243; global_colors_info=&#8221;{}&#8221; max_height=&#8221;853px&#8221; sticky_enabled=&#8221;0&#8243;]<\/p>\n<p>Rotary Internationalin (RI) vuositeema 2025 \u2013 2026 on Unite for Good eli Yhteenliity hyv\u00e4n puolesta.<\/p>\n<p>Teema kutsuu Rotaryn j\u00e4seni\u00e4 olemaan yhten\u00e4isyyden voima maailmassa, joka jakautuu yh\u00e4 enemm\u00e4n politiikan, maantieteen ja ideologian mukaan. Tehdess\u00e4\u00e4n hyv\u00e4\u00e4 yhteis\u00f6iss\u00e4\u00e4n palveluprojektien kautta Rotary tuo yhteen kaikenlaisia \u200b\u200bihmisi\u00e4 rodusta, uskonnosta ja ammatista riippumatta.<\/p>\n<p>Rotaryvuonna 2025\u20142026 RI:n presidenttin\u00e4 on Francesco Arezzo, Rotary Club Ragusa, Italia. Arezzo on yksityisvastaanotolla ty\u00f6skentelev\u00e4 hammasl\u00e4\u00e4ketieteen erikoisl\u00e4\u00e4k\u00e4ri. H\u00e4n toimii aktiivisesti alan j\u00e4rjest\u00f6iss\u00e4 Italiassa ja kansainv\u00e4lisesti.<\/p>\n<p>&nbsp;<\/p>\n<p>[\/et_pb_text][et_pb_image src=&#8221;https:\/\/rotary.fi\/hollola-salpakangas\/wp-content\/uploads\/sites\/229\/2026\/01\/image.jpeg&#8221; align=&#8221;center&#8221; _builder_version=&#8221;4.27.4&#8243; _module_preset=&#8221;default&#8221; custom_padding=&#8221;10px|||||&#8221; hover_enabled=&#8221;0&#8243; global_colors_info=&#8221;{}&#8221; sticky_enabled=&#8221;0&#8243;][\/et_pb_image][\/et_pb_column][\/et_pb_row][\/et_pb_section][et_pb_section fb_built=&#8221;1&#8243; _builder_version=&#8221;4.27.4&#8243; _module_preset=&#8221;default&#8221; global_colors_info=&#8221;{}&#8221;][et_pb_row _builder_version=&#8221;4.27.4&#8243; _module_preset=&#8221;default&#8221; global_colors_info=&#8221;{}&#8221;][et_pb_column type=&#8221;4_4&#8243; _builder_version=&#8221;4.27.4&#8243; _module_preset=&#8221;default&#8221; global_colors_info=&#8221;{}&#8221;][\/et_pb_column][\/et_pb_row][\/et_pb_section]<\/p>\n","protected":false},"excerpt":{"rendered":"<p>Rotary Internationalin (RI) vuositeema 2025 \u2013 2026 on Unite for Good eli Yhteenliity hyv\u00e4n puolesta. Teema kutsuu Rotaryn j\u00e4seni\u00e4 olemaan yhten\u00e4isyyden voima maailmassa, joka jakautuu yh\u00e4 enemm\u00e4n politiikan, maantieteen ja ideologian mukaan. Tehdess\u00e4\u00e4n hyv\u00e4\u00e4 yhteis\u00f6iss\u00e4\u00e4n palveluprojektien kautta Rotary tuo yhteen kaikenlaisia \u200b\u200bihmisi\u00e4 rodusta, uskonnosta ja ammatista riippumatta. Rotaryvuonna 2025\u20142026 RI:n presidenttin\u00e4 on Francesco Arezzo, Rotary [&hellip;]<\/p>\n","protected":false},"author":1,"featured_media":0,"parent":129,"menu_order":0,"comment_status":"closed","ping_status":"closed","template":"","meta":{"_acf_changed":false,"_et_pb_use_builder":"on","_et_pb_old_content":"<img class=\"aligncenter size-full wp-image-2270\" src=\"https:\/\/rotary.fi\/hollola-salpakangas\/wp-content\/uploads\/sites\/229\/2024\/01\/vuositeema-2023.png\" alt=\"\" width=\"300\" height=\"113\" \/>\r\n\r\n<strong>Rotary Internationalin vuoden 2023-2024 presidentti Gordon R. McInally\u00a0 on valinnut vuoden teemaksi \u201dCreate hope in the world\u201d, joka vapaasti k\u00e4\u00e4nnettyn\u00e4 tarkoittaa luodaan toivoa maailmaan.<\/strong>\r\n\r\nToivoa maailmaan tarvitaan. Rotareiden uusi rauhankorostamisen merkitys ja Suomessa Ukrainan tukeminen on nostanut hyv\u00e4n tekemisen ja lahjoittamisen t\u00e4rke\u00e4ksi osaksi meid\u00e4n ty\u00f6t\u00e4. Jatketaan my\u00f6s perinteist\u00e4 ty\u00f6t\u00e4 rotariaatteen hyv\u00e4ksi ja tuetaan kansainv\u00e4lisyytt\u00e4, ymp\u00e4rist\u00f6n tilaa, heikommassa asemassa\u00a0 olevia, niit\u00e4 alueita, jotka ei voi hyvin ja edistet\u00e4\u00e4n koko maailman rauhaa. V\u00e4reiss\u00e4 korostuu toinen rotarien teema: moninaisuus. Rotarit ei syrjji, vaan luo toivoa kaikenlaisille ihmisille kaikkialla maailmassa.\r\n\r\nKatso tarkemmin teemasta ja puhe: 2023-24 theme: RI President-elect R. Gordon R. McInally\u2019s speech (<a href=\"https:\/\/my.rotary.org\/en\/document\/2023-24-theme-address-ri-president-elect-r-gordon-r-mcinally-2023-international-assembly\" target=\"_blank\" rel=\"noopener\">PDF<\/a>,\u00a0<a href=\"https:\/\/cdn1-originals.webdamdb.com\/13799_141107528?cache=1673282502&amp;response-content-disposition=inline;filename=2023_008_GS1_McInally_Theme_EN.mp4&amp;Policy=eyJTdGF0ZW1lbnQiOlt7IlJlc291cmNlIjoiaHR0cCo6Ly9jZG4xLW9yaWdpbmFscy53ZWJkYW1kYi5jb20vMTM3OTlfMTQxMTA3NTI4P2NhY2hlPTE2NzMyODI1MDImcmVzcG9uc2UtY29udGVudC1kaXNwb3NpdGlvbj1pbmxpbmU7ZmlsZW5hbWU9MjAyM18wMDhfR1MxX01jSW5hbGx5X1RoZW1lX0VOLm1wNCIsIkNvbmRpdGlvbiI6eyJEYXRlTGVzc1RoYW4iOnsiQVdTOkVwb2NoVGltZSI6MjE0NzQxNDQwMH19fV19&amp;Signature=X017Tr0GvL8Mo4yfirM6k3~QI1qV6l2wZ9IRxBACxKhxYWiArH062h5uJr9dsg5vRRQcRD-y97mzqZ0PP8IIZM~6g2G~6G2k2GTjdRzFeMFFdhxECsPOdgE5WKJkrsbqNZ1uP0BFROUw93jy2mfyOX5urjxYrvrD0cTvIcaNVzl6V182bo2KQ~miauu0pQJzatYtqSvvDsQONld4wLa9wCTuwPDx12lrHawIsAqxjyJ3V5Kshm5VOoqEGkVn20jZH~PTHAKgcCsBGPu3n74pGCXWBNvU0vOy451Mr2H3CODz2AU6j9-bM3r-wcmjNCyWTD~hjpspo9BlyGJR16RxPQ__&amp;Key-Pair-Id=APKAI2ASI2IOLRFF2RHA\" target=\"_blank\" rel=\"noopener\">watch<\/a>,\u00a0<a href=\"https:\/\/rotary.webdamdb.com\/directdownload.php?ti=143503215&amp;tok=wW1WNHIW7mts1adf9kh8nARR\">video download<\/a>)","_et_gb_content_width":"","footnotes":""},"class_list":["post-138","page","type-page","status-publish","hentry"],"acf":[],"yoast_head":"<!-- This site is optimized with the Yoast SEO plugin v27.4 - https:\/\/yoast.com\/product\/yoast-seo-wordpress\/ -->\n<title>Vuositeema - Hollola-Salpakangas Rotaryklubi<\/title>\n<meta name=\"robots\" content=\"index, follow, max-snippet:-1, max-image-preview:large, max-video-preview:-1\" \/>\n<link rel=\"canonical\" href=\"https:\/\/rotary.fi\/hollola-salpakangas\/keita-olemme\/vuositeema\/\" \/>\n<meta property=\"og:locale\" content=\"fi_FI\" \/>\n<meta property=\"og:type\" content=\"article\" \/>\n<meta property=\"og:title\" content=\"Vuositeema - Hollola-Salpakangas Rotaryklubi\" \/>\n<meta property=\"og:description\" content=\"Rotary Internationalin (RI) vuositeema 2025 \u2013 2026 on Unite for Good eli Yhteenliity hyv\u00e4n puolesta. Teema kutsuu Rotaryn j\u00e4seni\u00e4 olemaan yhten\u00e4isyyden voima maailmassa, joka jakautuu yh\u00e4 enemm\u00e4n politiikan, maantieteen ja ideologian mukaan. Tehdess\u00e4\u00e4n hyv\u00e4\u00e4 yhteis\u00f6iss\u00e4\u00e4n palveluprojektien kautta Rotary tuo yhteen kaikenlaisia \u200b\u200bihmisi\u00e4 rodusta, uskonnosta ja ammatista riippumatta. Rotaryvuonna 2025\u20142026 RI:n presidenttin\u00e4 on Francesco Arezzo, Rotary [&hellip;]\" \/>\n<meta property=\"og:url\" content=\"https:\/\/rotary.fi\/hollola-salpakangas\/keita-olemme\/vuositeema\/\" \/>\n<meta property=\"og:site_name\" content=\"Hollola-Salpakangas Rotaryklubi\" \/>\n<meta property=\"article:modified_time\" content=\"2026-01-01T12:08:22+00:00\" \/>\n<meta name=\"twitter:card\" content=\"summary_large_image\" \/>\n<meta name=\"twitter:label1\" content=\"Arvioitu lukuaika\" \/>\n\t<meta name=\"twitter:data1\" content=\"1 minuutti\" \/>\n<script type=\"application\/ld+json\" class=\"yoast-schema-graph\">{\"@context\":\"https:\\\/\\\/schema.org\",\"@graph\":[{\"@type\":\"WebPage\",\"@id\":\"https:\\\/\\\/rotary.fi\\\/hollola-salpakangas\\\/keita-olemme\\\/vuositeema\\\/\",\"url\":\"https:\\\/\\\/rotary.fi\\\/hollola-salpakangas\\\/keita-olemme\\\/vuositeema\\\/\",\"name\":\"Vuositeema - Hollola-Salpakangas Rotaryklubi\",\"isPartOf\":{\"@id\":\"https:\\\/\\\/rotary.fi\\\/hollola-salpakangas\\\/#website\"},\"datePublished\":\"2018-08-10T11:01:44+00:00\",\"dateModified\":\"2026-01-01T12:08:22+00:00\",\"breadcrumb\":{\"@id\":\"https:\\\/\\\/rotary.fi\\\/hollola-salpakangas\\\/keita-olemme\\\/vuositeema\\\/#breadcrumb\"},\"inLanguage\":\"fi\",\"potentialAction\":[{\"@type\":\"ReadAction\",\"target\":[\"https:\\\/\\\/rotary.fi\\\/hollola-salpakangas\\\/keita-olemme\\\/vuositeema\\\/\"]}]},{\"@type\":\"BreadcrumbList\",\"@id\":\"https:\\\/\\\/rotary.fi\\\/hollola-salpakangas\\\/keita-olemme\\\/vuositeema\\\/#breadcrumb\",\"itemListElement\":[{\"@type\":\"ListItem\",\"position\":1,\"name\":\"Home\",\"item\":\"https:\\\/\\\/rotary.fi\\\/hollola-salpakangas\\\/\"},{\"@type\":\"ListItem\",\"position\":2,\"name\":\"Keit\u00e4 olemme\",\"item\":\"https:\\\/\\\/rotary.fi\\\/hollola-salpakangas\\\/keita-olemme\\\/\"},{\"@type\":\"ListItem\",\"position\":3,\"name\":\"Vuositeema\"}]},{\"@type\":\"WebSite\",\"@id\":\"https:\\\/\\\/rotary.fi\\\/hollola-salpakangas\\\/#website\",\"url\":\"https:\\\/\\\/rotary.fi\\\/hollola-salpakangas\\\/\",\"name\":\"Hollola-Salpakangas Rotaryklubi\",\"description\":\"Uusi Rotary klubisivusto\",\"potentialAction\":[{\"@type\":\"SearchAction\",\"target\":{\"@type\":\"EntryPoint\",\"urlTemplate\":\"https:\\\/\\\/rotary.fi\\\/hollola-salpakangas\\\/?s={search_term_string}\"},\"query-input\":{\"@type\":\"PropertyValueSpecification\",\"valueRequired\":true,\"valueName\":\"search_term_string\"}}],\"inLanguage\":\"fi\"}]}<\/script>\n<!-- \/ Yoast SEO plugin. -->","yoast_head_json":{"title":"Vuositeema - Hollola-Salpakangas Rotaryklubi","robots":{"index":"index","follow":"follow","max-snippet":"max-snippet:-1","max-image-preview":"max-image-preview:large","max-video-preview":"max-video-preview:-1"},"canonical":"https:\/\/rotary.fi\/hollola-salpakangas\/keita-olemme\/vuositeema\/","og_locale":"fi_FI","og_type":"article","og_title":"Vuositeema - Hollola-Salpakangas Rotaryklubi","og_description":"Rotary Internationalin (RI) vuositeema 2025 \u2013 2026 on Unite for Good eli Yhteenliity hyv\u00e4n puolesta. Teema kutsuu Rotaryn j\u00e4seni\u00e4 olemaan yhten\u00e4isyyden voima maailmassa, joka jakautuu yh\u00e4 enemm\u00e4n politiikan, maantieteen ja ideologian mukaan. Tehdess\u00e4\u00e4n hyv\u00e4\u00e4 yhteis\u00f6iss\u00e4\u00e4n palveluprojektien kautta Rotary tuo yhteen kaikenlaisia \u200b\u200bihmisi\u00e4 rodusta, uskonnosta ja ammatista riippumatta. Rotaryvuonna 2025\u20142026 RI:n presidenttin\u00e4 on Francesco Arezzo, Rotary [&hellip;]","og_url":"https:\/\/rotary.fi\/hollola-salpakangas\/keita-olemme\/vuositeema\/","og_site_name":"Hollola-Salpakangas Rotaryklubi","article_modified_time":"2026-01-01T12:08:22+00:00","twitter_card":"summary_large_image","twitter_misc":{"Arvioitu lukuaika":"1 minuutti"},"schema":{"@context":"https:\/\/schema.org","@graph":[{"@type":"WebPage","@id":"https:\/\/rotary.fi\/hollola-salpakangas\/keita-olemme\/vuositeema\/","url":"https:\/\/rotary.fi\/hollola-salpakangas\/keita-olemme\/vuositeema\/","name":"Vuositeema - Hollola-Salpakangas Rotaryklubi","isPartOf":{"@id":"https:\/\/rotary.fi\/hollola-salpakangas\/#website"},"datePublished":"2018-08-10T11:01:44+00:00","dateModified":"2026-01-01T12:08:22+00:00","breadcrumb":{"@id":"https:\/\/rotary.fi\/hollola-salpakangas\/keita-olemme\/vuositeema\/#breadcrumb"},"inLanguage":"fi","potentialAction":[{"@type":"ReadAction","target":["https:\/\/rotary.fi\/hollola-salpakangas\/keita-olemme\/vuositeema\/"]}]},{"@type":"BreadcrumbList","@id":"https:\/\/rotary.fi\/hollola-salpakangas\/keita-olemme\/vuositeema\/#breadcrumb","itemListElement":[{"@type":"ListItem","position":1,"name":"Home","item":"https:\/\/rotary.fi\/hollola-salpakangas\/"},{"@type":"ListItem","position":2,"name":"Keit\u00e4 olemme","item":"https:\/\/rotary.fi\/hollola-salpakangas\/keita-olemme\/"},{"@type":"ListItem","position":3,"name":"Vuositeema"}]},{"@type":"WebSite","@id":"https:\/\/rotary.fi\/hollola-salpakangas\/#website","url":"https:\/\/rotary.fi\/hollola-salpakangas\/","name":"Hollola-Salpakangas Rotaryklubi","description":"Uusi Rotary klubisivusto","potentialAction":[{"@type":"SearchAction","target":{"@type":"EntryPoint","urlTemplate":"https:\/\/rotary.fi\/hollola-salpakangas\/?s={search_term_string}"},"query-input":{"@type":"PropertyValueSpecification","valueRequired":true,"valueName":"search_term_string"}}],"inLanguage":"fi"}]}},"lang":"fi","translations":{"fi":138,"en":1430},"pll_sync_post":[],"_links":{"self":[{"href":"https:\/\/rotary.fi\/hollola-salpakangas\/wp-json\/wp\/v2\/pages\/138","targetHints":{"allow":["GET"]}}],"collection":[{"href":"https:\/\/rotary.fi\/hollola-salpakangas\/wp-json\/wp\/v2\/pages"}],"about":[{"href":"https:\/\/rotary.fi\/hollola-salpakangas\/wp-json\/wp\/v2\/types\/page"}],"author":[{"embeddable":true,"href":"https:\/\/rotary.fi\/hollola-salpakangas\/wp-json\/wp\/v2\/users\/1"}],"replies":[{"embeddable":true,"href":"https:\/\/rotary.fi\/hollola-salpakangas\/wp-json\/wp\/v2\/comments?post=138"}],"version-history":[{"count":10,"href":"https:\/\/rotary.fi\/hollola-salpakangas\/wp-json\/wp\/v2\/pages\/138\/revisions"}],"predecessor-version":[{"id":2757,"href":"https:\/\/rotary.fi\/hollola-salpakangas\/wp-json\/wp\/v2\/pages\/138\/revisions\/2757"}],"up":[{"embeddable":true,"href":"https:\/\/rotary.fi\/hollola-salpakangas\/wp-json\/wp\/v2\/pages\/129"}],"wp:attachment":[{"href":"https:\/\/rotary.fi\/hollola-salpakangas\/wp-json\/wp\/v2\/media?parent=138"}],"curies":[{"name":"wp","href":"https:\/\/api.w.org\/{rel}","templated":true}]}}